-- https://www.phpmyadmin.net/
--

START TRANSACTION;



--
-- Database: `digitalopinion1_devfastform`
--

-- --------------------------------------------------------

--
-- Table structure for table `all_notifications`
--

CREATE TABLE `all_notifications` (
  `id` bigint(20) UNSIGNED NOT NULL,
  `title` varchar(255) COLLATE utf8mb4_unicode_ci DEFAULT NULL,
  `short_description` varchar(255) COLLATE utf8mb4_unicode_ci DEFAULT NULL,
  `sender_id` varchar(255) COLLATE utf8mb4_unicode_ci DEFAULT NULL,
  `receiver_id` varchar(255) COLLATE utf8mb4_unicode_ci DEFAULT NULL,
  `type` varchar(255) COLLATE utf8mb4_unicode_ci DEFAULT NULL,
  `read` varchar(255) COLLATE utf8mb4_unicode_ci DEFAULT NULL,
  `created_at` timestamp NULL DEFAULT NULL,
  `updated_at` timestamp NULL DEFAULT NULL
) ENGINE=InnoDB DEFAULT CHARSET=utf8mb4 COLLATE=utf8mb4_unicode_ci;

--
-- Dumping data for table `all_notifications`
--

INSERT INTO `all_notifications` (`id`, `title`, `short_description`, `sender_id`, `receiver_id`, `type`, `read`, `created_at`, `updated_at`) VALUES
(1, 'New Meeting', '<b>Meeting module review</b><br> Main  Admin created a One Time meeting on 21/02/24', '1', '2', 'new_meeting', '0', '2024-02-21 03:57:49', '2024-02-21 03:57:49'),
(2, 'New Meeting', '<b>Pre joinMeeting  review</b><br> Main  Admin created a One Time meeting on 21/02/24', '1', '2', 'new_meeting', '0', '2024-02-21 04:31:47', '2024-02-21 04:31:47'),
(3, 'New Meeting', '<b>joinMeeting  review</b><br> Main  Admin created a One Time meeting on 21/02/24', '1', '2', 'new_meeting', '0', '2024-02-21 04:32:33', '2024-02-21 04:32:33'),
(4, 'New Meeting', '<b>Meeting join</b><br> Main  Admin created a One Time meeting on 21/02/24', '1', '2', 'new_meeting', '0', '2024-02-21 04:33:08', '2024-02-21 04:33:08'),
(5, 'New Meeting', '<b>Meeting join Duel doc</b><br> Main  Admin created a One Time meeting on 21/02/24', '1', '2', 'new_meeting', '0', '2024-02-21 04:34:59', '2024-02-21 04:34:59'),
(6, 'New Meeting', '<b>whs</b><br> Main  Admin created a Recurring meeting on 21/02/24', '1', '3', 'new_meeting', '0', '2024-02-21 04:51:35', '2024-02-21 04:51:35'),
(7, 'New Meeting', '<b>whs2</b><br> Main  Admin created a Recurring meeting on 21/02/24', '1', '3', 'new_meeting', '0', '2024-02-21 04:52:46', '2024-02-21 04:52:46'),
(8, 'New Meeting', '<b>whs2</b><br> Main  Admin created a Recurring meeting on 21/02/24', '1', '2', 'new_meeting', '0', '2024-02-21 04:52:46', '2024-02-21 04:52:46'),
(9, 'New Meeting', '<b>whs2</b><br> Main  Admin created a Recurring meeting on 21/02/24', '1', '3', 'new_meeting', '0', '2024-02-21 04:52:46', '2024-02-21 04:52:46'),
(10, 'Scheduler Notification', 'Shift Assigned To You', '1', '3', 'publish_roster_notification', '0', '2024-02-21 23:55:16', '2024-02-21 23:55:16'),
(11, 'Scheduler Notification', 'Shift Assigned To You', '1', '7', 'publish_roster_notification', '0', '2024-02-21 23:55:16', '2024-02-21 23:55:16'),
(12, 'New Meeting', '<b>WHS test</b><br> Main  Admin created a One Time meeting on 22/02/24', '1', '3', 'new_meeting', '0', '2024-02-22 01:22:16', '2024-02-22 01:22:16'),
(13, 'New Meeting', '<b>WHS test</b><br> Main  Admin created a One Time meeting on 22/02/24', '1', '3', 'new_meeting', '0', '2024-02-22 01:22:16', '2024-02-22 01:22:16'),
(14, 'New Meeting', '<b>WHS test</b><br> Main  Admin created a One Time meeting on 22/02/24', '1', '3', 'new_meeting', '0', '2024-02-22 01:52:19', '2024-02-22 01:52:19'),
(15, 'New Meeting', '<b>WHS test</b><br> Main  Admin created a One Time meeting on 22/02/24', '1', '3', 'new_meeting', '0', '2024-02-22 01:52:19', '2024-02-22 01:52:19'),
(16, 'New Meeting', '<b>WHS test</b><br> Main  Admin created a One Time meeting on 23/02/24', '1', '3', 'new_meeting', '0', '2024-02-22 01:52:55', '2024-02-22 01:52:55'),
(17, 'New Meeting', '<b>WHS test</b><br> Main  Admin created a One Time meeting on 23/02/24', '1', '3', 'new_meeting', '0', '2024-02-22 01:52:55', '2024-02-22 01:52:55'),
(18, 'New Meeting', '<b>WHS test</b><br> Main  Admin created a One Time meeting on 23/02/24', '1', '3', 'new_meeting', '0', '2024-02-22 01:56:11', '2024-02-22 01:56:11'),
(19, 'New Meeting', '<b>WHS test</b><br> Main  Admin created a One Time meeting on 23/02/24', '1', '3', 'new_meeting', '0', '2024-02-22 01:56:11', '2024-02-22 01:56:11'),
(20, 'New Meeting', '<b>WHS</b><br> Main  Admin created a One Time meeting on 22/02/24', '1', '5', 'new_meeting', '0', '2024-02-22 05:13:13', '2024-02-22 05:13:13'),
(21, 'New Meeting', '<b>WHS</b><br> Main  Admin created a One Time meeting on 22/02/24', '1', '2', 'new_meeting', '0', '2024-02-22 05:13:13', '2024-02-22 05:13:13'),
(22, 'Update Meeting', '<b>whs</b><br>Main  Admin updated a Recurring meeting on 21/02/24', '1', '3', 'update_meeting', '0', '2024-02-22 05:16:14', '2024-02-22 05:16:14'),
(23, 'Update Meeting', '<b>whs</b><br>Main  Admin updated a Recurring meeting on 21/02/24', '1', '5', 'update_meeting', '0', '2024-02-22 05:16:14', '2024-02-22 05:16:14'),
(24, 'Update Meeting', '<b>whs</b><br>Main  Admin updated a Recurring meeting on 21/02/24', '1', '3', 'update_meeting', '0', '2024-02-22 05:21:40', '2024-02-22 05:21:40'),
(25, 'Update Meeting', '<b>whs</b><br>Main  Admin updated a Recurring meeting on 21/02/24', '1', '5', 'update_meeting', '0', '2024-02-22 05:21:40', '2024-02-22 05:21:40'),
(26, 'New Meeting', '<b>WHS vv</b><br> Main  Admin created a One Time meeting on 22/02/24', '1', '2', 'new_meeting', '0', '2024-02-22 05:25:00', '2024-02-22 05:25:00'),
(27, 'New Meeting', '<b>WHS vv</b><br> Main  Admin created a One Time meeting on 22/02/24', '1', '2', 'new_meeting', '0', '2024-02-22 05:25:00', '2024-02-22 05:25:00'),
(28, 'New Meeting', '<b>Nam voluptatum disti</b><br> Main  Admin created a Recurring meeting on 22/02/24', '1', '1', 'new_meeting', '1', '2024-02-22 06:25:41', '2024-02-23 01:14:53'),
(29, 'Scheduler Notification', 'Shift Assigned To You', '1', '5', 'publish_roster_notification', '0', '2024-02-22 21:38:58', '2024-02-22 21:38:58'),
(30, 'New Meeting', '<b>Main ERP</b><br> Main  Admin created a One Time meeting on 23/02/24', '1', '3', 'new_meeting', '0', '2024-02-22 22:46:47', '2024-02-22 22:46:47'),
(31, 'New Meeting', '<b>Main ERP</b><br> Main  Admin created a One Time meeting on 23/02/24', '1', '3', 'new_meeting', '0', '2024-02-22 22:46:47', '2024-02-22 22:46:47'),
(32, 'New Meeting', '<b>Main ERP</b><br> Main  Admin created a One Time meeting on 23/02/24', '1', '6', 'new_meeting', '0', '2024-02-22 22:46:47', '2024-02-22 22:46:47'),
(33, 'Update Meeting', '<b>Main ERP</b><br>Main  Admin updated a Recurring meeting on 23/02/24', '1', '3', 'update_meeting', '0', '2024-02-22 22:50:01', '2024-02-22 22:50:01'),
(34, 'Update Meeting', '<b>Main ERP</b><br>Main  Admin updated a Recurring meeting on 23/02/24', '1', '3', 'update_meeting', '0', '2024-02-22 22:50:01', '2024-02-22 22:50:01'),
(35, 'Update Meeting', '<b>Main ERP</b><br>Main  Admin updated a Recurring meeting on 23/02/24', '1', '6', 'update_meeting', '0', '2024-02-22 22:50:01', '2024-02-22 22:50:01'),
(36, 'Update Meeting', '<b>whs</b><br>Main  Admin updated a Recurring meeting on 21/02/24', '1', '3', 'update_meeting', '0', '2024-02-22 22:52:56', '2024-02-22 22:52:56'),
(37, 'Update Meeting', '<b>whs</b><br>Main  Admin updated a Recurring meeting on 21/02/24', '1', '5', 'update_meeting', '0', '2024-02-22 22:52:56', '2024-02-22 22:52:56'),
(38, 'New Meeting', '<b>HOF</b><br> Main  Admin created a One Time meeting on 23/02/24', '1', '3', 'new_meeting', '0', '2024-02-22 22:57:53', '2024-02-22 22:57:53'),
(39, 'New Meeting', '<b>HOF</b><br> Main  Admin created a One Time meeting on 23/02/24', '1', '3', 'new_meeting', '0', '2024-02-22 22:57:53', '2024-02-22 22:57:53'),
(40, 'New Meeting', '<b>HOF</b><br> Main  Admin created a One Time meeting on 23/02/24', '1', '5', 'new_meeting', '0', '2024-02-22 22:57:53', '2024-02-22 22:57:53'),
(41, 'Update Meeting', '<b>HOF</b><br>Main  Admin updated a One Time meeting on 23/02/24', '1', '3', 'update_meeting', '0', '2024-02-22 23:08:49', '2024-02-22 23:08:49'),
(42, 'Update Meeting', '<b>HOF</b><br>Main  Admin updated a One Time meeting on 23/02/24', '1', '3', 'update_meeting', '0', '2024-02-22 23:08:49', '2024-02-22 23:08:49'),
(43, 'Update Meeting', '<b>HOF</b><br>Main  Admin updated a One Time meeting on 23/02/24', '1', '5', 'update_meeting', '0', '2024-02-22 23:08:49', '2024-02-22 23:08:49'),
(44, 'Scheduler Notification', 'Shift Assigned To You', '1', '2', 'publish_roster_notification', '0', '2024-02-22 23:51:47', '2024-02-22 23:51:47'),
(45, 'Scheduler Notification', 'Shift Assigned To You', '1', '9', 'publish_roster_notification', '0', '2024-02-22 23:58:36', '2024-02-22 23:58:36'),
(46, 'New Meeting', '<b>Tool Box Meeting</b><br> Main  Admin created a One Time meeting on 23/02/24', '1', '2', 'new_meeting', '0', '2024-02-23 00:03:58', '2024-02-23 00:03:58'),
(47, 'Scheduler Notification', 'Shift Assigned To You', '1', '3', 'publish_roster_notification', '0', '2024-02-25 21:26:39', '2024-02-25 21:26:39'),
(48, 'Scheduler Notification', 'Shift Assigned To You', '1', '2', 'publish_roster_notification', '0', '2024-02-25 21:26:40', '2024-02-25 21:26:40'),
(49, 'Scheduler Notification', 'Shift Assigned To You', '1', '4', 'publish_roster_notification', '0', '2024-02-25 21:26:41', '2024-02-25 21:26:41'),
(50, 'Scheduler Notification', 'Shift Assigned To You', '1', '5', 'publish_roster_notification', '0', '2024-02-25 21:26:42', '2024-02-25 21:26:42'),
(51, 'Scheduler Notification', 'Shift Assigned To You', '1', '7', 'publish_roster_notification', '0', '2024-02-25 21:26:42', '2024-02-25 21:26:42'),
(52, 'Scheduler Notification', 'Shift Assigned To You', '1', '8', 'publish_roster_notification', '0', '2024-02-25 21:26:43', '2024-02-25 21:26:43'),
(53, 'Scheduler Notification', 'Shift Assigned To You', '1', '9', 'publish_roster_notification', '0', '2024-02-25 21:26:44', '2024-02-25 21:26:44'),
(54, 'Scheduler Notification', 'Shift Assigned To You', '1', '10', 'publish_roster_notification', '0', '2024-02-25 21:26:44', '2024-02-25 21:26:44'),
(55, 'Scheduler Notification', 'Shift Assigned To You', '1', '11', 'publish_roster_notification', '0', '2024-02-25 21:26:45', '2024-02-25 21:26:45'),
(56, 'Scheduler Notification', 'Shift Assigned To You', '1', '12', 'publish_roster_notification', '0', '2024-02-25 21:26:46', '2024-02-25 21:26:46'),
(57, 'Scheduler Notification', 'Shift Assigned To You', '1', '13', 'publish_roster_notification', '0', '2024-02-25 21:26:47', '2024-02-25 21:26:47'),
(58, 'New Meeting', '<b>Deicorp HQ Sign In</b><br> Main  Admin created a One Time meeting on 28/02/24', '1', '4', 'new_meeting', '0', '2024-02-27 16:20:05', '2024-02-27 16:20:05'),
(59, 'New Meeting', '<b>ICTech Induction</b><br> Main  Admin created a One Time meeting on 28/02/24', '1', '4', 'new_meeting', '0', '2024-02-27 16:35:19', '2024-02-27 16:35:19'),
(60, 'New Meeting', '<b>Deicorp</b><br> Main  Admin created a One Time meeting on 28/02/24', '1', '4', 'new_meeting', '0', '2024-02-27 18:38:20', '2024-02-27 18:38:20'),
(61, 'Update Meeting', '<b>Deicorp</b><br>Main  Admin updated a One Time meeting on 28/02/24', '1', '4', 'update_meeting', '0', '2024-02-27 18:39:03', '2024-02-27 18:39:03'),
(62, 'New Meeting', '<b>Deicorp</b><br> Main  Admin created a One Time meeting on 28/02/24', '1', '4', 'new_meeting', '0', '2024-02-27 18:40:46', '2024-02-27 18:40:46'),
(63, 'New Meeting', '<b>LETS START</b><br> Main  Admin created a Recurring meeting on 29/02/24', '1', '8', 'new_meeting', '0', '2024-02-28 20:44:25', '2024-02-28 20:44:25'),
(64, 'New Meeting', '<b>LETS START</b><br> Main  Admin created a Recurring meeting on 29/02/24', '1', '9', 'new_meeting', '0', '2024-02-28 20:44:25', '2024-02-28 20:44:25'),
(65, 'New Meeting', '<b>LETS START</b><br> Main  Admin created a Recurring meeting on 29/02/24', '1', '11', 'new_meeting', '0', '2024-02-28 20:44:25', '2024-02-28 20:44:25'),
(66, 'New Meeting', '<b>Meeting module review</b><br> Main  Admin created a One Time meeting on 01/03/24', '1', '2', 'new_meeting', '0', '2024-02-29 23:50:36', '2024-02-29 23:50:36'),
(67, 'New Meeting', '<b>Meeting module review</b><br> Main  Admin created a One Time meeting on 01/03/24', '1', '32', 'new_meeting', '0', '2024-02-29 23:50:36', '2024-02-29 23:50:36'),
(68, 'New Meeting', '<b>Scrum</b><br> Main  Admin created a One Time meeting on 01/03/24', '1', '2', 'new_meeting', '0', '2024-02-29 23:51:34', '2024-02-29 23:51:34'),
(69, 'New Meeting', '<b>Scrum</b><br> Main  Admin created a One Time meeting on 01/03/24', '1', '32', 'new_meeting', '0', '2024-02-29 23:51:34', '2024-02-29 23:51:34'),
(70, 'New Meeting', '<b>Meeting module review AFTER JOIN</b><br> Main  Admin created a One Time meeting on 01/03/24', '1', '2', 'new_meeting', '0', '2024-03-01 00:06:37', '2024-03-01 00:06:37'),
(71, 'New Meeting', '<b>Meeting module review AFTER JOIN</b><br> Main  Admin created a One Time meeting on 01/03/24', '1', '32', 'new_meeting', '0', '2024-03-01 00:06:37', '2024-03-01 00:06:37'),
(72, 'New Meeting', '<b>Meeting module review no doc</b><br> Main  Admin created a One Time meeting on 01/03/24', '1', '2', 'new_meeting', '0', '2024-03-01 00:08:00', '2024-03-01 00:08:00'),
(73, 'New Meeting', '<b>Meeting module review no doc</b><br> Main  Admin created a One Time meeting on 01/03/24', '1', '32', 'new_meeting', '0', '2024-03-01 00:08:00', '2024-03-01 00:08:00'),
(74, 'New Meeting', '<b>Meeting module review</b><br> Main  Admin created a One Time meeting on 04/03/24', '1', '2', 'new_meeting', '0', '2024-03-03 23:11:49', '2024-03-03 23:11:49'),
(75, 'New Meeting', '<b>Meeting module review</b><br> Main  Admin created a One Time meeting on 04/03/24', '1', '32', 'new_meeting', '0', '2024-03-03 23:11:49', '2024-03-03 23:11:49'),
(76, 'Update Meeting', '<b>Meeting module review</b><br>Main  Admin updated a One Time meeting on 04/03/24', '1', '2', 'update_meeting', '0', '2024-03-03 23:12:40', '2024-03-03 23:12:40'),
(77, 'Update Meeting', '<b>Meeting module review</b><br>Main  Admin updated a One Time meeting on 04/03/24', '1', '32', 'update_meeting', '0', '2024-03-03 23:12:40', '2024-03-03 23:12:40'),
(78, 'New Meeting', '<b>Medical Oragizer</b><br> Main  Admin created a One Time meeting on 04/03/24', '1', '32', 'new_meeting', '0', '2024-03-04 04:05:25', '2024-03-04 04:05:25'),
(79, 'Scheduler Notification', 'Shift Assigned To You', '1', '2', 'publish_roster_notification', '0', '2024-03-08 01:09:36', '2024-03-08 01:09:36'),
(80, 'New Meeting', '<b>Meeting module review</b><br> Main  Admin created a One Time meeting on 12/03/24', '1', '32', 'new_meeting', '0', '2024-03-12 02:04:48', '2024-03-12 02:04:48'),
(81, 'New Meeting', '<b>Meeting module review</b><br> Main  Admin created a One Time meeting on 12/03/24', '1', '32', 'new_meeting', '0', '2024-03-12 02:04:48', '2024-03-12 02:04:48'),
(82, 'New Meeting', '<b>Meeting module review</b><br> Main  Admin created a One Time meeting on 12/03/24', '1', '32', 'new_meeting', '0', '2024-03-12 02:51:09', '2024-03-12 02:51:09'),
(83, 'New Meeting', '<b>Meeting module review</b><br> Main  Admin created a One Time meeting on 12/03/24', '1', '32', 'new_meeting', '0', '2024-03-12 02:51:09', '2024-03-12 02:51:09'),
(84, 'New Meeting', '<b>Meeting module review</b><br> Main  Admin created a One Time meeting on 12/03/24', '1', '32', 'new_meeting', '0', '2024-03-12 03:02:12', '2024-03-12 03:02:12'),
(85, 'New Meeting', '<b>Meeting module review</b><br> Main  Admin created a One Time meeting on 12/03/24', '1', '32', 'new_meeting', '0', '2024-03-12 03:02:12', '2024-03-12 03:02:12'),
(86, 'New Meeting', '<b>Meeting module review</b><br> Main  Admin created a One Time meeting on 12/03/24', '1', '32', 'new_meeting', '0', '2024-03-12 03:13:51', '2024-03-12 03:13:51'),
(87, 'New Meeting', '<b>Meeting module review</b><br> Main  Admin created a One Time meeting on 12/03/24', '1', '32', 'new_meeting', '0', '2024-03-12 03:13:51', '2024-03-12 03:13:51'),
(88, 'New Meeting', '<b>Meeting module review</b><br> Main  Admin created a One Time meeting on 13/03/24', '1', '32', 'new_meeting', '0', '2024-03-12 03:28:31', '2024-03-12 03:28:31'),
(89, 'Update Meeting', '<b>Meeting module review</b><br>Main  Admin updated a One Time meeting on 12/03/24', '1', '32', 'update_meeting', '0', '2024-03-12 03:29:34', '2024-03-12 03:29:34'),
(90, 'Update Meeting', '<b>Meeting module review</b><br>Main  Admin updated a One Time meeting on 12/03/24', '1', '32', 'update_meeting', '0', '2024-03-12 03:33:53', '2024-03-12 03:33:53'),
(91, 'New Meeting', '<b>Meeting module review</b><br> Main  Admin created a One Time meeting on 12/03/24', '1', '2', 'new_meeting', '0', '2024-03-12 03:34:51', '2024-03-12 03:34:51'),
(92, 'New Meeting', '<b>Pre joinMeeting  review</b><br> Main  Admin created a One Time meeting on 12/03/24', '1', '2', 'new_meeting', '0', '2024-03-12 03:49:19', '2024-03-12 03:49:19'),
(93, 'New Meeting', '<b>MOB PRE REVIEW</b><br> Main  Admin created a One Time meeting on 15/03/24', '1', '2', 'new_meeting', '0', '2024-03-13 22:33:25', '2024-03-13 22:33:25'),
(94, 'Update Meeting', '<b>MOB PRE REVIEW</b><br>Main  Admin updated a One Time meeting on 15/03/24', '1', '14', 'update_meeting', '0', '2024-03-13 22:33:55', '2024-03-13 22:33:55'),
(95, 'New Meeting', '<b>Mob Team Doc</b><br> Main  Admin created a One Time meeting on 15/03/24', '1', '2', 'new_meeting', '0', '2024-03-13 22:35:16', '2024-03-13 22:35:16'),
(96, 'Update Meeting', '<b>Mob Team Doc</b><br>Main  Admin updated a One Time meeting on 14/03/24', '1', '2', 'update_meeting', '0', '2024-03-13 22:36:54', '2024-03-13 22:36:54'),
(97, 'New Meeting', '<b>Mob Team</b><br> Main  Admin created a One Time meeting on 14/03/24', '1', '2', 'new_meeting', '0', '2024-03-13 22:42:14', '2024-03-13 22:42:14'),
(98, 'New Meeting', '<b>After Shift Start</b><br> Main  Admin created a One Time meeting on 14/03/24', '1', '2', 'new_meeting', '0', '2024-03-13 23:17:34', '2024-03-13 23:17:34'),
(99, 'New Meeting', '<b>After Shift</b><br> Main  Admin created a One Time meeting on 14/03/24', '1', '2', 'new_meeting', '0', '2024-03-13 23:32:57', '2024-03-13 23:32:57'),
(100, 'New Meeting', '<b>Mob Team</b><br> Main  Admin created a One Time meeting on 14/03/24', '1', '2', 'new_meeting', '0', '2024-03-14 01:42:40', '2024-03-14 01:42:40'),
(101, 'New Meeting', '<b>Mob Team</b><br> Main  Admin created a One Time meeting on 14/03/24', '1', '2', 'new_meeting', '0', '2024-03-14 03:24:38', '2024-03-14 03:24:38'),
(102, 'New Meeting', '<b>Mob Team</b><br> Main  Admin created a One Time meeting on 14/03/24', '1', '2', 'new_meeting', '0', '2024-03-14 03:27:57', '2024-03-14 03:27:57'),
(103, 'New Meeting', '<b>Pre Join 2</b><br> Main  Admin created a One Time meeting on 14/03/24', '1', '2', 'new_meeting', '0', '2024-03-14 03:31:04', '2024-03-14 03:31:04'),
(104, 'New Meeting', '<b>Pre Join 2</b><br> Main  Admin created a One Time meeting on 14/03/24', '1', '2', 'new_meeting', '0', '2024-03-14 03:32:52', '2024-03-14 03:32:52'),
(105, 'New Meeting', '<b>Meeting module review</b><br> Main  Admin created a One Time meeting on 14/03/24', '1', '2', 'new_meeting', '0', '2024-03-14 03:40:24', '2024-03-14 03:40:24'),
(106, 'New Meeting', '<b>Scrum</b><br> Main  Admin created a One Time meeting on 14/03/24', '1', '2', 'new_meeting', '0', '2024-03-14 03:41:03', '2024-03-14 03:41:03'),
(107, 'New Meeting', '<b>Mob Team</b><br> Main  Admin created a One Time meeting on 14/03/24', '1', '2', 'new_meeting', '0', '2024-03-14 04:11:32', '2024-03-14 04:11:32'),
(108, 'New Meeting', '<b>Mob Team</b><br> Main  Admin created a One Time meeting on 14/03/24', '1', '2', 'new_meeting', '0', '2024-03-14 04:24:07', '2024-03-14 04:24:07'),
(109, 'New Meeting', '<b>Pre Join 2</b><br> Main  Admin created a One Time meeting on 14/03/24', '1', '2', 'new_meeting', '0', '2024-03-14 04:31:42', '2024-03-14 04:31:42'),
(110, 'New Meeting', '<b>Mob Team</b><br> Main  Admin created a One Time meeting on 15/03/24', '1', '2', 'new_meeting', '0', '2024-03-14 20:36:44', '2024-03-14 20:36:44'),
(111, 'New Meeting', '<b>Mob Team</b><br> Main  Admin created a One Time meeting on 15/03/24', '1', '2', 'new_meeting', '0', '2024-03-14 20:55:08', '2024-03-14 20:55:08'),
(112, 'New Meeting', '<b>Mob Team</b><br> Main  Admin created a One Time meeting on 15/03/24', '1', '2', 'new_meeting', '0', '2024-03-14 21:13:25', '2024-03-14 21:13:25'),
(113, 'New Meeting', '<b>Mob Team</b><br> Main  Admin created a One Time meeting on 15/03/24', '1', '2', 'new_meeting', '0', '2024-03-14 21:16:37', '2024-03-14 21:16:37'),
(114, 'New Meeting', '<b>Mob Team</b><br> Main  Admin created a One Time meeting on 15/03/24', '1', '2', 'new_meeting', '0', '2024-03-14 21:18:39', '2024-03-14 21:18:39'),
(115, 'New Meeting', '<b>Mob Team</b><br> Main  Admin created a One Time meeting on 15/03/24', '1', '32', 'new_meeting', '0', '2024-03-14 21:18:39', '2024-03-14 21:18:39'),
(116, 'New Meeting', '<b>Mob Team</b><br> Main  Admin created a One Time meeting on 15/03/24', '1', '2', 'new_meeting', '0', '2024-03-14 21:20:28', '2024-03-14 21:20:28'),
(117, 'New Meeting', '<b>Mob Team</b><br> Main  Admin created a One Time meeting on 15/03/24', '1', '2', 'new_meeting', '0', '2024-03-14 21:27:55', '2024-03-14 21:27:55'),
(118, 'New Meeting', '<b>Mob Team</b><br> Main  Admin created a One Time meeting on 15/03/24', '1', '2', 'new_meeting', '0', '2024-03-14 21:33:19', '2024-03-14 21:33:19'),
(119, 'New Meeting', '<b>Mob Team</b><br> Main  Admin created a One Time meeting on 15/03/24', '1', '2', 'new_meeting', '0', '2024-03-14 21:40:00', '2024-03-14 21:40:00'),
(120, 'New Meeting', '<b>Mob Team</b><br> Main  Admin created a One Time meeting on 15/03/24', '1', '2', 'new_meeting', '0', '2024-03-14 21:57:15', '2024-03-14 21:57:15'),
(121, 'New Meeting', '<b>Mob Team</b><br> Main  Admin created a One Time meeting on 15/03/24', '1', '2', 'new_meeting', '0', '2024-03-14 22:10:15', '2024-03-14 22:10:15'),
(122, 'New Meeting', '<b>Mob Team</b><br> Main  Admin created a One Time meeting on 15/03/24', '1', '2', 'new_meeting', '0', '2024-03-14 22:35:31', '2024-03-14 22:35:31'),
(123, 'New Meeting', '<b>Mob Team</b><br> Main  Admin created a One Time meeting on 15/03/24', '1', '2', 'new_meeting', '0', '2024-03-14 22:46:32', '2024-03-14 22:46:32'),
(124, 'New Meeting', '<b>Mob Team</b><br> Main  Admin created a One Time meeting on 15/03/24', '1', '2', 'new_meeting', '0', '2024-03-14 22:59:30', '2024-03-14 22:59:30'),
(125, 'New Meeting', '<b>Mob Team</b><br> Main  Admin created a One Time meeting on 15/03/24', '1', '2', 'new_meeting', '0', '2024-03-15 01:19:35', '2024-03-15 01:19:35'),
(126, 'New Meeting', '<b>Mob Team Doc</b><br> Main  Admin created a One Time meeting on 15/03/24', '1', '2', 'new_meeting', '0', '2024-03-15 01:20:04', '2024-03-15 01:20:04'),
(127, 'New Meeting', '<b>Mob Team</b><br> Main  Admin created a One Time meeting on 15/03/24', '1', '2', 'new_meeting', '0', '2024-03-15 01:25:14', '2024-03-15 01:25:14'),
(128, 'New Meeting', '<b>Mob Team Doc</b><br> Main  Admin created a One Time meeting on 15/03/24', '1', '2', 'new_meeting', '0', '2024-03-15 01:25:43', '2024-03-15 01:25:43'),
(129, 'New Meeting', '<b>After Shift Start</b><br> Main  Admin created a One Time meeting on 15/03/24', '1', '2', 'new_meeting', '0', '2024-03-15 01:33:01', '2024-03-15 01:33:01'),
(130, 'New Meeting', '<b>Mob Team</b><br> Main  Admin created a One Time meeting on 15/03/24', '1', '2', 'new_meeting', '0', '2024-03-15 01:35:37', '2024-03-15 01:35:37'),
(131, 'New Meeting', '<b>After Shift Start</b><br> Main  Admin created a One Time meeting on 15/03/24', '1', '2', 'new_meeting', '0', '2024-03-15 01:38:26', '2024-03-15 01:38:26'),
(132, 'New Meeting', '<b>After Shift Start</b><br> Main  Admin created a One Time meeting on 15/03/24', '1', '2', 'new_meeting', '0', '2024-03-15 01:38:57', '2024-03-15 01:38:57'),
(133, 'New Meeting', '<b>Mob Team</b><br> Main  Admin created a One Time meeting on 15/03/24', '1', '2', 'new_meeting', '0', '2024-03-15 01:40:44', '2024-03-15 01:40:44'),
(134, 'New Meeting', '<b>Mob Team Doc</b><br> Main  Admin created a One Time meeting on 15/03/24', '1', '2', 'new_meeting', '0', '2024-03-15 01:41:22', '2024-03-15 01:41:22'),
(135, 'New Meeting', '<b>After Shift Start</b><br> Main  Admin created a One Time meeting on 15/03/24', '1', '2', 'new_meeting', '0', '2024-03-15 01:41:56', '2024-03-15 01:41:56'),
(136, 'New Meeting', '<b>Mob Team Doc</b><br> Main  Admin created a One Time meeting on 15/03/24', '1', '2', 'new_meeting', '0', '2024-03-15 01:47:40', '2024-03-15 01:47:40'),
(137, 'New Meeting', '<b>After Shift Start</b><br> Main  Admin created a One Time meeting on 15/03/24', '1', '2', 'new_meeting', '0', '2024-03-15 01:48:10', '2024-03-15 01:48:10'),
(138, 'New Meeting', '<b>Meeting Joined timer</b><br> Main  Admin created a One Time meeting on 15/03/24', '1', '2', 'new_meeting', '0', '2024-03-15 01:48:35', '2024-03-15 01:48:35'),
(139, 'New Meeting', '<b>After Shift Start</b><br> Main  Admin created a One Time meeting on 15/03/24', '1', '2', 'new_meeting', '0', '2024-03-15 01:48:58', '2024-03-15 01:48:58'),
(140, 'New Meeting', '<b>Meeting Joined timer</b><br> Main  Admin created a One Time meeting on 15/03/24', '1', '2', 'new_meeting', '0', '2024-03-15 01:52:51', '2024-03-15 01:52:51'),
(141, 'New Meeting', '<b>After Shift Start</b><br> Main  Admin created a One Time meeting on 15/03/24', '1', '2', 'new_meeting', '0', '2024-03-15 03:01:37', '2024-03-15 03:01:37'),
(142, 'New Meeting', '<b>After Shift Start</b><br> Main  Admin created a One Time meeting on 15/03/24', '1', '2', 'new_meeting', '0', '2024-03-15 03:02:05', '2024-03-15 03:02:05'),
(143, 'New Meeting', '<b>After Shift Start</b><br> Main  Admin created a One Time meeting on 15/03/24', '1', '2', 'new_meeting', '0', '2024-03-15 03:02:35', '2024-03-15 03:02:35'),
(144, 'New Meeting', '<b>After Shift Start</b><br> Main  Admin created a One Time meeting on 15/03/24', '1', '2', 'new_meeting', '0', '2024-03-15 03:03:00', '2024-03-15 03:03:00'),
(145, 'New Meeting', '<b>Meeting Joined timer</b><br> Main  Admin created a One Time meeting on 15/03/24', '1', '2', 'new_meeting', '0', '2024-03-15 03:09:05', '2024-03-15 03:09:05'),
(146, 'New Meeting', '<b>Meeting Joined timer</b><br> Main  Admin created a One Time meeting on 15/03/24', '1', '2', 'new_meeting', '0', '2024-03-15 03:09:31', '2024-03-15 03:09:31'),
(147, 'New Meeting', '<b>After Shift Start</b><br> Main  Admin created a One Time meeting on 15/03/24', '1', '2', 'new_meeting', '0', '2024-03-15 03:10:00', '2024-03-15 03:10:00'),
(148, 'New Meeting', '<b>After Shift Start</b><br> Main  Admin created a One Time meeting on 15/03/24', '1', '2', 'new_meeting', '0', '2024-03-15 03:10:24', '2024-03-15 03:10:24'),
(149, 'New Meeting', '<b>After Shift Start</b><br> Main  Admin created a One Time meeting on 15/03/24', '1', '2', 'new_meeting', '0', '2024-03-15 03:16:38', '2024-03-15 03:16:38'),
(150, 'New Meeting', '<b>After Shift Start</b><br> Main  Admin created a One Time meeting on 15/03/24', '1', '2', 'new_meeting', '0', '2024-03-15 03:17:02', '2024-03-15 03:17:02'),
(151, 'New Meeting', '<b>After Shift Start</b><br> Main  Admin created a One Time meeting on 15/03/24', '1', '2', 'new_meeting', '0', '2024-03-15 03:17:23', '2024-03-15 03:17:23'),
(152, 'New Meeting', '<b>After Shift Start</b><br> Main  Admin created a One Time meeting on 15/03/24', '1', '2', 'new_meeting', '0', '2024-03-15 03:17:46', '2024-03-15 03:17:46'),
(153, 'New Meeting', '<b>After Shift Start</b><br> Main  Admin created a One Time meeting on 15/03/24', '1', '2', 'new_meeting', '0', '2024-03-15 03:25:49', '2024-03-15 03:25:49'),
(154, 'New Meeting', '<b>After Shift Start</b><br> Main  Admin created a One Time meeting on 15/03/24', '1', '2', 'new_meeting', '0', '2024-03-15 03:26:10', '2024-03-15 03:26:10'),
(155, 'New Meeting', '<b>After Shift Start</b><br> Main  Admin created a One Time meeting on 15/03/24', '1', '2', 'new_meeting', '0', '2024-03-15 03:26:34', '2024-03-15 03:26:34'),
(156, 'New Meeting', '<b>After Shift Start</b><br> Main  Admin created a One Time meeting on 15/03/24', '1', '2', 'new_meeting', '0', '2024-03-15 03:27:02', '2024-03-15 03:27:02'),
(157, 'New Meeting', '<b>After Shift Start</b><br> Main  Admin created a One Time meeting on 15/03/24', '1', '2', 'new_meeting', '0', '2024-03-15 03:42:00', '2024-03-15 03:42:00'),
(158, 'New Meeting', '<b>After Shift Start</b><br> Main  Admin created a One Time meeting on 15/03/24', '1', '2', 'new_meeting', '0', '2024-03-15 03:42:22', '2024-03-15 03:42:22'),
(159, 'New Meeting', '<b>After Shift Start</b><br> Main  Admin created a One Time meeting on 15/03/24', '1', '2', 'new_meeting', '0', '2024-03-15 03:42:45', '2024-03-15 03:42:45'),
(160, 'New Meeting', '<b>After Shift Start</b><br> Main  Admin created a One Time meeting on 15/03/24', '1', '2', 'new_meeting', '0', '2024-03-15 03:43:12', '2024-03-15 03:43:12'),
(161, 'New Meeting', '<b>After Shift Start</b><br> Main  Admin created a One Time meeting on 15/03/24', '1', '2', 'new_meeting', '0', '2024-03-15 04:11:56', '2024-03-15 04:11:56'),
(162, 'New Meeting', '<b>After Shift Start</b><br> Main  Admin created a One Time meeting on 15/03/24', '1', '2', 'new_meeting', '0', '2024-03-15 04:12:20', '2024-03-15 04:12:20'),
(163, 'New Meeting', '<b>After Shift Start</b><br> Main  Admin created a One Time meeting on 15/03/24', '1', '2', 'new_meeting', '0', '2024-03-15 04:12:39', '2024-03-15 04:12:39'),
(164, 'New Meeting', '<b>After Shift Start</b><br> Main  Admin created a One Time meeting on 15/03/24', '1', '2', 'new_meeting', '0', '2024-03-15 04:13:01', '2024-03-15 04:13:01'),
(165, 'New Meeting', '<b>After Shift Start</b><br> Main  Admin created a One Time meeting on 15/03/24', '1', '2', 'new_meeting', '0', '2024-03-15 04:13:34', '2024-03-15 04:13:34'),
(166, 'New Meeting', '<b>After Shift Start</b><br> Main  Admin created a One Time meeting on 15/03/24', '1', '2', 'new_meeting', '0', '2024-03-15 04:22:46', '2024-03-15 04:22:46'),
(167, 'New Meeting', '<b>After Shift Start</b><br> Main  Admin created a One Time meeting on 15/03/24', '1', '2', 'new_meeting', '0', '2024-03-15 04:25:19', '2024-03-15 04:25:19'),
(168, 'New Meeting', '<b>After Shift Start</b><br> Main  Admin created a One Time meeting on 15/03/24', '1', '2', 'new_meeting', '0', '2024-03-15 04:25:42', '2024-03-15 04:25:42'),
(169, 'New Meeting', '<b>After Shift Start</b><br> Main  Admin created a One Time meeting on 15/03/24', '1', '2', 'new_meeting', '0', '2024-03-15 04:26:05', '2024-03-15 04:26:05'),
(170, 'New Meeting', '<b>After Shift Start</b><br> Main  Admin created a One Time meeting on 15/03/24', '1', '2', 'new_meeting', '0', '2024-03-15 04:33:20', '2024-03-15 04:33:20'),
(171, 'New Meeting', '<b>After Shift Start</b><br> Main  Admin created a One Time meeting on 15/03/24', '1', '2', 'new_meeting', '0', '2024-03-15 04:33:43', '2024-03-15 04:33:43'),
(172, 'New Meeting', '<b>After Shift Start</b><br> Main  Admin created a One Time meeting on 15/03/24', '1', '2', 'new_meeting', '0', '2024-03-15 04:34:14', '2024-03-15 04:34:14'),
(173, 'New Meeting', '<b>After Shift Start</b><br> Main  Admin created a One Time meeting on 15/03/24', '1', '2', 'new_meeting', '0', '2024-03-15 04:34:38', '2024-03-15 04:34:38'),
(174, 'New Meeting', '<b>After Shift Start</b><br> Main  Admin created a One Time meeting on 18/03/24', '1', '2', 'new_meeting', '0', '2024-03-17 20:28:02', '2024-03-17 20:28:02'),
(175, 'New Meeting', '<b>After Shift Start</b><br> Main  Admin created a One Time meeting on 18/03/24', '1', '2', 'new_meeting', '0', '2024-03-17 20:28:25', '2024-03-17 20:28:25'),
(176, 'New Meeting', '<b>After Shift Start</b><br> Main  Admin created a One Time meeting on 18/03/24', '1', '2', 'new_meeting', '0', '2024-03-17 20:29:51', '2024-03-17 20:29:51'),
(177, 'New Meeting', '<b>After Shift Start</b><br> Main  Admin created a One Time meeting on 18/03/24', '1', '2', 'new_meeting', '0', '2024-03-17 20:30:14', '2024-03-17 20:30:14'),
(178, 'New Meeting', '<b>After Shift Start</b><br> Main  Admin created a One Time meeting on 18/03/24', '1', '2', 'new_meeting', '0', '2024-03-17 21:37:57', '2024-03-17 21:37:57'),
(179, 'New Meeting', '<b>After Shift Start</b><br> Main  Admin created a One Time meeting on 18/03/24', '1', '2', 'new_meeting', '0', '2024-03-17 21:38:35', '2024-03-17 21:38:35'),
(180, 'New Meeting', '<b>After Shift Start</b><br> Main  Admin created a One Time meeting on 18/03/24', '1', '2', 'new_meeting', '0', '2024-03-17 21:39:11', '2024-03-17 21:39:11'),
(181, 'New Meeting', '<b>After Shift Start</b><br> Main  Admin created a One Time meeting on 18/03/24', '1', '2', 'new_meeting', '0', '2024-03-17 21:39:36', '2024-03-17 21:39:36'),
(182, 'New Meeting', '<b>After Shift Start</b><br> Main  Admin created a One Time meeting on 18/03/24', '1', '2', 'new_meeting', '0', '2024-03-17 21:40:09', '2024-03-17 21:40:09'),
(183, 'New Meeting', '<b>Pre Join 2</b><br> Main  Admin created a One Time meeting on 18/03/24', '1', '2', 'new_meeting', '0', '2024-03-17 21:41:42', '2024-03-17 21:41:42'),
(184, 'Scheduler Notification', 'Shift Assigned To You', '1', '43', 'publish_roster_notification', '0', '2024-03-24 17:53:25', '2024-03-24 17:53:25');

-- --------------------------------------------------------

--
-- Table structure for table `company`
--

CREATE TABLE `company` (
  `id` bigint(20) UNSIGNED NOT NULL,
  `fname` varchar(255) COLLATE utf8mb4_unicode_ci NOT NULL,
  `mname` varchar(255) COLLATE utf8mb4_unicode_ci DEFAULT NULL,
  `lname` varchar(255) COLLATE utf8mb4_unicode_ci NOT NULL,
  `mobile` varchar(255) COLLATE utf8mb4_unicode_ci NOT NULL,
  `phone` varchar(255) COLLATE utf8mb4_unicode_ci NOT NULL,
  `email` varchar(255) COLLATE utf8mb4_unicode_ci NOT NULL,
  `doc_1` varchar(255) COLLATE utf8mb4_unicode_ci DEFAULT NULL,
  `doc_2` varchar(255) COLLATE utf8mb4_unicode_ci DEFAULT NULL,
  `doc_3` varchar(255) COLLATE utf8mb4_unicode_ci DEFAULT NULL,
  `logo_img` varchar(255) COLLATE utf8mb4_unicode_ci NOT NULL,
  `active` varchar(255) COLLATE utf8mb4_unicode_ci NOT NULL DEFAULT '1',
  `del` varchar(255) COLLATE utf8mb4_unicode_ci NOT NULL DEFAULT '0',
  `created_at` timestamp NULL DEFAULT NULL,
  `updated_at` timestamp NULL DEFAULT NULL
) ENGINE=InnoDB DEFAULT CHARSET=utf8mb4 COLLATE=utf8mb4_unicode_ci;

--
-- Dumping data for table `company`
--

INSERT INTO `company` (`id`, `fname`, `mname`, `lname`, `mobile`, `phone`, `email`, `doc_1`, `doc_2`, `doc_3`, `logo_img`, `active`, `del`, `created_at`, `updated_at`) VALUES
(1, 'Samina', NULL, 'Khan', '03056546435', '03056546435', 'samina@gmail.com', NULL, NULL, NULL, 'assets/img/upload-image.png', '1', '0', '2024-02-21 03:55:50', '2024-02-21 03:55:50'),
(2, 'Deicorp', NULL, 'HQ', '12345', '12345', 'jfarrugia@deicorp.com.au', NULL, NULL, NULL, 'upload/images/1709071800_logo_img.png', '1', '0', '2024-02-21 04:34:56', '2024-02-27 16:10:00'),
(3, 'Parkview', NULL, 'Construction', '0428 821 774', '123456789', 'jim.touma@parkview.com.au', NULL, NULL, NULL, 'upload/images/1708650186_logo_img.jpeg', '1', '0', '2024-02-22 19:03:06', '2024-02-22 19:03:06'),
(4, 'Daniel', NULL, 'X', '0451 851 847', '12345678', 'Daniel.yan.xia@theconstructions.com.au', NULL, NULL, NULL, 'upload/images/1708658661_logo_img.jpeg', '1', '0', '2024-02-22 21:24:21', '2024-02-22 21:24:21'),
(5, 'Daniel', NULL, 'X', '0451 851 847', '12345678', 'Daniel.yan.xia@theconstructions.com.au', NULL, NULL, NULL, 'upload/images/1708658715_logo_img.jpeg', '1', '0', '2024-02-22 21:25:15', '2024-02-22 21:25:15'),
(6, 'Jason', NULL, 'Farrugia', '0423634461', '0423634461', 'jfarrugia@deicorp.com.au', NULL, NULL, NULL, 'upload/images/1709071471_logo_img.png', '1', '1', '2024-02-27 16:02:13', '2024-02-27 16:10:08');

-- --------------------------------------------------------

--
-- Table structure for table `company_documents`
--

CREATE TABLE `company_documents` (
  `id` bigint(20) UNSIGNED NOT NULL,
  `c_id` int(11) NOT NULL,
  `title` varchar(255) COLLATE utf8mb4_unicode_ci NOT NULL,
  `document` varchar(255) COLLATE utf8mb4_unicode_ci DEFAULT NULL,
  `uploaded_by` varchar(255) COLLATE utf8mb4_unicode_ci NOT NULL,
  `created_at` timestamp NULL DEFAULT NULL,
  `updated_at` timestamp NULL DEFAULT NULL
) ENGINE=InnoDB DEFAULT CHARSET=utf8mb4 COLLATE=utf8mb4_unicode_ci;

-- --------------------------------------------------------

--
-- Table structure for table `employee_attendances`
--

CREATE TABLE `employee_attendances` (
  `id` bigint(20) UNSIGNED NOT NULL,
  `employee_id` int(11) NOT NULL,
  `site_id` int(11) NOT NULL,
  `added_by` int(11) DEFAULT NULL,
  `status` int(11) NOT NULL DEFAULT '0',
  `approved_by` varchar(255) COLLATE utf8mb4_unicode_ci DEFAULT NULL,
  `check_in` varchar(255) COLLATE utf8mb4_unicode_ci DEFAULT NULL,
  `check_out` varchar(255) COLLATE utf8mb4_unicode_ci DEFAULT NULL,
  `date` varchar(255) COLLATE utf8mb4_unicode_ci DEFAULT NULL,
  `working_hours` varchar(255) COLLATE utf8mb4_unicode_ci DEFAULT NULL,
  `created_at` timestamp NULL DEFAULT NULL,
  `updated_at` timestamp NULL DEFAULT NULL,
  `image` varchar(222) COLLATE utf8mb4_unicode_ci DEFAULT NULL
) ENGINE=InnoDB DEFAULT CHARSET=utf8mb4 COLLATE=utf8mb4_unicode_ci;

--
-- Dumping data for table `employee_attendances`
--

INSERT INTO `employee_attendances` (`id`, `employee_id`, `site_id`, `added_by`, `status`, `approved_by`, `check_in`, `check_out`, `date`, `working_hours`, `created_at`, `updated_at`, `image`) VALUES
(1, 2, 1, 2, 1, NULL, '14:58', '14:59', '2024-02-21', '1', '2024-02-21 03:58:06', '2024-02-21 03:59:26', NULL),
(2, 2, 1, 2, 1, NULL, '14:59', '15:00', '2024-02-21', '1', '2024-02-21 03:59:34', '2024-02-21 04:00:07', NULL),
(3, 2, 1, 2, 1, NULL, '15:02', '15:03', '2024-02-21', '1', '2024-02-21 04:02:02', '2024-02-21 04:03:30', NULL),
(5, 2, 1, 2, 1, NULL, '15:27', '15:28', '2024-02-21', '1', '2024-02-21 04:27:56', '2024-02-21 04:28:43', NULL),
(6, 2, 1, 2, 1, NULL, '15:33', '15:37', '2024-02-21', '4', '2024-02-21 04:33:59', '2024-02-21 04:37:22', NULL),
(7, 3, 2, 1, 1, NULL, '10:49', '17:50', '2024-02-22', '421', '2024-02-21 23:49:22', '2024-02-21 23:56:05', NULL),
(9, 7, 2, 1, 1, NULL, '11:05', '17:00', '2024-02-22', '355', '2024-02-22 00:05:38', '2024-02-22 00:06:29', NULL),
(10, 7, 1, 1, 0, NULL, '11:32', '18:32', '2024-02-22', '420', '2024-02-22 00:32:25', '2024-02-22 00:32:25', NULL),
(11, 5, 1, 5, 1, NULL, '15:56', '15:57', '2024-02-22', '1', '2024-02-22 04:56:20', '2024-02-22 04:57:02', NULL),
(12, 5, 1, 5, 1, NULL, '15:57', '16:08', '2024-02-22', '11', '2024-02-22 04:57:27', '2024-02-22 05:08:42', NULL),
(13, 5, 1, 5, 1, NULL, '16:11', '16:13', '2024-02-22', '2', '2024-02-22 05:11:46', '2024-02-22 05:13:34', NULL),
(14, 5, 1, 5, 1, NULL, '16:14', '16:18', '2024-02-22', '4', '2024-02-22 05:14:29', '2024-02-22 05:18:11', NULL),
(15, 5, 1, 5, 1, NULL, '16:20', '16:26', '2024-02-22', '6', '2024-02-22 05:20:08', '2024-02-22 05:26:42', NULL),
(16, 5, 1, 5, 1, NULL, '16:27', '16:28', '2024-02-22', '1', '2024-02-22 05:27:19', '2024-02-22 05:28:04', NULL),
(17, 5, 1, 5, 1, NULL, '16:29', '16:31', '2024-02-22', '2', '2024-02-22 05:29:27', '2024-02-22 05:31:48', NULL),
(18, 5, 1, 5, 1, NULL, '09:45', '09:59', '2024-02-23', '10', '2024-02-22 22:45:31', '2024-02-22 22:59:43', NULL),
(19, 5, 1, 5, 1, NULL, '09:59', '10:04', '2024-02-23', '4', '2024-02-22 22:59:56', '2024-02-22 23:04:03', NULL),
(20, 5, 1, 5, 1, NULL, '10:04', '10:15', '2024-02-23', '11', '2024-02-22 23:04:33', '2024-02-22 23:15:19', NULL),
(21, 4, 3, 1, 1, NULL, '10:29', '15:29', '2024-02-23', '300', '2024-02-22 23:29:15', '2024-02-22 23:30:08', NULL),
(22, 5, 1, 5, 1, NULL, '14:52', '14:53', '2024-02-23', '1', '2024-02-23 03:52:51', '2024-02-23 03:53:02', NULL),
(23, 9, 6, 1, 1, NULL, '14:31', '15:00', '2024-02-26', '29', '2024-02-25 21:31:16', '2024-03-19 21:11:05', NULL),
(24, 13, 9, 13, 1, NULL, '09:36', '09:37', '2024-02-28', '1', '2024-02-27 16:36:37', '2024-02-27 16:37:11', NULL),
(25, 13, 9, 13, 1, NULL, '09:39', '09:41', '2024-02-28', '2', '2024-02-27 16:39:09', '2024-02-27 16:40:59', NULL),
(26, 13, 8, 13, 1, NULL, '11:38', '11:39', '2024-02-28', '1', '2024-02-27 18:38:44', '2024-02-27 18:39:09', NULL),
(54, 39, 1, 39, 1, NULL, '12:04', '12:06', '2024-03-05', '2', '2024-03-05 01:04:11', '2024-03-05 01:06:39', ''),
(56, 39, 1, 39, 1, NULL, '16:24', '16:26', '2024-03-05', '2', '2024-03-05 05:24:21', '2024-03-05 05:26:57', 'upload/images/391709637861.png'),
(58, 13, 5, 13, 1, NULL, '09:29', '09:30', '2024-03-08', '1', '2024-03-07 22:29:32', '2024-03-07 22:30:09', ''),
(59, 2, 1, 1, 0, NULL, '12:12', '12:12', '2024-03-08', '', '2024-03-08 01:12:07', '2024-03-08 01:13:02', NULL),
(61, 39, 1, 39, 1, NULL, '14:02', '15:20', '2024-03-08', '1464', '2024-03-08 03:02:44', '2024-03-08 04:20:01', ''),
(62, 39, 1, 39, 1, NULL, '14:27', '15:20', '2024-03-08', '1444', '2024-03-08 03:27:14', '2024-03-08 04:20:01', ''),
(63, 39, 1, 39, 1, NULL, '14:33', '14:41', '2024-03-09', '8', '2024-03-08 03:33:10', '2024-03-08 03:41:07', ''),
(64, 39, 1, 39, 1, NULL, '14:41', '15:20', '2024-03-08', '1444', '2024-03-08 03:41:29', '2024-03-08 04:20:01', ''),
(65, 39, 1, 39, 1, NULL, '14:49', '15:20', '2024-03-08', NULL, '2024-03-08 03:49:56', '2024-03-08 04:20:01', ''),
(66, 39, 1, 39, 1, NULL, '16:13', '16:14', '2024-03-08', '1', '2024-03-08 05:13:34', '2024-03-08 05:14:11', ''),
(67, 39, 1, 39, 1, NULL, '16:15', '16:18', '2024-03-09', '3', '2024-03-08 05:15:08', '2024-03-08 05:18:56', ''),
(68, 39, 1, 39, 1, NULL, '16:19', '16:21', '2024-03-08', '1442', '2024-03-08 05:19:38', '2024-03-08 05:21:50', ''),
(69, 39, 1, 39, 1, NULL, '16:26', '16:27', '2024-03-09', '1', '2024-03-08 05:26:37', '2024-03-08 05:27:27', ''),
(70, 39, 1, 39, 1, NULL, '16:30', '16:32', '2024-03-08', '1442', '2024-03-08 05:30:37', '2024-03-08 05:33:01', ''),
(71, 39, 1, 39, 1, NULL, '16:36', '16:39', '2024-03-08', '1443', '2024-03-08 05:36:56', '2024-03-08 05:39:54', ''),
(72, 39, 1, 39, 1, NULL, '10:38', '10:41', '2024-03-12', '1443', '2024-03-11 23:38:51', '2024-03-11 23:42:07', ''),
(73, 39, 1, 39, 1, NULL, '10:41', '10:42', '2024-03-13', '1', '2024-03-11 23:42:15', '2024-03-11 23:42:46', ''),
(74, 39, 1, 39, 1, NULL, '10:42', '10:43', '2024-03-13', '1', '2024-03-11 23:43:05', '2024-03-11 23:43:52', ''),
(75, 39, 1, 39, 1, NULL, '10:43', '10:44', '2024-03-13', '1', '2024-03-11 23:44:01', '2024-03-11 23:44:42', ''),
(76, 39, 1, 39, 1, NULL, '11:03', '11:04', '2024-03-13', '1', '2024-03-12 00:04:04', '2024-03-12 00:04:44', ''),
(77, 39, 1, 39, 1, NULL, '11:04', '11:05', '2024-03-12', '1', '2024-03-12 00:05:49', '2024-03-12 00:06:33', ''),
(78, 39, 1, 39, 1, NULL, '11:05', '11:06', '2024-03-12', '1', '2024-03-12 00:07:04', '2024-03-12 00:07:45', ''),
(79, 39, 1, 39, 1, NULL, '11:07', '11:22', '2024-03-12', '15', '2024-03-12 00:08:40', '2024-03-12 00:23:55', ''),
(80, 39, 1, 39, 1, NULL, '11:23', '11:24', '2024-03-12', '1', '2024-03-12 00:24:15', '2024-03-12 00:25:26', ''),
(81, 39, 1, 39, 1, NULL, '11:24', '11:25', '2024-03-12', '1', '2024-03-12 00:25:40', '2024-03-12 00:26:37', ''),
(82, 39, 1, 39, 1, NULL, '11:26', '11:39', '2024-03-12', '13', '2024-03-12 00:27:17', '2024-03-12 00:41:07', ''),
(83, 39, 1, 39, 1, NULL, '11:40', '11:41', '2024-03-13', '1', '2024-03-12 00:41:48', '2024-03-12 00:42:48', ''),
(84, 39, 1, 39, 1, NULL, '11:41', '11:41', '2024-03-12', '1440', '2024-03-12 00:43:22', '2024-03-12 00:44:19', ''),
(85, 39, 1, 39, 1, NULL, '11:42', '11:42', '2024-03-12', '1440', '2024-03-12 00:45:23', '2024-03-12 00:46:10', ''),
(86, 39, 1, 39, 1, NULL, '11:42', '11:43', '2024-03-13', '1', '2024-03-12 00:46:22', '2024-03-12 00:47:14', ''),
(87, 39, 1, 39, 1, NULL, '12:02', '12:04', '2024-03-12', '2', '2024-03-12 01:06:54', '2024-03-12 01:08:40', ''),
(88, 39, 1, 39, 1, NULL, '12:04', '12:05', '2024-03-12', '1', '2024-03-12 01:08:54', '2024-03-12 01:09:17', ''),
(89, 39, 1, 39, 1, NULL, '12:05', '12:11', '2024-03-12', '6', '2024-03-12 01:09:29', '2024-03-12 01:11:53', ''),
(90, 39, 1, 39, 1, NULL, '12:16', '12:11', '2024-03-12', '1435', '2024-03-12 01:16:13', '2024-03-12 01:16:27', ''),
(91, 39, 1, 39, 1, NULL, '12:25', '12:26', '2024-03-13', '1', '2024-03-12 01:25:57', '2024-03-12 01:26:29', ''),
(92, 39, 1, 39, 1, NULL, '12:27', '12:28', '2024-03-12', '1', '2024-03-12 01:27:15', '2024-03-12 01:28:11', ''),
(93, 39, 1, 39, 1, NULL, '12:28', '12:29', '2024-03-12', '1', '2024-03-12 01:28:21', '2024-03-12 01:29:33', ''),
(94, 39, 1, 39, 1, NULL, '12:30', '12:31', '2024-03-12', '1441', '2024-03-12 01:30:10', '2024-03-12 01:31:40', ''),
(95, 39, 1, 39, 1, NULL, '12:32', '12:35', '2024-03-13', '3', '2024-03-12 01:32:01', '2024-03-12 01:35:27', ''),
(96, 39, 1, 39, 1, NULL, '12:39', '14:28', '2024-03-12', '109', '2024-03-12 01:39:31', '2024-03-12 03:28:57', ''),
(97, 39, 1, 39, 1, NULL, '14:29', '14:30', '2024-03-12', '1', '2024-03-12 03:29:05', '2024-03-12 03:30:07', ''),
(98, 39, 1, 39, 1, NULL, '14:30', '15:48', '2024-03-12', '78', '2024-03-12 03:30:59', '2024-03-12 04:48:06', ''),
(99, 39, 1, 39, 1, NULL, '15:48', '15:49', '2024-03-12', '1441', '2024-03-12 04:48:16', '2024-03-12 04:49:27', ''),
(100, 39, 1, 39, 1, NULL, '15:50', '15:55', '2024-03-12', '1445', '2024-03-12 04:50:30', '2024-03-12 04:55:01', ''),
(101, 39, 1, 39, 1, NULL, '15:55', '15:56', '2024-03-12', '1441', '2024-03-12 04:55:39', '2024-03-12 04:56:22', ''),
(102, 39, 1, 39, 1, NULL, '12:17', '12:47', '2024-03-13', '30', '2024-03-13 01:17:39', '2024-03-13 01:47:27', ''),
(103, 39, 1, 39, 1, NULL, '12:53', '12:54', '2024-03-13', '1', '2024-03-13 01:53:27', '2024-03-13 01:54:18', ''),
(104, 39, 1, 39, 1, NULL, '13:01', '13:08', '2024-03-13', '7', '2024-03-13 02:02:17', '2024-03-13 02:08:07', ''),
(105, 39, 1, 39, 1, NULL, '14:00', '14:01', '2024-03-13', '1', '2024-03-13 03:00:59', '2024-03-13 03:01:13', ''),
(106, 39, 1, 39, 1, NULL, '14:06', '14:07', '2024-03-13', '1', '2024-03-13 03:06:04', '2024-03-13 03:07:02', ''),
(107, 39, 1, 39, 1, NULL, '14:06', '22:54', '2024-03-14', '10', '2024-03-13 03:06:36', '2024-03-14 11:54:01', ''),
(108, 39, 1, 39, 1, NULL, '14:16', '22:54', '2024-03-14', '9', '2024-03-13 03:16:32', '2024-03-14 11:54:01', ''),
(109, 39, 1, 39, 1, NULL, '14:25', '14:26', '2024-03-13', '1', '2024-03-13 03:25:37', '2024-03-13 03:26:16', ''),
(110, 39, 1, 39, 1, NULL, '14:26', '14:28', '2024-03-13', '1442', '2024-03-13 03:26:36', '2024-03-13 03:28:57', ''),
(111, 39, 1, 39, 1, NULL, '14:29', '22:54', '2024-03-14', '1', '2024-03-13 03:29:21', '2024-03-14 11:54:01', ''),
(112, 39, 1, 1, 1, NULL, '16:13', '22:54', '2024-03-14', '164', '2024-03-13 05:15:25', '2024-03-14 11:54:01', ''),
(113, 39, 1, 39, 1, NULL, '07:59', '22:54', '2024-03-14', '1513', '2024-03-13 20:59:53', '2024-03-14 11:54:01', ''),
(114, 25, 3, 25, 1, NULL, '14:52', '14:59', '2024-03-14', '7', '2024-03-13 21:52:17', '2024-03-13 21:59:15', ''),
(115, 39, 1, 39, 1, NULL, '09:16', '17:00', '2024-03-15', '19', '2024-03-13 22:16:12', '2024-03-15 06:00:02', ''),
(116, 39, 1, 39, 1, NULL, '09:36', '17:00', '2024-03-15', '180', '2024-03-13 22:36:13', '2024-03-15 06:00:02', ''),
(117, 39, 1, 39, 1, NULL, '14:37', '22:54', '2024-03-14', '26', '2024-03-14 03:37:52', '2024-03-14 11:54:01', ''),
(118, 39, 1, 39, 1, NULL, '15:04', '22:54', '2024-03-14', NULL, '2024-03-14 04:04:37', '2024-03-14 11:54:01', ''),
(119, 39, 1, 39, 1, NULL, '09:43', '10:37', '2024-03-16', '54', '2024-03-14 22:44:29', '2024-03-14 23:37:38', ''),
(120, 39, 1, 39, 1, NULL, '12:18', '17:00', '2024-03-15', NULL, '2024-03-15 01:18:22', '2024-03-15 06:00:02', ''),
(121, 39, 1, 39, 1, NULL, '07:26', '07:36', '2024-03-18', '10', '2024-03-17 20:26:58', '2024-03-17 20:36:41', ''),
(122, 39, 1, 39, 1, NULL, '08:36', '08:54', '2024-03-18', '18', '2024-03-17 21:36:34', '2024-03-17 21:54:56', ''),
(123, 13, 5, 13, 1, NULL, '08:54', '08:55', '2024-03-18', '0', '2024-03-17 21:54:33', '2024-03-17 21:55:08', ''),
(124, 39, 1, 39, 1, NULL, '08:55', '11:19', '2024-03-18', '144', '2024-03-17 21:55:05', '2024-03-18 00:19:07', ''),
(125, 39, 1, 39, 1, NULL, '09:12', '15:15', '2024-03-20', '12', '2024-03-19 22:12:47', '2024-03-20 04:15:02', ''),
(127, 39, 1, 39, 1, NULL, '09:33', '15:15', '2024-03-20', '2', '2024-03-19 22:34:50', '2024-03-20 04:15:02', ''),
(132, 39, 1, 39, 1, NULL, '09:47', '15:15', '2024-03-20', '13', '2024-03-19 22:48:39', '2024-03-20 04:15:02', ''),
(133, 39, 1, 39, 1, NULL, '10:00', '15:15', '2024-03-20', '2', '2024-03-19 23:00:15', '2024-03-20 04:15:02', ''),
(134, 39, 1, 39, 1, NULL, '10:05', '15:15', '2024-03-20', '1', '2024-03-19 23:05:14', '2024-03-20 04:15:02', ''),
(135, 39, 1, 39, 1, NULL, '10:07', '15:15', '2024-03-20', '3', '2024-03-19 23:07:33', '2024-03-20 04:15:02', ''),
(136, 39, 1, 39, 1, NULL, '10:27', '15:15', '2024-03-20', '6', '2024-03-19 23:27:17', '2024-03-20 04:15:02', ''),
(137, 39, 1, 39, 1, NULL, '10:33', '15:15', '2024-03-20', '60', '2024-03-19 23:33:17', '2024-03-20 04:15:02', ''),
(139, 39, 1, 39, 1, NULL, '10:43', '15:15', '2024-03-20', '7', '2024-03-19 23:43:27', '2024-03-20 04:15:02', ''),
(140, 39, 1, 39, 1, NULL, '10:58', '15:15', '2024-03-20', '3', '2024-03-19 23:58:22', '2024-03-20 04:15:02', ''),
(141, 39, 1, 39, 1, NULL, '11:37', '15:15', '2024-03-20', '1440', '2024-03-20 00:37:33', '2024-03-20 04:15:02', ''),
(142, 39, 1, 39, 1, NULL, '11:44', '15:15', '2024-03-20', '9', '2024-03-20 00:44:50', '2024-03-20 04:15:02', ''),
(143, 39, 1, 39, 1, NULL, '11:55', '15:15', '2024-03-20', '2', '2024-03-20 00:55:38', '2024-03-20 04:15:02', ''),
(144, 39, 1, 39, 1, NULL, '12:15', '15:15', '2024-03-20', '3', '2024-03-20 01:15:33', '2024-03-20 04:15:02', ''),
(145, 39, 1, 39, 1, NULL, '12:19', '15:15', '2024-03-20', NULL, '2024-03-20 01:19:09', '2024-03-20 04:15:02', ''),
(146, 39, 1, 39, 1, NULL, '10:51', '15:15', '2024-03-21', NULL, '2024-03-20 23:51:54', '2024-03-21 04:15:02', ''),
(147, 9, 3, 9, 1, NULL, '07:45', '15:15', '2024-03-22', NULL, '2024-03-21 14:45:16', '2024-03-22 04:15:02', ''),
(148, 8, 3, 8, 1, NULL, '07:45', '15:15', '2024-03-22', NULL, '2024-03-21 14:45:36', '2024-03-22 04:15:02', ''),
(149, 11, 3, 11, 1, NULL, '07:58', '15:15', '2024-03-22', NULL, '2024-03-21 14:58:31', '2024-03-22 04:15:02', ''),
(150, 28, 3, 28, 1, NULL, '10:44', '15:15', '2024-03-22', NULL, '2024-03-21 17:44:20', '2024-03-22 04:15:02', ''),
(151, 8, 3, 8, 1, NULL, '06:44', '15:15', '2024-03-25', '244', '2024-03-24 13:44:03', '2024-03-25 04:15:02', ''),
(152, 33, 3, 33, 1, NULL, '06:44', '06:45', '2024-03-25', '1', '2024-03-24 13:44:34', '2024-03-24 13:45:28', ''),
(153, 12, 3, 12, 1, NULL, '06:46', '14:57', '2024-03-25', '491', '2024-03-24 13:46:00', '2024-03-24 21:57:51', ''),
(154, 25, 3, 25, 1, NULL, '06:49', '15:05', '2024-03-25', '496', '2024-03-24 13:49:31', '2024-03-24 22:05:05', ''),
(155, 26, 3, 26, 1, NULL, '06:50', '06:51', '2024-03-25', '1', '2024-03-24 13:50:55', '2024-03-24 13:51:37', ''),
(156, 33, 3, 33, 1, NULL, '09:22', '15:03', '2024-03-25', '341', '2024-03-24 16:22:10', '2024-03-24 22:03:37', ''),
(157, 21, 3, 21, 1, NULL, '09:23', '15:15', '2024-03-25', NULL, '2024-03-24 16:23:30', '2024-03-25 04:15:02', ''),
(158, 34, 3, 34, 1, NULL, '09:29', '15:15', '2024-03-25', NULL, '2024-03-24 16:29:42', '2024-03-25 04:15:02', ''),
(159, 24, 3, 24, 1, NULL, '09:42', '15:01', '2024-03-25', '319', '2024-03-24 16:42:04', '2024-03-24 22:01:46', ''),
(160, 43, 3, 43, 1, NULL, '10:54', '15:15', '2024-03-25', NULL, '2024-03-24 17:54:19', '2024-03-25 04:15:02', ''),
(161, 44, 3, 44, 1, NULL, '12:26', '15:15', '2024-03-25', '12', '2024-03-24 19:27:00', '2024-03-25 04:15:02', ''),
(162, 8, 3, 8, 1, NULL, '12:30', '15:15', '2024-03-25', '7', '2024-03-24 19:30:15', '2024-03-25 04:15:02', ''),
(163, 8, 3, 8, 1, NULL, '12:38', '15:15', '2024-03-25', NULL, '2024-03-24 19:38:14', '2024-03-25 04:15:02', ''),
(164, 45, 3, 45, 1, NULL, '13:10', '15:15', '2024-03-25', '1', '2024-03-24 20:10:56', '2024-03-25 04:15:02', ''),
(165, 45, 3, 45, 1, NULL, '13:11', '15:15', '2024-03-25', NULL, '2024-03-24 20:11:24', '2024-03-25 04:15:02', ''),
(166, 44, 3, 44, 1, NULL, '15:02', '15:15', '2024-03-25', NULL, '2024-03-24 22:02:16', '2024-03-25 04:15:02', ''),
(167, 21, 3, 21, 1, NULL, '06:32', '15:15', '2024-03-26', NULL, '2024-03-25 13:32:15', '2024-03-26 04:15:03', ''),
(168, 25, 3, 25, 1, NULL, '06:32', '15:15', '2024-03-26', NULL, '2024-03-25 13:32:40', '2024-03-26 04:15:03', ''),
(169, 45, 3, 45, 1, NULL, '06:41', '15:15', '2024-03-26', NULL, '2024-03-25 13:41:03', '2024-03-26 04:15:03', ''),
(170, 23, 3, 23, 1, NULL, '06:47', '15:15', '2024-03-26', NULL, '2024-03-25 13:47:28', '2024-03-26 04:15:03', ''),
(171, 12, 3, 12, 1, NULL, '06:58', '14:56', '2024-03-26', '478', '2024-03-25 13:58:25', '2024-03-25 21:56:17', ''),
(172, 8, 3, 8, 1, NULL, '06:34', NULL, '2024-03-27', NULL, '2024-03-26 13:34:01', '2024-03-26 13:34:01', ''),
(173, 45, 3, 45, 1, NULL, '06:40', NULL, '2024-03-27', NULL, '2024-03-26 13:40:31', '2024-03-26 13:40:31', ''),
(174, 26, 3, 26, 1, NULL, '06:41', NULL, '2024-03-27', NULL, '2024-03-26 13:41:57', '2024-03-26 13:41:57', ''),
(175, 34, 3, 34, 1, NULL, '06:49', NULL, '2024-03-27', NULL, '2024-03-26 13:49:54', '2024-03-26 13:49:54', ''),
(176, 23, 3, 23, 1, NULL, '06:52', NULL, '2024-03-27', NULL, '2024-03-26 13:52:59', '2024-03-26 13:52:59', ''),
(177, 12, 3, 12, 1, NULL, '06:56', NULL, '2024-03-27', NULL, '2024-03-26 13:56:44', '2024-03-26 13:56:44', ''),
(178, 35, 3, 35, 1, NULL, '07:01', NULL, '2024-03-27', NULL, '2024-03-26 14:01:34', '2024-03-26 14:01:34', '');

-- --------------------------------------------------------

--
-- Table structure for table `employee_breaks`
--

CREATE TABLE `employee_breaks` (
  `id` bigint(20) UNSIGNED NOT NULL,
  `emp_attendance_id` int(11) NOT NULL,
  `break_in` varchar(255) COLLATE utf8mb4_unicode_ci NOT NULL,
  `break_out` varchar(255) COLLATE utf8mb4_unicode_ci DEFAULT NULL,
  `date` varchar(255) COLLATE utf8mb4_unicode_ci DEFAULT NULL,
  `created_at` timestamp NULL DEFAULT NULL,
  `updated_at` timestamp NULL DEFAULT NULL
) ENGINE=InnoDB DEFAULT CHARSET=utf8mb4 COLLATE=utf8mb4_unicode_ci;

--
-- Dumping data for table `employee_breaks`
--

INSERT INTO `employee_breaks` (`id`, `emp_attendance_id`, `break_in`, `break_out`, `date`, `created_at`, `updated_at`) VALUES
(1, 5, '15:28', '15:28', '2024-02-21', '2024-02-21 04:28:02', '2024-02-21 04:28:41'),
(2, 12, '15:57', '15:57', '2024-02-22', '2024-02-22 04:57:46', '2024-02-22 04:58:00'),
(3, 17, '16:30', '16:30', '2024-02-22', '2024-02-22 05:30:35', '2024-02-22 05:30:58'),
(4, 18, '09:49', '09:53', '2024-02-23', '2024-02-22 22:49:05', '2024-02-22 22:53:23'),
(5, 19, '10:03', '10:04', '2024-02-23', '2024-02-22 23:03:05', '2024-02-22 23:04:01'),
(8, 58, '09:29', '09:29', '2024-03-08', '2024-03-07 22:29:40', '2024-03-07 22:29:43'),
(9, 77, '11:05', '11:05', '2024-03-12', '2024-03-12 00:06:23', '2024-03-12 00:06:29'),
(10, 108, '14:25', NULL, '2024-03-13', '2024-03-13 03:25:34', '2024-03-13 03:25:34'),
(11, 113, '08:10', '08:10', '2024-03-14', '2024-03-13 21:10:21', '2024-03-13 21:10:35'),
(12, 113, '08:22', '08:22', '2024-03-15', '2024-03-13 21:22:19', '2024-03-13 21:23:02'),
(13, 115, '09:29', '09:29', '2024-03-15', '2024-03-13 22:29:19', '2024-03-13 22:29:30'),
(14, 123, '08:54', '08:55', '2024-03-18', '2024-03-17 21:54:46', '2024-03-17 21:55:04'),
(15, 133, '10:00', '10:01', '2024-03-20', '2024-03-19 23:00:42', '2024-03-19 23:01:20'),
(16, 148, '08:12', NULL, '2024-03-22', '2024-03-21 15:12:33', '2024-03-21 15:12:33'),
(17, 151, '09:02', '09:02', '2024-03-25', '2024-03-24 16:02:06', '2024-03-24 16:02:09'),
(18, 151, '09:02', '10:44', '2024-03-25', '2024-03-24 16:02:12', '2024-03-24 17:44:58'),
(19, 151, '12:29', '12:29', '2024-03-25', '2024-03-24 19:29:03', '2024-03-24 19:29:22'),
(20, 163, '12:38', NULL, '2024-03-25', '2024-03-24 19:38:16', '2024-03-24 19:38:16'),
(21, 158, '06:05', NULL, '2024-03-26', '2024-03-25 13:05:52', '2024-03-25 13:05:52'),
(22, 169, '06:41', NULL, '2024-03-26', '2024-03-25 13:41:19', '2024-03-25 13:41:19'),
(23, 173, '06:40', NULL, '2024-03-27', '2024-03-26 13:40:43', '2024-03-26 13:40:43'),
(24, 170, '06:52', NULL, '2024-03-27', '2024-03-26 13:52:53', '2024-03-26 13:52:53'),
(25, 176, '06:53', NULL, '2024-03-27', '2024-03-26 13:53:14', '2024-03-26 13:53:14');

-- --------------------------------------------------------

--
-- Table structure for table `employee_signed_documents`
--

CREATE TABLE `employee_signed_documents` (
  `id` bigint(20) UNSIGNED NOT NULL,
  `meeting_id` int(11) NOT NULL,
  `employee_id` int(11) NOT NULL,
  `document_id` int(11) NOT NULL,
  `signed` int(11) NOT NULL,
  `date` date DEFAULT NULL,
  `document` varchar(255) COLLATE utf8mb4_unicode_ci DEFAULT NULL,
  `created_at` timestamp NULL DEFAULT NULL,
  `updated_at` timestamp NULL DEFAULT NULL
) ENGINE=InnoDB DEFAULT CHARSET=utf8mb4 COLLATE=utf8mb4_unicode_ci;

--
-- Dumping data for table `employee_signed_documents`
--

INSERT INTO `employee_signed_documents` (`id`, `meeting_id`, `employee_id`, `document_id`, `signed`, `date`, `document`, `created_at`, `updated_at`) VALUES
(1, 2, 2, 1, 1, '2024-02-21', 'upload/documents/1708511633.png', '2024-02-21 04:33:53', '2024-02-21 04:33:53'),
(2, 3, 2, 3, 1, '2024-02-21', 'upload/documents/1708511680.png', '2024-02-21 04:34:40', '2024-02-21 04:34:40'),
(3, 5, 2, 4, 1, '2024-02-21', 'upload/documents/1708511786.png', '2024-02-21 04:36:26', '2024-02-21 04:36:26'),
(4, 5, 2, 5, 1, '2024-02-21', 'upload/documents/1708511795.png', '2024-02-21 04:36:35', '2024-02-21 04:36:35'),
(5, 5, 2, 6, 1, '2024-02-21', 'upload/documents/1708511817.png', '2024-02-21 04:36:57', '2024-02-21 04:36:57'),
(6, 5, 2, 7, 1, '2024-02-21', 'upload/documents/1708511825.png', '2024-02-21 04:37:05', '2024-02-21 04:37:05'),
(7, 13, 5, 12, 1, '2024-02-22', 'upload/documents/1708601171.png', '2024-02-22 05:26:11', '2024-02-22 05:26:11'),
(8, 17, 5, 14, 1, '2024-02-23', 'upload/documents/1708665076.png', '2024-02-22 23:11:16', '2024-02-22 23:11:16'),
(9, 18, 13, 15, 1, '2024-02-23', 'upload/documents/1708668351.png', '2024-02-23 00:05:51', '2024-02-23 00:05:51'),
(10, 20, 13, 17, 1, '2024-02-28', 'upload/documents/1709073390.png', '2024-02-27 16:36:30', '2024-02-27 16:36:30'),
(11, 24, 39, 21, 1, '2024-03-01', 'upload/documents/1709272317.png', '2024-02-29 23:51:57', '2024-02-29 23:51:57'),
(12, 26, 39, 22, 1, '2024-03-01', 'upload/documents/1709273323.png', '2024-03-01 00:08:43', '2024-03-01 00:08:43'),
(13, 28, 39, 23, 1, '2024-03-04', 'upload/documents/1709529171.png', '2024-03-03 23:12:51', '2024-03-03 23:12:51'),
(14, 29, 39, 24, 1, '2024-03-04', 'upload/documents/1709546857.png', '2024-03-04 04:07:37', '2024-03-04 04:07:37'),
(15, 123, 39, 25, 1, '2024-03-18', 'upload/documents/1710733356.png', '2024-03-17 21:42:36', '2024-03-17 21:42:36');

-- --------------------------------------------------------

--
-- Table structure for table `emp_access`
--

CREATE TABLE `emp_access` (
  `id` bigint(20) UNSIGNED NOT NULL,
  `emp_id` varchar(255) COLLATE utf8mb4_unicode_ci NOT NULL,
  `web_app` varchar(255) COLLATE utf8mb4_unicode_ci NOT NULL DEFAULT '0',
  `mobile_app` varchar(255) COLLATE utf8mb4_unicode_ci NOT NULL DEFAULT '0',
  `attendance` varchar(255) COLLATE utf8mb4_unicode_ci NOT NULL DEFAULT '0',
  `timesheet_reminders` varchar(255) COLLATE utf8mb4_unicode_ci NOT NULL DEFAULT '0',
  `email` varchar(255) COLLATE utf8mb4_unicode_ci NOT NULL DEFAULT '0',
  `timesheet` varchar(255) COLLATE utf8mb4_unicode_ci NOT NULL DEFAULT '0',
  `del` varchar(255) COLLATE utf8mb4_unicode_ci NOT NULL DEFAULT '0',
  `created_at` timestamp NULL DEFAULT NULL,
  `updated_at` timestamp NULL DEFAULT NULL
) ENGINE=InnoDB DEFAULT CHARSET=utf8mb4 COLLATE=utf8mb4_unicode_ci;

--
-- Dumping data for table `emp_access`
--

INSERT INTO `emp_access` (`id`, `emp_id`, `web_app`, `mobile_app`, `attendance`, `timesheet_reminders`, `email`, `timesheet`, `del`, `created_at`, `updated_at`) VALUES
(1, '1', '1', '1', '1', '1', '1', '1', '1', NULL, NULL),
(2, '3', '0', '0', '0', '0', '0', '0', '0', NULL, NULL),
(3, '2', '0', '0', '0', '0', '0', '0', '0', NULL, NULL),
(4, '4', '0', '0', '0', '0', '0', '0', '0', NULL, NULL),
(6, '5', '0', '0', '0', '0', '0', '0', '0', NULL, NULL),
(7, '3change', '0', '0', '0', '0', '0', '0', '0', NULL, NULL),
(9, '8', '1', '1', '1', '1', '1', '1', '0', NULL, NULL),
(11, '9', '1', '1', '1', '1', '1', '1', '0', NULL, NULL),
(12, '10', '1', '1', '1', '1', '1', '1', '0', NULL, NULL),
(14, '11', '1', '1', '1', '1', '1', '1', '0', NULL, NULL),
(16, '13', '1', '1', '1', '1', '1', '1', '0', NULL, NULL),
(17, '7', '0', '0', '0', '0', '0', '0', '0', NULL, NULL),
(18, '16', '0', '0', '0', '0', '0', '0', '0', NULL, NULL),
(19, '20', '1', '1', '1', '1', '1', '1', '0', NULL, NULL),
(20, '21', '0', '1', '1', '0', '0', '0', '0', NULL, NULL),
(22, '22', '0', '1', '1', '0', '0', '0', '0', NULL, NULL),
(23, '23', '0', '1', '1', '0', '0', '0', '0', NULL, NULL),
(25, '24', '0', '1', '1', '0', '0', '0', '0', NULL, NULL),
(26, '25', '0', '1', '1', '0', '0', '0', '0', NULL, NULL),
(28, '28', '0', '1', '1', '0', '0', '0', '0', NULL, NULL),
(29, '27', '0', '1', '1', '0', '0', '0', '0', NULL, NULL),
(30, '12', '0', '1', '1', '0', '0', '0', '0', NULL, NULL),
(31, '29', '0', '1', '1', '0', '0', '0', '0', NULL, NULL),
(32, '30', '0', '1', '1', '0', '0', '0', '0', NULL, NULL),
(33, '31', '0', '1', '1', '0', '0', '0', '0', NULL, NULL),
(35, '33', '0', '1', '1', '0', '0', '0', '0', NULL, NULL),
(36, '34', '0', '1', '1', '0', '0', '0', '0', NULL, NULL),
(37, '36', '1', '1', '1', '1', '1', '1', '0', NULL, NULL),
(40, '39', '0', '0', '0', '0', '0', '0', '0', NULL, NULL),
(41, '41', '1', '1', '1', '1', '1', '1', '0', NULL, NULL),
(43, '26', '0', '1', '1', '0', '0', '0', '0', NULL, NULL),
(44, '32', '0', '1', '1', '0', '0', '0', '0', NULL, NULL),
(45, '42', '0', '1', '1', '0', '0', '0', '0', NULL, NULL),
(47, '43', '0', '1', '1', '0', '0', '0', '0', NULL, NULL),
(48, '44', '0', '1', '1', '0', '0', '0', '0', NULL, NULL),
(49, '45', '0', '1', '1', '0', '0', '0', '0', NULL, NULL),
(50, '35', '0', '1', '1', '0', '0', '0', '0', NULL, NULL);

-- --------------------------------------------------------

--
-- Table structure for table `emp_documents`
--

CREATE TABLE `emp_documents` (
  `id` bigint(20) UNSIGNED NOT NULL,
  `emp_id` varchar(255) COLLATE utf8mb4_unicode_ci NOT NULL,
  `required_document` varchar(255) COLLATE utf8mb4_unicode_ci DEFAULT NULL,
  `text` varchar(255) COLLATE utf8mb4_unicode_ci DEFAULT NULL,
  `file` varchar(255) COLLATE utf8mb4_unicode_ci DEFAULT NULL,
  `del` varchar(255) COLLATE utf8mb4_unicode_ci NOT NULL DEFAULT '0',
  `created_at` timestamp NULL DEFAULT NULL,
  `updated_at` timestamp NULL DEFAULT NULL
) ENGINE=InnoDB DEFAULT CHARSET=utf8mb4 COLLATE=utf8mb4_unicode_ci;

--
-- Dumping data for table `emp_documents`
--

INSERT INTO `emp_documents` (`id`, `emp_id`, `required_document`, `text`, `file`, `del`, `created_at`, `updated_at`) VALUES
(1, '46', '1', '2134646', 'upload/documents/11705922137.png', '0', '2023-11-22 11:12:01', '2024-03-25 00:53:19'),
(2, '46', '2', '34616', 'upload/documents/11705922137.png', '0', '2023-11-22 11:12:01', '2024-03-25 00:53:19'),
(3, '46', '3', '34646', 'upload/documents/21708506579.png', '0', NULL, '2024-03-25 00:53:19'),
(4, '46', '4', '64646', 'upload/documents/01708507042.pdf', '0', NULL, '2024-03-25 00:53:19'),
(5, '46', '5', '64646', 'upload/documents/11708507042.pdf', '0', NULL, '2024-03-25 00:53:19'),
(6, '3', '3', '12323', 'upload/documents/21708507042.pdf', '0', NULL, '2024-02-21 03:54:02'),
(7, '4', '1', '45445', 'upload/documents/01708509292.png', '0', NULL, NULL),
(8, '4', '2', '454554', 'upload/documents/11708509292.png', '0', NULL, NULL),
(9, '4', '3', '454554', 'upload/documents/21708509292.pdf', '0', NULL, NULL),
(10, '5', '1', '233', 'upload/documents/01708510367.pdf', '0', NULL, '2024-02-22 22:03:41'),
(11, '5', '2', '123', 'upload/documents/11708510367.pdf', '0', NULL, '2024-02-22 22:03:41'),
(12, '5', '3', '12323', 'upload/documents/21708510367.pdf', '0', NULL, '2024-02-22 22:03:41'),
(13, '8', '1', '123456', 'upload/documents/01708647600.pdf', '0', NULL, NULL),
(14, '8', '2', '123456', 'upload/documents/11708647601.pdf', '0', NULL, NULL),
(15, '8', '3', '123456', 'upload/documents/21708647601.pdf', '0', NULL, NULL),
(16, '9', '1', '123456', 'upload/documents/01708647900.pdf', '0', NULL, '2024-02-22 18:45:11'),
(17, '9', '2', '123456', 'upload/documents/11708647900.pdf', '0', NULL, '2024-02-22 18:45:11'),
(18, '9', '3', '123456', 'upload/documents/21708647900.pdf', '0', NULL, '2024-02-22 18:45:11'),
(19, '10', '1', '123456', 'upload/documents/01708649321.pdf', '0', NULL, NULL),
(20, '10', '2', '123456', 'upload/documents/11708649321.pdf', '0', NULL, NULL),
(21, '10', '3', '123456', 'upload/documents/21708649321.pdf', '0', NULL, NULL),
(22, '12', '1', '570 866 211', 'upload/documents/01708651539.jpeg', '0', NULL, '2024-02-28 21:34:31'),
(23, '12', '2', '22322485', 'upload/documents/11708651539.jpeg', '0', NULL, '2024-02-28 21:34:31'),
(24, '12', '3', 'cgi1460177seq01', 'upload/documents/21708651539.png', '0', NULL, '2024-02-28 21:34:31'),
(25, '11', '1', '123456789', 'upload/documents/01708651740.jpg', '0', NULL, NULL),
(26, '11', '2', '122344', 'upload/documents/11708651740.jpeg', '0', NULL, NULL),
(27, '11', '3', '1234566', 'upload/documents/21708651740.jpeg', '0', NULL, NULL),
(28, '13', '1', '12312312', 'upload/documents/01708660568.png', '0', NULL, NULL),
(29, '13', '2', '12312312', 'upload/documents/11708660568.png', '0', NULL, NULL),
(30, '13', '3', '2123123123', 'upload/documents/21708660568.png', '0', NULL, NULL),
(31, '7', '1', '48379743', 'upload/documents/01708663954.PNG', '0', NULL, '2024-02-22 22:53:01'),
(32, '7', '2', '489903', 'upload/documents/11708663954.PNG', '0', NULL, '2024-02-22 22:53:01'),
(33, '7', '3', '9834274923', 'upload/documents/21708663954.PNG', '0', NULL, '2024-02-22 22:53:01'),
(34, '17', '1', '12334', 'upload/documents/01708917724.pdf', '0', NULL, NULL),
(35, '17', '2', '12', 'upload/documents/11708917724.pdf', '0', NULL, NULL),
(36, '17', '3', '1232', 'upload/documents/21708917724.pdf', '0', NULL, NULL),
(37, '20', '1', '345345', 'upload/documents/01709064577.png', '0', NULL, NULL),
(38, '20', '2', '345345', 'upload/documents/11709064577.png', '0', NULL, NULL),
(39, '20', '3', '3453453', 'upload/documents/21709064577.png', '0', NULL, NULL),
(40, '21', '1', '385466404', 'upload/documents/01709163000.jpeg', '0', NULL, NULL),
(41, '21', '2', '19774239', 'upload/documents/11709163000.jpeg', '0', NULL, NULL),
(42, '21', '3', 'CGI1014657SEQ01', 'upload/documents/21709163000.jpeg', '0', NULL, NULL),
(43, '21', '4', 'N/A', 'upload/documents/31709163000.jpeg', '0', NULL, NULL),
(44, '22', '1', '455132165', 'upload/documents/01709164471.jpeg', '0', NULL, '2024-02-28 17:56:09'),
(45, '22', '2', '23209504', 'upload/documents/11709164471.jpeg', '0', NULL, '2024-02-28 17:56:09'),
(46, '22', '3', '1026909', 'upload/documents/21709164471.jpeg', '0', NULL, '2024-02-28 17:56:09'),
(47, '22', '4', 'N/A', 'upload/documents/31709164471.jpeg', '0', NULL, '2024-02-28 17:56:09'),
(48, '23', '1', '392073632', 'upload/documents/01709165337.jpeg', '0', NULL, NULL),
(49, '23', '2', '13571971', 'upload/documents/11709165337.jpeg', '0', NULL, NULL),
(50, '23', '3', 'CGI00763091SEQ1', 'upload/documents/21709165337.jpeg', '0', NULL, NULL),
(51, '23', '4', 'N/A', 'upload/documents/31709165337.jpeg', '0', NULL, NULL),
(52, '24', '1', '959 873 353', 'upload/documents/01709165547.jpeg', '0', NULL, '2024-02-28 18:20:07'),
(53, '24', '2', '23673410', 'upload/documents/11709165547.jpeg', '0', NULL, '2024-02-28 18:20:08'),
(54, '24', '3', 'CG10363038SEQ01', 'upload/documents/21709165547.jpeg', '0', NULL, '2024-02-28 18:20:08'),
(55, '24', '4', 'NA', 'upload/documents/31709165547.jpeg', '0', NULL, '2024-02-28 18:20:08'),
(56, '25', '1', '969075988', 'upload/documents/01709166259.jpeg', '0', NULL, NULL),
(57, '25', '2', '2051028420', 'upload/documents/11709166259.jpeg', '0', NULL, NULL),
(58, '25', '3', 'CGI0364317SEQ01', 'upload/documents/21709166259.jpeg', '0', NULL, NULL),
(59, '25', '4', 'N/A', 'upload/documents/31709166259.jpeg', '0', NULL, NULL),
(60, '26', '1', '989693168', 'upload/documents/01709166879.jpeg', '0', NULL, NULL),
(61, '26', '2', '22189318', 'upload/documents/11709166879.jpeg', '0', NULL, NULL),
(62, '26', '3', 'CGI1425220SEQ01', 'upload/documents/21709166879.jpeg', '0', NULL, NULL),
(63, '26', '4', 'N/A', 'upload/documents/31709166879.jpeg', '0', NULL, NULL),
(64, '27', '1', '966 294 381', 'upload/documents/01709167588.jpeg', '0', NULL, NULL),
(65, '27', '2', '0127954824', 'upload/documents/11709167588.jpeg', '0', NULL, NULL),
(66, '27', '3', 'CG10342020SEQ01', 'upload/documents/21709167588.jpeg', '0', NULL, NULL),
(67, '27', '4', '01', 'upload/documents/31709167588.jpeg', '0', NULL, NULL),
(68, '28', '1', '646896865', 'upload/documents/01709167678.jpeg', '0', NULL, NULL),
(69, '28', '2', '23793917', 'upload/documents/11709167678.jpeg', '0', NULL, NULL),
(70, '28', '3', 'CGI1741960SEQ1', 'upload/documents/21709167678.jpeg', '0', NULL, NULL),
(71, '28', '4', 'N/A', 'upload/documents/31709167678.jpeg', '0', NULL, NULL),
(72, '12', '4', '01', 'upload/documents/31709168376.jpeg', '0', NULL, '2024-02-28 21:34:31'),
(73, '29', '1', '445165140', 'upload/documents/01709169258.jpeg', '0', NULL, NULL),
(74, '29', '2', '2053408516', 'upload/documents/11709169258.jpeg', '0', NULL, NULL),
(75, '29', '3', 'CGI1802814SEQ01', 'upload/documents/21709169258.jpeg', '0', NULL, NULL),
(76, '29', '4', 'N/A', 'upload/documents/31709169258.jpeg', '0', NULL, NULL),
(77, '30', '1', '840977865', 'upload/documents/01709169870.jpeg', '0', NULL, NULL),
(78, '30', '2', '2053844982', 'upload/documents/11709169870.jpeg', '0', NULL, NULL),
(79, '30', '3', 'CGI0306924SEQ01', 'upload/documents/21709169870.jpeg', '0', NULL, NULL),
(80, '30', '4', 'n/a', 'upload/documents/31709169870.jpeg', '0', NULL, NULL),
(81, '31', '1', '839 408 843', 'upload/documents/01709170083.jpeg', '0', NULL, NULL),
(82, '31', '2', '0116928698', 'upload/documents/11709170083.jpeg', '0', NULL, NULL),
(83, '31', '3', 'CG100796506SEQ01', 'upload/documents/21709170083.jpeg', '0', NULL, NULL),
(84, '31', '4', '01', 'upload/documents/31709170083.jpeg', '0', NULL, NULL),
(85, '32', '1', '811974061', 'upload/documents/01709170444.jpeg', '0', NULL, '2024-03-24 14:16:03'),
(86, '32', '2', '14985308', 'upload/documents/11709170444.jpeg', '0', NULL, '2024-03-24 14:16:03'),
(87, '32', '3', 'CGI00716635', 'upload/documents/21709170444.jpeg', '0', NULL, '2024-03-24 14:16:03'),
(88, '32', '4', 'N/A', 'upload/documents/31709170444.jpeg', '0', NULL, '2024-03-24 14:16:03'),
(89, '33', '1', '578519891', 'upload/documents/01709171384.jpeg', '0', NULL, NULL),
(90, '33', '2', '23508535', 'upload/documents/11709171384.jpeg', '0', NULL, NULL),
(91, '33', '3', 'CGI1615774SEQ01', 'upload/documents/21709171384.jpeg', '0', NULL, NULL),
(92, '33', '4', 'N/A', 'upload/documents/31709171384.jpeg', '0', NULL, NULL),
(93, '34', '1', '834 484 559', 'upload/documents/01709171774.jpeg', '0', NULL, NULL),
(94, '34', '2', '5170694', 'upload/documents/11709171774.jpeg', '0', NULL, NULL),
(95, '34', '3', 'CG10360518SEQ02', 'upload/documents/21709171774.jpeg', '0', NULL, NULL),
(96, '34', '4', '01', 'upload/documents/31709171774.jpeg', '0', NULL, NULL),
(97, '36', '1', '111111111', 'upload/documents/01709175496.jpeg', '0', NULL, NULL),
(98, '36', '2', '444444444', 'upload/documents/11709175496.jpeg', '0', NULL, NULL),
(99, '36', '3', 'CGI100000000SEQ01', 'upload/documents/21709175496.jpeg', '0', NULL, NULL),
(100, '36', '4', 'n/a', 'upload/documents/31709175496.jpeg', '0', NULL, NULL),
(101, '32', '5', 'N/A', 'upload/documents/41709600856.jpeg', '0', NULL, '2024-03-24 14:16:03'),
(102, '40', '1', '6387', '', '0', NULL, '2024-03-24 23:55:10'),
(103, '40', '2', '876786', '', '0', NULL, '2024-03-24 23:55:10'),
(104, '40', '3', '87786786', '', '0', NULL, '2024-03-24 23:55:10'),
(105, '40', '4', '786786', '', '0', NULL, '2024-03-24 23:55:10'),
(106, '40', '5', '786786', '', '0', NULL, '2024-03-24 23:55:10'),
(107, '41', '1', '12334', '', '0', NULL, NULL),
(108, '41', '2', '12', '', '0', NULL, NULL),
(109, '41', '3', '1232', '', '0', NULL, NULL),
(110, '41', '4', '45132', '', '0', NULL, NULL),
(111, '41', '5', '151654', '', '0', NULL, NULL),
(112, '42', '1', '123465789', '', '0', NULL, NULL),
(113, '42', '2', '23673410', '', '0', NULL, NULL),
(114, '42', '3', '123789465', '', '0', NULL, NULL),
(115, '42', '4', '02', '', '0', NULL, NULL),
(116, '42', '5', '02', '', '0', NULL, NULL),
(117, '43', '1', '12312356', '', '0', NULL, '2024-03-24 17:46:54'),
(118, '43', '2', '12345646', '', '0', NULL, '2024-03-24 17:46:54'),
(119, '43', '3', '123789123', '', '0', NULL, '2024-03-24 17:46:54'),
(120, '43', '4', '12378554', '', '0', NULL, '2024-03-24 17:46:54'),
(121, '43', '5', '132645', '', '0', NULL, '2024-03-24 17:46:54'),
(122, '44', '1', '12312356', '', '0', NULL, NULL),
(123, '44', '2', '12345646', '', '0', NULL, NULL),
(124, '44', '3', '123', '', '0', NULL, NULL),
(125, '44', '4', '12378554', '', '0', NULL, NULL),
(126, '44', '5', '132645', '', '0', NULL, NULL),
(127, '45', '1', '12312356', '', '0', NULL, NULL),
(128, '45', '2', '12345646', '', '0', NULL, NULL),
(129, '45', '3', '123', '', '0', NULL, NULL),
(130, '45', '4', '12378554', '', '0', NULL, NULL),
(131, '45', '5', '132645', '', '0', NULL, NULL),
(132, '35', '1', '12312356', '', '0', NULL, NULL),
(133, '35', '2', '12345646', '', '0', NULL, NULL),
(134, '35', '3', '123', '', '0', NULL, NULL),
(135, '35', '4', '12378554', '', '0', NULL, NULL),
(136, '35', '5', '132645', '', '0', NULL, NULL);

-- --------------------------------------------------------

--
-- Table structure for table `emp_emergency_contacts`
--

CREATE TABLE `emp_emergency_contacts` (
  `id` bigint(20) UNSIGNED NOT NULL,
  `emp_id` varchar(255) COLLATE utf8mb4_unicode_ci NOT NULL,
  `name` varchar(255) COLLATE utf8mb4_unicode_ci NOT NULL,
  `relation` varchar(255) COLLATE utf8mb4_unicode_ci NOT NULL,
  `phone` varchar(255) COLLATE utf8mb4_unicode_ci NOT NULL,
  `address` varchar(255) COLLATE utf8mb4_unicode_ci DEFAULT NULL,
  `email` varchar(255) COLLATE utf8mb4_unicode_ci DEFAULT NULL,
  `created_by` varchar(255) COLLATE utf8mb4_unicode_ci NOT NULL,
  `del` varchar(255) COLLATE utf8mb4_unicode_ci NOT NULL DEFAULT '0',
  `created_at` timestamp NULL DEFAULT NULL,
  `updated_at` timestamp NULL DEFAULT NULL
) ENGINE=InnoDB DEFAULT CHARSET=utf8mb4 COLLATE=utf8mb4_unicode_ci;

--
-- Dumping data for table `emp_emergency_contacts`
--

INSERT INTO `emp_emergency_contacts` (`id`, `emp_id`, `name`, `relation`, `phone`, `address`, `email`, `created_by`, `del`, `created_at`, `updated_at`) VALUES
(9, '1', 'Jack', 'Brother', '+61412345693', 'Rookwood Rd, Sydney New South Wales', 'jack@gmali.com', '1', '0', NULL, NULL),
(10, '2', 'Umait', 'Mother', '258', 'Tfcf', 'umairazam1212@gmail.com', '2', '0', NULL, NULL),
(11, '2', 'Uhf', 'Mother', '8085', 'Gccv', 'umairazam1212@gmail.com', '2', '0', NULL, '2024-02-21 02:58:32'),
(12, '3', 'tester qa', 'Brother', '12345', 'sydney', 'testffga@sharklasers.com', '1', '0', NULL, NULL),
(13, '4', 'abdul rehman', 'Son', '03056546435', 'ryk', 'ali@gmail.com', '1', '0', NULL, NULL),
(14, '5', 'tester qa', 'Brother', '12345', 'sydney', 'testffga@sharklasers.com', '1', '0', NULL, '2024-02-21 04:16:51'),
(15, '7', 'Ahmad', 'Brother', '0000000000', '44 ydfu vuv', 'ahmad@gmail.com', '7', '0', NULL, '2024-02-22 22:50:58'),
(16, '6', 'Umair azam', 'Brother', '5424548454', 'Hsusnsshsusj', 'shskajj@gmail.com', '6', '0', NULL, NULL),
(17, '8', 'mahmoud', 'Other', '0404995880', 'Brunker Road', 'mahmoud@ictechnology.com.au', '1', '0', NULL, NULL),
(18, '9', 'mahmoud', 'Other', '0404995880', 'Brunker Road', 'mahmoud@ictechnology.com.au', '1', '0', NULL, NULL),
(19, '10', 'mahmoud', 'Father', '0404995880', 'Brunker Road', 'mahmoud@ictechnology.com.au', '1', '0', NULL, NULL),
(20, '12', 'Walid hijazi', 'Father', '0403811040', 'test@hotmail.com', 'test@hotmail.com', '1', '0', NULL, '2024-02-28 19:00:35'),
(21, '11', 'Sam bacha', 'Spouse', '0402858552', '29 Kenny street wollongong', 'helbacha@fastform.net', '1', '0', NULL, NULL),
(22, '13', 'Mahmoud', 'Brother', '23423423', 'ICTechnology', 'mahmoud@ictechnology.com.au', '1', '0', NULL, NULL),
(23, '16', 'Ali', 'Brother', '0000000000', '44uvuuvuv', 'ali@gmail.com', '16', '0', NULL, NULL),
(24, '20', 'Dev', 'Other', '23423423', 'NSW', 'devops@ictechnology.com.au', '1', '0', NULL, NULL),
(25, '21', 'Yonnas B', 'Mother', '0411000000', '123 steve street liverpool', 'abc@gmail.com', '1', '0', NULL, NULL),
(26, '22', 'test', 'Mother', '0000000000', '123 test road liverpool', 'test@gmail.com', '1', '0', NULL, NULL),
(27, '23', 'test', 'Mother', '0000000000', '123 test road liverpool', 'test@gmail.com', '1', '0', NULL, NULL),
(28, '24', 'Eisa Ganawi', 'Other', '0401069140', 'test@hotmail.com', 'test@hotmail.com', '1', '0', NULL, NULL),
(29, '25', 'Parvez', 'Other', '0470 253 441', '123 test road liverpool', 'test@gmail.com', '1', '0', NULL, NULL),
(30, '26', 'Khodar', 'Other', '0416565707', '123 test road liverpool', 'khodar65@gmail.com', '1', '0', NULL, NULL),
(31, '28', 'Nada', 'Mother', '0420708546', '123 test road liverpool', 'test@gmail.com', '1', '0', NULL, NULL),
(32, '27', 'Rami Houmeissi', 'Son', '0475757576', 'test@hotmail.com', 'test@hotmail.com', '1', '0', NULL, NULL),
(33, '29', 'Souhail', 'Other', '0416479797', '123 test road liverpool', 'test@gmail.com', '1', '0', NULL, NULL),
(34, '30', 'Adel', 'Other', '0432880913', '123 test road liverpool', 'test@gmail.com', '1', '0', NULL, NULL),
(35, '31', 'Rami Houmeissi', 'Son', '0475757576', 'test@hotmail.com', 'test@hotmail.com', '1', '0', NULL, NULL),
(36, '32', 'Angyer kon', 'Other', '0432820040', '123 test road liverpool', 'test@gmail.com', '1', '0', NULL, NULL),
(37, '33', 'Younas', 'Other', '0431624992', '123 test road liverpool', 'test@gmail.com', '1', '0', NULL, NULL),
(38, '34', 'tONG', 'Other', '0422869404', 'test@hotmail.com', 'test@hotmail.com', '1', '0', NULL, NULL),
(39, '36', 'Isam', 'Brother', '0400005686', '5 Mckell Avenue Casula NSW 2170', 'test@gmail.com', '1', '0', NULL, NULL),
(40, '39', 'Ujjff', 'Mother', '5885', 'Ccc', 'bbb@gmail.com', '39', '0', NULL, NULL),
(41, '40', 'TRURT', 'Son', '45645645645', NULL, NULL, '1', '0', NULL, NULL),
(42, '41', 'Mahmoud Massri', 'Father', '+61291356640', 'Brunker Rd, Chullora New South Wales 2190', 'mahmoud@ictechnology.com.au', '1', '0', NULL, NULL),
(43, '42', 'Deng', 'Other', '0432489532', NULL, NULL, '1', '0', NULL, NULL),
(44, '43', 'Khodar Walid HiJAZI', 'Other', '0416565707', NULL, NULL, '1', '0', NULL, NULL),
(45, '44', 'Khodar Walid HiJAZI', 'Other', '0416565707', NULL, NULL, '1', '0', NULL, '2024-03-24 19:21:59'),
(46, '45', 'Hayssam ElSayed', 'Sister', '0426199726', '133 Penshurst St, Penshurst New South Wales 2222', NULL, '1', '0', NULL, NULL),
(47, '46', 'umair', 'Partner', '64646', 'hahwh', 'umairazam1212@gmail.com', '46', '0', NULL, '2024-03-25 00:54:35'),
(48, '35', 'Khodar Walid HiJAZI', 'Sister', '0416565707', '12 James Av, Lurnea New South Wales 2170', NULL, '1', '0', NULL, NULL);

-- --------------------------------------------------------

--
-- Table structure for table `emp_permits`
--

CREATE TABLE `emp_permits` (
  `id` bigint(20) UNSIGNED NOT NULL,
  `title` varchar(255) COLLATE utf8mb4_unicode_ci NOT NULL,
  `created_by` varchar(255) COLLATE utf8mb4_unicode_ci NOT NULL,
  `del` varchar(255) COLLATE utf8mb4_unicode_ci NOT NULL DEFAULT '0',
  `created_at` timestamp NULL DEFAULT NULL,
  `updated_at` timestamp NULL DEFAULT NULL
) ENGINE=InnoDB DEFAULT CHARSET=utf8mb4 COLLATE=utf8mb4_unicode_ci;

--
-- Dumping data for table `emp_permits`
--

INSERT INTO `emp_permits` (`id`, `title`, `created_by`, `del`, `created_at`, `updated_at`) VALUES
(1, 'Citizen', '1', '0', '2023-11-07 12:43:01', '2023-11-07 12:43:01'),
(2, 'Student', '1', '0', NULL, NULL),
(3, 'Permanent', '1', '0', NULL, NULL),
(4, 'Visa', '1', '0', NULL, NULL);

-- --------------------------------------------------------

--
-- Table structure for table `emp_personal_details`
--

CREATE TABLE `emp_personal_details` (
  `id` bigint(20) UNSIGNED NOT NULL,
  `emp_id` varchar(255) COLLATE utf8mb4_unicode_ci NOT NULL,
  `first_name` varchar(255) COLLATE utf8mb4_unicode_ci NOT NULL,
  `middle_name` varchar(255) COLLATE utf8mb4_unicode_ci DEFAULT NULL,
  `last_name` varchar(255) COLLATE utf8mb4_unicode_ci DEFAULT NULL,
  `mobile` varchar(255) COLLATE utf8mb4_unicode_ci NOT NULL,
  `streat_address` varchar(255) COLLATE utf8mb4_unicode_ci NOT NULL,
  `suburb` varchar(255) COLLATE utf8mb4_unicode_ci NOT NULL,
  `state` varchar(255) COLLATE utf8mb4_unicode_ci NOT NULL,
  `postcode` varchar(255) COLLATE utf8mb4_unicode_ci NOT NULL,
  `image` varchar(255) COLLATE utf8mb4_unicode_ci NOT NULL DEFAULT 'upload/images/default.png',
  `date_of_birth` varchar(255) COLLATE utf8mb4_unicode_ci NOT NULL,
  `blood_group` varchar(255) COLLATE utf8mb4_unicode_ci DEFAULT NULL,
  `created_by` varchar(255) COLLATE utf8mb4_unicode_ci NOT NULL,
  `del` varchar(255) COLLATE utf8mb4_unicode_ci NOT NULL DEFAULT '0',
  `created_at` timestamp NULL DEFAULT NULL,
  `updated_at` timestamp NULL DEFAULT NULL
) ENGINE=InnoDB DEFAULT CHARSET=utf8mb4 COLLATE=utf8mb4_unicode_ci;

--
-- Dumping data for table `emp_personal_details`
--

INSERT INTO `emp_personal_details` (`id`, `emp_id`, `first_name`, `middle_name`, `last_name`, `mobile`, `streat_address`, `suburb`, `state`, `postcode`, `image`, `date_of_birth`, `blood_group`, `created_by`, `del`, `created_at`, `updated_at`) VALUES
(1, '1', 'Main', NULL, 'Admin', '+61412345678', '54 Main Street Suburbville', 'Sydney', 'NSW', '2000', 'upload/images/default.png', '1998-11-30', 'A+', '1', '0', '2023-11-30 14:48:49', '2024-02-28 23:21:54'),
(2, '2', 'Umair', NULL, 'Azam', '0333333333', '100 chack', 'Ryk', 'Punjab', '64200', 'upload/images/1709031295.jpeg', '2003-01-20', 'A+', '2', '0', NULL, '2024-02-27 04:54:55'),
(3, '3', 'tester', NULL, 'samina', '12345', 'sydney', 'ryk', 'South Australia', '2000', 'upload/images/default.png', '2001-01-01', 'A+', '1', '0', NULL, '2024-02-21 23:48:39'),
(4, '4', 'Mehtab', NULL, 'Ahmed', '03056546435', 'ryk', 'ryk', 'ryk', '2095', 'upload/images/default.png', '2000-02-02', 'A-', '1', '0', NULL, NULL),
(5, '5', 'samina', NULL, 'Tester', '12345', 'sydney', 'ryk', 'South Australia', '2000', 'upload/images/default.png', '1998-12-31', 'B-', '1', '0', NULL, '2024-02-22 22:03:34'),
(6, '7', 'Abdul', 'Rehman', 'Khan', '4438373835', '11', 'Yahah', 'Hahah', '5454851551', 'upload/images/1708576907.png', '2006-01-20', 'B+', '7', '0', NULL, '2024-02-22 22:52:03'),
(7, '6', 'Umair', NULL, 'Azam', '0343466464', 'Hdhsjs', 'Zbjsjsj', 'Hsehwj', '24546464', 'upload/images/1709285953.png', '2006-01-20', 'A+', '6', '0', NULL, '2024-03-01 03:39:13'),
(8, '8', 'Haysam', NULL, 'ElBacha', '0402858552', '14 Enterprise Circuit', 'Prestons', 'NSW', '2170', 'upload/images/default.png', '1999-01-01', 'A+', '1', '0', NULL, NULL),
(9, '9', 'Ahmed', NULL, 'ElSayed', '0449537047', '14 Enterprise Circuit', 'Prestons', 'NSW', '2170', 'upload/images/default.png', '1999-01-01', 'A-', '1', '0', NULL, '2024-02-25 21:24:02'),
(10, '10', 'Mahmoud', NULL, 'Massri', '+61291356640', 'Brunker Rd, Chullora', 'Chullora', 'New South Wales', '2190', 'upload/images/default.png', '1999-01-01', 'A+', '1', '0', NULL, NULL),
(11, '12', 'Khodar', 'Walid', 'HiJAZI', '0416565707', '12 James Av, Lurnea New South Wales 2170', 'Lurnea', 'Nsw', '2170', 'upload/images/default.png', '2000-07-16', 'unknown', '1', '0', NULL, '2024-02-28 21:34:28'),
(12, '11', 'Kaled', NULL, 'Massri', '0401487954', '1 John St, Cronulla New South Wales 2230', 'Cronulla', 'Nsw', '2234', 'upload/images/1708651615.jpeg', '1975-02-23', 'B+', '1', '0', NULL, NULL),
(13, '13', 'Muhammad', 'Saad', 'Tanveer', '03335559996', 'DHA 2', 'NSW', 'NSW', '45700', 'upload/images/default.png', '1992-10-29', 'O+', '1', '0', NULL, '2024-02-27 18:26:32'),
(14, '16', 'Abdul', NULL, 'Rehman', '0157272767', '44 Home', 'Jfufdyd', 'Urufu', '835646464', 'upload/images/1709009814.png', '2001-06-20', 'B+', '16', '0', NULL, '2024-02-26 23:01:12'),
(15, '17', 'f', 'forKiama', 'Site', '+61291356640', 'Brunker Rd, Chullora', 'Chullora', 'New South Wales', '2190', 'upload/images/default.png', '1111-01-01', 'A+', '1', '0', NULL, NULL),
(16, '20', 'Dev', NULL, 'Ops', '23423423423', 'NSW', 'Sydney', 'NSW', '2000', 'upload/images/default.png', '1987-02-19', 'B-', '1', '0', NULL, NULL),
(17, '21', 'Yonnas', 'Kiros', 'BERHEMELES', '0401395881', '27 Castlereagh St, Liverpool New South Wales 2170', 'Liverpool', 'NSW', '2170', 'upload/images/default.png', '1985-01-01', 'unknown', '1', '0', NULL, NULL),
(18, '22', 'Abusaleh', NULL, 'SHEIKH', '0414079335', 'Unit 9, 37 MacDonald St, Lakemba New South Wales 2195', 'Lakemba', 'NSW', '2195', 'upload/images/default.png', '1988-02-01', 'unknown', '1', '0', NULL, '2024-02-28 17:56:06'),
(19, '23', 'David', NULL, 'McSWEENEY', '0416114298', '32 oconnell Road', 'Oyster Bay', 'NSW', '2225', 'upload/images/default.png', '1972-01-07', 'unknown', '1', '0', NULL, NULL),
(20, '24', 'Ahmed', NULL, 'Doud', '0417874837', '168/68-70 dartbrook road', 'Auburn', 'NSW', '2144', 'upload/images/default.png', '1979-10-01', 'unknown', '1', '0', NULL, '2024-02-28 18:20:01'),
(21, '25', 'Jahid', 'Hassan', 'AKON', '0402357752', 'Unit 10, 15-17 Queen Street', 'Auburn', 'NSW', '2144', 'upload/images/default.png', '1981-07-23', 'unknown', '1', '0', NULL, '2024-02-28 18:21:17'),
(22, '26', 'Yousif', 'Abaker', 'HARAN', '0435077339', '20 Ramilly Place', 'Ambarvale', 'NSW', '2560', 'upload/images/default.png', '1982-01-01', 'unknown', '1', '0', NULL, NULL),
(23, '27', 'Mahmoud', NULL, 'Fachikh', '0405844450', '41 Wynyard Avenue', 'Rossmore', 'Nsw', '2557', 'upload/images/default.png', '1971-10-30', 'unknown', '1', '0', NULL, NULL),
(24, '28', 'Hamad', NULL, 'MOUBARAK', '0451735400', '23 Wych Avenue', 'Lurnea', 'NSW', '2170', 'upload/images/default.png', '2004-07-06', 'unknown', '1', '0', NULL, NULL),
(25, '29', 'Sami', NULL, 'FATFAT', '0421112467', 'Unit 2, 36-38 Passefield Street', 'Liverpool', 'NSW', '2170', 'upload/images/default.png', '1998-03-13', 'unknown', '1', '0', NULL, '2024-03-04 19:11:24'),
(26, '30', 'Akot', 'Majok', 'DUT', '0412832235', 'Unit 14, 16 Oxford Street', 'Blacktown', 'NSW', '2148', 'upload/images/default.png', '1987-02-11', 'unknown', '1', '0', NULL, NULL),
(27, '31', 'Mohamad', NULL, 'Fachikh', '0450710510', '41 Wynyard Avenue', 'Rossmore', 'Nsw', '2557', 'upload/images/default.png', '1970-05-20', 'unknown', '1', '0', NULL, NULL),
(28, '32', 'James', 'Akot', 'AKOT', '0401076102', '82 Buckwell Dr, Hassall Grove New South Wales 2761', 'Hassall Grove', 'NSW', '2761', 'upload/images/default.png', '1968-01-01', 'unknown', '1', '0', NULL, '2024-03-24 14:15:54'),
(29, '33', 'Ahmed', 'Yahya', 'ADAM', '0401190042', 'Unit 104, 34 Ironbark Avenue', 'Casula', 'NSW', '2170', 'upload/images/default.png', '1996-01-01', 'unknown', '1', '0', NULL, NULL),
(30, '34', 'Khon', NULL, 'Gai', '0449586106', '17/11 Blaxcell St, Granville New South Wales 2142', 'Granville', 'NSW', '2142', 'upload/images/default.png', '1975-01-01', 'unknown', '1', '0', NULL, NULL),
(31, '36', 'Tarek', NULL, 'Massri', '0409094298', '100 Jacaranda Crescent', 'Casula', 'NSW', '2170', 'upload/images/default.png', '1985-11-07', 'unknown', '1', '0', NULL, NULL),
(32, '39', 'Umair', 'Azam', 'Tester', '3194949', '2b Brunker Rd, Greenacre New South Wales 2190', 'Hshah', 'Hshsh', '6464946', 'upload/images/1709270719.png', '2005-01-01', 'A+', '39', '0', NULL, '2024-03-07 00:14:18'),
(33, '40', 'Hello', NULL, 'Tyy', '0402121223', '103 Great Western Hwy, Kingswood New South Wales 2747', 'Nsw', 'Nsw', '1234', 'upload/images/default.png', '1993-03-04', NULL, '1', '0', NULL, '2024-03-24 23:55:04'),
(34, '41', 'Mahmoud', NULL, 'Massri', '+61291356640', 'Brunker Rd, Chullora New South Wales 2190', 'Chullora', 'New South Wales', '2190', 'upload/images/default.png', '1990-02-08', 'A+', '1', '0', NULL, NULL),
(35, '42', 'Gerang', NULL, 'Bak', '0401204313', '14/16 Oxford St, Blacktown New South Wales 2148', 'blacktown', 'nsw', '2148', 'upload/images/default.png', '1985-05-04', NULL, '1', '0', NULL, '2024-03-24 14:32:11'),
(36, '43', 'Laltu', NULL, 'Laltu', '0420354868', '6 Fairmount St, Lakemba New South Wales 2195', 'lekemba', 'NSW', '2195', 'upload/images/default.png', '1988-09-01', NULL, '1', '0', NULL, '2024-03-24 17:46:35'),
(37, '44', 'Hayssam', NULL, 'ElSayed', '0426199726', '133 Penshurst St, Penshurst New South Wales 2222', 'Penshurst', 'nsw', '2209', 'upload/images/default.png', '1982-03-09', 'unknown', '1', '0', NULL, NULL),
(38, '45', 'Md', NULL, 'Hosen', '0401310521', '133 Penshurst St, Penshurst New South Wales 2222', 'Penshurst', 'nsw', '2209', 'upload/images/default.png', '1982-01-01', NULL, '1', '0', NULL, NULL),
(39, '46', 'm', 'umair', 'tester', '9794949', 'hahahah street', 'town', 'statr', '64949', 'upload/images/1711349663.png', '2001-06-20', 'A+', '46', '0', NULL, '2024-03-25 00:54:23'),
(40, '35', 'Ghassan', NULL, 'Khalil', '0406819656', '14/16 Oxford St, Blacktown New South Wales 2148', 'blacktown', 'nsw', '2148', 'upload/images/default.png', '1982-05-12', NULL, '1', '0', NULL, NULL);

-- --------------------------------------------------------

--
-- Table structure for table `emp_teams`
--

CREATE TABLE `emp_teams` (
  `id` bigint(20) UNSIGNED NOT NULL,
  `title` varchar(255) COLLATE utf8mb4_unicode_ci NOT NULL,
  `supervisor` varchar(255) COLLATE utf8mb4_unicode_ci NOT NULL,
  `description` varchar(255) COLLATE utf8mb4_unicode_ci NOT NULL,
  `created_by` varchar(255) COLLATE utf8mb4_unicode_ci DEFAULT NULL,
  `del` varchar(255) COLLATE utf8mb4_unicode_ci NOT NULL DEFAULT '0',
  `created_at` timestamp NULL DEFAULT NULL,
  `updated_at` timestamp NULL DEFAULT NULL
) ENGINE=InnoDB DEFAULT CHARSET=utf8mb4 COLLATE=utf8mb4_unicode_ci;

--
-- Dumping data for table `emp_teams`
--

INSERT INTO `emp_teams` (`id`, `title`, `supervisor`, `description`, `created_by`, `del`, `created_at`, `updated_at`) VALUES
(1, 'Admin', '1', 'Admin team', '1', '0', '2023-12-03 19:50:00', '2023-12-04 18:35:03');

-- --------------------------------------------------------

--
-- Table structure for table `emp_teams_members`
--

CREATE TABLE `emp_teams_members` (
  `id` bigint(20) UNSIGNED NOT NULL,
  `emp_id` varchar(255) COLLATE utf8mb4_unicode_ci NOT NULL,
  `team_id` varchar(255) COLLATE utf8mb4_unicode_ci NOT NULL,
  `del` varchar(255) COLLATE utf8mb4_unicode_ci NOT NULL DEFAULT '0',
  `created_at` timestamp NULL DEFAULT NULL,
  `updated_at` timestamp NULL DEFAULT NULL,
  `applied` int(11) NOT NULL DEFAULT '0'
) ENGINE=InnoDB DEFAULT CHARSET=utf8mb4 COLLATE=utf8mb4_unicode_ci;

--
-- Dumping data for table `emp_teams_members`
--

INSERT INTO `emp_teams_members` (`id`, `emp_id`, `team_id`, `del`, `created_at`, `updated_at`, `applied`) VALUES
(1, '1', '1', '0', '2023-11-26 13:02:31', '2023-11-26 13:02:31', 1),
(17, '6', '1', '0', NULL, NULL, 0),
(35, '10', '1', '0', NULL, NULL, 1),
(46, '5', '1', '0', NULL, NULL, 0),
(47, '7', '1', '0', NULL, NULL, 0),
(48, '14', '1', '0', NULL, NULL, 0),
(49, '15', '1', '0', NULL, NULL, 0),
(53, '4', '1', '0', NULL, NULL, 0),
(54, '8', '1', '0', NULL, NULL, 0),
(55, '17', '1', '0', NULL, NULL, 0),
(56, '9', '1', '0', NULL, NULL, 0),
(59, '16', '1', '0', NULL, NULL, 1),
(60, '18', '1', '0', NULL, NULL, 0),
(61, '19', '1', '0', NULL, NULL, 0),
(62, '2', '1', '0', NULL, NULL, 0),
(64, '20', '1', '0', NULL, NULL, 1),
(66, '13', '1', '0', NULL, NULL, 0),
(68, '21', '1', '0', NULL, NULL, 1),
(72, '22', '1', '0', NULL, NULL, 0),
(75, '23', '1', '0', NULL, NULL, 1),
(79, '25', '1', '0', NULL, NULL, 1),
(81, '26', '1', '0', NULL, NULL, 1),
(104, '12', '1', '0', NULL, NULL, 0),
(105, '37', '1', '0', NULL, NULL, 0),
(106, '38', '1', '0', NULL, NULL, 0),
(109, '36', '1', '0', NULL, NULL, 0),
(112, '33', '1', '0', NULL, NULL, 0),
(113, '30', '1', '0', NULL, NULL, 0),
(116, '24', '1', '0', NULL, NULL, 0),
(117, '28', '1', '0', NULL, NULL, 0),
(118, '29', '1', '0', NULL, NULL, 0),
(119, '11', '1', '0', NULL, NULL, 0),
(121, '27', '1', '0', NULL, NULL, 0),
(122, '34', '1', '0', NULL, NULL, 0),
(127, '39', '1', '0', NULL, NULL, 0),
(131, '41', '1', '0', NULL, NULL, 1),
(132, '32', '1', '0', NULL, NULL, 0),
(134, '42', '1', '0', NULL, NULL, 1),
(135, '31', '1', '0', NULL, NULL, 0),
(138, '43', '1', '0', NULL, NULL, 0),
(140, '44', '1', '0', NULL, NULL, 1),
(142, '45', '1', '0', NULL, NULL, 1),
(143, '40', '1', '0', NULL, NULL, 0),
(146, '46', '1', '0', NULL, NULL, 0),
(149, '35', '1', '0', NULL, NULL, 1);

-- --------------------------------------------------------

--
-- Table structure for table `emp_types`
--

CREATE TABLE `emp_types` (
  `id` bigint(20) UNSIGNED NOT NULL,
  `title` varchar(255) COLLATE utf8mb4_unicode_ci NOT NULL,
  `created_by` varchar(255) COLLATE utf8mb4_unicode_ci NOT NULL,
  `del` varchar(255) COLLATE utf8mb4_unicode_ci NOT NULL DEFAULT '0',
  `created_at` timestamp NULL DEFAULT NULL,
  `updated_at` timestamp NULL DEFAULT NULL
) ENGINE=InnoDB DEFAULT CHARSET=utf8mb4 COLLATE=utf8mb4_unicode_ci;

--
-- Dumping data for table `emp_types`
--

INSERT INTO `emp_types` (`id`, `title`, `created_by`, `del`, `created_at`, `updated_at`) VALUES
(1, 'Full Time', '1', '0', '2023-11-07 12:58:29', '2023-11-07 12:58:29'),
(2, 'Casual', '1', '0', NULL, NULL);

-- --------------------------------------------------------

--
-- Table structure for table `failed_jobs`
--

CREATE TABLE `failed_jobs` (
  `id` bigint(20) UNSIGNED NOT NULL,
  `uuid` varchar(255) COLLATE utf8mb4_unicode_ci NOT NULL,
  `connection` text COLLATE utf8mb4_unicode_ci NOT NULL,
  `queue` text COLLATE utf8mb4_unicode_ci NOT NULL,
  `payload` longtext COLLATE utf8mb4_unicode_ci NOT NULL,
  `exception` longtext COLLATE utf8mb4_unicode_ci NOT NULL,
  `failed_at` timestamp NOT NULL DEFAULT CURRENT_TIMESTAMP
) ENGINE=InnoDB DEFAULT CHARSET=utf8mb4 COLLATE=utf8mb4_unicode_ci;

-- --------------------------------------------------------

--
-- Table structure for table `funds`
--

CREATE TABLE `funds` (
  `id` bigint(20) UNSIGNED NOT NULL,
  `title` varchar(255) COLLATE utf8mb4_unicode_ci NOT NULL,
  `percentage` int(11) NOT NULL,
  `usi` int(11) NOT NULL DEFAULT '0',
  `usi_number` varchar(255) COLLATE utf8mb4_unicode_ci DEFAULT NULL,
  `del` int(11) NOT NULL DEFAULT '0',
  `created_at` timestamp NULL DEFAULT NULL,
  `updated_at` timestamp NULL DEFAULT NULL
) ENGINE=InnoDB DEFAULT CHARSET=utf8mb4 COLLATE=utf8mb4_unicode_ci;

--
-- Dumping data for table `funds`
--

INSERT INTO `funds` (`id`, `title`, `percentage`, `usi`, `usi_number`, `del`, `created_at`, `updated_at`) VALUES
(1, 'EOBI', 20, 0, '', 0, '2023-11-07 12:43:01', '2023-11-07 12:43:01'),
(2, 'ree', 34, 1, '3434', 0, NULL, NULL),
(3, 'education', 30, 1, '4623878', 0, NULL, NULL);

-- --------------------------------------------------------

--
-- Table structure for table `funds_meta`
--

CREATE TABLE `funds_meta` (
  `id` bigint(20) UNSIGNED NOT NULL,
  `emp_id` varchar(255) COLLATE utf8mb4_unicode_ci DEFAULT NULL,
  `fund_id` varchar(255) COLLATE utf8mb4_unicode_ci DEFAULT NULL,
  `usi_number` varchar(255) COLLATE utf8mb4_unicode_ci DEFAULT NULL,
  `created_at` timestamp NULL DEFAULT NULL,
  `updated_at` timestamp NULL DEFAULT NULL
) ENGINE=InnoDB DEFAULT CHARSET=utf8mb4 COLLATE=utf8mb4_unicode_ci;

--
-- Dumping data for table `funds_meta`
--

INSERT INTO `funds_meta` (`id`, `emp_id`, `fund_id`, `usi_number`, `created_at`, `updated_at`) VALUES
(60, '3', '1', '123', NULL, NULL),
(65, '7', '1', '582828', NULL, NULL),
(67, '12', '1', '464771', NULL, NULL),
(68, '1', '1', '54345', NULL, NULL),
(70, '6', '1', '52252522255585255889', NULL, NULL),
(73, '39', '1', '6464646', NULL, NULL);

-- --------------------------------------------------------

--
-- Table structure for table `jobs`
--

CREATE TABLE `jobs` (
  `id` bigint(20) UNSIGNED NOT NULL,
  `queue` varchar(255) COLLATE utf8mb4_unicode_ci NOT NULL,
  `payload` longtext COLLATE utf8mb4_unicode_ci NOT NULL,
  `attempts` tinyint(3) UNSIGNED NOT NULL,
  `reserved_at` int(10) UNSIGNED DEFAULT NULL,
  `available_at` int(10) UNSIGNED NOT NULL,
  `created_at` int(10) UNSIGNED NOT NULL
) ENGINE=InnoDB DEFAULT CHARSET=utf8mb4 COLLATE=utf8mb4_unicode_ci;

-- --------------------------------------------------------

--
-- Table structure for table `leave_packages`
--

CREATE TABLE `leave_packages` (
  `id` bigint(20) UNSIGNED NOT NULL,
  `title` varchar(255) COLLATE utf8mb4_unicode_ci NOT NULL,
  `leave_type_id` int(11) NOT NULL,
  `leave_number` int(11) DEFAULT NULL,
  `is_paid` int(11) DEFAULT NULL,
  `color_code` varchar(255) COLLATE utf8mb4_unicode_ci DEFAULT NULL,
  `renew_on` date DEFAULT NULL,
  `employee_roles` varchar(255) COLLATE utf8mb4_unicode_ci DEFAULT NULL,
  `created_at` timestamp NULL DEFAULT NULL,
  `updated_at` timestamp NULL DEFAULT NULL
) ENGINE=InnoDB DEFAULT CHARSET=utf8mb4 COLLATE=utf8mb4_unicode_ci;

--
-- Dumping data for table `leave_packages`
--

INSERT INTO `leave_packages` (`id`, `title`, `leave_type_id`, `leave_number`, `is_paid`, `color_code`, `renew_on`, `employee_roles`, `created_at`, `updated_at`) VALUES
(1, 'Leave Package', 1, 5, 1, '#43128c', '2023-12-29', '330,332', '2023-12-03 19:50:00', '2024-02-21 04:04:32'),
(2, 'Casual Leaves', 1, 5, NULL, '#563d7c', '2025-01-01', '332', NULL, NULL),
(3, 'Sick Leave', 1, 5, NULL, '#563d7c', '2025-01-01', '332', NULL, NULL);

-- --------------------------------------------------------

--
-- Table structure for table `leave_requests`
--

CREATE TABLE `leave_requests` (
  `id` bigint(20) UNSIGNED NOT NULL,
  `employee_id` int(11) NOT NULL,
  `leave_package_id` int(11) NOT NULL,
  `from` date NOT NULL,
  `to` date NOT NULL,
  `reason` text COLLATE utf8mb4_unicode_ci NOT NULL,
  `applied_by` int(11) DEFAULT NULL,
  `status` int(11) NOT NULL DEFAULT '0',
  `approved_by` int(11) DEFAULT NULL,
  `created_at` timestamp NULL DEFAULT NULL,
  `updated_at` timestamp NULL DEFAULT NULL,
  `full_day` varchar(255) COLLATE utf8mb4_unicode_ci NOT NULL DEFAULT '0',
  `start_time` time DEFAULT NULL,
  `end_time` time DEFAULT NULL
) ENGINE=InnoDB DEFAULT CHARSET=utf8mb4 COLLATE=utf8mb4_unicode_ci;

--
-- Dumping data for table `leave_requests`
--

INSERT INTO `leave_requests` (`id`, `employee_id`, `leave_package_id`, `from`, `to`, `reason`, `applied_by`, `status`, `approved_by`, `created_at`, `updated_at`, `full_day`, `start_time`, `end_time`) VALUES
(2, 2, 3, '2024-02-21', '2024-02-22', 'Sick', NULL, 1, 1, '2024-02-21 04:27:49', '2024-02-21 04:30:07', '0', NULL, NULL),
(3, 2, 2, '2024-02-21', '2024-02-22', 'Hshsjsjs', NULL, 2, 1, '2024-02-21 04:30:23', '2024-02-21 04:30:39', '0', NULL, NULL),
(4, 7, 3, '2024-02-22', '2024-02-22', 'Sick', NULL, 1, 1, '2024-02-21 23:35:49', '2024-02-22 00:22:53', '0', NULL, NULL),
(5, 3, 1, '2024-02-22', '2024-02-22', 'tygftvy', 1, 1, 1, '2024-02-22 00:22:23', '2024-02-22 00:31:33', '0', '09:00:00', '17:00:00'),
(6, 7, 2, '2024-02-22', '2024-02-22', 'Casual......', NULL, 3, NULL, '2024-02-22 00:50:04', '2024-02-22 07:00:03', '0', NULL, NULL),
(7, 5, 3, '2024-02-23', '2024-02-22', 'health not well', NULL, 3, NULL, '2024-02-22 05:32:52', '2024-02-22 07:00:03', '0', NULL, NULL),
(9, 5, 2, '2024-02-24', '2024-02-24', 'Abc', NULL, 1, 1, '2024-02-22 23:17:00', '2024-02-22 23:18:20', '0', NULL, NULL),
(10, 4, 1, '2024-02-23', '2024-02-25', 'gfdsg', 1, 1, 1, '2024-02-22 23:27:47', '2024-02-22 23:27:56', '0', NULL, NULL),
(11, 2, 3, '2024-02-23', '2024-02-23', 'health not well', 1, 1, 1, '2024-02-22 23:53:28', '2024-02-22 23:54:57', '1', '09:00:00', '17:00:00'),
(12, 5, 2, '2024-02-24', '2024-02-24', 'Abc', NULL, 2, 1, '2024-02-23 00:04:42', '2024-02-23 00:08:23', '0', NULL, NULL),
(13, 7, 1, '2024-02-23', '2024-02-23', 'Cscevve', NULL, 2, 1, '2024-02-23 00:48:58', '2024-02-23 01:19:01', '0', NULL, NULL),
(14, 7, 1, '2024-02-23', '2024-02-23', 'Eu7fufif', NULL, 3, NULL, '2024-02-23 01:18:45', '2024-02-23 07:00:02', '0', NULL, NULL),
(15, 5, 3, '2024-02-25', '2024-02-25', 'Test', NULL, 3, NULL, '2024-02-23 03:47:35', '2024-02-25 07:00:03', '0', NULL, NULL),
(16, 2, 1, '2024-02-27', '2024-02-29', 'Vdvdvdvdvdbd', NULL, 3, NULL, '2024-02-27 03:59:17', '2024-02-29 07:00:03', '1', NULL, NULL),
(17, 39, 1, '2024-03-01', '2024-03-02', 'Gtech', NULL, 1, 1, '2024-02-29 23:42:51', '2024-02-29 23:48:44', '0', '10:46:00', '17:46:00'),
(18, 39, 3, '2024-03-04', '2024-03-04', 'test', NULL, 1, 1, '2024-03-04 04:16:22', '2024-03-04 04:16:35', '0', NULL, NULL),
(19, 39, 1, '2024-03-04', '2024-03-04', 'test', NULL, 3, NULL, '2024-03-04 04:33:55', '2024-03-04 07:00:03', '0', NULL, NULL);

-- --------------------------------------------------------

--
-- Table structure for table `leave_types`
--

CREATE TABLE `leave_types` (
  `id` bigint(20) UNSIGNED NOT NULL,
  `title` varchar(255) COLLATE utf8mb4_unicode_ci NOT NULL,
  `description` varchar(255) COLLATE utf8mb4_unicode_ci NOT NULL,
  `created_at` timestamp NULL DEFAULT NULL,
  `updated_at` timestamp NULL DEFAULT NULL
) ENGINE=InnoDB DEFAULT CHARSET=utf8mb4 COLLATE=utf8mb4_unicode_ci;

--
-- Dumping data for table `leave_types`
--

INSERT INTO `leave_types` (`id`, `title`, `description`, `created_at`, `updated_at`) VALUES
(1, 'Leave Type 1', 'Leave Type', '2023-12-03 19:50:00', '2023-12-04 18:35:03'),
(2, 'type1', 'bank holiday', NULL, NULL);

-- --------------------------------------------------------

--
-- Table structure for table `meetings`
--

CREATE TABLE `meetings` (
  `id` bigint(20) UNSIGNED NOT NULL,
  `created_by` int(11) NOT NULL,
  `site_id` int(11) NOT NULL,
  `agenda` varchar(255) COLLATE utf8mb4_unicode_ci NOT NULL,
  `description` text COLLATE utf8mb4_unicode_ci NOT NULL,
  `status` varchar(255) COLLATE utf8mb4_unicode_ci NOT NULL,
  `start_date` date NOT NULL,
  `end_date` date NOT NULL,
  `start_time` time NOT NULL,
  `end_time` time NOT NULL,
  `is_recurring` int(11) NOT NULL,
  `allow_meeting_members` int(11) NOT NULL,
  `frequency` int(11) DEFAULT NULL,
  `days` varchar(255) COLLATE utf8mb4_unicode_ci DEFAULT NULL,
  `allow_guest` int(11) DEFAULT NULL,
  `is_deleted` int(11) NOT NULL DEFAULT '0',
  `created_at` timestamp NULL DEFAULT NULL,
  `updated_at` timestamp NULL DEFAULT NULL,
  `is_before_meeting` int(11) NOT NULL DEFAULT '0'
) ENGINE=InnoDB DEFAULT CHARSET=utf8mb4 COLLATE=utf8mb4_unicode_ci;

--
-- Dumping data for table `meetings`
--

INSERT INTO `meetings` (`id`, `created_by`, `site_id`, `agenda`, `description`, `status`, `start_date`, `end_date`, `start_time`, `end_time`, `is_recurring`, `allow_meeting_members`, `frequency`, `days`, `allow_guest`, `is_deleted`, `created_at`, `updated_at`, `is_before_meeting`) VALUES
(1, 1, 1, 'Meeting module review', 'desc', '0', '2024-02-21', '2024-02-21', '14:57:00', '15:57:00', 0, 0, NULL, NULL, 1, 0, '2024-02-21 03:57:49', '2024-02-21 03:57:49', 1),
(2, 1, 1, 'Pre joinMeeting  review', 'ighyhgii', '0', '2024-02-21', '2024-02-21', '15:31:00', '19:31:00', 0, 0, NULL, NULL, 1, 0, '2024-02-21 04:31:47', '2024-02-21 04:31:47', 1),
(3, 1, 1, 'joinMeeting  review', 'ighyhgii', '0', '2024-02-21', '2024-02-21', '15:31:00', '19:31:00', 0, 0, NULL, NULL, 1, 0, '2024-02-21 04:32:33', '2024-02-21 04:32:33', 0),
(4, 1, 1, 'Meeting join', 'ighyhgii', '0', '2024-02-21', '2024-02-21', '15:31:00', '19:31:00', 0, 0, NULL, NULL, 1, 0, '2024-02-21 04:33:08', '2024-02-21 04:33:08', 0),
(5, 1, 1, 'Meeting join Duel doc', 'ighyhgii', '0', '2024-02-21', '2024-02-21', '15:31:00', '19:31:00', 0, 0, NULL, NULL, 1, 0, '2024-02-21 04:34:59', '2024-02-21 04:34:59', 0),
(6, 1, 2, 'whs', 'test', '0', '2024-02-21', '2024-02-23', '09:00:00', '17:00:00', 1, 1, 1, NULL, 1, 0, '2024-02-21 04:51:35', '2024-02-22 22:52:56', 1),
(7, 1, 1, 'whs2', 'test', '0', '2024-02-21', '2024-02-24', '15:00:00', '16:00:00', 1, 1, NULL, NULL, 1, 0, '2024-02-21 04:52:46', '2024-02-21 04:52:46', 0),
(8, 1, 2, 'WHS test', 'test', '0', '2024-02-22', '2024-02-22', '12:17:00', '13:17:00', 0, 1, 2, '4,5', 1, 1, '2024-02-22 01:22:16', '2024-02-22 01:49:33', 1),
(9, 1, 2, 'WHS test', 'test', '0', '2024-02-22', '2024-02-22', '12:51:00', '12:53:00', 0, 1, NULL, NULL, 1, 1, '2024-02-22 01:52:19', '2024-02-22 01:52:29', 1),
(10, 1, 2, 'WHS test', 'test', '0', '2024-02-23', '2024-02-23', '12:51:00', '12:53:00', 0, 1, NULL, NULL, 1, 1, '2024-02-22 01:52:55', '2024-02-22 01:52:59', 1),
(11, 1, 2, 'WHS test', 'test', '0', '2024-02-23', '2024-02-23', '12:51:00', '12:53:00', 0, 1, NULL, NULL, 1, 1, '2024-02-22 01:56:11', '2024-02-22 01:56:17', 1),
(12, 1, 2, 'WHS', 'test meeting app', '0', '2024-02-22', '2024-02-22', '16:12:00', '17:13:00', 0, 1, NULL, NULL, 1, 0, '2024-02-22 05:13:13', '2024-02-22 05:13:13', 1),
(13, 1, 1, 'WHS vv', 'bgdgfzsd', '0', '2024-02-22', '2024-02-22', '16:24:00', '17:24:00', 0, 0, NULL, NULL, 1, 0, '2024-02-22 05:25:00', '2024-02-22 05:25:00', 0),
(14, 1, 1, 'WHS vv', 'bgdgfzsd', '0', '2024-02-22', '2024-02-22', '16:24:00', '17:24:00', 0, 0, NULL, NULL, 1, 0, '2024-02-22 05:25:00', '2024-02-22 05:25:00', 0),
(15, 1, 1, 'Nam voluptatum disti', 'erger', '0', '2024-02-22', '2024-02-23', '17:18:00', '19:18:00', 1, 0, 2, '4,5', 1, 0, '2024-02-22 06:25:41', '2024-02-22 06:25:41', 1),
(16, 1, 2, 'Main ERP', 'test', '0', '2024-02-23', '2024-02-23', '09:46:00', '14:46:00', 1, 1, NULL, NULL, 1, 0, '2024-02-22 22:46:47', '2024-02-22 22:50:01', 1),
(17, 1, 1, 'HOF', 'test', '0', '2024-02-23', '2024-02-23', '09:56:00', '12:00:00', 0, 1, NULL, NULL, 1, 0, '2024-02-22 22:57:53', '2024-02-22 23:08:49', 1),
(18, 1, 5, 'Tool Box Meeting', 'Test', '0', '2024-02-23', '2024-02-23', '11:05:00', '12:05:00', 0, 0, NULL, NULL, 1, 0, '2024-02-23 00:03:58', '2024-02-23 00:03:58', 1),
(19, 1, 8, 'Deicorp HQ Sign In', 'Induction', '0', '2024-02-28', '2024-02-28', '07:00:00', '15:19:00', 0, 0, NULL, NULL, NULL, 1, '2024-02-27 16:20:05', '2024-02-27 18:37:12', 1),
(20, 1, 9, 'ICTech Induction', 'ICTech Induction', '0', '2024-02-28', '2024-02-28', '07:34:00', '17:34:00', 0, 0, NULL, NULL, NULL, 1, '2024-02-27 16:35:19', '2024-02-27 16:38:23', 1),
(21, 1, 8, 'Deicorp', 'Deicorp', '0', '2024-02-28', '2024-02-28', '07:38:00', '23:38:00', 0, 0, NULL, NULL, NULL, 1, '2024-02-27 18:38:20', '2024-02-27 18:40:00', 1),
(22, 1, 8, 'Deicorp', 'Test', '0', '2024-02-28', '2024-02-28', '07:40:00', '23:40:00', 0, 0, NULL, NULL, NULL, 0, '2024-02-27 18:40:46', '2024-02-27 18:40:46', 1),
(23, 1, 3, 'LETS START', 'TEST', '0', '2024-02-29', '2024-02-29', '13:40:00', '14:41:00', 1, 1, 1, NULL, 1, 0, '2024-02-28 20:44:25', '2024-02-28 20:44:25', 0),
(24, 1, 1, 'Meeting module review', 'desc', '0', '2024-03-01', '2024-03-01', '10:50:00', '11:50:00', 0, 1, NULL, NULL, 1, 1, '2024-02-29 23:50:36', '2024-03-01 00:05:27', 1),
(25, 1, 1, 'Scrum', 'desc', '0', '2024-03-01', '2024-03-01', '10:51:00', '11:51:00', 0, 1, NULL, NULL, 1, 1, '2024-02-29 23:51:34', '2024-03-01 00:04:57', 1),
(26, 1, 1, 'Meeting module review AFTER JOIN', 'desc', '0', '2024-03-01', '2024-03-01', '11:05:00', '11:58:00', 0, 1, NULL, NULL, 1, 0, '2024-03-01 00:06:37', '2024-03-01 00:06:37', 0),
(27, 1, 1, 'Meeting module review no doc', 'desc', '0', '2024-03-01', '2024-03-01', '11:07:00', '11:57:00', 0, 1, NULL, NULL, NULL, 0, '2024-03-01 00:08:00', '2024-03-01 00:08:00', 0),
(28, 1, 1, 'Meeting module review', 'sec', '0', '2024-03-04', '2024-03-04', '10:11:00', '10:42:00', 0, 1, NULL, NULL, NULL, 1, '2024-03-03 23:11:49', '2024-03-03 23:13:12', 0),
(29, 1, 1, 'Medical Oragizer', 'test', '0', '2024-03-04', '2024-03-04', '15:05:00', '16:06:00', 0, 0, NULL, NULL, 1, 0, '2024-03-04 04:05:25', '2024-03-04 04:05:25', 0),
(30, 1, 1, 'Meeting module review', 'dec', '0', '2024-03-12', '2024-03-12', '13:03:00', '15:03:00', 0, 1, NULL, NULL, 1, 1, '2024-03-12 02:04:48', '2024-03-12 02:50:17', 1),
(31, 1, 1, 'Meeting module review', 'desc', '0', '2024-03-12', '2024-03-12', '13:50:00', '15:50:00', 0, 1, NULL, NULL, 1, 1, '2024-03-12 02:51:09', '2024-03-12 03:00:45', 1),
(32, 1, 1, 'Meeting module review', 'desc', '0', '2024-03-12', '2024-03-12', '14:01:00', '16:01:00', 0, 1, NULL, NULL, 1, 1, '2024-03-12 03:02:12', '2024-03-12 03:13:14', 1),
(33, 1, 1, 'Meeting module review', 'desc', '0', '2024-03-12', '2024-03-12', '14:13:00', '17:13:00', 0, 1, NULL, NULL, 1, 1, '2024-03-12 03:13:51', '2024-03-12 03:28:05', 1),
(34, 1, 1, 'Meeting module review', 'des', '0', '2024-03-12', '2024-03-12', '14:28:00', '17:28:00', 0, 0, NULL, NULL, 1, 1, '2024-03-12 03:28:31', '2024-03-12 03:34:15', 0),
(35, 1, 1, 'Meeting module review', 'jkjj', '0', '2024-03-12', '2024-03-12', '14:34:00', '17:34:00', 0, 0, NULL, NULL, 1, 1, '2024-03-12 03:34:51', '2024-03-12 03:48:38', 0),
(36, 1, 1, 'Pre joinMeeting  review', 'hjh', '0', '2024-03-12', '2024-03-12', '14:49:00', '19:49:00', 0, 0, NULL, NULL, 1, 0, '2024-03-12 03:49:19', '2024-03-12 03:49:19', 0),
(37, 1, 1, 'MOB PRE REVIEW', 'MOBIle team', '0', '2024-03-15', '2024-03-15', '09:32:00', '14:32:00', 0, 0, NULL, NULL, 1, 1, '2024-03-13 22:33:25', '2024-03-14 01:38:58', 1),
(38, 1, 1, 'Mob Team Doc', 'MOBILE TEST', '0', '2024-03-14', '2024-03-14', '09:34:00', '14:34:00', 0, 0, NULL, NULL, 1, 1, '2024-03-13 22:35:16', '2024-03-14 01:40:02', 1),
(39, 1, 1, 'Mob Team', 'test', '0', '2024-03-14', '2024-03-14', '09:41:00', '18:41:00', 0, 0, NULL, NULL, 1, 1, '2024-03-13 22:42:14', '2024-03-14 01:39:49', 1),
(40, 1, 1, 'After Shift Start', 'AFTER SHIFT START', '0', '2024-03-14', '2024-03-14', '10:17:00', '14:17:00', 0, 0, NULL, NULL, 1, 1, '2024-03-13 23:17:34', '2024-03-14 01:39:36', 1),
(41, 1, 1, 'After Shift', 'AFTER SHIFT START', '0', '2024-03-14', '2024-03-14', '10:17:00', '14:17:00', 0, 0, NULL, NULL, 1, 1, '2024-03-13 23:32:57', '2024-03-14 01:39:20', 1),
(42, 1, 1, 'Mob Team', 'test', '0', '2024-03-14', '2024-03-14', '11:40:00', '18:42:00', 0, 0, NULL, NULL, 1, 1, '2024-03-14 01:42:40', '2024-03-14 03:30:31', 1),
(43, 1, 1, 'Mob Team', 'details', '0', '2024-03-14', '2024-03-14', '14:24:00', '16:24:00', 0, 0, NULL, NULL, 1, 1, '2024-03-14 03:24:38', '2024-03-14 03:30:21', 1),
(44, 1, 1, 'Mob Team', 'MOB', '0', '2024-03-14', '2024-03-14', '14:27:00', '18:27:00', 0, 0, NULL, NULL, 1, 1, '2024-03-14 03:27:57', '2024-03-14 03:30:11', 1),
(45, 1, 1, 'Pre Join 2', 'mob', '0', '2024-03-14', '2024-03-14', '14:30:00', '18:30:00', 0, 0, NULL, NULL, 1, 1, '2024-03-14 03:31:04', '2024-03-14 03:32:12', 1),
(46, 1, 1, 'Pre Join 2', 'des', '0', '2024-03-14', '2024-03-14', '14:32:00', '19:32:00', 0, 0, NULL, NULL, 1, 1, '2024-03-14 03:32:52', '2024-03-14 03:39:37', 1),
(47, 1, 1, 'Meeting module review', 'desc', '0', '2024-03-14', '2024-03-14', '14:40:00', '17:43:00', 0, 0, NULL, NULL, NULL, 1, '2024-03-14 03:40:24', '2024-03-14 04:10:47', 0),
(48, 1, 1, 'Scrum', 'desc', '0', '2024-03-14', '2024-03-14', '14:40:00', '17:40:00', 0, 0, NULL, NULL, NULL, 1, '2024-03-14 03:41:03', '2024-03-14 04:10:55', 0),
(49, 1, 1, 'Mob Team', 'details', '0', '2024-03-14', '2024-03-14', '15:11:00', '20:11:00', 0, 0, NULL, NULL, 1, 1, '2024-03-14 04:11:32', '2024-03-14 04:23:03', 1),
(50, 1, 1, 'Mob Team', 'Detail', '0', '2024-03-14', '2024-03-14', '15:23:00', '19:23:00', 0, 0, NULL, NULL, 1, 1, '2024-03-14 04:24:07', '2024-03-14 04:30:56', 1),
(51, 1, 1, 'Pre Join 2', 'details', '0', '2024-03-14', '2024-03-14', '15:31:00', '20:31:00', 0, 0, NULL, NULL, 1, 0, '2024-03-14 04:31:42', '2024-03-14 04:31:42', 1),
(52, 1, 1, 'Mob Team', 'DETAILS', '0', '2024-03-15', '2024-03-15', '07:36:00', '12:36:00', 0, 0, NULL, NULL, 1, 1, '2024-03-14 20:36:44', '2024-03-14 20:54:38', 1),
(53, 1, 1, 'Mob Team', 'DETAILS', '0', '2024-03-15', '2024-03-15', '07:54:00', '13:54:00', 0, 0, NULL, NULL, 1, 1, '2024-03-14 20:55:08', '2024-03-14 21:12:54', 1),
(54, 1, 1, 'Mob Team', 'DETAILS', '0', '2024-03-15', '2024-03-15', '08:13:00', '13:13:00', 0, 0, NULL, NULL, 1, 1, '2024-03-14 21:13:25', '2024-03-14 21:16:04', 1),
(55, 1, 1, 'Mob Team', 'DETAILS', '0', '2024-03-15', '2024-03-15', '08:16:00', '13:16:00', 0, 0, NULL, NULL, 1, 1, '2024-03-14 21:16:37', '2024-03-14 21:17:55', 1),
(56, 1, 1, 'Mob Team', 'DETAILS', '0', '2024-03-15', '2024-03-15', '08:18:00', '13:18:00', 0, 1, NULL, NULL, NULL, 1, '2024-03-14 21:18:39', '2024-03-14 21:19:46', 1),
(57, 1, 1, 'Mob Team', 'DETAILS', '0', '2024-03-15', '2024-03-15', '08:20:00', '13:20:00', 0, 0, NULL, NULL, NULL, 1, '2024-03-14 21:20:28', '2024-03-14 21:27:26', 1),
(58, 1, 1, 'Mob Team', 'DETAILS', '0', '2024-03-15', '2024-03-15', '08:27:00', '13:27:00', 0, 0, NULL, NULL, NULL, 1, '2024-03-14 21:27:55', '2024-03-14 21:32:53', 1),
(59, 1, 1, 'Mob Team', 'DETAILS', '0', '2024-03-15', '2024-03-15', '08:33:00', '13:33:00', 0, 0, NULL, NULL, NULL, 1, '2024-03-14 21:33:19', '2024-03-14 21:39:32', 1),
(60, 1, 1, 'Mob Team', 'DETAILS', '0', '2024-03-15', '2024-03-15', '08:39:00', '13:39:00', 0, 0, NULL, NULL, NULL, 1, '2024-03-14 21:40:00', '2024-03-14 21:56:53', 1),
(61, 1, 1, 'Mob Team', 'DETAILS', '0', '2024-03-15', '2024-03-15', '08:57:00', '12:57:00', 0, 0, NULL, NULL, NULL, 1, '2024-03-14 21:57:15', '2024-03-14 22:35:05', 1),
(62, 1, 1, 'Mob Team', 'DEtails', '0', '2024-03-15', '2024-03-15', '09:09:00', '13:10:00', 0, 0, NULL, NULL, NULL, 1, '2024-03-14 22:10:15', '2024-03-14 22:34:55', 1),
(63, 1, 1, 'Mob Team', 'DETAILS', '0', '2024-03-15', '2024-03-15', '09:35:00', '13:35:00', 0, 0, NULL, NULL, NULL, 1, '2024-03-14 22:35:31', '2024-03-14 22:45:21', 1),
(64, 1, 1, 'Mob Team', 'DETAILS', '0', '2024-03-15', '2024-03-15', '09:46:00', '14:46:00', 0, 0, NULL, NULL, NULL, 1, '2024-03-14 22:46:32', '2024-03-14 22:58:51', 0),
(65, 1, 1, 'Mob Team', 'Details', '0', '2024-03-15', '2024-03-15', '09:59:00', '13:59:00', 0, 0, NULL, NULL, NULL, 1, '2024-03-14 22:59:30', '2024-03-14 23:58:02', 0),
(66, 1, 1, 'Mob Team', 'DETAILS', '0', '2024-03-15', '2024-03-15', '12:19:00', '17:25:00', 0, 0, NULL, NULL, NULL, 1, '2024-03-15 01:19:35', '2024-03-15 01:24:48', 0),
(67, 1, 1, 'Mob Team Doc', 'WORKING', '0', '2024-03-15', '2024-03-15', '12:19:00', '17:19:00', 0, 0, NULL, NULL, NULL, 1, '2024-03-15 01:20:04', '2024-03-15 01:24:33', 0),
(68, 1, 1, 'Mob Team', 'DETAILS', '0', '2024-03-15', '2024-03-15', '12:25:00', '17:25:00', 0, 0, NULL, NULL, NULL, 1, '2024-03-15 01:25:14', '2024-03-15 01:34:29', 0),
(69, 1, 1, 'Mob Team Doc', 'WORKING', '0', '2024-03-15', '2024-03-15', '12:25:00', '17:25:00', 0, 0, NULL, NULL, NULL, 1, '2024-03-15 01:25:43', '2024-03-15 01:34:23', 0),
(70, 1, 1, 'After Shift Start', 'TEST', '0', '2024-03-15', '2024-03-15', '12:35:00', '17:32:00', 0, 0, NULL, NULL, NULL, 1, '2024-03-15 01:33:01', '2024-03-15 01:34:15', 0),
(71, 1, 1, 'Mob Team', 'DETAILS', '0', '2024-03-15', '2024-03-15', '12:35:00', '17:35:00', 0, 0, NULL, NULL, NULL, 1, '2024-03-15 01:35:37', '2024-03-15 01:40:14', 0),
(72, 1, 1, 'After Shift Start', 'DETAILS', '0', '2024-03-15', '2024-03-15', '12:38:00', '16:38:00', 0, 0, NULL, NULL, NULL, 1, '2024-03-15 01:38:26', '2024-03-15 01:40:04', 0),
(73, 1, 1, 'After Shift Start', 'DETAILS', '0', '2024-03-15', '2024-03-15', '12:44:00', '16:38:00', 0, 0, NULL, NULL, NULL, 1, '2024-03-15 01:38:57', '2024-03-15 01:39:55', 0),
(74, 1, 1, 'Mob Team', 'DETAILS', '0', '2024-03-15', '2024-03-15', '12:40:00', '17:40:00', 0, 0, NULL, NULL, NULL, 1, '2024-03-15 01:40:44', '2024-03-15 01:47:03', 0),
(75, 1, 1, 'Mob Team Doc', 'DETAILS', '0', '2024-03-15', '2024-03-15', '12:41:00', '16:41:00', 0, 0, NULL, NULL, NULL, 1, '2024-03-15 01:41:22', '2024-03-15 01:46:55', 0),
(76, 1, 1, 'After Shift Start', 'DETAILS', '0', '2024-03-15', '2024-03-15', '12:41:00', '17:41:00', 0, 0, NULL, NULL, NULL, 1, '2024-03-15 01:41:56', '2024-03-15 01:47:13', 0),
(77, 1, 1, 'Mob Team Doc', 'DETAILS', '0', '2024-03-15', '2024-03-15', '12:47:00', '17:47:00', 0, 0, NULL, NULL, NULL, 1, '2024-03-15 01:47:40', '2024-03-15 03:01:02', 0),
(78, 1, 1, 'After Shift Start', 'DETAILS', '0', '2024-03-15', '2024-03-15', '12:47:00', '17:48:00', 0, 0, NULL, NULL, NULL, 1, '2024-03-15 01:48:10', '2024-03-15 03:00:54', 0),
(79, 1, 1, 'Meeting Joined timer', 'DETAILS', '0', '2024-03-15', '2024-03-15', '12:48:00', '17:48:00', 0, 0, NULL, NULL, NULL, 1, '2024-03-15 01:48:35', '2024-03-15 03:00:45', 0),
(80, 1, 1, 'After Shift Start', 'DETAILS', '0', '2024-03-15', '2024-03-15', '12:48:00', '17:48:00', 0, 0, NULL, NULL, NULL, 1, '2024-03-15 01:48:58', '2024-03-15 03:00:32', 0),
(81, 1, 1, 'Meeting Joined timer', 'DETAILS', '0', '2024-03-15', '2024-03-15', '12:52:00', '18:52:00', 0, 0, NULL, NULL, NULL, 1, '2024-03-15 01:52:51', '2024-03-15 03:00:21', 0),
(82, 1, 1, 'After Shift Start', 'Details', '0', '2024-03-15', '2024-03-15', '14:01:00', '19:01:00', 0, 0, NULL, NULL, NULL, 1, '2024-03-15 03:01:36', '2024-03-15 03:41:36', 0),
(83, 1, 1, 'After Shift Start', 'Details', '0', '2024-03-15', '2024-03-15', '14:01:00', '19:01:00', 0, 0, NULL, NULL, NULL, 1, '2024-03-15 03:02:05', '2024-03-15 03:41:31', 0),
(84, 1, 1, 'After Shift Start', 'DETAILS', '0', '2024-03-15', '2024-03-15', '14:02:00', '19:02:00', 0, 0, NULL, NULL, NULL, 1, '2024-03-15 03:02:35', '2024-03-15 03:41:25', 0),
(85, 1, 1, 'After Shift Start', 'DETAILS', '0', '2024-03-15', '2024-03-15', '14:02:00', '19:02:00', 0, 0, NULL, NULL, NULL, 1, '2024-03-15 03:03:00', '2024-03-15 03:41:20', 0),
(86, 1, 1, 'Meeting Joined timer', 'Details', '0', '2024-03-15', '2024-03-15', '14:08:00', '17:08:00', 0, 0, NULL, NULL, NULL, 1, '2024-03-15 03:09:05', '2024-03-15 03:41:10', 0),
(87, 1, 1, 'Meeting Joined timer', 'Details', '0', '2024-03-15', '2024-03-15', '14:09:00', '18:09:00', 0, 0, NULL, NULL, NULL, 1, '2024-03-15 03:09:31', '2024-03-15 03:41:04', 0),
(88, 1, 1, 'After Shift Start', 'Details', '0', '2024-03-15', '2024-03-15', '14:09:00', '18:09:00', 0, 0, NULL, NULL, NULL, 1, '2024-03-15 03:10:00', '2024-03-15 03:40:58', 0),
(89, 1, 1, 'After Shift Start', 'Details', '0', '2024-03-15', '2024-03-15', '14:10:00', '19:10:00', 0, 0, NULL, NULL, NULL, 1, '2024-03-15 03:10:24', '2024-03-15 03:40:49', 0),
(90, 1, 1, 'After Shift Start', 'Details', '0', '2024-03-15', '2024-03-15', '14:16:00', '18:16:00', 0, 0, NULL, NULL, NULL, 1, '2024-03-15 03:16:38', '2024-03-15 03:40:42', 0),
(91, 1, 1, 'After Shift Start', 'Details', '0', '2024-03-15', '2024-03-15', '14:16:00', '18:16:00', 0, 0, NULL, NULL, NULL, 1, '2024-03-15 03:17:02', '2024-03-15 03:40:36', 0),
(92, 1, 1, 'After Shift Start', 'Details', '0', '2024-03-15', '2024-03-15', '14:17:00', '18:17:00', 0, 0, NULL, NULL, NULL, 1, '2024-03-15 03:17:23', '2024-03-15 03:40:29', 0),
(93, 1, 1, 'After Shift Start', 'Details', '0', '2024-03-15', '2024-03-15', '14:17:00', '19:17:00', 0, 0, NULL, NULL, NULL, 1, '2024-03-15 03:17:46', '2024-03-15 03:40:22', 0),
(94, 1, 1, 'After Shift Start', 'Details', '0', '2024-03-15', '2024-03-15', '14:25:00', '17:25:00', 0, 0, NULL, NULL, NULL, 1, '2024-03-15 03:25:49', '2024-03-15 03:40:07', 0),
(95, 1, 1, 'After Shift Start', 'Details', '0', '2024-03-15', '2024-03-15', '14:26:00', '19:26:00', 0, 0, NULL, NULL, NULL, 1, '2024-03-15 03:26:10', '2024-03-15 03:40:02', 0),
(96, 1, 1, 'After Shift Start', 'Details', '0', '2024-03-15', '2024-03-15', '14:26:00', '18:26:00', 0, 0, NULL, NULL, NULL, 1, '2024-03-15 03:26:34', '2024-03-15 03:39:56', 0),
(97, 1, 1, 'After Shift Start', 'Details', '0', '2024-03-15', '2024-03-15', '14:26:00', '19:31:00', 0, 0, NULL, NULL, NULL, 1, '2024-03-15 03:27:02', '2024-03-15 03:39:49', 0),
(98, 1, 1, 'After Shift Start', 'Details', '0', '2024-03-15', '2024-03-15', '14:41:00', '17:41:00', 0, 0, NULL, NULL, NULL, 1, '2024-03-15 03:42:00', '2024-03-15 04:11:13', 0),
(99, 1, 1, 'After Shift Start', 'Details', '0', '2024-03-15', '2024-03-15', '14:42:00', '18:42:00', 0, 0, NULL, NULL, NULL, 1, '2024-03-15 03:42:22', '2024-03-15 04:11:07', 0),
(100, 1, 1, 'After Shift Start', 'Details', '0', '2024-03-15', '2024-03-15', '14:42:00', '17:42:00', 0, 0, NULL, NULL, NULL, 1, '2024-03-15 03:42:45', '2024-03-15 04:11:02', 0),
(101, 1, 1, 'After Shift Start', 'Details', '0', '2024-03-15', '2024-03-15', '14:43:00', '18:43:00', 0, 0, NULL, NULL, NULL, 1, '2024-03-15 03:43:12', '2024-03-15 04:10:57', 0),
(102, 1, 1, 'After Shift Start', 'Details', '0', '2024-03-15', '2024-03-15', '15:11:00', '18:11:00', 0, 0, NULL, NULL, NULL, 1, '2024-03-15 04:11:56', '2024-03-15 04:16:10', 0),
(103, 1, 1, 'After Shift Start', 'Details', '0', '2024-03-15', '2024-03-15', '15:12:00', '19:12:00', 0, 0, NULL, NULL, NULL, 1, '2024-03-15 04:12:20', '2024-03-15 04:16:02', 0),
(104, 1, 1, 'After Shift Start', 'Details', '0', '2024-03-15', '2024-03-15', '15:12:00', '20:12:00', 0, 0, NULL, NULL, NULL, 1, '2024-03-15 04:12:39', '2024-03-15 04:15:56', 0),
(105, 1, 1, 'After Shift Start', 'Details', '0', '2024-03-15', '2024-03-15', '15:12:00', '19:12:00', 0, 0, NULL, NULL, NULL, 1, '2024-03-15 04:13:01', '2024-03-15 04:15:50', 0),
(106, 1, 1, 'After Shift Start', 'Details', '0', '2024-03-15', '2024-03-15', '15:13:00', '18:13:00', 0, 0, NULL, NULL, NULL, 1, '2024-03-15 04:13:34', '2024-03-15 04:15:43', 0),
(107, 1, 1, 'After Shift Start', 'Details', '0', '2024-03-15', '2024-03-15', '15:22:00', '21:22:00', 0, 0, NULL, NULL, NULL, 1, '2024-03-15 04:22:46', '2024-03-15 04:32:56', 0),
(108, 1, 1, 'After Shift Start', 'Details', '0', '2024-03-15', '2024-03-15', '15:24:00', '18:24:00', 0, 0, NULL, NULL, NULL, 1, '2024-03-15 04:25:19', '2024-03-15 04:32:50', 0),
(109, 1, 1, 'After Shift Start', 'Details', '0', '2024-03-15', '2024-03-15', '15:25:00', '20:25:00', 0, 0, NULL, NULL, NULL, 1, '2024-03-15 04:25:42', '2024-03-15 04:32:44', 0),
(110, 1, 1, 'After Shift Start', 'Details', '0', '2024-03-15', '2024-03-15', '15:25:00', '21:25:00', 0, 0, NULL, NULL, NULL, 1, '2024-03-15 04:26:05', '2024-03-15 04:32:36', 0),
(111, 1, 1, 'After Shift Start', 'Details', '0', '2024-03-15', '2024-03-15', '15:33:00', '19:33:00', 0, 0, NULL, NULL, NULL, 1, '2024-03-15 04:33:20', '2024-03-15 04:40:37', 0),
(112, 1, 1, 'After Shift Start', 'Details', '0', '2024-03-15', '2024-03-15', '15:33:00', '19:33:00', 0, 0, NULL, NULL, NULL, 1, '2024-03-15 04:33:43', '2024-03-15 04:40:29', 0),
(113, 1, 1, 'After Shift Start', 'Details', '0', '2024-03-15', '2024-03-15', '15:34:00', '20:34:00', 0, 0, NULL, NULL, NULL, 1, '2024-03-15 04:34:14', '2024-03-15 04:40:24', 0),
(114, 1, 1, 'After Shift Start', 'Details', '0', '2024-03-15', '2024-03-15', '15:34:00', '19:34:00', 0, 0, NULL, NULL, NULL, 1, '2024-03-15 04:34:38', '2024-03-15 04:40:19', 0),
(115, 1, 1, 'After Shift Start', 'DETAILS', '0', '2024-03-18', '2024-03-18', '07:27:00', '13:27:00', 0, 0, NULL, NULL, NULL, 1, '2024-03-17 20:28:02', '2024-03-17 20:36:18', 0),
(116, 1, 1, 'After Shift Start', 'DETAILS', '0', '2024-03-18', '2024-03-18', '07:28:00', '12:28:00', 0, 0, NULL, NULL, NULL, 1, '2024-03-17 20:28:25', '2024-03-17 20:36:07', 0),
(117, 1, 1, 'After Shift Start', 'DETAILS', '0', '2024-03-18', '2024-03-18', '07:29:00', '11:29:00', 0, 0, NULL, NULL, NULL, 1, '2024-03-17 20:29:51', '2024-03-17 20:36:29', 0),
(118, 1, 1, 'After Shift Start', 'DETAILS', '0', '2024-03-18', '2024-03-18', '07:30:00', '12:30:00', 0, 0, NULL, NULL, NULL, 1, '2024-03-17 20:30:14', '2024-03-17 20:35:55', 0),
(119, 1, 1, 'After Shift Start', 'details', '0', '2024-03-18', '2024-03-18', '08:36:00', '13:37:00', 0, 0, NULL, NULL, NULL, 1, '2024-03-17 21:37:57', '2024-03-17 22:34:08', 0),
(120, 1, 1, 'After Shift Start', 'DETAILS', '0', '2024-03-18', '2024-03-18', '08:38:00', '11:38:00', 0, 0, NULL, NULL, NULL, 1, '2024-03-17 21:38:35', '2024-03-17 22:33:56', 0),
(121, 1, 1, 'After Shift Start', 'DETAILS', '0', '2024-03-18', '2024-03-18', '08:38:00', '13:38:00', 0, 0, NULL, NULL, NULL, 1, '2024-03-17 21:39:11', '2024-03-17 22:33:45', 0),
(122, 1, 1, 'After Shift Start', 'DETAILS', '0', '2024-03-18', '2024-03-18', '08:39:00', '23:39:00', 0, 0, NULL, NULL, NULL, 1, '2024-03-17 21:39:36', '2024-03-17 22:33:34', 0),
(123, 1, 1, 'After Shift Start', 'DETAILS', '0', '2024-03-18', '2024-03-18', '08:39:00', '12:39:00', 0, 0, NULL, NULL, NULL, 1, '2024-03-17 21:40:09', '2024-03-17 22:33:00', 1),
(124, 1, 1, 'Pre Join 2', 'DETAILS', '0', '2024-03-18', '2024-03-18', '08:41:00', '12:41:00', 0, 0, NULL, NULL, NULL, 1, '2024-03-17 21:41:42', '2024-03-17 22:32:52', 1);

-- --------------------------------------------------------

--
-- Table structure for table `meeting_attendances`
--

CREATE TABLE `meeting_attendances` (
  `id` bigint(20) UNSIGNED NOT NULL,
  `meeting_id` int(11) NOT NULL,
  `employee_id` int(11) DEFAULT NULL,
  `guest_user_id` int(11) DEFAULT NULL,
  `date` date NOT NULL,
  `check_in` time NOT NULL,
  `check_out` time DEFAULT NULL,
  `document_signed` int(11) NOT NULL DEFAULT '0',
  `created_at` timestamp NULL DEFAULT NULL,
  `updated_at` timestamp NULL DEFAULT NULL
) ENGINE=InnoDB DEFAULT CHARSET=utf8mb4 COLLATE=utf8mb4_unicode_ci;

--
-- Dumping data for table `meeting_attendances`
--

INSERT INTO `meeting_attendances` (`id`, `meeting_id`, `employee_id`, `guest_user_id`, `date`, `check_in`, `check_out`, `document_signed`, `created_at`, `updated_at`) VALUES
(1, 1, 2, NULL, '2024-02-21', '14:57:59', '14:58:02', 0, '2024-02-21 03:57:59', '2024-02-21 03:58:02'),
(2, 2, 2, NULL, '2024-02-21', '15:33:32', '15:33:55', 0, '2024-02-21 04:33:32', '2024-02-21 04:33:55'),
(3, 2, 2, NULL, '2024-02-21', '15:33:32', NULL, 0, '2024-02-21 04:33:32', '2024-02-21 04:33:32'),
(4, 3, 2, NULL, '2024-02-21', '15:34:06', '15:34:43', 0, '2024-02-21 04:34:06', '2024-02-21 04:34:43'),
(5, 3, 2, NULL, '2024-02-21', '15:34:06', NULL, 0, '2024-02-21 04:34:06', '2024-02-21 04:34:06'),
(6, 5, 2, NULL, '2024-02-21', '15:36:16', '15:37:07', 0, '2024-02-21 04:36:16', '2024-02-21 04:37:07'),
(7, 6, 5, NULL, '2024-02-22', '15:58:25', '15:58:37', 0, '2024-02-22 04:58:25', '2024-02-22 04:58:37'),
(8, 7, 5, NULL, '2024-02-22', '16:17:04', '16:18:02', 0, '2024-02-22 05:17:04', '2024-02-22 05:18:02'),
(9, 7, 5, NULL, '2024-02-22', '16:17:04', NULL, 0, '2024-02-22 05:17:04', '2024-02-22 05:17:04'),
(10, 14, 5, NULL, '2024-02-22', '16:25:37', '16:25:45', 0, '2024-02-22 05:25:37', '2024-02-22 05:25:45'),
(11, 14, 5, NULL, '2024-02-22', '16:25:37', NULL, 0, '2024-02-22 05:25:37', '2024-02-22 05:25:37'),
(12, 13, 5, NULL, '2024-02-22', '16:25:50', '16:26:33', 0, '2024-02-22 05:25:50', '2024-02-22 05:26:33'),
(13, 15, 5, NULL, '2024-02-23', '09:35:37', '09:35:49', 0, '2024-02-22 22:35:37', '2024-02-22 22:35:49'),
(14, 7, 5, NULL, '2024-02-23', '09:49:29', '09:49:37', 0, '2024-02-22 22:49:29', '2024-02-22 22:49:37'),
(15, 17, 5, NULL, '2024-02-23', '10:09:13', '10:12:06', 0, '2024-02-22 23:09:13', '2024-02-22 23:12:06'),
(16, 18, 13, NULL, '2024-02-23', '11:05:16', '11:05:56', 0, '2024-02-23 00:05:16', '2024-02-23 00:05:56'),
(17, 20, 13, NULL, '2024-02-28', '03:36:20', '03:36:34', 0, '2024-02-27 16:36:20', '2024-02-27 16:36:34'),
(18, 19, 13, NULL, '2024-02-28', '05:36:47', '05:37:02', 0, '2024-02-27 18:36:47', '2024-02-27 18:37:02'),
(19, 19, 13, NULL, '2024-02-28', '05:36:47', NULL, 0, '2024-02-27 18:36:47', '2024-02-27 18:36:47'),
(20, 21, 13, NULL, '2024-02-28', '05:38:31', '05:38:42', 0, '2024-02-27 18:38:31', '2024-02-27 18:38:42'),
(21, 21, 13, NULL, '2024-02-28', '05:38:31', NULL, 0, '2024-02-27 18:38:31', '2024-02-27 18:38:31'),
(22, 22, 13, NULL, '2024-02-28', '05:41:49', '05:42:17', 0, '2024-02-27 18:41:49', '2024-02-27 18:42:17'),
(23, 24, 39, NULL, '2024-03-01', '10:51:47', '10:52:00', 0, '2024-02-29 23:51:47', '2024-02-29 23:52:00'),
(24, 25, 39, NULL, '2024-03-01', '10:52:03', '10:52:06', 0, '2024-02-29 23:52:03', '2024-02-29 23:52:06'),
(25, 26, 39, NULL, '2024-03-01', '11:08:25', '11:08:46', 0, '2024-03-01 00:08:25', '2024-03-01 00:08:46'),
(26, 27, 39, NULL, '2024-03-01', '11:08:55', '11:08:58', 0, '2024-03-01 00:08:55', '2024-03-01 00:08:58'),
(27, 27, 39, NULL, '2024-03-01', '11:08:55', NULL, 0, '2024-03-01 00:08:55', '2024-03-01 00:08:55'),
(28, 28, 39, NULL, '2024-03-04', '10:12:31', '10:12:53', 0, '2024-03-03 23:12:31', '2024-03-03 23:12:53'),
(29, 29, 39, NULL, '2024-03-04', '15:07:24', '15:09:04', 0, '2024-03-04 04:07:24', '2024-03-04 04:09:04'),
(30, 30, 39, NULL, '2024-03-12', '13:05:58', '13:49:36', 0, '2024-03-12 02:05:58', '2024-03-12 02:49:36'),
(31, 31, 39, NULL, '2024-03-12', '13:51:45', '14:00:28', 0, '2024-03-12 02:51:45', '2024-03-12 03:00:28'),
(32, 32, 39, NULL, '2024-03-12', '14:02:59', '14:12:55', 0, '2024-03-12 03:02:59', '2024-03-12 03:12:55'),
(33, 34, 39, NULL, '2024-03-12', '14:30:15', NULL, 0, '2024-03-12 03:30:15', '2024-03-12 03:30:15'),
(34, 36, 39, NULL, '2024-03-12', '15:19:40', '15:47:27', 0, '2024-03-12 04:19:40', '2024-03-12 04:47:27'),
(35, 38, 39, NULL, '2024-03-14', '09:37:20', '09:40:29', 0, '2024-03-13 22:37:20', '2024-03-13 22:40:29'),
(36, 39, 39, NULL, '2024-03-14', '09:42:30', NULL, 0, '2024-03-13 22:42:30', '2024-03-13 22:42:30'),
(37, 40, 39, NULL, '2024-03-14', '10:23:19', NULL, 0, '2024-03-13 23:23:19', '2024-03-13 23:23:19'),
(38, 40, 39, NULL, '2024-03-14', '10:23:19', NULL, 0, '2024-03-13 23:23:19', '2024-03-13 23:23:19'),
(39, 41, 39, NULL, '2024-03-14', '12:35:22', '12:35:28', 0, '2024-03-14 01:35:22', '2024-03-14 01:35:28'),
(40, 42, 39, NULL, '2024-03-14', '12:42:56', '14:23:58', 0, '2024-03-14 01:42:56', '2024-03-14 03:23:58'),
(41, 43, 39, NULL, '2024-03-14', '14:24:50', '14:27:07', 0, '2024-03-14 03:24:50', '2024-03-14 03:27:07'),
(42, 44, 39, NULL, '2024-03-14', '14:28:15', '14:30:00', 0, '2024-03-14 03:28:15', '2024-03-14 03:30:00'),
(43, 45, 39, NULL, '2024-03-14', '14:31:26', '14:32:04', 0, '2024-03-14 03:31:26', '2024-03-14 03:32:04'),
(44, 46, 39, NULL, '2024-03-14', '14:33:06', '14:37:40', 0, '2024-03-14 03:33:06', '2024-03-14 03:37:40'),
(45, 47, 39, NULL, '2024-03-14', '14:40:38', '14:46:22', 0, '2024-03-14 03:40:38', '2024-03-14 03:46:22'),
(46, 48, 39, NULL, '2024-03-14', '15:06:36', NULL, 0, '2024-03-14 04:06:36', '2024-03-14 04:06:36'),
(47, 48, 39, NULL, '2024-03-14', '15:06:36', NULL, 0, '2024-03-14 04:06:36', '2024-03-14 04:06:36'),
(48, 49, 39, NULL, '2024-03-14', '15:19:51', NULL, 0, '2024-03-14 04:19:51', '2024-03-14 04:19:51'),
(49, 50, 39, NULL, '2024-03-14', '15:24:49', NULL, 0, '2024-03-14 04:24:49', '2024-03-14 04:24:49'),
(50, 51, 39, NULL, '2024-03-14', '15:39:28', NULL, 0, '2024-03-14 04:39:28', '2024-03-14 04:39:28'),
(51, 51, 39, NULL, '2024-03-14', '15:39:28', NULL, 0, '2024-03-14 04:39:28', '2024-03-14 04:39:28'),
(52, 52, 39, NULL, '2024-03-15', '07:47:04', '07:54:29', 0, '2024-03-14 20:47:04', '2024-03-14 20:54:29'),
(53, 53, 39, NULL, '2024-03-15', '07:55:32', '08:04:39', 0, '2024-03-14 20:55:32', '2024-03-14 21:04:39'),
(54, 53, 39, NULL, '2024-03-15', '07:55:32', NULL, 0, '2024-03-14 20:55:32', '2024-03-14 20:55:32'),
(55, 54, 39, NULL, '2024-03-15', '08:13:35', '08:15:53', 0, '2024-03-14 21:13:35', '2024-03-14 21:15:53'),
(56, 55, 39, NULL, '2024-03-15', '08:16:49', '08:17:43', 0, '2024-03-14 21:16:49', '2024-03-14 21:17:43'),
(57, 55, 39, NULL, '2024-03-15', '08:16:49', NULL, 0, '2024-03-14 21:16:49', '2024-03-14 21:16:49'),
(58, 56, 39, NULL, '2024-03-15', '08:18:49', '08:19:34', 0, '2024-03-14 21:18:49', '2024-03-14 21:19:34'),
(59, 57, 39, NULL, '2024-03-15', '08:20:41', '08:27:14', 0, '2024-03-14 21:20:41', '2024-03-14 21:27:14'),
(60, 57, 39, NULL, '2024-03-15', '08:20:41', NULL, 0, '2024-03-14 21:20:41', '2024-03-14 21:20:41'),
(61, 58, 39, NULL, '2024-03-15', '08:28:08', '08:32:28', 0, '2024-03-14 21:28:08', '2024-03-14 21:32:28'),
(62, 59, 39, NULL, '2024-03-15', '08:33:28', NULL, 0, '2024-03-14 21:33:28', '2024-03-14 21:33:28'),
(63, 60, 39, NULL, '2024-03-15', '08:53:37', '08:54:09', 0, '2024-03-14 21:53:37', '2024-03-14 21:54:09'),
(64, 61, 39, NULL, '2024-03-15', '08:57:25', NULL, 0, '2024-03-14 21:57:25', '2024-03-14 21:57:25'),
(65, 63, 39, NULL, '2024-03-15', '09:35:43', NULL, 0, '2024-03-14 22:35:43', '2024-03-14 22:35:43'),
(66, 64, 39, NULL, '2024-03-15', '09:48:40', NULL, 0, '2024-03-14 22:48:40', '2024-03-14 22:48:40'),
(67, 65, 39, NULL, '2024-03-15', '10:00:03', '10:01:37', 0, '2024-03-14 23:00:03', '2024-03-14 23:01:37'),
(68, 66, 39, NULL, '2024-03-15', '12:20:24', '12:21:18', 0, '2024-03-15 01:20:24', '2024-03-15 01:21:18'),
(69, 66, 39, NULL, '2024-03-15', '12:20:24', NULL, 0, '2024-03-15 01:20:24', '2024-03-15 01:20:24'),
(70, 67, 39, NULL, '2024-03-15', '12:21:28', '12:24:06', 0, '2024-03-15 01:21:28', '2024-03-15 01:24:06'),
(71, 68, 39, NULL, '2024-03-15', '12:26:15', '12:29:31', 0, '2024-03-15 01:26:15', '2024-03-15 01:29:31'),
(72, 69, 39, NULL, '2024-03-15', '12:32:17', '12:33:06', 0, '2024-03-15 01:32:17', '2024-03-15 01:33:06'),
(73, 70, 39, NULL, '2024-03-15', '12:33:13', '12:33:22', 0, '2024-03-15 01:33:13', '2024-03-15 01:33:22'),
(74, 71, 39, NULL, '2024-03-15', '12:36:07', '12:36:49', 0, '2024-03-15 01:36:07', '2024-03-15 01:36:49'),
(75, 71, 39, NULL, '2024-03-15', '12:36:07', NULL, 0, '2024-03-15 01:36:07', '2024-03-15 01:36:07'),
(76, 72, 39, NULL, '2024-03-15', '12:39:10', '12:39:21', 0, '2024-03-15 01:39:10', '2024-03-15 01:39:21'),
(77, 73, 39, NULL, '2024-03-15', '12:39:32', '12:39:42', 0, '2024-03-15 01:39:32', '2024-03-15 01:39:42'),
(78, 74, 39, NULL, '2024-03-15', '12:42:18', '12:43:57', 0, '2024-03-15 01:42:18', '2024-03-15 01:43:57'),
(79, 75, 39, NULL, '2024-03-15', '12:44:16', '12:45:56', 0, '2024-03-15 01:44:16', '2024-03-15 01:45:56'),
(80, 76, 39, NULL, '2024-03-15', '12:46:12', '12:46:26', 0, '2024-03-15 01:46:12', '2024-03-15 01:46:26'),
(81, 76, 39, NULL, '2024-03-15', '12:46:12', NULL, 0, '2024-03-15 01:46:12', '2024-03-15 01:46:12'),
(82, 77, 39, NULL, '2024-03-15', '12:49:24', '12:50:09', 0, '2024-03-15 01:49:24', '2024-03-15 01:50:09'),
(83, 78, 39, NULL, '2024-03-15', '12:50:44', '12:51:13', 0, '2024-03-15 01:50:44', '2024-03-15 01:51:13'),
(84, 79, 39, NULL, '2024-03-15', '12:51:25', '12:51:58', 0, '2024-03-15 01:51:25', '2024-03-15 01:51:58'),
(85, 80, 39, NULL, '2024-03-15', '12:52:10', '12:53:06', 0, '2024-03-15 01:52:10', '2024-03-15 01:53:06'),
(86, 81, 39, NULL, '2024-03-15', '12:53:15', '14:00:09', 0, '2024-03-15 01:53:15', '2024-03-15 03:00:09'),
(87, 82, 39, NULL, '2024-03-15', '14:03:29', '14:04:39', 0, '2024-03-15 03:03:29', '2024-03-15 03:04:39'),
(88, 83, 39, NULL, '2024-03-15', '14:04:55', '14:06:15', 0, '2024-03-15 03:04:55', '2024-03-15 03:06:15'),
(89, 84, 39, NULL, '2024-03-15', '14:06:27', NULL, 0, '2024-03-15 03:06:27', '2024-03-15 03:06:27'),
(90, 85, 39, NULL, '2024-03-15', '14:08:00', '14:10:37', 0, '2024-03-15 03:08:00', '2024-03-15 03:10:37'),
(91, 85, 39, NULL, '2024-03-15', '14:08:00', NULL, 0, '2024-03-15 03:08:00', '2024-03-15 03:08:00'),
(92, 86, 39, NULL, '2024-03-15', '14:10:53', '14:11:20', 0, '2024-03-15 03:10:53', '2024-03-15 03:11:20'),
(93, 86, 39, NULL, '2024-03-15', '14:10:53', NULL, 0, '2024-03-15 03:10:53', '2024-03-15 03:10:53'),
(94, 87, 39, NULL, '2024-03-15', '14:11:36', '14:11:43', 0, '2024-03-15 03:11:36', '2024-03-15 03:11:43'),
(95, 87, 39, NULL, '2024-03-15', '14:11:36', NULL, 0, '2024-03-15 03:11:36', '2024-03-15 03:11:36'),
(96, 88, 39, NULL, '2024-03-15', '14:12:06', NULL, 0, '2024-03-15 03:12:06', '2024-03-15 03:12:06'),
(97, 89, 39, NULL, '2024-03-15', '14:13:08', NULL, 0, '2024-03-15 03:13:08', '2024-03-15 03:13:08'),
(98, 90, 39, NULL, '2024-03-15', '14:18:11', '14:19:29', 0, '2024-03-15 03:18:11', '2024-03-15 03:19:29'),
(99, 90, 39, NULL, '2024-03-15', '14:18:11', NULL, 0, '2024-03-15 03:18:11', '2024-03-15 03:18:11'),
(100, 91, 39, NULL, '2024-03-15', '14:19:55', '14:22:05', 0, '2024-03-15 03:19:55', '2024-03-15 03:22:05'),
(101, 92, 39, NULL, '2024-03-15', '14:22:44', '14:25:05', 0, '2024-03-15 03:22:44', '2024-03-15 03:25:05'),
(102, 93, 39, NULL, '2024-03-15', '14:27:42', '14:32:08', 0, '2024-03-15 03:27:42', '2024-03-15 03:32:08'),
(103, 94, 39, NULL, '2024-03-15', '14:32:46', '14:34:44', 0, '2024-03-15 03:32:46', '2024-03-15 03:34:44'),
(104, 95, 39, NULL, '2024-03-15', '14:35:26', '14:37:02', 0, '2024-03-15 03:35:26', '2024-03-15 03:37:02'),
(105, 96, 39, NULL, '2024-03-15', '14:37:41', '14:39:25', 0, '2024-03-15 03:37:41', '2024-03-15 03:39:25'),
(106, 98, 39, NULL, '2024-03-15', '14:51:53', NULL, 0, '2024-03-15 03:51:53', '2024-03-15 03:51:53'),
(107, 99, 39, NULL, '2024-03-15', '14:52:47', '14:54:02', 0, '2024-03-15 03:52:47', '2024-03-15 03:54:02'),
(108, 100, 39, NULL, '2024-03-15', '14:54:10', '14:54:54', 0, '2024-03-15 03:54:10', '2024-03-15 03:54:54'),
(109, 101, 39, NULL, '2024-03-15', '14:55:04', NULL, 0, '2024-03-15 03:55:04', '2024-03-15 03:55:04'),
(110, 101, 39, NULL, '2024-03-15', '14:55:04', NULL, 0, '2024-03-15 03:55:04', '2024-03-15 03:55:04'),
(111, 102, 39, NULL, '2024-03-15', '15:12:35', NULL, 0, '2024-03-15 04:12:35', '2024-03-15 04:12:35'),
(112, 103, 39, NULL, '2024-03-15', '15:13:33', NULL, 0, '2024-03-15 04:13:33', '2024-03-15 04:13:33'),
(113, 104, 39, NULL, '2024-03-15', '15:14:46', NULL, 0, '2024-03-15 04:14:46', '2024-03-15 04:14:46'),
(114, 105, 39, NULL, '2024-03-15', '15:15:06', '15:15:10', 0, '2024-03-15 04:15:06', '2024-03-15 04:15:10'),
(115, 106, 39, NULL, '2024-03-15', '15:15:14', '15:15:19', 0, '2024-03-15 04:15:14', '2024-03-15 04:15:19'),
(116, 107, 39, NULL, '2024-03-15', '15:26:54', '15:28:25', 0, '2024-03-15 04:26:54', '2024-03-15 04:28:25'),
(117, 108, 39, NULL, '2024-03-15', '15:28:33', '15:29:56', 0, '2024-03-15 04:28:33', '2024-03-15 04:29:56'),
(118, 109, 39, NULL, '2024-03-15', '15:30:08', '15:31:05', 0, '2024-03-15 04:30:08', '2024-03-15 04:31:05'),
(119, 109, 39, NULL, '2024-03-15', '15:30:08', NULL, 0, '2024-03-15 04:30:08', '2024-03-15 04:30:08'),
(120, 110, 39, NULL, '2024-03-15', '15:31:18', '15:32:14', 0, '2024-03-15 04:31:18', '2024-03-15 04:32:14'),
(121, 111, 39, NULL, '2024-03-15', '15:35:17', '15:36:05', 0, '2024-03-15 04:35:17', '2024-03-15 04:36:05'),
(122, 112, 39, NULL, '2024-03-15', '15:38:07', '15:38:37', 0, '2024-03-15 04:38:07', '2024-03-15 04:38:37'),
(123, 113, 39, NULL, '2024-03-15', '15:39:14', '15:39:45', 0, '2024-03-15 04:39:14', '2024-03-15 04:39:45'),
(124, 114, 39, NULL, '2024-03-15', '15:40:00', NULL, 0, '2024-03-15 04:40:00', '2024-03-15 04:40:00'),
(125, 115, 39, NULL, '2024-03-18', '07:28:38', '07:29:11', 0, '2024-03-17 20:28:38', '2024-03-17 20:29:11'),
(126, 116, 39, NULL, '2024-03-18', '07:29:21', '07:30:25', 0, '2024-03-17 20:29:21', '2024-03-17 20:30:25'),
(127, 117, 39, NULL, '2024-03-18', '07:30:31', '07:31:02', 0, '2024-03-17 20:30:31', '2024-03-17 20:31:02'),
(128, 118, 39, NULL, '2024-03-18', '07:31:19', '07:35:44', 0, '2024-03-17 20:31:19', '2024-03-17 20:35:44'),
(129, 123, 39, NULL, '2024-03-18', '08:42:15', NULL, 0, '2024-03-17 21:42:15', '2024-03-17 21:42:15'),
(130, 124, 39, NULL, '2024-03-18', '08:44:27', '08:46:59', 0, '2024-03-17 21:44:27', '2024-03-17 21:46:59'),
(131, 119, 39, NULL, '2024-03-18', '08:47:52', '08:49:15', 0, '2024-03-17 21:47:52', '2024-03-17 21:49:15'),
(132, 120, 39, NULL, '2024-03-18', '08:49:21', '08:49:28', 0, '2024-03-17 21:49:21', '2024-03-17 21:49:28'),
(133, 121, 39, NULL, '2024-03-18', '08:50:05', '08:51:20', 0, '2024-03-17 21:50:05', '2024-03-17 21:51:20');

-- --------------------------------------------------------

--
-- Table structure for table `meeting_documents`
--

CREATE TABLE `meeting_documents` (
  `id` bigint(20) UNSIGNED NOT NULL,
  `meeting_id` int(11) NOT NULL,
  `document_path` varchar(255) COLLATE utf8mb4_unicode_ci NOT NULL,
  `title` text COLLATE utf8mb4_unicode_ci NOT NULL,
  `meeting_date` date DEFAULT NULL,
  `uploaded_by` int(11) NOT NULL,
  `is_signed` int(11) NOT NULL DEFAULT '0',
  `created_at` timestamp NULL DEFAULT NULL,
  `updated_at` timestamp NULL DEFAULT NULL
) ENGINE=InnoDB DEFAULT CHARSET=utf8mb4 COLLATE=utf8mb4_unicode_ci;

--
-- Dumping data for table `meeting_documents`
--

INSERT INTO `meeting_documents` (`id`, `meeting_id`, `document_path`, `title`, `meeting_date`, `uploaded_by`, `is_signed`, `created_at`, `updated_at`) VALUES
(1, 2, 'upload/documents/1708511523.png', 'jjhh', '2024-02-21', 1, 1, '2024-02-21 04:32:03', '2024-02-21 04:32:03'),
(2, 2, 'upload/documents/1708511535.png', 'huhuihiu', '2024-02-21', 1, 0, '2024-02-21 04:32:15', '2024-02-21 04:32:15'),
(3, 3, 'upload/documents/1708511566.png', 'kuhkhk', '2024-02-21', 1, 1, '2024-02-21 04:32:46', '2024-02-21 04:32:46'),
(4, 5, 'upload/documents/1708511743.png', 'sdljhak', '2024-02-21', 1, 1, '2024-02-21 04:35:43', '2024-02-21 04:35:43'),
(5, 5, 'upload/documents/1708511744.png', 'sdljhak', '2024-02-21', 1, 1, '2024-02-21 04:35:44', '2024-02-21 04:35:44'),
(6, 5, 'upload/documents/1708511744.png', 'sdljhak', '2024-02-21', 1, 1, '2024-02-21 04:35:44', '2024-02-21 04:35:44'),
(7, 5, 'upload/documents/1708511757.png', 'ldaijk', '2024-02-21', 1, 1, '2024-02-21 04:35:57', '2024-02-21 04:35:57'),
(9, 12, 'upload/documents/1708600444.png', 'test doc', '2024-02-22', 1, 1, '2024-02-22 05:14:04', '2024-02-22 05:14:04'),
(11, 6, 'upload/documents/1708601046.png', 'yrftyer', NULL, 1, 1, '2024-02-22 05:24:06', '2024-02-22 05:24:06'),
(12, 13, 'upload/documents/1708601119.png', 'jngfchcf', '2024-02-22', 1, 1, '2024-02-22 05:25:19', '2024-02-22 05:25:19'),
(13, 16, 'upload/documents/1708663627.png', 'test doc', '2024-02-23', 1, 1, '2024-02-22 22:47:07', '2024-02-22 22:47:07'),
(14, 17, 'upload/documents/1708664293.png', 'doc', '2024-02-23', 1, 1, '2024-02-22 22:58:13', '2024-02-22 22:58:13'),
(15, 18, 'upload/documents/1708668268.png', 'Test Document', '2024-02-23', 1, 1, '2024-02-23 00:04:28', '2024-02-23 00:04:28'),
(20, 22, 'upload/documents/1709080971.png', 'test', '2024-02-28', 1, 1, '2024-02-27 18:42:51', '2024-02-27 18:42:51'),
(22, 26, 'upload/documents/1709273222.jpg', 'task', '2024-03-01', 1, 1, '2024-03-01 00:07:02', '2024-03-01 00:07:02'),
(24, 29, 'upload/documents/1709546818.pdf', 'test1', '2024-03-04', 1, 1, '2024-03-04 04:06:58', '2024-03-04 04:06:58');

-- --------------------------------------------------------

--
-- Table structure for table `meeting_guest_users`
--

CREATE TABLE `meeting_guest_users` (
  `id` bigint(20) UNSIGNED NOT NULL,
  `meeting_id` int(11) NOT NULL,
  `name` varchar(255) COLLATE utf8mb4_unicode_ci NOT NULL,
  `email` varchar(255) COLLATE utf8mb4_unicode_ci NOT NULL,
  `phone_number` varchar(255) COLLATE utf8mb4_unicode_ci NOT NULL,
  `occupation` varchar(255) COLLATE utf8mb4_unicode_ci DEFAULT NULL,
  `details` varchar(255) COLLATE utf8mb4_unicode_ci DEFAULT NULL,
  `added_by` int(11) DEFAULT NULL,
  `meeting_date` date DEFAULT NULL,
  `created_at` timestamp NULL DEFAULT NULL,
  `updated_at` timestamp NULL DEFAULT NULL
) ENGINE=InnoDB DEFAULT CHARSET=utf8mb4 COLLATE=utf8mb4_unicode_ci;

--
-- Dumping data for table `meeting_guest_users`
--

INSERT INTO `meeting_guest_users` (`id`, `meeting_id`, `name`, `email`, `phone_number`, `occupation`, `details`, `added_by`, `meeting_date`, `created_at`, `updated_at`) VALUES
(1, 7, 'abdul rehman', 'ali@gmail.com', '03056546435', 'test', 'test', NULL, '2024-02-21', '2024-02-21 04:54:07', '2024-02-21 04:54:07'),
(2, 7, 'saad', 'Saad@g-techsolutions.com.au', '32342342', 'Manager', 'My details', NULL, '2024-02-23', '2024-02-21 06:27:42', '2024-02-21 06:27:42');

-- --------------------------------------------------------

--
-- Table structure for table `meeting_histories`
--

CREATE TABLE `meeting_histories` (
  `id` bigint(20) UNSIGNED NOT NULL,
  `meeting_id` int(11) NOT NULL,
  `updated_by` int(11) NOT NULL,
  `description` text COLLATE utf8mb4_unicode_ci NOT NULL,
  `created_at` timestamp NULL DEFAULT NULL,
  `updated_at` timestamp NULL DEFAULT NULL
) ENGINE=InnoDB DEFAULT CHARSET=utf8mb4 COLLATE=utf8mb4_unicode_ci;

--
-- Dumping data for table `meeting_histories`
--

INSERT INTO `meeting_histories` (`id`, `meeting_id`, `updated_by`, `description`, `created_at`, `updated_at`) VALUES
(1, 1, 1, '<a href=\'https://dev-fastform.gtechsol.au/user-profile/1\' style=\'text-transform: capitalize;\' role=\'button\' class=\'primary text-decoration-none\'>Main  Admin</a> created this meeting at 21/02/2024 14:57:49', '2024-02-21 03:57:49', '2024-02-21 03:57:49'),
(2, 2, 1, '<a href=\'https://dev-fastform.gtechsol.au/user-profile/1\' style=\'text-transform: capitalize;\' role=\'button\' class=\'primary text-decoration-none\'>Main  Admin</a> created this meeting at 21/02/2024 15:31:47', '2024-02-21 04:31:47', '2024-02-21 04:31:47'),
(3, 2, 1, '<a href=\'https://dev-fastform.gtechsol.au/user-profile/1\' style=\'text-transform: capitalize;\' role=\'button\' class=\'primary text-decoration-none\'>Main  Admin</a> added a document in this meeting at 21/02/2024 15:32:03', '2024-02-21 04:32:03', '2024-02-21 04:32:03'),
(4, 2, 1, '<a href=\'https://dev-fastform.gtechsol.au/user-profile/1\' style=\'text-transform: capitalize;\' role=\'button\' class=\'primary text-decoration-none\'>Main  Admin</a> added a document in this meeting at 21/02/2024 15:32:15', '2024-02-21 04:32:15', '2024-02-21 04:32:15'),
(5, 3, 1, '<a href=\'https://dev-fastform.gtechsol.au/user-profile/1\' style=\'text-transform: capitalize;\' role=\'button\' class=\'primary text-decoration-none\'>Main  Admin</a> created this meeting at 21/02/2024 15:32:33', '2024-02-21 04:32:33', '2024-02-21 04:32:33'),
(6, 3, 1, '<a href=\'https://dev-fastform.gtechsol.au/user-profile/1\' style=\'text-transform: capitalize;\' role=\'button\' class=\'primary text-decoration-none\'>Main  Admin</a> added a document in this meeting at 21/02/2024 15:32:46', '2024-02-21 04:32:46', '2024-02-21 04:32:46'),
(7, 4, 1, '<a href=\'https://dev-fastform.gtechsol.au/user-profile/1\' style=\'text-transform: capitalize;\' role=\'button\' class=\'primary text-decoration-none\'>Main  Admin</a> created this meeting at 21/02/2024 15:33:08', '2024-02-21 04:33:08', '2024-02-21 04:33:08'),
(8, 5, 1, '<a href=\'https://dev-fastform.gtechsol.au/user-profile/1\' style=\'text-transform: capitalize;\' role=\'button\' class=\'primary text-decoration-none\'>Main  Admin</a> created this meeting at 21/02/2024 15:34:59', '2024-02-21 04:34:59', '2024-02-21 04:34:59'),
(9, 5, 1, '<a href=\'https://dev-fastform.gtechsol.au/user-profile/1\' style=\'text-transform: capitalize;\' role=\'button\' class=\'primary text-decoration-none\'>Main  Admin</a> added a document in this meeting at 21/02/2024 15:35:43', '2024-02-21 04:35:43', '2024-02-21 04:35:43'),
(10, 5, 1, '<a href=\'https://dev-fastform.gtechsol.au/user-profile/1\' style=\'text-transform: capitalize;\' role=\'button\' class=\'primary text-decoration-none\'>Main  Admin</a> added a document in this meeting at 21/02/2024 15:35:44', '2024-02-21 04:35:44', '2024-02-21 04:35:44'),
(11, 5, 1, '<a href=\'https://dev-fastform.gtechsol.au/user-profile/1\' style=\'text-transform: capitalize;\' role=\'button\' class=\'primary text-decoration-none\'>Main  Admin</a> added a document in this meeting at 21/02/2024 15:35:44', '2024-02-21 04:35:44', '2024-02-21 04:35:44'),
(12, 5, 1, '<a href=\'https://dev-fastform.gtechsol.au/user-profile/1\' style=\'text-transform: capitalize;\' role=\'button\' class=\'primary text-decoration-none\'>Main  Admin</a> added a document in this meeting at 21/02/2024 15:35:57', '2024-02-21 04:35:57', '2024-02-21 04:35:57'),
(13, 6, 1, '<a href=\'https://dev-fastform.gtechsol.au/user-profile/1\' style=\'text-transform: capitalize;\' role=\'button\' class=\'primary text-decoration-none\'>Main  Admin</a> created this meeting at 21/02/2024 15:51:35', '2024-02-21 04:51:35', '2024-02-21 04:51:35'),
(14, 7, 1, '<a href=\'https://dev-fastform.gtechsol.au/user-profile/1\' style=\'text-transform: capitalize;\' role=\'button\' class=\'primary text-decoration-none\'>Main  Admin</a> created this meeting at 21/02/2024 15:52:46', '2024-02-21 04:52:46', '2024-02-21 04:52:46'),
(15, 7, 1, '<a href=\'https://dev-fastform.gtechsol.au/user-profile/1\' style=\'text-transform: capitalize;\' role=\'button\' class=\'primary text-decoration-none\'>Main  Admin</a> deleted a guest user <b>saad</b> from this meeting at 21/02/2024 17:28:22', '2024-02-21 06:28:22', '2024-02-21 06:28:22'),
(16, 8, 1, '<a href=\'http://dev-fastform.gtechsol.au/user-profile/1\' style=\'text-transform: capitalize;\' role=\'button\' class=\'primary text-decoration-none\'>Main  Admin</a> created this meeting at 22/02/2024 12:22:16', '2024-02-22 01:22:16', '2024-02-22 01:22:16'),
(17, 8, 1, '<a href=\'http://dev-fastform.gtechsol.au/user-profile/1\' style=\'text-transform: capitalize;\' role=\'button\' class=\'primary text-decoration-none\'>Main  Admin</a> added a guest user <b>abdul rehman</b> in meeting at 22/02/2024 12:30:55', '2024-02-22 01:30:55', '2024-02-22 01:30:55'),
(18, 8, 1, '<a href=\'http://dev-fastform.gtechsol.au/user-profile/1\' style=\'text-transform: capitalize;\' role=\'button\' class=\'primary text-decoration-none\'>Main  Admin</a> updated a guest user <b>abdul rehmann</b> in meeting at 22/02/2024 12:31:28', '2024-02-22 01:31:28', '2024-02-22 01:31:28'),
(19, 8, 1, '<a href=\'http://dev-fastform.gtechsol.au/user-profile/1\' style=\'text-transform: capitalize;\' role=\'button\' class=\'primary text-decoration-none\'>Main  Admin</a> deleted a guest user <b>abdul rehmann</b> from this meeting at 22/02/2024 12:31:41', '2024-02-22 01:31:41', '2024-02-22 01:31:41'),
(20, 8, 1, '<a href=\'http://dev-fastform.gtechsol.au/user-profile/1\' style=\'text-transform: capitalize;\' role=\'button\' class=\'primary text-decoration-none\'>Main  Admin</a> added a guest user <b>abdul rehmann</b> in meeting at 22/02/2024 12:32:14', '2024-02-22 01:32:14', '2024-02-22 01:32:14'),
(21, 8, 1, '<a href=\'http://dev-fastform.gtechsol.au/user-profile/1\' style=\'text-transform: capitalize;\' role=\'button\' class=\'primary text-decoration-none\'>Main  Admin</a> deleted a guest user <b>abdul rehmann</b> from this meeting at 22/02/2024 12:32:23', '2024-02-22 01:32:23', '2024-02-22 01:32:23'),
(22, 8, 1, '<a href=\'http://dev-fastform.gtechsol.au/user-profile/1\' style=\'text-transform: capitalize;\' role=\'button\' class=\'primary text-decoration-none\'>Main  Admin</a> added a document in this meeting at 22/02/2024 12:34:38', '2024-02-22 01:34:38', '2024-02-22 01:34:38'),
(23, 9, 1, '<a href=\'http://dev-fastform.gtechsol.au/user-profile/1\' style=\'text-transform: capitalize;\' role=\'button\' class=\'primary text-decoration-none\'>Main  Admin</a> created this meeting at 22/02/2024 12:52:19', '2024-02-22 01:52:19', '2024-02-22 01:52:19'),
(24, 10, 1, '<a href=\'http://dev-fastform.gtechsol.au/user-profile/1\' style=\'text-transform: capitalize;\' role=\'button\' class=\'primary text-decoration-none\'>Main  Admin</a> created this meeting at 22/02/2024 12:52:55', '2024-02-22 01:52:55', '2024-02-22 01:52:55'),
(25, 11, 1, '<a href=\'http://dev-fastform.gtechsol.au/user-profile/1\' style=\'text-transform: capitalize;\' role=\'button\' class=\'primary text-decoration-none\'>Main  Admin</a> created this meeting at 22/02/2024 12:56:11', '2024-02-22 01:56:11', '2024-02-22 01:56:11'),
(26, 12, 1, '<a href=\'http://dev-fastform.gtechsol.au/user-profile/1\' style=\'text-transform: capitalize;\' role=\'button\' class=\'primary text-decoration-none\'>Main  Admin</a> created this meeting at 22/02/2024 16:13:13', '2024-02-22 05:13:13', '2024-02-22 05:13:13'),
(27, 12, 1, '<a href=\'http://dev-fastform.gtechsol.au/user-profile/1\' style=\'text-transform: capitalize;\' role=\'button\' class=\'primary text-decoration-none\'>Main  Admin</a> added a document in this meeting at 22/02/2024 16:14:04', '2024-02-22 05:14:04', '2024-02-22 05:14:04'),
(28, 6, 1, '<a href=\'http://dev-fastform.gtechsol.au/user-profile/1\' style=\'text-transform: capitalize;\' role=\'button\' class=\'primary text-decoration-none\'>Main  Admin</a> updated this meeting at 22/02/2024 16:16:14', '2024-02-22 05:16:14', '2024-02-22 05:16:14'),
(29, 6, 1, '<a href=\'http://dev-fastform.gtechsol.au/user-profile/1\' style=\'text-transform: capitalize;\' role=\'button\' class=\'primary text-decoration-none\'>Main  Admin</a> added a document in this meeting at 22/02/2024 16:16:39', '2024-02-22 05:16:39', '2024-02-22 05:16:39'),
(30, 6, 1, '<a href=\'http://dev-fastform.gtechsol.au/user-profile/1\' style=\'text-transform: capitalize;\' role=\'button\' class=\'primary text-decoration-none\'>Main  Admin</a> updated this meeting at 22/02/2024 16:21:40', '2024-02-22 05:21:40', '2024-02-22 05:21:40'),
(31, 6, 1, '<a href=\'http://dev-fastform.gtechsol.au/user-profile/1\' style=\'text-transform: capitalize;\' role=\'button\' class=\'primary text-decoration-none\'>Main  Admin</a> deleted a document from this meeting at 22/02/2024 16:23:49', '2024-02-22 05:23:49', '2024-02-22 05:23:49'),
(32, 6, 1, '<a href=\'http://dev-fastform.gtechsol.au/user-profile/1\' style=\'text-transform: capitalize;\' role=\'button\' class=\'primary text-decoration-none\'>Main  Admin</a> added a document in this meeting at 22/02/2024 16:24:06', '2024-02-22 05:24:06', '2024-02-22 05:24:06'),
(33, 13, 1, '<a href=\'http://dev-fastform.gtechsol.au/user-profile/1\' style=\'text-transform: capitalize;\' role=\'button\' class=\'primary text-decoration-none\'>Main  Admin</a> created this meeting at 22/02/2024 16:25:00', '2024-02-22 05:25:00', '2024-02-22 05:25:00'),
(34, 14, 1, '<a href=\'http://dev-fastform.gtechsol.au/user-profile/1\' style=\'text-transform: capitalize;\' role=\'button\' class=\'primary text-decoration-none\'>Main  Admin</a> created this meeting at 22/02/2024 16:25:00', '2024-02-22 05:25:00', '2024-02-22 05:25:00'),
(35, 13, 1, '<a href=\'http://dev-fastform.gtechsol.au/user-profile/1\' style=\'text-transform: capitalize;\' role=\'button\' class=\'primary text-decoration-none\'>Main  Admin</a> added a document in this meeting at 22/02/2024 16:25:19', '2024-02-22 05:25:19', '2024-02-22 05:25:19'),
(36, 15, 1, '<a href=\'https://dev-fastform.gtechsol.au/user-profile/1\' style=\'text-transform: capitalize;\' role=\'button\' class=\'primary text-decoration-none\'>Main  Admin</a> created this meeting at 22/02/2024 17:25:41', '2024-02-22 06:25:41', '2024-02-22 06:25:41'),
(37, 16, 1, '<a href=\'http://dev-fastform.gtechsol.au/user-profile/1\' style=\'text-transform: capitalize;\' role=\'button\' class=\'primary text-decoration-none\'>Main  Admin</a> created this meeting at 23/02/2024 09:46:47', '2024-02-22 22:46:47', '2024-02-22 22:46:47'),
(38, 16, 1, '<a href=\'http://dev-fastform.gtechsol.au/user-profile/1\' style=\'text-transform: capitalize;\' role=\'button\' class=\'primary text-decoration-none\'>Main  Admin</a> added a document in this meeting at 23/02/2024 09:47:07', '2024-02-22 22:47:07', '2024-02-22 22:47:07'),
(39, 16, 1, '<a href=\'http://dev-fastform.gtechsol.au/user-profile/1\' style=\'text-transform: capitalize;\' role=\'button\' class=\'primary text-decoration-none\'>Main  Admin</a> updated this meeting at 23/02/2024 09:50:01', '2024-02-22 22:50:01', '2024-02-22 22:50:01'),
(40, 6, 1, '<a href=\'http://dev-fastform.gtechsol.au/user-profile/1\' style=\'text-transform: capitalize;\' role=\'button\' class=\'primary text-decoration-none\'>Main  Admin</a> updated this meeting at 23/02/2024 09:52:56', '2024-02-22 22:52:56', '2024-02-22 22:52:56'),
(41, 17, 1, '<a href=\'http://dev-fastform.gtechsol.au/user-profile/1\' style=\'text-transform: capitalize;\' role=\'button\' class=\'primary text-decoration-none\'>Main  Admin</a> created this meeting at 23/02/2024 09:57:53', '2024-02-22 22:57:53', '2024-02-22 22:57:53'),
(42, 17, 1, '<a href=\'http://dev-fastform.gtechsol.au/user-profile/1\' style=\'text-transform: capitalize;\' role=\'button\' class=\'primary text-decoration-none\'>Main  Admin</a> added a document in this meeting at 23/02/2024 09:58:13', '2024-02-22 22:58:13', '2024-02-22 22:58:13'),
(43, 17, 1, '<a href=\'https://dev-fastform.gtechsol.au/user-profile/1\' style=\'text-transform: capitalize;\' role=\'button\' class=\'primary text-decoration-none\'>Main  Admin</a> updated this meeting at 23/02/2024 10:08:49', '2024-02-22 23:08:49', '2024-02-22 23:08:49'),
(44, 18, 1, '<a href=\'https://dev-fastform.gtechsol.au/user-profile/1\' style=\'text-transform: capitalize;\' role=\'button\' class=\'primary text-decoration-none\'>Main  Admin</a> created this meeting at 23/02/2024 11:03:58', '2024-02-23 00:03:58', '2024-02-23 00:03:58'),
(45, 18, 1, '<a href=\'https://dev-fastform.gtechsol.au/user-profile/1\' style=\'text-transform: capitalize;\' role=\'button\' class=\'primary text-decoration-none\'>Main  Admin</a> added a document in this meeting at 23/02/2024 11:04:28', '2024-02-23 00:04:28', '2024-02-23 00:04:28'),
(46, 19, 1, '<a href=\'https://dev-fastform.gtechsol.au/user-profile/1\' style=\'text-transform: capitalize;\' role=\'button\' class=\'primary text-decoration-none\'>Main  Admin</a> created this meeting at 28/02/2024 03:20:05', '2024-02-27 16:20:05', '2024-02-27 16:20:05'),
(47, 20, 1, '<a href=\'https://dev-fastform.gtechsol.au/user-profile/1\' style=\'text-transform: capitalize;\' role=\'button\' class=\'primary text-decoration-none\'>Main  Admin</a> created this meeting at 28/02/2024 03:35:19', '2024-02-27 16:35:19', '2024-02-27 16:35:19'),
(48, 20, 1, '<a href=\'https://dev-fastform.gtechsol.au/user-profile/1\' style=\'text-transform: capitalize;\' role=\'button\' class=\'primary text-decoration-none\'>Main  Admin</a> added a document in this meeting at 28/02/2024 03:35:38', '2024-02-27 16:35:38', '2024-02-27 16:35:38'),
(49, 20, 1, '<a href=\'https://dev-fastform.gtechsol.au/user-profile/1\' style=\'text-transform: capitalize;\' role=\'button\' class=\'primary text-decoration-none\'>Main  Admin</a> deleted a document from this meeting at 28/02/2024 03:35:54', '2024-02-27 16:35:54', '2024-02-27 16:35:54'),
(50, 20, 1, '<a href=\'https://dev-fastform.gtechsol.au/user-profile/1\' style=\'text-transform: capitalize;\' role=\'button\' class=\'primary text-decoration-none\'>Main  Admin</a> added a document in this meeting at 28/02/2024 03:36:06', '2024-02-27 16:36:06', '2024-02-27 16:36:06'),
(51, 21, 1, '<a href=\'https://dev-fastform.gtechsol.au/user-profile/1\' style=\'text-transform: capitalize;\' role=\'button\' class=\'primary text-decoration-none\'>Main  Admin</a> created this meeting at 28/02/2024 05:38:20', '2024-02-27 18:38:20', '2024-02-27 18:38:20'),
(52, 21, 1, '<a href=\'https://dev-fastform.gtechsol.au/user-profile/1\' style=\'text-transform: capitalize;\' role=\'button\' class=\'primary text-decoration-none\'>Main  Admin</a> updated this meeting at 28/02/2024 05:39:03', '2024-02-27 18:39:03', '2024-02-27 18:39:03'),
(53, 21, 1, '<a href=\'https://dev-fastform.gtechsol.au/user-profile/1\' style=\'text-transform: capitalize;\' role=\'button\' class=\'primary text-decoration-none\'>Main  Admin</a> added a document in this meeting at 28/02/2024 05:39:38', '2024-02-27 18:39:38', '2024-02-27 18:39:38'),
(54, 22, 1, '<a href=\'https://dev-fastform.gtechsol.au/user-profile/1\' style=\'text-transform: capitalize;\' role=\'button\' class=\'primary text-decoration-none\'>Main  Admin</a> created this meeting at 28/02/2024 05:40:46', '2024-02-27 18:40:46', '2024-02-27 18:40:46'),
(55, 22, 1, '<a href=\'https://dev-fastform.gtechsol.au/user-profile/1\' style=\'text-transform: capitalize;\' role=\'button\' class=\'primary text-decoration-none\'>Main  Admin</a> added a document in this meeting at 28/02/2024 05:41:23', '2024-02-27 18:41:23', '2024-02-27 18:41:23'),
(56, 22, 1, '<a href=\'https://dev-fastform.gtechsol.au/user-profile/1\' style=\'text-transform: capitalize;\' role=\'button\' class=\'primary text-decoration-none\'>Main  Admin</a> deleted a document from this meeting at 28/02/2024 05:42:38', '2024-02-27 18:42:38', '2024-02-27 18:42:38'),
(57, 22, 1, '<a href=\'https://dev-fastform.gtechsol.au/user-profile/1\' style=\'text-transform: capitalize;\' role=\'button\' class=\'primary text-decoration-none\'>Main  Admin</a> added a document in this meeting at 28/02/2024 05:42:51', '2024-02-27 18:42:51', '2024-02-27 18:42:51'),
(58, 23, 1, '<a href=\'https://dev-fastform.gtechsol.au/user-profile/1\' style=\'text-transform: capitalize;\' role=\'button\' class=\'primary text-decoration-none\'>Main  Admin</a> created this meeting at 29/02/2024 07:44:25', '2024-02-28 20:44:25', '2024-02-28 20:44:25'),
(59, 24, 1, '<a href=\'https://dev-fastform.gtechsol.au/user-profile/1\' style=\'text-transform: capitalize;\' role=\'button\' class=\'primary text-decoration-none\'>Main  Admin</a> created this meeting at 01/03/2024 10:50:36', '2024-02-29 23:50:36', '2024-02-29 23:50:36'),
(60, 24, 1, '<a href=\'https://dev-fastform.gtechsol.au/user-profile/1\' style=\'text-transform: capitalize;\' role=\'button\' class=\'primary text-decoration-none\'>Main  Admin</a> added a document in this meeting at 01/03/2024 10:50:56', '2024-02-29 23:50:56', '2024-02-29 23:50:56'),
(61, 25, 1, '<a href=\'https://dev-fastform.gtechsol.au/user-profile/1\' style=\'text-transform: capitalize;\' role=\'button\' class=\'primary text-decoration-none\'>Main  Admin</a> created this meeting at 01/03/2024 10:51:34', '2024-02-29 23:51:34', '2024-02-29 23:51:34'),
(62, 26, 1, '<a href=\'https://dev-fastform.gtechsol.au/user-profile/1\' style=\'text-transform: capitalize;\' role=\'button\' class=\'primary text-decoration-none\'>Main  Admin</a> created this meeting at 01/03/2024 11:06:37', '2024-03-01 00:06:37', '2024-03-01 00:06:37'),
(63, 26, 1, '<a href=\'https://dev-fastform.gtechsol.au/user-profile/1\' style=\'text-transform: capitalize;\' role=\'button\' class=\'primary text-decoration-none\'>Main  Admin</a> added a document in this meeting at 01/03/2024 11:07:02', '2024-03-01 00:07:02', '2024-03-01 00:07:02'),
(64, 27, 1, '<a href=\'https://dev-fastform.gtechsol.au/user-profile/1\' style=\'text-transform: capitalize;\' role=\'button\' class=\'primary text-decoration-none\'>Main  Admin</a> created this meeting at 01/03/2024 11:08:00', '2024-03-01 00:08:00', '2024-03-01 00:08:00'),
(65, 28, 1, '<a href=\'https://dev-fastform.gtechsol.au/user-profile/1\' style=\'text-transform: capitalize;\' role=\'button\' class=\'primary text-decoration-none\'>Main  Admin</a> created this meeting at 04/03/2024 10:11:49', '2024-03-03 23:11:49', '2024-03-03 23:11:49'),
(66, 28, 1, '<a href=\'https://dev-fastform.gtechsol.au/user-profile/1\' style=\'text-transform: capitalize;\' role=\'button\' class=\'primary text-decoration-none\'>Main  Admin</a> added a document in this meeting at 04/03/2024 10:12:20', '2024-03-03 23:12:20', '2024-03-03 23:12:20'),
(67, 28, 1, '<a href=\'https://dev-fastform.gtechsol.au/user-profile/1\' style=\'text-transform: capitalize;\' role=\'button\' class=\'primary text-decoration-none\'>Main  Admin</a> updated this meeting at 04/03/2024 10:12:40', '2024-03-03 23:12:40', '2024-03-03 23:12:40'),
(68, 29, 1, '<a href=\'http://dev-fastform.gtechsol.au/user-profile/1\' style=\'text-transform: capitalize;\' role=\'button\' class=\'primary text-decoration-none\'>Main  Admin</a> created this meeting at 04/03/2024 15:05:25', '2024-03-04 04:05:25', '2024-03-04 04:05:25'),
(69, 29, 1, '<a href=\'http://dev-fastform.gtechsol.au/user-profile/1\' style=\'text-transform: capitalize;\' role=\'button\' class=\'primary text-decoration-none\'>Main  Admin</a> added a document in this meeting at 04/03/2024 15:06:58', '2024-03-04 04:06:58', '2024-03-04 04:06:58'),
(70, 30, 1, '<a href=\'https://dev-fastform.gtechsol.au/user-profile/1\' style=\'text-transform: capitalize;\' role=\'button\' class=\'primary text-decoration-none\'>Main  Admin</a> created this meeting at 12/03/2024 13:04:48', '2024-03-12 02:04:48', '2024-03-12 02:04:48'),
(71, 31, 1, '<a href=\'https://dev-fastform.gtechsol.au/user-profile/1\' style=\'text-transform: capitalize;\' role=\'button\' class=\'primary text-decoration-none\'>Main  Admin</a> created this meeting at 12/03/2024 13:51:09', '2024-03-12 02:51:09', '2024-03-12 02:51:09'),
(72, 32, 1, '<a href=\'https://dev-fastform.gtechsol.au/user-profile/1\' style=\'text-transform: capitalize;\' role=\'button\' class=\'primary text-decoration-none\'>Main  Admin</a> created this meeting at 12/03/2024 14:02:12', '2024-03-12 03:02:12', '2024-03-12 03:02:12'),
(73, 33, 1, '<a href=\'https://dev-fastform.gtechsol.au/user-profile/1\' style=\'text-transform: capitalize;\' role=\'button\' class=\'primary text-decoration-none\'>Main  Admin</a> created this meeting at 12/03/2024 14:13:51', '2024-03-12 03:13:51', '2024-03-12 03:13:51'),
(74, 34, 1, '<a href=\'https://dev-fastform.gtechsol.au/user-profile/1\' style=\'text-transform: capitalize;\' role=\'button\' class=\'primary text-decoration-none\'>Main  Admin</a> created this meeting at 12/03/2024 14:28:31', '2024-03-12 03:28:31', '2024-03-12 03:28:31'),
(75, 34, 1, '<a href=\'https://dev-fastform.gtechsol.au/user-profile/1\' style=\'text-transform: capitalize;\' role=\'button\' class=\'primary text-decoration-none\'>Main  Admin</a> updated this meeting at 12/03/2024 14:29:34', '2024-03-12 03:29:34', '2024-03-12 03:29:34'),
(76, 34, 1, '<a href=\'https://dev-fastform.gtechsol.au/user-profile/1\' style=\'text-transform: capitalize;\' role=\'button\' class=\'primary text-decoration-none\'>Main  Admin</a> updated this meeting at 12/03/2024 14:33:53', '2024-03-12 03:33:53', '2024-03-12 03:33:53'),
(77, 35, 1, '<a href=\'https://dev-fastform.gtechsol.au/user-profile/1\' style=\'text-transform: capitalize;\' role=\'button\' class=\'primary text-decoration-none\'>Main  Admin</a> created this meeting at 12/03/2024 14:34:51', '2024-03-12 03:34:51', '2024-03-12 03:34:51'),
(78, 36, 1, '<a href=\'https://dev-fastform.gtechsol.au/user-profile/1\' style=\'text-transform: capitalize;\' role=\'button\' class=\'primary text-decoration-none\'>Main  Admin</a> created this meeting at 12/03/2024 14:49:19', '2024-03-12 03:49:19', '2024-03-12 03:49:19'),
(79, 37, 1, '<a href=\'https://dev-fastform.gtechsol.au/user-profile/1\' style=\'text-transform: capitalize;\' role=\'button\' class=\'primary text-decoration-none\'>Main  Admin</a> created this meeting at 14/03/2024 09:33:25', '2024-03-13 22:33:25', '2024-03-13 22:33:25'),
(80, 37, 1, '<a href=\'https://dev-fastform.gtechsol.au/user-profile/1\' style=\'text-transform: capitalize;\' role=\'button\' class=\'primary text-decoration-none\'>Main  Admin</a> updated this meeting at 14/03/2024 09:33:55', '2024-03-13 22:33:55', '2024-03-13 22:33:55'),
(81, 38, 1, '<a href=\'https://dev-fastform.gtechsol.au/user-profile/1\' style=\'text-transform: capitalize;\' role=\'button\' class=\'primary text-decoration-none\'>Main  Admin</a> created this meeting at 14/03/2024 09:35:16', '2024-03-13 22:35:16', '2024-03-13 22:35:16'),
(82, 38, 1, '<a href=\'https://dev-fastform.gtechsol.au/user-profile/1\' style=\'text-transform: capitalize;\' role=\'button\' class=\'primary text-decoration-none\'>Main  Admin</a> updated this meeting at 14/03/2024 09:36:54', '2024-03-13 22:36:54', '2024-03-13 22:36:54'),
(83, 39, 1, '<a href=\'https://dev-fastform.gtechsol.au/user-profile/1\' style=\'text-transform: capitalize;\' role=\'button\' class=\'primary text-decoration-none\'>Main  Admin</a> created this meeting at 14/03/2024 09:42:14', '2024-03-13 22:42:14', '2024-03-13 22:42:14'),
(84, 40, 1, '<a href=\'https://dev-fastform.gtechsol.au/user-profile/1\' style=\'text-transform: capitalize;\' role=\'button\' class=\'primary text-decoration-none\'>Main  Admin</a> created this meeting at 14/03/2024 10:17:34', '2024-03-13 23:17:34', '2024-03-13 23:17:34'),
(85, 41, 1, '<a href=\'https://dev-fastform.gtechsol.au/user-profile/1\' style=\'text-transform: capitalize;\' role=\'button\' class=\'primary text-decoration-none\'>Main  Admin</a> created this meeting at 14/03/2024 10:32:57', '2024-03-13 23:32:57', '2024-03-13 23:32:57'),
(86, 42, 1, '<a href=\'https://dev-fastform.gtechsol.au/user-profile/1\' style=\'text-transform: capitalize;\' role=\'button\' class=\'primary text-decoration-none\'>Main  Admin</a> created this meeting at 14/03/2024 12:42:40', '2024-03-14 01:42:40', '2024-03-14 01:42:40'),
(87, 43, 1, '<a href=\'https://dev-fastform.gtechsol.au/user-profile/1\' style=\'text-transform: capitalize;\' role=\'button\' class=\'primary text-decoration-none\'>Main  Admin</a> created this meeting at 14/03/2024 14:24:38', '2024-03-14 03:24:38', '2024-03-14 03:24:38'),
(88, 44, 1, '<a href=\'https://dev-fastform.gtechsol.au/user-profile/1\' style=\'text-transform: capitalize;\' role=\'button\' class=\'primary text-decoration-none\'>Main  Admin</a> created this meeting at 14/03/2024 14:27:57', '2024-03-14 03:27:57', '2024-03-14 03:27:57'),
(89, 45, 1, '<a href=\'https://dev-fastform.gtechsol.au/user-profile/1\' style=\'text-transform: capitalize;\' role=\'button\' class=\'primary text-decoration-none\'>Main  Admin</a> created this meeting at 14/03/2024 14:31:04', '2024-03-14 03:31:04', '2024-03-14 03:31:04'),
(90, 46, 1, '<a href=\'https://dev-fastform.gtechsol.au/user-profile/1\' style=\'text-transform: capitalize;\' role=\'button\' class=\'primary text-decoration-none\'>Main  Admin</a> created this meeting at 14/03/2024 14:32:52', '2024-03-14 03:32:52', '2024-03-14 03:32:52'),
(91, 47, 1, '<a href=\'https://dev-fastform.gtechsol.au/user-profile/1\' style=\'text-transform: capitalize;\' role=\'button\' class=\'primary text-decoration-none\'>Main  Admin</a> created this meeting at 14/03/2024 14:40:24', '2024-03-14 03:40:24', '2024-03-14 03:40:24'),
(92, 48, 1, '<a href=\'https://dev-fastform.gtechsol.au/user-profile/1\' style=\'text-transform: capitalize;\' role=\'button\' class=\'primary text-decoration-none\'>Main  Admin</a> created this meeting at 14/03/2024 14:41:03', '2024-03-14 03:41:03', '2024-03-14 03:41:03'),
(93, 49, 1, '<a href=\'https://dev-fastform.gtechsol.au/user-profile/1\' style=\'text-transform: capitalize;\' role=\'button\' class=\'primary text-decoration-none\'>Main  Admin</a> created this meeting at 14/03/2024 15:11:32', '2024-03-14 04:11:32', '2024-03-14 04:11:32'),
(94, 50, 1, '<a href=\'https://dev-fastform.gtechsol.au/user-profile/1\' style=\'text-transform: capitalize;\' role=\'button\' class=\'primary text-decoration-none\'>Main  Admin</a> created this meeting at 14/03/2024 15:24:07', '2024-03-14 04:24:07', '2024-03-14 04:24:07'),
(95, 51, 1, '<a href=\'https://dev-fastform.gtechsol.au/user-profile/1\' style=\'text-transform: capitalize;\' role=\'button\' class=\'primary text-decoration-none\'>Main  Admin</a> created this meeting at 14/03/2024 15:31:42', '2024-03-14 04:31:42', '2024-03-14 04:31:42'),
(96, 52, 1, '<a href=\'https://dev-fastform.gtechsol.au/user-profile/1\' style=\'text-transform: capitalize;\' role=\'button\' class=\'primary text-decoration-none\'>Main  Admin</a> created this meeting at 15/03/2024 07:36:44', '2024-03-14 20:36:44', '2024-03-14 20:36:44'),
(97, 53, 1, '<a href=\'https://dev-fastform.gtechsol.au/user-profile/1\' style=\'text-transform: capitalize;\' role=\'button\' class=\'primary text-decoration-none\'>Main  Admin</a> created this meeting at 15/03/2024 07:55:08', '2024-03-14 20:55:08', '2024-03-14 20:55:08'),
(98, 54, 1, '<a href=\'https://dev-fastform.gtechsol.au/user-profile/1\' style=\'text-transform: capitalize;\' role=\'button\' class=\'primary text-decoration-none\'>Main  Admin</a> created this meeting at 15/03/2024 08:13:25', '2024-03-14 21:13:25', '2024-03-14 21:13:25'),
(99, 55, 1, '<a href=\'https://dev-fastform.gtechsol.au/user-profile/1\' style=\'text-transform: capitalize;\' role=\'button\' class=\'primary text-decoration-none\'>Main  Admin</a> created this meeting at 15/03/2024 08:16:37', '2024-03-14 21:16:37', '2024-03-14 21:16:37'),
(100, 56, 1, '<a href=\'https://dev-fastform.gtechsol.au/user-profile/1\' style=\'text-transform: capitalize;\' role=\'button\' class=\'primary text-decoration-none\'>Main  Admin</a> created this meeting at 15/03/2024 08:18:39', '2024-03-14 21:18:39', '2024-03-14 21:18:39'),
(101, 57, 1, '<a href=\'https://dev-fastform.gtechsol.au/user-profile/1\' style=\'text-transform: capitalize;\' role=\'button\' class=\'primary text-decoration-none\'>Main  Admin</a> created this meeting at 15/03/2024 08:20:28', '2024-03-14 21:20:28', '2024-03-14 21:20:28'),
(102, 58, 1, '<a href=\'https://dev-fastform.gtechsol.au/user-profile/1\' style=\'text-transform: capitalize;\' role=\'button\' class=\'primary text-decoration-none\'>Main  Admin</a> created this meeting at 15/03/2024 08:27:55', '2024-03-14 21:27:55', '2024-03-14 21:27:55'),
(103, 59, 1, '<a href=\'https://dev-fastform.gtechsol.au/user-profile/1\' style=\'text-transform: capitalize;\' role=\'button\' class=\'primary text-decoration-none\'>Main  Admin</a> created this meeting at 15/03/2024 08:33:19', '2024-03-14 21:33:19', '2024-03-14 21:33:19'),
(104, 60, 1, '<a href=\'https://dev-fastform.gtechsol.au/user-profile/1\' style=\'text-transform: capitalize;\' role=\'button\' class=\'primary text-decoration-none\'>Main  Admin</a> created this meeting at 15/03/2024 08:40:00', '2024-03-14 21:40:00', '2024-03-14 21:40:00'),
(105, 61, 1, '<a href=\'https://dev-fastform.gtechsol.au/user-profile/1\' style=\'text-transform: capitalize;\' role=\'button\' class=\'primary text-decoration-none\'>Main  Admin</a> created this meeting at 15/03/2024 08:57:15', '2024-03-14 21:57:15', '2024-03-14 21:57:15'),
(106, 62, 1, '<a href=\'https://dev-fastform.gtechsol.au/user-profile/1\' style=\'text-transform: capitalize;\' role=\'button\' class=\'primary text-decoration-none\'>Main  Admin</a> created this meeting at 15/03/2024 09:10:15', '2024-03-14 22:10:15', '2024-03-14 22:10:15'),
(107, 63, 1, '<a href=\'https://dev-fastform.gtechsol.au/user-profile/1\' style=\'text-transform: capitalize;\' role=\'button\' class=\'primary text-decoration-none\'>Main  Admin</a> created this meeting at 15/03/2024 09:35:31', '2024-03-14 22:35:31', '2024-03-14 22:35:31'),
(108, 64, 1, '<a href=\'https://dev-fastform.gtechsol.au/user-profile/1\' style=\'text-transform: capitalize;\' role=\'button\' class=\'primary text-decoration-none\'>Main  Admin</a> created this meeting at 15/03/2024 09:46:32', '2024-03-14 22:46:32', '2024-03-14 22:46:32'),
(109, 65, 1, '<a href=\'https://dev-fastform.gtechsol.au/user-profile/1\' style=\'text-transform: capitalize;\' role=\'button\' class=\'primary text-decoration-none\'>Main  Admin</a> created this meeting at 15/03/2024 09:59:30', '2024-03-14 22:59:30', '2024-03-14 22:59:30'),
(110, 66, 1, '<a href=\'https://dev-fastform.gtechsol.au/user-profile/1\' style=\'text-transform: capitalize;\' role=\'button\' class=\'primary text-decoration-none\'>Main  Admin</a> created this meeting at 15/03/2024 12:19:35', '2024-03-15 01:19:35', '2024-03-15 01:19:35'),
(111, 67, 1, '<a href=\'https://dev-fastform.gtechsol.au/user-profile/1\' style=\'text-transform: capitalize;\' role=\'button\' class=\'primary text-decoration-none\'>Main  Admin</a> created this meeting at 15/03/2024 12:20:04', '2024-03-15 01:20:04', '2024-03-15 01:20:04'),
(112, 68, 1, '<a href=\'https://dev-fastform.gtechsol.au/user-profile/1\' style=\'text-transform: capitalize;\' role=\'button\' class=\'primary text-decoration-none\'>Main  Admin</a> created this meeting at 15/03/2024 12:25:14', '2024-03-15 01:25:14', '2024-03-15 01:25:14'),
(113, 69, 1, '<a href=\'https://dev-fastform.gtechsol.au/user-profile/1\' style=\'text-transform: capitalize;\' role=\'button\' class=\'primary text-decoration-none\'>Main  Admin</a> created this meeting at 15/03/2024 12:25:43', '2024-03-15 01:25:43', '2024-03-15 01:25:43'),
(114, 70, 1, '<a href=\'https://dev-fastform.gtechsol.au/user-profile/1\' style=\'text-transform: capitalize;\' role=\'button\' class=\'primary text-decoration-none\'>Main  Admin</a> created this meeting at 15/03/2024 12:33:01', '2024-03-15 01:33:01', '2024-03-15 01:33:01'),
(115, 71, 1, '<a href=\'https://dev-fastform.gtechsol.au/user-profile/1\' style=\'text-transform: capitalize;\' role=\'button\' class=\'primary text-decoration-none\'>Main  Admin</a> created this meeting at 15/03/2024 12:35:37', '2024-03-15 01:35:37', '2024-03-15 01:35:37'),
(116, 72, 1, '<a href=\'https://dev-fastform.gtechsol.au/user-profile/1\' style=\'text-transform: capitalize;\' role=\'button\' class=\'primary text-decoration-none\'>Main  Admin</a> created this meeting at 15/03/2024 12:38:26', '2024-03-15 01:38:26', '2024-03-15 01:38:26'),
(117, 73, 1, '<a href=\'https://dev-fastform.gtechsol.au/user-profile/1\' style=\'text-transform: capitalize;\' role=\'button\' class=\'primary text-decoration-none\'>Main  Admin</a> created this meeting at 15/03/2024 12:38:57', '2024-03-15 01:38:57', '2024-03-15 01:38:57'),
(118, 74, 1, '<a href=\'https://dev-fastform.gtechsol.au/user-profile/1\' style=\'text-transform: capitalize;\' role=\'button\' class=\'primary text-decoration-none\'>Main  Admin</a> created this meeting at 15/03/2024 12:40:44', '2024-03-15 01:40:44', '2024-03-15 01:40:44'),
(119, 75, 1, '<a href=\'https://dev-fastform.gtechsol.au/user-profile/1\' style=\'text-transform: capitalize;\' role=\'button\' class=\'primary text-decoration-none\'>Main  Admin</a> created this meeting at 15/03/2024 12:41:22', '2024-03-15 01:41:22', '2024-03-15 01:41:22'),
(120, 76, 1, '<a href=\'https://dev-fastform.gtechsol.au/user-profile/1\' style=\'text-transform: capitalize;\' role=\'button\' class=\'primary text-decoration-none\'>Main  Admin</a> created this meeting at 15/03/2024 12:41:56', '2024-03-15 01:41:56', '2024-03-15 01:41:56'),
(121, 77, 1, '<a href=\'https://dev-fastform.gtechsol.au/user-profile/1\' style=\'text-transform: capitalize;\' role=\'button\' class=\'primary text-decoration-none\'>Main  Admin</a> created this meeting at 15/03/2024 12:47:40', '2024-03-15 01:47:40', '2024-03-15 01:47:40'),
(122, 78, 1, '<a href=\'https://dev-fastform.gtechsol.au/user-profile/1\' style=\'text-transform: capitalize;\' role=\'button\' class=\'primary text-decoration-none\'>Main  Admin</a> created this meeting at 15/03/2024 12:48:10', '2024-03-15 01:48:10', '2024-03-15 01:48:10'),
(123, 79, 1, '<a href=\'https://dev-fastform.gtechsol.au/user-profile/1\' style=\'text-transform: capitalize;\' role=\'button\' class=\'primary text-decoration-none\'>Main  Admin</a> created this meeting at 15/03/2024 12:48:35', '2024-03-15 01:48:35', '2024-03-15 01:48:35'),
(124, 80, 1, '<a href=\'https://dev-fastform.gtechsol.au/user-profile/1\' style=\'text-transform: capitalize;\' role=\'button\' class=\'primary text-decoration-none\'>Main  Admin</a> created this meeting at 15/03/2024 12:48:58', '2024-03-15 01:48:58', '2024-03-15 01:48:58'),
(125, 81, 1, '<a href=\'https://dev-fastform.gtechsol.au/user-profile/1\' style=\'text-transform: capitalize;\' role=\'button\' class=\'primary text-decoration-none\'>Main  Admin</a> created this meeting at 15/03/2024 12:52:51', '2024-03-15 01:52:51', '2024-03-15 01:52:51'),
(126, 82, 1, '<a href=\'https://dev-fastform.gtechsol.au/user-profile/1\' style=\'text-transform: capitalize;\' role=\'button\' class=\'primary text-decoration-none\'>Main  Admin</a> created this meeting at 15/03/2024 14:01:37', '2024-03-15 03:01:37', '2024-03-15 03:01:37'),
(127, 83, 1, '<a href=\'https://dev-fastform.gtechsol.au/user-profile/1\' style=\'text-transform: capitalize;\' role=\'button\' class=\'primary text-decoration-none\'>Main  Admin</a> created this meeting at 15/03/2024 14:02:05', '2024-03-15 03:02:05', '2024-03-15 03:02:05'),
(128, 84, 1, '<a href=\'https://dev-fastform.gtechsol.au/user-profile/1\' style=\'text-transform: capitalize;\' role=\'button\' class=\'primary text-decoration-none\'>Main  Admin</a> created this meeting at 15/03/2024 14:02:35', '2024-03-15 03:02:35', '2024-03-15 03:02:35'),
(129, 85, 1, '<a href=\'https://dev-fastform.gtechsol.au/user-profile/1\' style=\'text-transform: capitalize;\' role=\'button\' class=\'primary text-decoration-none\'>Main  Admin</a> created this meeting at 15/03/2024 14:03:00', '2024-03-15 03:03:00', '2024-03-15 03:03:00'),
(130, 86, 1, '<a href=\'https://dev-fastform.gtechsol.au/user-profile/1\' style=\'text-transform: capitalize;\' role=\'button\' class=\'primary text-decoration-none\'>Main  Admin</a> created this meeting at 15/03/2024 14:09:05', '2024-03-15 03:09:05', '2024-03-15 03:09:05'),
(131, 87, 1, '<a href=\'https://dev-fastform.gtechsol.au/user-profile/1\' style=\'text-transform: capitalize;\' role=\'button\' class=\'primary text-decoration-none\'>Main  Admin</a> created this meeting at 15/03/2024 14:09:31', '2024-03-15 03:09:31', '2024-03-15 03:09:31'),
(132, 88, 1, '<a href=\'https://dev-fastform.gtechsol.au/user-profile/1\' style=\'text-transform: capitalize;\' role=\'button\' class=\'primary text-decoration-none\'>Main  Admin</a> created this meeting at 15/03/2024 14:10:00', '2024-03-15 03:10:00', '2024-03-15 03:10:00'),
(133, 89, 1, '<a href=\'https://dev-fastform.gtechsol.au/user-profile/1\' style=\'text-transform: capitalize;\' role=\'button\' class=\'primary text-decoration-none\'>Main  Admin</a> created this meeting at 15/03/2024 14:10:24', '2024-03-15 03:10:24', '2024-03-15 03:10:24'),
(134, 90, 1, '<a href=\'https://dev-fastform.gtechsol.au/user-profile/1\' style=\'text-transform: capitalize;\' role=\'button\' class=\'primary text-decoration-none\'>Main  Admin</a> created this meeting at 15/03/2024 14:16:38', '2024-03-15 03:16:38', '2024-03-15 03:16:38'),
(135, 91, 1, '<a href=\'https://dev-fastform.gtechsol.au/user-profile/1\' style=\'text-transform: capitalize;\' role=\'button\' class=\'primary text-decoration-none\'>Main  Admin</a> created this meeting at 15/03/2024 14:17:02', '2024-03-15 03:17:02', '2024-03-15 03:17:02'),
(136, 92, 1, '<a href=\'https://dev-fastform.gtechsol.au/user-profile/1\' style=\'text-transform: capitalize;\' role=\'button\' class=\'primary text-decoration-none\'>Main  Admin</a> created this meeting at 15/03/2024 14:17:23', '2024-03-15 03:17:23', '2024-03-15 03:17:23'),
(137, 93, 1, '<a href=\'https://dev-fastform.gtechsol.au/user-profile/1\' style=\'text-transform: capitalize;\' role=\'button\' class=\'primary text-decoration-none\'>Main  Admin</a> created this meeting at 15/03/2024 14:17:46', '2024-03-15 03:17:46', '2024-03-15 03:17:46'),
(138, 94, 1, '<a href=\'https://dev-fastform.gtechsol.au/user-profile/1\' style=\'text-transform: capitalize;\' role=\'button\' class=\'primary text-decoration-none\'>Main  Admin</a> created this meeting at 15/03/2024 14:25:49', '2024-03-15 03:25:49', '2024-03-15 03:25:49'),
(139, 95, 1, '<a href=\'https://dev-fastform.gtechsol.au/user-profile/1\' style=\'text-transform: capitalize;\' role=\'button\' class=\'primary text-decoration-none\'>Main  Admin</a> created this meeting at 15/03/2024 14:26:10', '2024-03-15 03:26:10', '2024-03-15 03:26:10'),
(140, 96, 1, '<a href=\'https://dev-fastform.gtechsol.au/user-profile/1\' style=\'text-transform: capitalize;\' role=\'button\' class=\'primary text-decoration-none\'>Main  Admin</a> created this meeting at 15/03/2024 14:26:34', '2024-03-15 03:26:34', '2024-03-15 03:26:34'),
(141, 97, 1, '<a href=\'https://dev-fastform.gtechsol.au/user-profile/1\' style=\'text-transform: capitalize;\' role=\'button\' class=\'primary text-decoration-none\'>Main  Admin</a> created this meeting at 15/03/2024 14:27:02', '2024-03-15 03:27:02', '2024-03-15 03:27:02'),
(142, 98, 1, '<a href=\'https://dev-fastform.gtechsol.au/user-profile/1\' style=\'text-transform: capitalize;\' role=\'button\' class=\'primary text-decoration-none\'>Main  Admin</a> created this meeting at 15/03/2024 14:42:00', '2024-03-15 03:42:00', '2024-03-15 03:42:00'),
(143, 99, 1, '<a href=\'https://dev-fastform.gtechsol.au/user-profile/1\' style=\'text-transform: capitalize;\' role=\'button\' class=\'primary text-decoration-none\'>Main  Admin</a> created this meeting at 15/03/2024 14:42:22', '2024-03-15 03:42:22', '2024-03-15 03:42:22'),
(144, 100, 1, '<a href=\'https://dev-fastform.gtechsol.au/user-profile/1\' style=\'text-transform: capitalize;\' role=\'button\' class=\'primary text-decoration-none\'>Main  Admin</a> created this meeting at 15/03/2024 14:42:45', '2024-03-15 03:42:45', '2024-03-15 03:42:45'),
(145, 101, 1, '<a href=\'https://dev-fastform.gtechsol.au/user-profile/1\' style=\'text-transform: capitalize;\' role=\'button\' class=\'primary text-decoration-none\'>Main  Admin</a> created this meeting at 15/03/2024 14:43:12', '2024-03-15 03:43:12', '2024-03-15 03:43:12'),
(146, 102, 1, '<a href=\'https://dev-fastform.gtechsol.au/user-profile/1\' style=\'text-transform: capitalize;\' role=\'button\' class=\'primary text-decoration-none\'>Main  Admin</a> created this meeting at 15/03/2024 15:11:56', '2024-03-15 04:11:56', '2024-03-15 04:11:56'),
(147, 103, 1, '<a href=\'https://dev-fastform.gtechsol.au/user-profile/1\' style=\'text-transform: capitalize;\' role=\'button\' class=\'primary text-decoration-none\'>Main  Admin</a> created this meeting at 15/03/2024 15:12:20', '2024-03-15 04:12:20', '2024-03-15 04:12:20'),
(148, 104, 1, '<a href=\'https://dev-fastform.gtechsol.au/user-profile/1\' style=\'text-transform: capitalize;\' role=\'button\' class=\'primary text-decoration-none\'>Main  Admin</a> created this meeting at 15/03/2024 15:12:39', '2024-03-15 04:12:39', '2024-03-15 04:12:39'),
(149, 105, 1, '<a href=\'https://dev-fastform.gtechsol.au/user-profile/1\' style=\'text-transform: capitalize;\' role=\'button\' class=\'primary text-decoration-none\'>Main  Admin</a> created this meeting at 15/03/2024 15:13:01', '2024-03-15 04:13:01', '2024-03-15 04:13:01'),
(150, 106, 1, '<a href=\'https://dev-fastform.gtechsol.au/user-profile/1\' style=\'text-transform: capitalize;\' role=\'button\' class=\'primary text-decoration-none\'>Main  Admin</a> created this meeting at 15/03/2024 15:13:34', '2024-03-15 04:13:34', '2024-03-15 04:13:34'),
(151, 107, 1, '<a href=\'https://dev-fastform.gtechsol.au/user-profile/1\' style=\'text-transform: capitalize;\' role=\'button\' class=\'primary text-decoration-none\'>Main  Admin</a> created this meeting at 15/03/2024 15:22:46', '2024-03-15 04:22:46', '2024-03-15 04:22:46'),
(152, 108, 1, '<a href=\'https://dev-fastform.gtechsol.au/user-profile/1\' style=\'text-transform: capitalize;\' role=\'button\' class=\'primary text-decoration-none\'>Main  Admin</a> created this meeting at 15/03/2024 15:25:19', '2024-03-15 04:25:19', '2024-03-15 04:25:19'),
(153, 109, 1, '<a href=\'https://dev-fastform.gtechsol.au/user-profile/1\' style=\'text-transform: capitalize;\' role=\'button\' class=\'primary text-decoration-none\'>Main  Admin</a> created this meeting at 15/03/2024 15:25:42', '2024-03-15 04:25:42', '2024-03-15 04:25:42'),
(154, 110, 1, '<a href=\'https://dev-fastform.gtechsol.au/user-profile/1\' style=\'text-transform: capitalize;\' role=\'button\' class=\'primary text-decoration-none\'>Main  Admin</a> created this meeting at 15/03/2024 15:26:05', '2024-03-15 04:26:05', '2024-03-15 04:26:05'),
(155, 111, 1, '<a href=\'https://dev-fastform.gtechsol.au/user-profile/1\' style=\'text-transform: capitalize;\' role=\'button\' class=\'primary text-decoration-none\'>Main  Admin</a> created this meeting at 15/03/2024 15:33:20', '2024-03-15 04:33:20', '2024-03-15 04:33:20'),
(156, 112, 1, '<a href=\'https://dev-fastform.gtechsol.au/user-profile/1\' style=\'text-transform: capitalize;\' role=\'button\' class=\'primary text-decoration-none\'>Main  Admin</a> created this meeting at 15/03/2024 15:33:43', '2024-03-15 04:33:43', '2024-03-15 04:33:43'),
(157, 113, 1, '<a href=\'https://dev-fastform.gtechsol.au/user-profile/1\' style=\'text-transform: capitalize;\' role=\'button\' class=\'primary text-decoration-none\'>Main  Admin</a> created this meeting at 15/03/2024 15:34:14', '2024-03-15 04:34:14', '2024-03-15 04:34:14'),
(158, 114, 1, '<a href=\'https://dev-fastform.gtechsol.au/user-profile/1\' style=\'text-transform: capitalize;\' role=\'button\' class=\'primary text-decoration-none\'>Main  Admin</a> created this meeting at 15/03/2024 15:34:38', '2024-03-15 04:34:38', '2024-03-15 04:34:38'),
(159, 115, 1, '<a href=\'https://dev-fastform.gtechsol.au/user-profile/1\' style=\'text-transform: capitalize;\' role=\'button\' class=\'primary text-decoration-none\'>Main  Admin</a> created this meeting at 18/03/2024 07:28:02', '2024-03-17 20:28:02', '2024-03-17 20:28:02'),
(160, 116, 1, '<a href=\'https://dev-fastform.gtechsol.au/user-profile/1\' style=\'text-transform: capitalize;\' role=\'button\' class=\'primary text-decoration-none\'>Main  Admin</a> created this meeting at 18/03/2024 07:28:25', '2024-03-17 20:28:25', '2024-03-17 20:28:25'),
(161, 117, 1, '<a href=\'https://dev-fastform.gtechsol.au/user-profile/1\' style=\'text-transform: capitalize;\' role=\'button\' class=\'primary text-decoration-none\'>Main  Admin</a> created this meeting at 18/03/2024 07:29:51', '2024-03-17 20:29:51', '2024-03-17 20:29:51'),
(162, 118, 1, '<a href=\'https://dev-fastform.gtechsol.au/user-profile/1\' style=\'text-transform: capitalize;\' role=\'button\' class=\'primary text-decoration-none\'>Main  Admin</a> created this meeting at 18/03/2024 07:30:14', '2024-03-17 20:30:14', '2024-03-17 20:30:14'),
(163, 119, 1, '<a href=\'https://dev-fastform.gtechsol.au/user-profile/1\' style=\'text-transform: capitalize;\' role=\'button\' class=\'primary text-decoration-none\'>Main  Admin</a> created this meeting at 18/03/2024 08:37:57', '2024-03-17 21:37:57', '2024-03-17 21:37:57'),
(164, 120, 1, '<a href=\'https://dev-fastform.gtechsol.au/user-profile/1\' style=\'text-transform: capitalize;\' role=\'button\' class=\'primary text-decoration-none\'>Main  Admin</a> created this meeting at 18/03/2024 08:38:35', '2024-03-17 21:38:35', '2024-03-17 21:38:35'),
(165, 121, 1, '<a href=\'https://dev-fastform.gtechsol.au/user-profile/1\' style=\'text-transform: capitalize;\' role=\'button\' class=\'primary text-decoration-none\'>Main  Admin</a> created this meeting at 18/03/2024 08:39:11', '2024-03-17 21:39:11', '2024-03-17 21:39:11'),
(166, 122, 1, '<a href=\'https://dev-fastform.gtechsol.au/user-profile/1\' style=\'text-transform: capitalize;\' role=\'button\' class=\'primary text-decoration-none\'>Main  Admin</a> created this meeting at 18/03/2024 08:39:36', '2024-03-17 21:39:36', '2024-03-17 21:39:36'),
(167, 123, 1, '<a href=\'https://dev-fastform.gtechsol.au/user-profile/1\' style=\'text-transform: capitalize;\' role=\'button\' class=\'primary text-decoration-none\'>Main  Admin</a> created this meeting at 18/03/2024 08:40:09', '2024-03-17 21:40:09', '2024-03-17 21:40:09'),
(168, 123, 1, '<a href=\'https://dev-fastform.gtechsol.au/user-profile/1\' style=\'text-transform: capitalize;\' role=\'button\' class=\'primary text-decoration-none\'>Main  Admin</a> added a document in this meeting at 18/03/2024 08:41:01', '2024-03-17 21:41:01', '2024-03-17 21:41:01'),
(169, 124, 1, '<a href=\'https://dev-fastform.gtechsol.au/user-profile/1\' style=\'text-transform: capitalize;\' role=\'button\' class=\'primary text-decoration-none\'>Main  Admin</a> created this meeting at 18/03/2024 08:41:42', '2024-03-17 21:41:42', '2024-03-17 21:41:42'),
(170, 124, 1, '<a href=\'https://dev-fastform.gtechsol.au/user-profile/1\' style=\'text-transform: capitalize;\' role=\'button\' class=\'primary text-decoration-none\'>Main  Admin</a> added a document in this meeting at 18/03/2024 08:41:57', '2024-03-17 21:41:57', '2024-03-17 21:41:57');

-- --------------------------------------------------------

--
-- Table structure for table `meeting_organisers`
--

CREATE TABLE `meeting_organisers` (
  `id` bigint(20) UNSIGNED NOT NULL,
  `meeting_id` int(11) NOT NULL,
  `site_id` int(11) NOT NULL,
  `organiser_id` int(11) NOT NULL,
  `created_at` timestamp NULL DEFAULT NULL,
  `updated_at` timestamp NULL DEFAULT NULL
) ENGINE=InnoDB DEFAULT CHARSET=utf8mb4 COLLATE=utf8mb4_unicode_ci;

--
-- Dumping data for table `meeting_organisers`
--

INSERT INTO `meeting_organisers` (`id`, `meeting_id`, `site_id`, `organiser_id`, `created_at`, `updated_at`) VALUES
(1, 1, 1, 2, '2024-02-21 03:57:49', '2024-02-21 03:57:49'),
(2, 2, 1, 2, '2024-02-21 04:31:47', '2024-02-21 04:31:47'),
(3, 3, 1, 2, '2024-02-21 04:32:33', '2024-02-21 04:32:33'),
(4, 4, 1, 2, '2024-02-21 04:33:08', '2024-02-21 04:33:08'),
(5, 5, 1, 2, '2024-02-21 04:34:59', '2024-02-21 04:34:59'),
(7, 7, 1, 3, '2024-02-21 04:52:46', '2024-02-21 04:52:46'),
(12, 12, 2, 5, '2024-02-22 05:13:13', '2024-02-22 05:13:13'),
(15, 13, 1, 2, '2024-02-22 05:25:00', '2024-02-22 05:25:00'),
(16, 14, 1, 2, '2024-02-22 05:25:00', '2024-02-22 05:25:00'),
(17, 15, 1, 1, '2024-02-22 06:25:41', '2024-02-22 06:25:41'),
(19, 16, 2, 3, '2024-02-22 22:50:01', '2024-02-22 22:50:01'),
(20, 6, 2, 3, '2024-02-22 22:52:56', '2024-02-22 22:52:56'),
(22, 17, 1, 3, '2024-02-22 23:08:49', '2024-02-22 23:08:49'),
(23, 18, 5, 2, '2024-02-23 00:03:58', '2024-02-23 00:03:58'),
(28, 22, 8, 4, '2024-02-27 18:40:46', '2024-02-27 18:40:46'),
(29, 23, 3, 8, '2024-02-28 20:44:25', '2024-02-28 20:44:25'),
(32, 26, 1, 2, '2024-03-01 00:06:37', '2024-03-01 00:06:37'),
(33, 27, 1, 2, '2024-03-01 00:08:00', '2024-03-01 00:08:00'),
(36, 29, 1, 32, '2024-03-04 04:05:25', '2024-03-04 04:05:25'),
(45, 36, 1, 2, '2024-03-12 03:49:19', '2024-03-12 03:49:19'),
(62, 51, 1, 2, '2024-03-14 04:31:42', '2024-03-14 04:31:42');

-- --------------------------------------------------------

--
-- Table structure for table `meeting_users`
--

CREATE TABLE `meeting_users` (
  `id` bigint(20) UNSIGNED NOT NULL,
  `meeting_id` int(11) NOT NULL,
  `site_id` int(11) NOT NULL,
  `employee_id` int(11) NOT NULL,
  `created_at` timestamp NULL DEFAULT NULL,
  `updated_at` timestamp NULL DEFAULT NULL
) ENGINE=InnoDB DEFAULT CHARSET=utf8mb4 COLLATE=utf8mb4_unicode_ci;

--
-- Dumping data for table `meeting_users`
--

INSERT INTO `meeting_users` (`id`, `meeting_id`, `site_id`, `employee_id`, `created_at`, `updated_at`) VALUES
(1, 7, 1, 2, '2024-02-21 04:52:46', '2024-02-21 04:52:46'),
(2, 7, 1, 3, '2024-02-21 04:52:46', '2024-02-21 04:52:46'),
(7, 12, 2, 2, '2024-02-22 05:13:13', '2024-02-22 05:13:13'),
(12, 16, 2, 3, '2024-02-22 22:50:01', '2024-02-22 22:50:01'),
(13, 16, 2, 6, '2024-02-22 22:50:01', '2024-02-22 22:50:01'),
(14, 6, 2, 5, '2024-02-22 22:52:56', '2024-02-22 22:52:56'),
(17, 17, 1, 3, '2024-02-22 23:08:49', '2024-02-22 23:08:49'),
(18, 17, 1, 5, '2024-02-22 23:08:49', '2024-02-22 23:08:49'),
(19, 23, 3, 9, '2024-02-28 20:44:25', '2024-02-28 20:44:25'),
(20, 23, 3, 11, '2024-02-28 20:44:25', '2024-02-28 20:44:25'),
(23, 26, 1, 32, '2024-03-01 00:06:37', '2024-03-01 00:06:37'),
(24, 27, 1, 32, '2024-03-01 00:08:00', '2024-03-01 00:08:00');

-- --------------------------------------------------------

--
-- Table structure for table `migrations`
--

CREATE TABLE `migrations` (
  `id` int(10) UNSIGNED NOT NULL,
  `migration` varchar(255) COLLATE utf8mb4_unicode_ci NOT NULL,
  `batch` int(11) NOT NULL
) ENGINE=InnoDB DEFAULT CHARSET=utf8mb4 COLLATE=utf8mb4_unicode_ci;

--
-- Dumping data for table `migrations`
--

INSERT INTO `migrations` (`id`, `migration`, `batch`) VALUES
(2, '2014_10_12_000002_create_role_permissions_table', 1),
(34, '2023_12_14_035846_create_notifications_table', 1),
(116, '2014_10_12_000001_create_roles_table', 2),
(117, '2014_10_12_000002_create_tier_permissions_table', 2),
(118, '2014_10_12_000003_create_settings_table', 2),
(119, '2014_10_12_000004_create_password_resets_table', 2),
(120, '2019_08_19_000005_create_failed_jobs_table', 2),
(121, '2019_12_14_000001_create_personal_access_tokens_table', 2),
(122, '2019_12_14_000007_create_role_history_table', 2),
(123, '2019_12_14_000008_create_roles_history_table', 2),
(124, '2019_12_14_000009_create_permissions_modules_table', 2),
(125, '2019_12_14_000010_create_permissions_sub_modules_table', 2),
(126, '2019_12_14_000012_create_emp_permits_table', 2),
(127, '2019_12_14_000013_create_emp_types_table', 2),
(128, '2019_12_14_000014_create_emp_company_details_table', 2),
(129, '2019_12_14_000015_create_user_meta_table', 2),
(130, '2019_12_14_000016_create_emp_personal_details_table', 2),
(131, '2019_12_14_000018_create_emp_emergency_contacts_table', 2),
(132, '2019_12_14_000019_create_emp_access_table', 2),
(133, '2019_12_14_000020_create_porfile_submitted_logs_table', 2),
(134, '2019_12_14_000022_create_emp_teams_table', 2),
(135, '2019_12_14_000023_create_emp_teams_members_table', 2),
(136, '2019_12_14_000024_create_team_history_table', 2),
(137, '2019_12_14_000025_create_company_table', 2),
(138, '2019_12_14_000026_create_sites_table', 2),
(139, '2019_12_14_000027_create_projects_table', 2),
(140, '2023_12_12_050200_create_roster_templates_table', 2),
(141, '2023_12_12_071033_create_roster_histories_table', 2),
(142, '2023_12_12_071423_create_roster_assigns_table', 2),
(143, '2023_12_14_035400_create_meetings_table', 2),
(144, '2023_12_14_035625_create_meeting_documents_table', 2),
(145, '2023_12_14_035652_create_meeting_users_table', 2),
(146, '2023_12_14_035713_create_meeting_organisers_table', 2),
(147, '2023_12_14_035732_create_meeting_guest_users_table', 2),
(148, '2023_12_14_035755_create_meeting_attendances_table', 2),
(149, '2023_12_14_063209_add_applied_to_emp_teams_members_table', 2),
(150, '2023_12_14_063559_rename_active_in_emp_company_details_table', 2),
(151, '2023_12_14_070813_add_two_factor_to_emp_company_details_table', 2),
(152, '2023_12_14_094110_create_leave_types_table', 2),
(153, '2023_12_14_094129_create_leave_packages_table', 2),
(154, '2023_12_14_094157_create_public_holidays_table', 2),
(155, '2023_12_14_094240_create_leave_requests_table', 2),
(156, '2023_12_21_044311_add_repeat_every_to_roster_templates_table', 2),
(157, '2023_12_21_057689_create_all_notifications_table', 2),
(158, '2023_12_25_114154_create_site_hisotry_table', 2),
(159, '2023_12_26_043827_create_tiers_table', 2),
(160, '2023_12_26_1100339_add_columns_to_leave_requests_table', 2),
(161, '2023_12_26_110338_create_jobs_table', 2),
(162, '2024_01_10_035704_create_funds_table', 2),
(163, '2024_01_11_072520_create_funds_meta_table', 2),
(164, '2024_01_12_054309_create_company_documents_table', 2),
(165, '2024_01_12_072520_create_required_documents_table', 2),
(166, '2024_01_15_051520_create_emp_documents_table', 2),
(167, '2024_01_17_055937_create_employee_attendances_table', 2),
(168, '2024_01_17_060004_create_employee_breaks_table', 2),
(169, '2024_01_19_071753_add_working_hours_to_roster_templates', 2),
(170, '2024_01_23_072915_create_meeting_histories_table', 2),
(171, '2024_02_17_083057_create_employee_signed_documents_table', 2),
(172, '2024_02_17_115415_add_column_is_before_meeting_in_meetings', 2),
(173, '2024_02_21_111648_add_force_rest_column_to_emp_company_details_table', 3);

-- --------------------------------------------------------

--
-- Table structure for table `notifications`
--

CREATE TABLE `notifications` (
  `id` bigint(20) UNSIGNED NOT NULL,
  `message` varchar(255) COLLATE utf8mb4_unicode_ci NOT NULL,
  `category` varchar(255) COLLATE utf8mb4_unicode_ci NOT NULL,
  `user_id` int(11) NOT NULL,
  `status` int(11) NOT NULL,
  `created_at` timestamp NULL DEFAULT NULL,
  `updated_at` timestamp NULL DEFAULT NULL
) ENGINE=InnoDB DEFAULT CHARSET=utf8mb4 COLLATE=utf8mb4_unicode_ci;

-- --------------------------------------------------------

--
-- Table structure for table `permissions_modules`
--

CREATE TABLE `permissions_modules` (
  `id` bigint(20) UNSIGNED NOT NULL,
  `title` varchar(255) COLLATE utf8mb4_unicode_ci NOT NULL,
  `del` varchar(255) COLLATE utf8mb4_unicode_ci NOT NULL DEFAULT '0',
  `created_at` timestamp NULL DEFAULT NULL,
  `updated_at` timestamp NULL DEFAULT NULL
) ENGINE=InnoDB DEFAULT CHARSET=utf8mb4 COLLATE=utf8mb4_unicode_ci;

--
-- Dumping data for table `permissions_modules`
--

INSERT INTO `permissions_modules` (`id`, `title`, `del`, `created_at`, `updated_at`) VALUES
(1, 'Dashboard', '0', NULL, NULL),
(2, 'Employees', '0', NULL, NULL),
(3, 'Clients', '0', NULL, NULL),
(4, 'Sites', '0', NULL, NULL),
(5, 'Projects', '0', NULL, NULL),
(6, 'Leave Management', '0', NULL, NULL),
(7, 'Tier Management', '0', NULL, NULL),
(8, 'Attendance', '0', NULL, NULL),
(9, 'Roster', '0', NULL, NULL),
(10, 'Meetings Manager', '0', NULL, NULL),
(11, 'Super Funds', '0', NULL, NULL),
(12, 'General Settings', '0', NULL, NULL),
(13, 'Permission', '0', NULL, NULL);

-- --------------------------------------------------------

--
-- Table structure for table `permissions_sub_modules`
--

CREATE TABLE `permissions_sub_modules` (
  `id` bigint(20) UNSIGNED NOT NULL,
  `title` varchar(255) COLLATE utf8mb4_unicode_ci NOT NULL,
  `module_id` varchar(255) COLLATE utf8mb4_unicode_ci NOT NULL,
  `del` varchar(255) COLLATE utf8mb4_unicode_ci NOT NULL DEFAULT '0',
  `created_at` timestamp NULL DEFAULT NULL,
  `updated_at` timestamp NULL DEFAULT NULL
) ENGINE=InnoDB DEFAULT CHARSET=utf8mb4 COLLATE=utf8mb4_unicode_ci;

--
-- Dumping data for table `permissions_sub_modules`
--

INSERT INTO `permissions_sub_modules` (`id`, `title`, `module_id`, `del`, `created_at`, `updated_at`) VALUES
(1, 'Employee List', '2', '0', NULL, NULL),
(2, 'Invite Employee List', '2', '0', NULL, NULL),
(3, 'Registration Setting', '2', '0', NULL, NULL),
(4, 'Profile', '2', '0', NULL, NULL),
(5, 'Dashboard', '1', '0', NULL, NULL),
(6, 'Clients', '3', '0', NULL, NULL),
(7, 'Sites', '4', '0', NULL, NULL),
(8, 'Projects', '5', '0', NULL, NULL),
(9, 'Leaves Portal', '6', '0', NULL, NULL),
(10, 'Public Holiday', '6', '0', NULL, NULL),
(11, 'Leave Type', '6', '0', NULL, NULL),
(12, 'Leave Package', '6', '0', NULL, NULL),
(13, 'Leave Request', '6', '0', NULL, NULL),
(14, 'Tier List', '7', '0', NULL, NULL),
(15, 'Tier Package', '7', '0', NULL, NULL),
(16, 'Attendance', '8', '0', NULL, NULL),
(17, 'Attendance Request', '8', '0', NULL, NULL),
(18, 'Attendance Portal', '8', '0', NULL, NULL),
(19, 'Roster', '9', '0', NULL, NULL),
(20, 'Meetings Manager', '10', '0', NULL, NULL),
(21, 'Super Funds', '11', '0', NULL, NULL),
(22, 'General Settings', '12', '0', NULL, NULL),
(23, 'Permissions', '13', '0', NULL, NULL);

-- --------------------------------------------------------

--
-- Table structure for table `porfile_submitted_logs`
--

CREATE TABLE `porfile_submitted_logs` (
  `id` bigint(20) UNSIGNED NOT NULL,
  `emp_id` varchar(255) COLLATE utf8mb4_unicode_ci NOT NULL,
  `reason` varchar(255) COLLATE utf8mb4_unicode_ci DEFAULT NULL,
  `rejected_by` varchar(255) COLLATE utf8mb4_unicode_ci DEFAULT NULL,
  `approved_by` varchar(255) COLLATE utf8mb4_unicode_ci DEFAULT NULL,
  `date` varchar(255) COLLATE utf8mb4_unicode_ci DEFAULT NULL,
  `del` varchar(255) COLLATE utf8mb4_unicode_ci NOT NULL DEFAULT '0',
  `created_at` timestamp NULL DEFAULT NULL,
  `updated_at` timestamp NULL DEFAULT NULL
) ENGINE=InnoDB DEFAULT CHARSET=utf8mb4 COLLATE=utf8mb4_unicode_ci;

--
-- Dumping data for table `porfile_submitted_logs`
--

INSERT INTO `porfile_submitted_logs` (`id`, `emp_id`, `reason`, `rejected_by`, `approved_by`, `date`, `del`, `created_at`, `updated_at`) VALUES
(1, '7', NULL, NULL, '1', '2024-02-22', '0', NULL, NULL),
(2, '39', NULL, NULL, '1', '2024-03-01', '0', NULL, NULL);

-- --------------------------------------------------------

--
-- Table structure for table `projects`
--

CREATE TABLE `projects` (
  `id` bigint(20) UNSIGNED NOT NULL,
  `title` varchar(255) COLLATE utf8mb4_unicode_ci NOT NULL,
  `client_id` int(11) DEFAULT NULL,
  `thumbnail` varchar(255) COLLATE utf8mb4_unicode_ci DEFAULT NULL,
  `description` text COLLATE utf8mb4_unicode_ci,
  `address` varchar(255) COLLATE utf8mb4_unicode_ci DEFAULT NULL,
  `longitude` varchar(255) COLLATE utf8mb4_unicode_ci DEFAULT NULL,
  `latitude` varchar(255) COLLATE utf8mb4_unicode_ci DEFAULT NULL,
  `area_radius` varchar(255) COLLATE utf8mb4_unicode_ci DEFAULT NULL,
  `state` varchar(255) COLLATE utf8mb4_unicode_ci DEFAULT NULL,
  `active` int(11) NOT NULL DEFAULT '1',
  `is_deleted` int(11) NOT NULL DEFAULT '0',
  `created_by` int(11) DEFAULT NULL,
  `updated_by` int(11) DEFAULT NULL,
  `created_at` timestamp NULL DEFAULT NULL,
  `updated_at` timestamp NULL DEFAULT NULL
) ENGINE=InnoDB DEFAULT CHARSET=utf8mb4 COLLATE=utf8mb4_unicode_ci;

--
-- Dumping data for table `projects`
--

INSERT INTO `projects` (`id`, `title`, `client_id`, `thumbnail`, `description`, `address`, `longitude`, `latitude`, `area_radius`, `state`, `active`, `is_deleted`, `created_by`, `updated_by`, `created_at`, `updated_at`) VALUES
(1, 'FFGA', 2, NULL, NULL, 'ryk', '-123.095756', '49.251329', '0.1', 'South Australia', 1, 0, 1, NULL, '2024-02-21 05:10:57', '2024-02-21 23:42:22'),
(2, 'HOF', 2, NULL, 'TEST PROJECT', 'SYDNEY', '-123.101281', '49.25079', '0.1', 'South Australia', 1, 0, 1, NULL, '2024-02-22 23:59:04', '2024-02-22 23:59:04'),
(3, 'medical app', 1, NULL, NULL, 'ryk', '-123.099447', '49.250342', '0.1', 'South Australia', 1, 0, 1, NULL, '2024-03-04 04:32:44', '2024-03-04 04:32:44');

-- --------------------------------------------------------

--
-- Table structure for table `projects_meta`
--

CREATE TABLE `projects_meta` (
  `id` bigint(20) UNSIGNED NOT NULL,
  `project_id` int(11) NOT NULL,
  `option` text COLLATE utf8mb4_unicode_ci NOT NULL,
  `value` varchar(255) COLLATE utf8mb4_unicode_ci DEFAULT NULL
) ENGINE=InnoDB DEFAULT CHARSET=utf8mb4 COLLATE=utf8mb4_unicode_ci;

--
-- Dumping data for table `projects_meta`
--

INSERT INTO `projects_meta` (`id`, `project_id`, `option`, `value`) VALUES
(1, 1, 'revenue', '40'),
(2, 1, 'start_date', '2024-02-21'),
(3, 1, 'end_date', '2024-02-29'),
(4, 2, 'revenue', '40'),
(5, 2, 'start_date', '2024-02-23'),
(6, 2, 'end_date', '2024-02-29'),
(10, 3, 'revenue', '40'),
(11, 3, 'start_date', '2024-03-04'),
(12, 3, 'end_date', '2024-03-31');

-- --------------------------------------------------------

--
-- Table structure for table `project_documents`
--

CREATE TABLE `project_documents` (
  `id` bigint(20) UNSIGNED NOT NULL,
  `project_id` int(11) NOT NULL,
  `title` varchar(255) COLLATE utf8mb4_unicode_ci NOT NULL,
  `file_name` varchar(255) COLLATE utf8mb4_unicode_ci DEFAULT NULL,
  `uploaded_by` varchar(255) COLLATE utf8mb4_unicode_ci NOT NULL,
  `created_at` timestamp NULL DEFAULT NULL,
  `updated_at` timestamp NULL DEFAULT NULL
) ENGINE=InnoDB DEFAULT CHARSET=utf8mb4 COLLATE=utf8mb4_unicode_ci;

--
-- Dumping data for table `project_documents`
--

INSERT INTO `project_documents` (`id`, `project_id`, `title`, `file_name`, `uploaded_by`, `created_at`, `updated_at`) VALUES
(1, 1, 'project  document', 'upload/documents/1708513890.pdf', '1', '2024-02-21 05:11:30', '2024-02-21 05:11:53'),
(2, 3, 'test', 'upload/documents/1709548377.pdf', '1', '2024-03-04 04:32:57', '2024-03-04 04:32:57');

-- --------------------------------------------------------

--
-- Table structure for table `project_document_history`
--

CREATE TABLE `project_document_history` (
  `id` bigint(20) UNSIGNED NOT NULL,
  `project_id` int(11) NOT NULL,
  `document_id` int(11) NOT NULL,
  `history_type` varchar(255) COLLATE utf8mb4_unicode_ci DEFAULT NULL,
  `description` text COLLATE utf8mb4_unicode_ci,
  `user_id` int(11) NOT NULL,
  `created_at` timestamp NULL DEFAULT NULL,
  `updated_at` timestamp NULL DEFAULT NULL
) ENGINE=InnoDB DEFAULT CHARSET=utf8mb4 COLLATE=utf8mb4_unicode_ci;

--
-- Dumping data for table `project_document_history`
--

INSERT INTO `project_document_history` (`id`, `project_id`, `document_id`, `history_type`, `description`, `user_id`, `created_at`, `updated_at`) VALUES
(1, 1, 1, NULL, '<a href=\'https://dev-fastform.gtechsol.au/user-profile/1\' style=\'text-transform: capitalize;\' role=\'button\' class=\'primary text-decoration-none\'> Main  Admin</a> Upload a new document: \'test documents\' To this project : FFGA.', 1, '2024-02-21 05:11:30', '2024-02-21 05:11:30'),
(2, 1, 1, '1', '<a href=\'https://dev-fastform.gtechsol.au/user-profile/1\' style=\'text-transform: capitalize;\' role=\'button\' class=\'primary text-decoration-none\'> Main  Admin</a> Update the document Title this: \'test documents\' To : project  document.', 1, '2024-02-21 05:11:53', '2024-02-21 05:11:53'),
(3, 3, 2, NULL, '<a href=\'http://dev-fastform.gtechsol.au/user-profile/1\' style=\'text-transform: capitalize;\' role=\'button\' class=\'primary text-decoration-none\'> Main  Admin</a> Upload a new document: \'test\' To this project : medical app.', 1, '2024-03-04 04:32:57', '2024-03-04 04:32:57');

-- --------------------------------------------------------

--
-- Table structure for table `project_history`
--

CREATE TABLE `project_history` (
  `id` bigint(20) UNSIGNED NOT NULL,
  `project_id` int(11) NOT NULL,
  `description` text COLLATE utf8mb4_unicode_ci,
  `user_id` int(11) NOT NULL,
  `history_type` varchar(255) COLLATE utf8mb4_unicode_ci DEFAULT NULL,
  `created_at` timestamp NULL DEFAULT NULL,
  `updated_at` timestamp NULL DEFAULT NULL
) ENGINE=InnoDB DEFAULT CHARSET=utf8mb4 COLLATE=utf8mb4_unicode_ci;

--
-- Dumping data for table `project_history`
--

INSERT INTO `project_history` (`id`, `project_id`, `description`, `user_id`, `history_type`, `created_at`, `updated_at`) VALUES
(1, 3, '<a href=\'http://dev-fastform.gtechsol.au/user-profile/1\' style=\'text-transform: capitalize;\' role=\'button\' class=\'primary text-decoration-none\'> Main  Admin</a>  changed the project details: \'medical app\'.', 1, 'project_change', '2024-03-04 04:33:01', '2024-03-04 04:33:01');

-- --------------------------------------------------------

--
-- Table structure for table `project_sites`
--

CREATE TABLE `project_sites` (
  `id` bigint(20) UNSIGNED NOT NULL,
  `project_id` int(11) NOT NULL,
  `site_id` int(11) DEFAULT NULL,
  `user_id` int(11) NOT NULL,
  `created_at` timestamp NULL DEFAULT NULL,
  `updated_at` timestamp NULL DEFAULT NULL
) ENGINE=InnoDB DEFAULT CHARSET=utf8mb4 COLLATE=utf8mb4_unicode_ci;

--
-- Dumping data for table `project_sites`
--

INSERT INTO `project_sites` (`id`, `project_id`, `site_id`, `user_id`, `created_at`, `updated_at`) VALUES
(1, 1, 2, 1, '2024-02-21 05:10:57', '2024-02-21 05:10:57'),
(2, 2, 2, 1, '2024-02-22 23:59:04', '2024-02-22 23:59:04'),
(3, 2, 1, 1, '2024-02-22 23:59:04', '2024-02-22 23:59:04'),
(6, 3, 2, 1, '2024-03-04 04:33:01', '2024-03-04 04:33:01'),
(7, 3, 1, 1, '2024-03-04 04:33:01', '2024-03-04 04:33:01');

-- --------------------------------------------------------

--
-- Table structure for table `public_holidays`
--

CREATE TABLE `public_holidays` (
  `id` bigint(20) UNSIGNED NOT NULL,
  `title` varchar(255) COLLATE utf8mb4_unicode_ci NOT NULL,
  `description` varchar(255) COLLATE utf8mb4_unicode_ci NOT NULL,
  `from` date NOT NULL,
  `to` date NOT NULL,
  `created_at` timestamp NULL DEFAULT NULL,
  `updated_at` timestamp NULL DEFAULT NULL
) ENGINE=InnoDB DEFAULT CHARSET=utf8mb4 COLLATE=utf8mb4_unicode_ci;

--
-- Dumping data for table `public_holidays`
--

INSERT INTO `public_holidays` (`id`, `title`, `description`, `from`, `to`, `created_at`, `updated_at`) VALUES
(1, '23 March', 'test holiday', '2024-03-23', '2024-03-23', NULL, NULL),
(2, 'Bank Holiday', 'test', '2024-02-22', '2024-02-22', NULL, NULL);

-- --------------------------------------------------------

--
-- Table structure for table `required_documents`
--

CREATE TABLE `required_documents` (
  `id` bigint(20) UNSIGNED NOT NULL,
  `title` varchar(255) COLLATE utf8mb4_unicode_ci NOT NULL,
  `identity_text` varchar(255) COLLATE utf8mb4_unicode_ci NOT NULL DEFAULT '0',
  `identity_file` varchar(255) COLLATE utf8mb4_unicode_ci NOT NULL DEFAULT '0',
  `del` varchar(255) COLLATE utf8mb4_unicode_ci NOT NULL DEFAULT '0',
  `created_at` timestamp NULL DEFAULT NULL,
  `updated_at` timestamp NULL DEFAULT NULL
) ENGINE=InnoDB DEFAULT CHARSET=utf8mb4 COLLATE=utf8mb4_unicode_ci;

--
-- Dumping data for table `required_documents`
--

INSERT INTO `required_documents` (`id`, `title`, `identity_text`, `identity_file`, `del`, `created_at`, `updated_at`) VALUES
(1, 'Tax File', '1', '0', '0', '2023-11-26 13:02:31', '2024-03-06 22:06:50'),
(2, 'Driving License', '1', '0', '0', '2023-11-26 13:02:31', '2024-03-06 22:06:51'),
(3, 'White card', '1', '0', '0', NULL, '2024-03-06 22:06:51'),
(4, 'Contractors License', '1', '0', '0', NULL, '2024-03-06 22:06:52'),
(5, 'Fork Lift License', '1', '0', '0', NULL, '2024-03-06 22:06:53');

-- --------------------------------------------------------

--
-- Table structure for table `roles`
--

CREATE TABLE `roles` (
  `id` bigint(20) UNSIGNED NOT NULL,
  `title` varchar(255) COLLATE utf8mb4_unicode_ci NOT NULL,
  `code` varchar(255) COLLATE utf8mb4_unicode_ci NOT NULL,
  `del` varchar(255) COLLATE utf8mb4_unicode_ci NOT NULL DEFAULT '0',
  `created_at` timestamp NULL DEFAULT NULL,
  `updated_at` timestamp NULL DEFAULT NULL
) ENGINE=InnoDB DEFAULT CHARSET=utf8mb4 COLLATE=utf8mb4_unicode_ci;

--
-- Dumping data for table `roles`
--

INSERT INTO `roles` (`id`, `title`, `code`, `del`, `created_at`, `updated_at`) VALUES
(330, 'Admin', 'A-1', '0', '2023-11-02 17:34:19', '2023-11-02 17:34:19'),
(331, 'HR Manager', 'Hr', '0', '2023-11-02 17:34:44', '2023-11-02 17:34:44'),
(332, 'Employee', 'emp', '0', '2023-11-02 17:34:44', '2023-11-02 19:45:07'),
(333, 'Supervisor', 'spv', '0', '2023-11-02 17:34:44', '2023-11-02 19:45:07'),
(334, 'Safety Manager', '01', '0', NULL, NULL),
(335, 'Safety Officer SSO', 'SSO', '0', NULL, '2024-02-28 17:34:31'),
(336, 'Leading Hand  LH', 'LH', '0', NULL, '2024-02-28 17:35:01'),
(337, 'Foreman FM', 'FM', '0', NULL, '2024-02-28 17:50:03'),
(338, 'Tradesman TM', 'TM', '0', NULL, '2024-02-28 17:50:17'),
(339, 'Labourer', '07', '0', NULL, NULL),
(340, 'Visitor', '08', '0', NULL, NULL),
(341, 'Head Office', '10', '0', NULL, NULL),
(342, 'Site Supervisor  SSV', 'SSV', '0', NULL, '2024-02-28 17:34:16');

-- --------------------------------------------------------

--
-- Table structure for table `roles_history`
--

CREATE TABLE `roles_history` (
  `id` bigint(20) UNSIGNED NOT NULL,
  `user_id` varchar(255) COLLATE utf8mb4_unicode_ci NOT NULL,
  `changes_details` varchar(255) COLLATE utf8mb4_unicode_ci NOT NULL,
  `del` varchar(255) COLLATE utf8mb4_unicode_ci NOT NULL DEFAULT '0',
  `created_at` timestamp NULL DEFAULT NULL,
  `updated_at` timestamp NULL DEFAULT NULL
) ENGINE=InnoDB DEFAULT CHARSET=utf8mb4 COLLATE=utf8mb4_unicode_ci;

-- --------------------------------------------------------

--
-- Table structure for table `role_history`
--

CREATE TABLE `role_history` (
  `id` bigint(20) UNSIGNED NOT NULL,
  `user_id` varchar(255) COLLATE utf8mb4_unicode_ci NOT NULL,
  `role_id` varchar(255) COLLATE utf8mb4_unicode_ci NOT NULL,
  `changes_details` varchar(255) COLLATE utf8mb4_unicode_ci NOT NULL,
  `del` varchar(255) COLLATE utf8mb4_unicode_ci NOT NULL DEFAULT '0',
  `created_at` timestamp NULL DEFAULT NULL,
  `updated_at` timestamp NULL DEFAULT NULL
) ENGINE=InnoDB DEFAULT CHARSET=utf8mb4 COLLATE=utf8mb4_unicode_ci;

-- --------------------------------------------------------

--
-- Table structure for table `role_permissions`
--

CREATE TABLE `role_permissions` (
  `id` bigint(20) UNSIGNED NOT NULL,
  `role_id` varchar(255) COLLATE utf8mb4_unicode_ci NOT NULL,
  `sub_module_id` varchar(255) COLLATE utf8mb4_unicode_ci NOT NULL,
  `view` varchar(255) COLLATE utf8mb4_unicode_ci NOT NULL,
  `maintain` varchar(255) COLLATE utf8mb4_unicode_ci NOT NULL,
  `del` varchar(255) COLLATE utf8mb4_unicode_ci NOT NULL DEFAULT '0',
  `created_at` timestamp NULL DEFAULT NULL,
  `updated_at` timestamp NULL DEFAULT NULL
) ENGINE=InnoDB DEFAULT CHARSET=utf8mb4 COLLATE=utf8mb4_unicode_ci;

--
-- Dumping data for table `role_permissions`
--

INSERT INTO `role_permissions` (`id`, `role_id`, `sub_module_id`, `view`, `maintain`, `del`, `created_at`, `updated_at`) VALUES
(287, '330', '5', '1', '1', '0', NULL, NULL),
(288, '330', '1', '1', '1', '0', NULL, NULL),
(289, '330', '2', '1', '1', '0', NULL, NULL),
(290, '330', '3', '1', '1', '0', NULL, NULL),
(291, '330', '4', '1', '1', '0', NULL, NULL),
(292, '330', '6', '1', '1', '0', NULL, NULL),
(293, '330', '7', '1', '1', '0', NULL, NULL),
(294, '330', '8', '1', '1', '0', NULL, NULL),
(295, '330', '9', '1', '1', '0', NULL, NULL),
(296, '330', '10', '1', '1', '0', NULL, NULL),
(297, '330', '11', '1', '1', '0', NULL, NULL),
(298, '330', '12', '1', '1', '0', NULL, NULL),
(299, '330', '13', '1', '1', '0', NULL, NULL),
(300, '330', '14', '1', '1', '0', NULL, NULL),
(301, '330', '15', '1', '1', '0', NULL, NULL),
(302, '330', '16', '1', '1', '0', NULL, NULL),
(303, '330', '17', '1', '1', '0', NULL, NULL),
(304, '330', '18', '1', '1', '0', NULL, NULL),
(305, '330', '19', '1', '1', '0', NULL, NULL),
(306, '330', '20', '1', '1', '0', NULL, NULL),
(307, '330', '21', '1', '1', '0', NULL, NULL),
(308, '330', '22', '1', '1', '0', NULL, NULL),
(309, '330', '23', '1', '1', '0', NULL, NULL),
(310, '332', '5', '1', '1', '0', NULL, NULL),
(311, '332', '1', '1', '1', '0', NULL, NULL),
(312, '332', '2', '1', '1', '0', NULL, NULL),
(313, '332', '3', '1', '1', '0', NULL, NULL),
(314, '332', '4', '1', '1', '0', NULL, NULL),
(315, '332', '6', '1', '1', '0', NULL, NULL),
(316, '332', '7', '1', '1', '0', NULL, NULL),
(317, '332', '8', '0', '0', '0', NULL, NULL),
(318, '332', '9', '1', '1', '0', NULL, NULL),
(319, '332', '10', '1', '1', '0', NULL, NULL),
(320, '332', '11', '1', '1', '0', NULL, NULL),
(321, '332', '12', '1', '1', '0', NULL, NULL),
(322, '332', '13', '1', '1', '0', NULL, NULL),
(323, '332', '14', '1', '1', '0', NULL, NULL),
(324, '332', '15', '1', '1', '0', NULL, NULL),
(325, '332', '16', '1', '1', '0', NULL, NULL),
(326, '332', '17', '1', '1', '0', NULL, NULL),
(327, '332', '18', '1', '1', '0', NULL, NULL),
(328, '332', '19', '1', '1', '0', NULL, NULL),
(329, '332', '20', '1', '1', '0', NULL, NULL),
(330, '332', '21', '1', '1', '0', NULL, NULL),
(331, '332', '22', '1', '1', '0', NULL, NULL),
(332, '332', '23', '1', '1', '0', NULL, NULL);

-- --------------------------------------------------------

--
-- Table structure for table `roster_assigns`
--

CREATE TABLE `roster_assigns` (
  `id` bigint(20) UNSIGNED NOT NULL,
  `assign_to` int(11) NOT NULL,
  `roster_template_id` int(11) NOT NULL,
  `schedule_date` date NOT NULL,
  `created_at` timestamp NULL DEFAULT NULL,
  `updated_at` timestamp NULL DEFAULT NULL
) ENGINE=InnoDB DEFAULT CHARSET=utf8mb4 COLLATE=utf8mb4_unicode_ci;

--
-- Dumping data for table `roster_assigns`
--

INSERT INTO `roster_assigns` (`id`, `assign_to`, `roster_template_id`, `schedule_date`, `created_at`, `updated_at`) VALUES
(2, 3, 3, '2024-02-21', NULL, NULL),
(3, 3, 4, '2024-02-22', NULL, NULL),
(4, 3, 5, '2024-02-23', NULL, NULL),
(5, 3, 6, '2024-02-24', NULL, NULL),
(6, 3, 7, '2024-02-25', NULL, NULL),
(7, 3, 8, '2024-02-26', NULL, NULL),
(8, 3, 9, '2024-02-27', NULL, NULL),
(9, 3, 10, '2024-02-28', NULL, NULL),
(10, 3, 11, '2024-02-29', NULL, NULL),
(11, 2, 12, '2024-02-21', NULL, NULL),
(12, 7, 14, '2024-02-22', NULL, NULL),
(14, 5, 17, '2024-02-22', NULL, NULL),
(15, 5, 19, '2024-02-23', NULL, NULL),
(16, 4, 20, '2024-02-23', NULL, NULL),
(19, 9, 24, '2024-02-23', NULL, NULL),
(20, 13, 25, '2024-02-23', NULL, NULL),
(21, 5, 26, '2024-02-24', NULL, NULL),
(22, 2, 27, '2024-02-26', NULL, NULL),
(23, 4, 28, '2024-02-26', NULL, NULL),
(24, 5, 29, '2024-02-26', NULL, NULL),
(25, 7, 30, '2024-02-26', NULL, NULL),
(26, 8, 31, '2024-02-26', NULL, NULL),
(27, 9, 32, '2024-02-26', NULL, NULL),
(28, 10, 33, '2024-02-26', NULL, NULL),
(29, 11, 34, '2024-02-26', NULL, NULL),
(30, 12, 35, '2024-02-26', NULL, NULL),
(31, 13, 36, '2024-02-26', NULL, NULL),
(32, 2, 37, '2024-02-27', NULL, NULL),
(33, 4, 38, '2024-02-27', NULL, NULL),
(34, 5, 39, '2024-02-27', NULL, NULL),
(35, 7, 40, '2024-02-27', NULL, NULL),
(36, 8, 41, '2024-02-27', NULL, NULL),
(37, 9, 42, '2024-02-27', NULL, NULL),
(38, 10, 43, '2024-02-27', NULL, NULL),
(39, 11, 44, '2024-02-27', NULL, NULL),
(40, 12, 45, '2024-02-27', NULL, NULL),
(41, 13, 46, '2024-02-27', NULL, NULL),
(42, 2, 47, '2024-02-28', NULL, NULL),
(43, 4, 48, '2024-02-28', NULL, NULL),
(44, 5, 49, '2024-02-28', NULL, NULL),
(45, 7, 50, '2024-02-28', NULL, NULL),
(46, 8, 51, '2024-02-28', NULL, NULL),
(47, 9, 52, '2024-02-28', NULL, NULL),
(48, 10, 53, '2024-02-28', NULL, NULL),
(49, 11, 54, '2024-02-28', NULL, NULL),
(50, 12, 55, '2024-02-28', NULL, NULL),
(53, 4, 58, '2024-02-29', NULL, NULL),
(54, 5, 59, '2024-02-29', NULL, NULL),
(55, 7, 60, '2024-02-29', NULL, NULL),
(56, 8, 61, '2024-02-29', NULL, NULL),
(57, 9, 62, '2024-02-29', NULL, NULL),
(58, 10, 63, '2024-02-29', NULL, NULL),
(59, 11, 64, '2024-02-29', NULL, NULL),
(60, 12, 65, '2024-02-29', NULL, NULL),
(61, 13, 66, '2024-02-29', NULL, NULL),
(62, 2, 67, '2024-03-01', NULL, NULL),
(63, 4, 68, '2024-03-01', NULL, NULL),
(64, 5, 69, '2024-03-01', NULL, NULL),
(65, 7, 70, '2024-03-01', NULL, NULL),
(66, 8, 71, '2024-03-01', NULL, NULL),
(67, 9, 72, '2024-03-01', NULL, NULL),
(68, 10, 73, '2024-03-01', NULL, NULL),
(69, 11, 74, '2024-03-01', NULL, NULL),
(70, 12, 75, '2024-03-01', NULL, NULL),
(71, 13, 76, '2024-03-01', NULL, NULL),
(72, 2, 77, '2024-03-02', NULL, NULL),
(73, 4, 78, '2024-03-02', NULL, NULL),
(74, 5, 79, '2024-03-02', NULL, NULL),
(75, 7, 80, '2024-03-02', NULL, NULL),
(76, 8, 81, '2024-03-02', NULL, NULL),
(77, 9, 82, '2024-03-02', NULL, NULL),
(78, 10, 83, '2024-03-02', NULL, NULL),
(79, 11, 84, '2024-03-02', NULL, NULL),
(80, 12, 85, '2024-03-02', NULL, NULL),
(81, 13, 86, '2024-03-02', NULL, NULL),
(82, 2, 87, '2024-03-03', NULL, NULL),
(83, 4, 88, '2024-03-03', NULL, NULL),
(84, 5, 89, '2024-03-03', NULL, NULL),
(85, 7, 90, '2024-03-03', NULL, NULL),
(86, 8, 91, '2024-03-03', NULL, NULL),
(87, 9, 92, '2024-03-03', NULL, NULL),
(88, 10, 93, '2024-03-03', NULL, NULL),
(89, 11, 94, '2024-03-03', NULL, NULL),
(90, 12, 95, '2024-03-03', NULL, NULL),
(91, 13, 96, '2024-03-03', NULL, NULL),
(92, 2, 97, '2024-03-04', NULL, NULL),
(93, 4, 98, '2024-03-04', NULL, NULL),
(94, 5, 99, '2024-03-04', NULL, NULL),
(95, 7, 100, '2024-03-04', NULL, NULL),
(96, 8, 101, '2024-03-04', NULL, NULL),
(97, 9, 102, '2024-03-04', NULL, NULL),
(98, 10, 103, '2024-03-04', NULL, NULL),
(99, 11, 104, '2024-03-04', NULL, NULL),
(100, 12, 105, '2024-03-04', NULL, NULL),
(101, 13, 106, '2024-03-04', NULL, NULL),
(103, 13, 108, '2024-02-29', NULL, NULL),
(104, 13, 109, '2024-03-01', NULL, NULL),
(105, 13, 110, '2024-03-02', NULL, NULL),
(106, 13, 111, '2024-03-03', NULL, NULL),
(107, 13, 112, '2024-03-04', NULL, NULL),
(108, 13, 113, '2024-03-05', NULL, NULL),
(109, 13, 114, '2024-03-06', NULL, NULL),
(110, 13, 115, '2024-03-07', NULL, NULL),
(112, 13, 117, '2024-02-28', NULL, NULL),
(113, 13, 118, '2024-02-28', NULL, NULL),
(114, 4, 119, '2024-03-01', NULL, NULL),
(115, 5, 120, '2024-03-01', NULL, NULL),
(116, 4, 121, '2024-03-08', NULL, NULL),
(117, 5, 122, '2024-03-08', NULL, NULL),
(118, 4, 123, '2024-03-15', NULL, NULL),
(119, 5, 124, '2024-03-15', NULL, NULL),
(120, 4, 125, '2024-03-22', NULL, NULL),
(121, 5, 126, '2024-03-22', NULL, NULL),
(122, 2, 127, '2024-02-29', NULL, NULL),
(125, 39, 130, '2024-03-01', NULL, NULL),
(126, 39, 131, '2024-03-04', NULL, NULL),
(128, 39, 134, '2024-03-04', NULL, NULL),
(129, 8, 135, '2024-03-05', NULL, NULL),
(130, 9, 136, '2024-03-05', NULL, NULL),
(131, 11, 137, '2024-03-05', NULL, NULL),
(132, 12, 138, '2024-03-05', NULL, NULL),
(133, 21, 139, '2024-03-05', NULL, NULL),
(134, 22, 140, '2024-03-05', NULL, NULL),
(135, 23, 141, '2024-03-05', NULL, NULL),
(136, 24, 142, '2024-03-05', NULL, NULL),
(137, 25, 143, '2024-03-05', NULL, NULL),
(138, 26, 144, '2024-03-05', NULL, NULL),
(139, 27, 145, '2024-03-05', NULL, NULL),
(140, 28, 146, '2024-03-05', NULL, NULL),
(141, 29, 147, '2024-03-05', NULL, NULL),
(142, 30, 148, '2024-03-05', NULL, NULL),
(143, 31, 149, '2024-03-05', NULL, NULL),
(144, 32, 150, '2024-03-05', NULL, NULL),
(145, 33, 151, '2024-03-05', NULL, NULL),
(146, 34, 152, '2024-03-05', NULL, NULL),
(147, 39, 153, '2024-03-05', NULL, NULL),
(178, 4, 184, '2024-03-08', NULL, NULL),
(179, 5, 185, '2024-03-08', NULL, NULL),
(180, 7, 186, '2024-03-08', NULL, NULL),
(181, 8, 187, '2024-03-08', NULL, NULL),
(182, 9, 188, '2024-03-08', NULL, NULL),
(183, 10, 189, '2024-03-08', NULL, NULL),
(184, 11, 190, '2024-03-08', NULL, NULL),
(185, 12, 191, '2024-03-08', NULL, NULL),
(186, 13, 192, '2024-03-08', NULL, NULL),
(187, 16, 193, '2024-03-08', NULL, NULL),
(188, 20, 194, '2024-03-08', NULL, NULL),
(189, 21, 195, '2024-03-08', NULL, NULL),
(190, 22, 196, '2024-03-08', NULL, NULL),
(191, 23, 197, '2024-03-08', NULL, NULL),
(192, 24, 198, '2024-03-08', NULL, NULL),
(193, 25, 199, '2024-03-08', NULL, NULL),
(194, 26, 200, '2024-03-08', NULL, NULL),
(195, 27, 201, '2024-03-08', NULL, NULL),
(196, 28, 202, '2024-03-08', NULL, NULL),
(197, 29, 203, '2024-03-08', NULL, NULL),
(198, 30, 204, '2024-03-08', NULL, NULL),
(199, 31, 205, '2024-03-08', NULL, NULL),
(200, 32, 206, '2024-03-08', NULL, NULL),
(201, 33, 207, '2024-03-08', NULL, NULL),
(202, 34, 208, '2024-03-08', NULL, NULL),
(203, 36, 209, '2024-03-08', NULL, NULL),
(205, 8, 211, '2024-03-08', NULL, NULL),
(206, 9, 212, '2024-03-08', NULL, NULL),
(207, 11, 213, '2024-03-08', NULL, NULL),
(208, 12, 214, '2024-03-08', NULL, NULL),
(209, 21, 215, '2024-03-08', NULL, NULL),
(210, 22, 216, '2024-03-08', NULL, NULL),
(211, 23, 217, '2024-03-08', NULL, NULL),
(212, 24, 218, '2024-03-08', NULL, NULL),
(213, 25, 219, '2024-03-08', NULL, NULL),
(214, 26, 220, '2024-03-08', NULL, NULL),
(215, 27, 221, '2024-03-08', NULL, NULL),
(216, 28, 222, '2024-03-08', NULL, NULL),
(217, 29, 223, '2024-03-08', NULL, NULL),
(218, 30, 224, '2024-03-08', NULL, NULL),
(219, 31, 225, '2024-03-08', NULL, NULL),
(220, 32, 226, '2024-03-08', NULL, NULL),
(221, 33, 227, '2024-03-08', NULL, NULL),
(222, 34, 228, '2024-03-08', NULL, NULL),
(223, 2, 229, '2024-03-08', NULL, NULL),
(227, 39, 233, '2024-03-09', NULL, NULL),
(228, 39, 234, '2024-03-08', NULL, NULL),
(230, 39, 236, '2024-03-12', NULL, NULL),
(232, 39, 238, '2024-03-13', NULL, NULL),
(236, 9, 242, '2024-03-13', NULL, NULL),
(237, 11, 243, '2024-03-13', NULL, NULL),
(238, 12, 244, '2024-03-13', NULL, NULL),
(239, 13, 245, '2024-03-13', NULL, NULL),
(240, 13, 246, '2024-03-14', NULL, NULL),
(241, 39, 247, '2024-03-15', NULL, NULL),
(243, 39, 249, '2024-03-14', NULL, NULL),
(244, 2, 250, '2024-03-14', NULL, NULL),
(245, 4, 251, '2024-03-14', NULL, NULL),
(246, 5, 252, '2024-03-14', NULL, NULL),
(247, 7, 253, '2024-03-14', NULL, NULL),
(248, 8, 254, '2024-03-14', NULL, NULL),
(249, 9, 255, '2024-03-14', NULL, NULL),
(250, 10, 256, '2024-03-14', NULL, NULL),
(251, 11, 257, '2024-03-14', NULL, NULL),
(252, 12, 258, '2024-03-14', NULL, NULL),
(253, 13, 259, '2024-03-14', NULL, NULL),
(254, 16, 260, '2024-03-14', NULL, NULL),
(255, 20, 261, '2024-03-14', NULL, NULL),
(256, 21, 262, '2024-03-14', NULL, NULL),
(257, 22, 263, '2024-03-14', NULL, NULL),
(258, 23, 264, '2024-03-14', NULL, NULL),
(259, 24, 265, '2024-03-14', NULL, NULL),
(260, 25, 266, '2024-03-14', NULL, NULL),
(261, 26, 267, '2024-03-14', NULL, NULL),
(262, 27, 268, '2024-03-14', NULL, NULL),
(263, 28, 269, '2024-03-14', NULL, NULL),
(264, 29, 270, '2024-03-14', NULL, NULL),
(265, 30, 271, '2024-03-14', NULL, NULL),
(266, 31, 272, '2024-03-14', NULL, NULL),
(267, 32, 273, '2024-03-14', NULL, NULL),
(268, 33, 274, '2024-03-14', NULL, NULL),
(269, 34, 275, '2024-03-14', NULL, NULL),
(270, 36, 276, '2024-03-14', NULL, NULL),
(271, 39, 277, '2024-03-14', NULL, NULL),
(272, 2, 278, '2024-03-18', NULL, NULL),
(273, 4, 279, '2024-03-18', NULL, NULL),
(274, 5, 280, '2024-03-18', NULL, NULL),
(275, 7, 281, '2024-03-18', NULL, NULL),
(276, 8, 282, '2024-03-18', NULL, NULL),
(277, 9, 283, '2024-03-18', NULL, NULL),
(278, 10, 284, '2024-03-18', NULL, NULL),
(279, 11, 285, '2024-03-18', NULL, NULL),
(280, 12, 286, '2024-03-18', NULL, NULL),
(281, 13, 287, '2024-03-18', NULL, NULL),
(282, 16, 288, '2024-03-18', NULL, NULL),
(283, 20, 289, '2024-03-18', NULL, NULL),
(284, 21, 290, '2024-03-18', NULL, NULL),
(285, 22, 291, '2024-03-18', NULL, NULL),
(286, 23, 292, '2024-03-18', NULL, NULL),
(287, 24, 293, '2024-03-18', NULL, NULL),
(288, 25, 294, '2024-03-18', NULL, NULL),
(289, 26, 295, '2024-03-18', NULL, NULL),
(290, 27, 296, '2024-03-18', NULL, NULL),
(291, 28, 297, '2024-03-18', NULL, NULL),
(292, 29, 298, '2024-03-18', NULL, NULL),
(293, 30, 299, '2024-03-18', NULL, NULL),
(294, 31, 300, '2024-03-18', NULL, NULL),
(295, 32, 301, '2024-03-18', NULL, NULL),
(296, 33, 302, '2024-03-18', NULL, NULL),
(297, 34, 303, '2024-03-18', NULL, NULL),
(298, 36, 304, '2024-03-18', NULL, NULL),
(299, 39, 305, '2024-03-18', NULL, NULL),
(300, 2, 306, '2024-03-19', NULL, NULL),
(301, 4, 307, '2024-03-19', NULL, NULL),
(302, 5, 308, '2024-03-19', NULL, NULL),
(303, 7, 309, '2024-03-19', NULL, NULL),
(304, 8, 310, '2024-03-19', NULL, NULL),
(305, 9, 311, '2024-03-19', NULL, NULL),
(306, 10, 312, '2024-03-19', NULL, NULL),
(307, 11, 313, '2024-03-19', NULL, NULL),
(308, 12, 314, '2024-03-19', NULL, NULL),
(309, 13, 315, '2024-03-19', NULL, NULL),
(310, 16, 316, '2024-03-19', NULL, NULL),
(311, 20, 317, '2024-03-19', NULL, NULL),
(312, 21, 318, '2024-03-19', NULL, NULL),
(313, 22, 319, '2024-03-19', NULL, NULL),
(314, 23, 320, '2024-03-19', NULL, NULL),
(315, 24, 321, '2024-03-19', NULL, NULL),
(316, 25, 322, '2024-03-19', NULL, NULL),
(317, 26, 323, '2024-03-19', NULL, NULL),
(318, 27, 324, '2024-03-19', NULL, NULL),
(319, 28, 325, '2024-03-19', NULL, NULL),
(320, 29, 326, '2024-03-19', NULL, NULL),
(321, 30, 327, '2024-03-19', NULL, NULL),
(322, 31, 328, '2024-03-19', NULL, NULL),
(323, 32, 329, '2024-03-19', NULL, NULL),
(324, 33, 330, '2024-03-19', NULL, NULL),
(325, 34, 331, '2024-03-19', NULL, NULL),
(326, 36, 332, '2024-03-19', NULL, NULL),
(327, 39, 333, '2024-03-19', NULL, NULL),
(328, 2, 334, '2024-03-20', NULL, NULL),
(329, 4, 335, '2024-03-20', NULL, NULL),
(330, 5, 336, '2024-03-20', NULL, NULL),
(331, 7, 337, '2024-03-20', NULL, NULL),
(332, 8, 338, '2024-03-20', NULL, NULL),
(333, 9, 339, '2024-03-20', NULL, NULL),
(334, 10, 340, '2024-03-20', NULL, NULL),
(335, 11, 341, '2024-03-20', NULL, NULL),
(336, 12, 342, '2024-03-20', NULL, NULL),
(337, 13, 343, '2024-03-20', NULL, NULL),
(338, 16, 344, '2024-03-20', NULL, NULL),
(339, 20, 345, '2024-03-20', NULL, NULL),
(340, 21, 346, '2024-03-20', NULL, NULL),
(341, 22, 347, '2024-03-20', NULL, NULL),
(342, 23, 348, '2024-03-20', NULL, NULL),
(343, 24, 349, '2024-03-20', NULL, NULL),
(344, 25, 350, '2024-03-20', NULL, NULL),
(345, 26, 351, '2024-03-20', NULL, NULL),
(346, 27, 352, '2024-03-20', NULL, NULL),
(347, 28, 353, '2024-03-20', NULL, NULL),
(348, 29, 354, '2024-03-20', NULL, NULL),
(349, 30, 355, '2024-03-20', NULL, NULL),
(350, 31, 356, '2024-03-20', NULL, NULL),
(351, 32, 357, '2024-03-20', NULL, NULL),
(352, 33, 358, '2024-03-20', NULL, NULL),
(353, 34, 359, '2024-03-20', NULL, NULL),
(354, 36, 360, '2024-03-20', NULL, NULL),
(355, 39, 361, '2024-03-20', NULL, NULL),
(356, 2, 362, '2024-03-21', NULL, NULL),
(357, 4, 363, '2024-03-21', NULL, NULL),
(358, 5, 364, '2024-03-21', NULL, NULL),
(359, 7, 365, '2024-03-21', NULL, NULL),
(360, 8, 366, '2024-03-21', NULL, NULL),
(361, 9, 367, '2024-03-21', NULL, NULL),
(362, 10, 368, '2024-03-21', NULL, NULL),
(363, 11, 369, '2024-03-21', NULL, NULL),
(364, 12, 370, '2024-03-21', NULL, NULL),
(365, 13, 371, '2024-03-21', NULL, NULL),
(366, 16, 372, '2024-03-21', NULL, NULL),
(367, 20, 373, '2024-03-21', NULL, NULL),
(368, 21, 374, '2024-03-21', NULL, NULL),
(369, 22, 375, '2024-03-21', NULL, NULL),
(370, 23, 376, '2024-03-21', NULL, NULL),
(371, 24, 377, '2024-03-21', NULL, NULL),
(372, 25, 378, '2024-03-21', NULL, NULL),
(373, 26, 379, '2024-03-21', NULL, NULL),
(374, 27, 380, '2024-03-21', NULL, NULL),
(375, 28, 381, '2024-03-21', NULL, NULL),
(376, 29, 382, '2024-03-21', NULL, NULL),
(377, 30, 383, '2024-03-21', NULL, NULL),
(378, 31, 384, '2024-03-21', NULL, NULL),
(379, 32, 385, '2024-03-21', NULL, NULL),
(380, 33, 386, '2024-03-21', NULL, NULL),
(381, 34, 387, '2024-03-21', NULL, NULL),
(382, 36, 388, '2024-03-21', NULL, NULL),
(383, 39, 389, '2024-03-21', NULL, NULL),
(384, 2, 390, '2024-03-22', NULL, NULL),
(385, 4, 391, '2024-03-22', NULL, NULL),
(386, 5, 392, '2024-03-22', NULL, NULL),
(387, 7, 393, '2024-03-22', NULL, NULL),
(388, 8, 394, '2024-03-22', NULL, NULL),
(389, 9, 395, '2024-03-22', NULL, NULL),
(390, 10, 396, '2024-03-22', NULL, NULL),
(391, 11, 397, '2024-03-22', NULL, NULL),
(392, 12, 398, '2024-03-22', NULL, NULL),
(393, 13, 399, '2024-03-22', NULL, NULL),
(394, 16, 400, '2024-03-22', NULL, NULL),
(395, 20, 401, '2024-03-22', NULL, NULL),
(396, 21, 402, '2024-03-22', NULL, NULL),
(397, 22, 403, '2024-03-22', NULL, NULL),
(398, 23, 404, '2024-03-22', NULL, NULL),
(399, 24, 405, '2024-03-22', NULL, NULL),
(400, 25, 406, '2024-03-22', NULL, NULL),
(401, 26, 407, '2024-03-22', NULL, NULL),
(402, 27, 408, '2024-03-22', NULL, NULL),
(403, 28, 409, '2024-03-22', NULL, NULL),
(404, 29, 410, '2024-03-22', NULL, NULL),
(405, 30, 411, '2024-03-22', NULL, NULL),
(406, 31, 412, '2024-03-22', NULL, NULL),
(407, 32, 413, '2024-03-22', NULL, NULL),
(408, 33, 414, '2024-03-22', NULL, NULL),
(409, 34, 415, '2024-03-22', NULL, NULL),
(410, 36, 416, '2024-03-22', NULL, NULL),
(411, 39, 417, '2024-03-22', NULL, NULL),
(412, 39, 418, '2024-03-16', NULL, NULL),
(413, 2, 419, '2024-03-25', NULL, NULL),
(414, 4, 420, '2024-03-25', NULL, NULL),
(415, 5, 421, '2024-03-25', NULL, NULL),
(416, 7, 422, '2024-03-25', NULL, NULL),
(417, 8, 423, '2024-03-25', NULL, NULL),
(418, 9, 424, '2024-03-25', NULL, NULL),
(419, 10, 425, '2024-03-25', NULL, NULL),
(420, 11, 426, '2024-03-25', NULL, NULL),
(421, 12, 427, '2024-03-25', NULL, NULL),
(422, 13, 428, '2024-03-25', NULL, NULL),
(423, 16, 429, '2024-03-25', NULL, NULL),
(424, 20, 430, '2024-03-25', NULL, NULL),
(425, 21, 431, '2024-03-25', NULL, NULL),
(426, 22, 432, '2024-03-25', NULL, NULL),
(427, 23, 433, '2024-03-25', NULL, NULL),
(428, 24, 434, '2024-03-25', NULL, NULL),
(429, 25, 435, '2024-03-25', NULL, NULL),
(430, 26, 436, '2024-03-25', NULL, NULL),
(431, 27, 437, '2024-03-25', NULL, NULL),
(432, 28, 438, '2024-03-25', NULL, NULL),
(433, 29, 439, '2024-03-25', NULL, NULL),
(434, 30, 440, '2024-03-25', NULL, NULL),
(435, 31, 441, '2024-03-25', NULL, NULL),
(436, 32, 442, '2024-03-25', NULL, NULL),
(438, 34, 444, '2024-03-25', NULL, NULL),
(439, 36, 445, '2024-03-25', NULL, NULL),
(440, 39, 446, '2024-03-25', NULL, NULL),
(441, 2, 447, '2024-03-26', NULL, NULL),
(442, 4, 448, '2024-03-26', NULL, NULL),
(443, 5, 449, '2024-03-26', NULL, NULL),
(444, 7, 450, '2024-03-26', NULL, NULL),
(445, 8, 451, '2024-03-26', NULL, NULL),
(446, 9, 452, '2024-03-26', NULL, NULL),
(447, 10, 453, '2024-03-26', NULL, NULL),
(448, 11, 454, '2024-03-26', NULL, NULL),
(449, 12, 455, '2024-03-26', NULL, NULL),
(450, 13, 456, '2024-03-26', NULL, NULL),
(451, 16, 457, '2024-03-26', NULL, NULL),
(452, 20, 458, '2024-03-26', NULL, NULL),
(453, 21, 459, '2024-03-26', NULL, NULL),
(454, 22, 460, '2024-03-26', NULL, NULL),
(455, 23, 461, '2024-03-26', NULL, NULL),
(456, 24, 462, '2024-03-26', NULL, NULL),
(457, 25, 463, '2024-03-26', NULL, NULL),
(458, 26, 464, '2024-03-26', NULL, NULL),
(459, 27, 465, '2024-03-26', NULL, NULL),
(460, 28, 466, '2024-03-26', NULL, NULL),
(461, 29, 467, '2024-03-26', NULL, NULL),
(462, 30, 468, '2024-03-26', NULL, NULL),
(463, 31, 469, '2024-03-26', NULL, NULL),
(464, 32, 470, '2024-03-26', NULL, NULL),
(465, 33, 471, '2024-03-26', NULL, NULL),
(466, 34, 472, '2024-03-26', NULL, NULL),
(467, 36, 473, '2024-03-26', NULL, NULL),
(468, 39, 474, '2024-03-26', NULL, NULL),
(469, 2, 475, '2024-03-27', NULL, NULL),
(470, 4, 476, '2024-03-27', NULL, NULL),
(471, 5, 477, '2024-03-27', NULL, NULL),
(472, 7, 478, '2024-03-27', NULL, NULL),
(473, 8, 479, '2024-03-27', NULL, NULL),
(474, 9, 480, '2024-03-27', NULL, NULL),
(475, 10, 481, '2024-03-27', NULL, NULL),
(476, 11, 482, '2024-03-27', NULL, NULL),
(477, 12, 483, '2024-03-27', NULL, NULL),
(478, 13, 484, '2024-03-27', NULL, NULL),
(479, 16, 485, '2024-03-27', NULL, NULL),
(480, 20, 486, '2024-03-27', NULL, NULL),
(481, 21, 487, '2024-03-27', NULL, NULL),
(482, 22, 488, '2024-03-27', NULL, NULL),
(483, 23, 489, '2024-03-27', NULL, NULL),
(484, 24, 490, '2024-03-27', NULL, NULL),
(485, 25, 491, '2024-03-27', NULL, NULL),
(486, 26, 492, '2024-03-27', NULL, NULL),
(487, 27, 493, '2024-03-27', NULL, NULL),
(488, 28, 494, '2024-03-27', NULL, NULL),
(489, 29, 495, '2024-03-27', NULL, NULL),
(490, 30, 496, '2024-03-27', NULL, NULL),
(491, 31, 497, '2024-03-27', NULL, NULL),
(492, 32, 498, '2024-03-27', NULL, NULL),
(493, 33, 499, '2024-03-27', NULL, NULL),
(494, 34, 500, '2024-03-27', NULL, NULL),
(495, 36, 501, '2024-03-27', NULL, NULL),
(496, 39, 502, '2024-03-27', NULL, NULL),
(497, 2, 503, '2024-03-28', NULL, NULL),
(498, 4, 504, '2024-03-28', NULL, NULL),
(499, 5, 505, '2024-03-28', NULL, NULL),
(500, 7, 506, '2024-03-28', NULL, NULL),
(501, 8, 507, '2024-03-28', NULL, NULL),
(502, 9, 508, '2024-03-28', NULL, NULL),
(503, 10, 509, '2024-03-28', NULL, NULL),
(504, 11, 510, '2024-03-28', NULL, NULL),
(505, 12, 511, '2024-03-28', NULL, NULL),
(506, 13, 512, '2024-03-28', NULL, NULL),
(507, 16, 513, '2024-03-28', NULL, NULL),
(508, 20, 514, '2024-03-28', NULL, NULL),
(509, 21, 515, '2024-03-28', NULL, NULL),
(510, 22, 516, '2024-03-28', NULL, NULL),
(511, 23, 517, '2024-03-28', NULL, NULL),
(512, 24, 518, '2024-03-28', NULL, NULL),
(513, 25, 519, '2024-03-28', NULL, NULL),
(514, 26, 520, '2024-03-28', NULL, NULL),
(515, 27, 521, '2024-03-28', NULL, NULL),
(516, 28, 522, '2024-03-28', NULL, NULL),
(517, 29, 523, '2024-03-28', NULL, NULL),
(518, 30, 524, '2024-03-28', NULL, NULL),
(519, 31, 525, '2024-03-28', NULL, NULL),
(520, 32, 526, '2024-03-28', NULL, NULL),
(521, 33, 527, '2024-03-28', NULL, NULL),
(522, 34, 528, '2024-03-28', NULL, NULL),
(523, 36, 529, '2024-03-28', NULL, NULL),
(524, 39, 530, '2024-03-28', NULL, NULL),
(525, 33, 531, '2024-03-25', NULL, NULL),
(527, 43, 534, '2024-03-25', NULL, NULL),
(528, 43, 535, '2024-03-26', NULL, NULL),
(529, 43, 536, '2024-03-27', NULL, NULL),
(530, 43, 537, '2024-03-28', NULL, NULL),
(531, 42, 538, '2024-03-25', NULL, NULL),
(532, 42, 539, '2024-03-26', NULL, NULL),
(533, 42, 540, '2024-03-27', NULL, NULL),
(534, 42, 541, '2024-03-28', NULL, NULL),
(535, 44, 542, '2024-03-25', NULL, NULL),
(536, 44, 543, '2024-03-26', NULL, NULL),
(537, 44, 544, '2024-03-27', NULL, NULL),
(538, 44, 545, '2024-03-28', NULL, NULL),
(539, 45, 546, '2024-03-25', NULL, NULL),
(540, 45, 547, '2024-03-26', NULL, NULL),
(541, 45, 548, '2024-03-27', NULL, NULL),
(542, 45, 549, '2024-03-28', NULL, NULL),
(543, 35, 550, '2024-03-27', NULL, NULL),
(544, 35, 551, '2024-03-28', NULL, NULL),
(545, 2, 552, '2024-04-03', NULL, NULL),
(546, 4, 553, '2024-04-03', NULL, NULL),
(547, 5, 554, '2024-04-03', NULL, NULL),
(548, 7, 555, '2024-04-03', NULL, NULL),
(549, 8, 556, '2024-04-03', NULL, NULL),
(550, 9, 557, '2024-04-03', NULL, NULL),
(551, 11, 558, '2024-04-03', NULL, NULL),
(552, 12, 559, '2024-04-03', NULL, NULL),
(553, 13, 560, '2024-04-03', NULL, NULL),
(554, 16, 561, '2024-04-03', NULL, NULL),
(555, 20, 562, '2024-04-03', NULL, NULL),
(556, 21, 563, '2024-04-03', NULL, NULL),
(557, 22, 564, '2024-04-03', NULL, NULL),
(558, 23, 565, '2024-04-03', NULL, NULL),
(559, 24, 566, '2024-04-03', NULL, NULL),
(560, 25, 567, '2024-04-03', NULL, NULL),
(561, 26, 568, '2024-04-03', NULL, NULL),
(562, 27, 569, '2024-04-03', NULL, NULL),
(563, 28, 570, '2024-04-03', NULL, NULL),
(564, 29, 571, '2024-04-03', NULL, NULL),
(565, 30, 572, '2024-04-03', NULL, NULL),
(566, 31, 573, '2024-04-03', NULL, NULL),
(567, 32, 574, '2024-04-03', NULL, NULL),
(568, 33, 575, '2024-04-03', NULL, NULL),
(569, 34, 576, '2024-04-03', NULL, NULL),
(570, 35, 577, '2024-04-03', NULL, NULL),
(571, 36, 578, '2024-04-03', NULL, NULL),
(572, 39, 579, '2024-04-03', NULL, NULL),
(573, 41, 580, '2024-04-03', NULL, NULL),
(574, 42, 581, '2024-04-03', NULL, NULL),
(575, 43, 582, '2024-04-03', NULL, NULL),
(576, 44, 583, '2024-04-03', NULL, NULL),
(577, 45, 584, '2024-04-03', NULL, NULL),
(578, 2, 585, '2024-04-04', NULL, NULL),
(579, 4, 586, '2024-04-04', NULL, NULL),
(580, 5, 587, '2024-04-04', NULL, NULL),
(581, 7, 588, '2024-04-04', NULL, NULL),
(582, 8, 589, '2024-04-04', NULL, NULL),
(583, 9, 590, '2024-04-04', NULL, NULL),
(584, 11, 591, '2024-04-04', NULL, NULL),
(585, 12, 592, '2024-04-04', NULL, NULL),
(586, 13, 593, '2024-04-04', NULL, NULL),
(587, 16, 594, '2024-04-04', NULL, NULL),
(588, 20, 595, '2024-04-04', NULL, NULL),
(589, 21, 596, '2024-04-04', NULL, NULL),
(590, 22, 597, '2024-04-04', NULL, NULL),
(591, 23, 598, '2024-04-04', NULL, NULL),
(592, 24, 599, '2024-04-04', NULL, NULL),
(593, 25, 600, '2024-04-04', NULL, NULL),
(594, 26, 601, '2024-04-04', NULL, NULL),
(595, 27, 602, '2024-04-04', NULL, NULL),
(596, 28, 603, '2024-04-04', NULL, NULL),
(597, 29, 604, '2024-04-04', NULL, NULL),
(598, 30, 605, '2024-04-04', NULL, NULL),
(599, 31, 606, '2024-04-04', NULL, NULL),
(600, 32, 607, '2024-04-04', NULL, NULL),
(601, 33, 608, '2024-04-04', NULL, NULL),
(602, 34, 609, '2024-04-04', NULL, NULL),
(603, 35, 610, '2024-04-04', NULL, NULL),
(604, 36, 611, '2024-04-04', NULL, NULL),
(605, 39, 612, '2024-04-04', NULL, NULL),
(606, 41, 613, '2024-04-04', NULL, NULL),
(607, 42, 614, '2024-04-04', NULL, NULL),
(608, 43, 615, '2024-04-04', NULL, NULL),
(609, 44, 616, '2024-04-04', NULL, NULL),
(610, 45, 617, '2024-04-04', NULL, NULL),
(611, 2, 618, '2024-04-05', NULL, NULL),
(612, 4, 619, '2024-04-05', NULL, NULL),
(613, 5, 620, '2024-04-05', NULL, NULL),
(614, 7, 621, '2024-04-05', NULL, NULL),
(615, 8, 622, '2024-04-05', NULL, NULL),
(616, 9, 623, '2024-04-05', NULL, NULL),
(617, 11, 624, '2024-04-05', NULL, NULL),
(618, 12, 625, '2024-04-05', NULL, NULL),
(619, 13, 626, '2024-04-05', NULL, NULL),
(620, 16, 627, '2024-04-05', NULL, NULL),
(621, 20, 628, '2024-04-05', NULL, NULL),
(622, 21, 629, '2024-04-05', NULL, NULL),
(623, 22, 630, '2024-04-05', NULL, NULL),
(624, 23, 631, '2024-04-05', NULL, NULL),
(625, 24, 632, '2024-04-05', NULL, NULL),
(626, 25, 633, '2024-04-05', NULL, NULL),
(627, 26, 634, '2024-04-05', NULL, NULL),
(628, 27, 635, '2024-04-05', NULL, NULL),
(629, 28, 636, '2024-04-05', NULL, NULL),
(630, 29, 637, '2024-04-05', NULL, NULL),
(631, 30, 638, '2024-04-05', NULL, NULL),
(632, 31, 639, '2024-04-05', NULL, NULL),
(633, 32, 640, '2024-04-05', NULL, NULL),
(634, 33, 641, '2024-04-05', NULL, NULL),
(635, 34, 642, '2024-04-05', NULL, NULL),
(636, 35, 643, '2024-04-05', NULL, NULL),
(637, 36, 644, '2024-04-05', NULL, NULL),
(638, 39, 645, '2024-04-05', NULL, NULL),
(639, 41, 646, '2024-04-05', NULL, NULL),
(640, 42, 647, '2024-04-05', NULL, NULL),
(641, 43, 648, '2024-04-05', NULL, NULL),
(642, 44, 649, '2024-04-05', NULL, NULL),
(643, 45, 650, '2024-04-05', NULL, NULL);

-- --------------------------------------------------------

--
-- Table structure for table `roster_histories`
--

CREATE TABLE `roster_histories` (
  `id` bigint(20) UNSIGNED NOT NULL,
  `roster_template_id` int(11) NOT NULL,
  `updated_by` int(11) NOT NULL,
  `description` text COLLATE utf8mb4_unicode_ci NOT NULL,
  `created_at` timestamp NULL DEFAULT NULL,
  `updated_at` timestamp NULL DEFAULT NULL
) ENGINE=InnoDB DEFAULT CHARSET=utf8mb4 COLLATE=utf8mb4_unicode_ci;

--
-- Dumping data for table `roster_histories`
--

INSERT INTO `roster_histories` (`id`, `roster_template_id`, `updated_by`, `description`, `created_at`, `updated_at`) VALUES
(1, 2, 1, '<a href=\'https://dev-fastform.gtechsol.au/user-profile/1\' style=\'text-transform: capitalize;\' role=\'button\' class=\'primary text-decoration-none\'> Main  Admin</a> assigned  shift \'2\' template to \'Umair  Azam\'  at \'21-02-2024\' date .', '2024-02-21 03:39:08', '2024-02-21 03:39:08'),
(2, 0, 1, '<a href=\'https://dev-fastform.gtechsol.au/user-profile/1\' style=\'text-transform: capitalize;\' role=\'button\' class=\'primary text-decoration-none\'> Main  Admin</a> created a bulk schedule at 21-02-2024 date', '2024-02-21 03:40:57', '2024-02-21 03:40:57'),
(3, 12, 1, '<a href=\'https://dev-fastform.gtechsol.au/user-profile/1\' style=\'text-transform: capitalize;\' role=\'button\' class=\'primary text-decoration-none\'> Main  Admin</a> assigned  shift \'12\' template to \'Umair  Azam\'  at \'21-02-2024\' date .', '2024-02-21 03:51:54', '2024-02-21 03:51:54'),
(4, 14, 1, '<a href=\'https://dev-fastform.gtechsol.au/user-profile/1\' style=\'text-transform: capitalize;\' role=\'button\' class=\'primary text-decoration-none\'> Main  Admin</a> assigned  shift \'14\' template to \'Abdul Rehman Khan\'  at \'22-02-2024\' date .', '2024-02-21 23:55:00', '2024-02-21 23:55:00'),
(5, 16, 1, '<a href=\'http://dev-fastform.gtechsol.au/user-profile/1\' style=\'text-transform: capitalize;\' role=\'button\' class=\'primary text-decoration-none\'> Main  Admin</a> assigned  shift \'16\' template to \'tester  qa\'  at \'22-02-2024\' date .', '2024-02-22 04:54:19', '2024-02-22 04:54:19'),
(6, 17, 1, '<a href=\'http://dev-fastform.gtechsol.au/user-profile/1\' style=\'text-transform: capitalize;\' role=\'button\' class=\'primary text-decoration-none\'> Main  Admin</a> assigned  shift \'17\' template to \'tester  qa\'  at \'22-02-2024\' date .', '2024-02-22 04:56:04', '2024-02-22 04:56:04'),
(7, 19, 1, '<a href=\'http://dev-fastform.gtechsol.au/user-profile/1\' style=\'text-transform: capitalize;\' role=\'button\' class=\'primary text-decoration-none\'> Main  Admin</a> assigned  shift \'19\' template to \'test  app\'  at \'23-02-2024\' date .', '2024-02-22 21:38:57', '2024-02-22 21:38:57'),
(8, 20, 1, '<a href=\'https://dev-fastform.gtechsol.au/user-profile/1\' style=\'text-transform: capitalize;\' role=\'button\' class=\'primary text-decoration-none\'> Main  Admin</a> assigned  shift \'20\' template to \'Mehtab  Ahmed\'  at \'23-02-2024\' date .', '2024-02-22 23:25:24', '2024-02-22 23:25:24'),
(9, 21, 1, '<a href=\'http://dev-fastform.gtechsol.au/user-profile/1\' style=\'text-transform: capitalize;\' role=\'button\' class=\'primary text-decoration-none\'> Main  Admin</a> assigned  shift \'21\' template to \'Umair  Azam\'  at \'23-02-2024\' date .', '2024-02-22 23:51:46', '2024-02-22 23:51:46'),
(10, 22, 1, '<a href=\'http://dev-fastform.gtechsol.au/user-profile/1\' style=\'text-transform: capitalize;\' role=\'button\' class=\'primary text-decoration-none\'> Main  Admin</a> assigned  shift \'22\' template to \'Umair  Azam\'  at \'23-02-2024\' date .', '2024-02-22 23:52:23', '2024-02-22 23:52:23'),
(11, 22, 1, '<a href=\'http://dev-fastform.gtechsol.au/user-profile/1\' style=\'text-transform: capitalize;\' role=\'button\' class=\'primary text-decoration-none\'> Main  Admin</a> deleted a shifts which was assigned  \'22\' template to \'Umair  Azam\'  at \'23-02-2024\' date .', '2024-02-22 23:54:29', '2024-02-22 23:54:29'),
(12, 24, 1, '<a href=\'https://dev-fastform.gtechsol.au/user-profile/1\' style=\'text-transform: capitalize;\' role=\'button\' class=\'primary text-decoration-none\'> Main  Admin</a> assigned  shift \'24\' template to \'Ahmad  Elsayed\'  at \'23-02-2024\' date .', '2024-02-22 23:58:35', '2024-02-22 23:58:35'),
(13, 25, 1, '<a href=\'https://dev-fastform.gtechsol.au/user-profile/1\' style=\'text-transform: capitalize;\' role=\'button\' class=\'primary text-decoration-none\'> Main  Admin</a> assigned  shift \'25\' template to \'Muhammad Saad Tanveer\'  at \'23-02-2024\' date .', '2024-02-23 00:02:08', '2024-02-23 00:02:08'),
(14, 26, 1, '<a href=\'https://dev-fastform.gtechsol.au/user-profile/1\' style=\'text-transform: capitalize;\' role=\'button\' class=\'primary text-decoration-none\'> Main  Admin</a> assigned  shift \'26\' template to \'samina  Tester\'  at \'24-02-2024\' date .', '2024-02-24 02:40:47', '2024-02-24 02:40:47'),
(15, 0, 1, '<a href=\'https://dev-fastform.gtechsol.au/user-profile/1\' style=\'text-transform: capitalize;\' role=\'button\' class=\'primary text-decoration-none\'> Main  Admin</a> created a bulk schedule at 26-02-2024 date', '2024-02-25 21:26:31', '2024-02-25 21:26:31'),
(16, 0, 1, '<a href=\'https://dev-fastform.gtechsol.au/user-profile/1\' style=\'text-transform: capitalize;\' role=\'button\' class=\'primary text-decoration-none\'> Main  Admin</a> created a bulk schedule at 28-02-2024 date', '2024-02-27 16:15:35', '2024-02-27 16:15:35'),
(17, 117, 1, '<a href=\'https://dev-fastform.gtechsol.au/user-profile/1\' style=\'text-transform: capitalize;\' role=\'button\' class=\'primary text-decoration-none\'> Main  Admin</a> assigned  shift \'117\' template to \'Muhammad Saad Tanveer\'  at \'28-02-2024\' date .', '2024-02-27 16:16:41', '2024-02-27 16:16:41'),
(18, 118, 1, '<a href=\'https://dev-fastform.gtechsol.au/user-profile/1\' style=\'text-transform: capitalize;\' role=\'button\' class=\'primary text-decoration-none\'> Main  Admin</a> assigned  shift \'118\' template to \'Muhammad Saad Tanveer\'  at \'28-02-2024\' date .', '2024-02-27 16:16:49', '2024-02-27 16:16:49'),
(19, 0, 1, '<a href=\'https://dev-fastform.gtechsol.au/user-profile/1\' style=\'text-transform: capitalize;\' role=\'button\' class=\'primary text-decoration-none\'> Main  Admin</a> created a bulk schedule at 29-02-2024 date', '2024-02-29 03:38:13', '2024-02-29 03:38:13'),
(20, 127, 1, '<a href=\'https://dev-fastform.gtechsol.au/user-profile/1\' style=\'text-transform: capitalize;\' role=\'button\' class=\'primary text-decoration-none\'> Main  Admin</a> assigned  shift \'127\' template to \'Umair  Azam\'  at \'29-02-2024\' date .', '2024-02-29 05:40:33', '2024-02-29 05:40:33'),
(21, 128, 1, '<a href=\'https://dev-fastform.gtechsol.au/user-profile/1\' style=\'text-transform: capitalize;\' role=\'button\' class=\'primary text-decoration-none\'> Main  Admin</a> assigned  shift \'128\' template to \'Umair Azam Tester\'  at \'01-03-2024\' date .', '2024-02-29 23:49:07', '2024-02-29 23:49:07'),
(22, 129, 1, '<a href=\'https://dev-fastform.gtechsol.au/user-profile/1\' style=\'text-transform: capitalize;\' role=\'button\' class=\'primary text-decoration-none\'> Main  Admin</a> assigned  shift \'129\' template to \'Umair Azam Tester\'  at \'01-03-2024\' date .', '2024-02-29 23:56:27', '2024-02-29 23:56:27'),
(23, 130, 1, '<a href=\'https://dev-fastform.gtechsol.au/user-profile/1\' style=\'text-transform: capitalize;\' role=\'button\' class=\'primary text-decoration-none\'> Main  Admin</a> assigned  shift \'130\' template to \'Umair Azam Tester\'  at \'01-03-2024\' date .', '2024-03-01 00:01:38', '2024-03-01 00:01:38'),
(24, 131, 1, '<a href=\'https://dev-fastform.gtechsol.au/user-profile/1\' style=\'text-transform: capitalize;\' role=\'button\' class=\'primary text-decoration-none\'> Main  Admin</a> assigned  shift \'131\' template to \'Umair Azam Tester\'  at \'04-03-2024\' date .', '2024-03-03 22:46:04', '2024-03-03 22:46:04'),
(25, 133, 1, '<a href=\'http://dev-fastform.gtechsol.au/user-profile/1\' style=\'text-transform: capitalize;\' role=\'button\' class=\'primary text-decoration-none\'> Main  Admin</a> assigned  shift \'133\' template to \'Umair Azam Tester\'  at \'04-03-2024\' date .', '2024-03-04 03:57:47', '2024-03-04 03:57:47'),
(26, 134, 1, '<a href=\'http://dev-fastform.gtechsol.au/user-profile/1\' style=\'text-transform: capitalize;\' role=\'button\' class=\'primary text-decoration-none\'> Main  Admin</a> assigned  shift \'134\' template to \'Umair Azam Tester\'  at \'04-03-2024\' date .', '2024-03-04 03:59:28', '2024-03-04 03:59:28'),
(27, 0, 1, '<a href=\'https://dev-fastform.gtechsol.au/user-profile/1\' style=\'text-transform: capitalize;\' role=\'button\' class=\'primary text-decoration-none\'> Main  Admin</a> created a bulk schedule at 05-03-2024 date', '2024-03-04 19:06:50', '2024-03-04 19:06:50'),
(28, 153, 1, '<a href=\'https://dev-fastform.gtechsol.au/user-profile/1\' style=\'text-transform: capitalize;\' role=\'button\' class=\'primary text-decoration-none\'> Main  Admin</a> assigned  shift \'153\' template to \'Umair Azam Tester\'  at \'05-03-2024\' date .', '2024-03-05 01:02:15', '2024-03-05 01:02:15'),
(29, 154, 1, '<a href=\'https://dev-fastform.gtechsol.au/user-profile/1\' style=\'text-transform: capitalize;\' role=\'button\' class=\'primary text-decoration-none\'> Main  Admin</a> assigned  shift \'154\' template to \'Umair Azam Tester\'  at \'05-03-2024\' date .', '2024-03-05 01:02:19', '2024-03-05 01:02:19'),
(30, 154, 1, '<a href=\'https://dev-fastform.gtechsol.au/user-profile/1\' style=\'text-transform: capitalize;\' role=\'button\' class=\'primary text-decoration-none\'> Main  Admin</a> deleted a shifts which was assigned  \'154\' template to \'Umair Azam Tester\'  at \'05-03-2024\' date .', '2024-03-05 01:02:44', '2024-03-05 01:02:44'),
(31, 154, 1, '<a href=\'https://dev-fastform.gtechsol.au/user-profile/1\' style=\'text-transform: capitalize;\' role=\'button\' class=\'primary text-decoration-none\'> Main  Admin</a> deleted a shifts which was assigned  \'154\' template to \'Umair Azam Tester\'  at \'05-03-2024\' date .', '2024-03-05 01:02:46', '2024-03-05 01:02:46'),
(32, 154, 1, '<a href=\'https://dev-fastform.gtechsol.au/user-profile/1\' style=\'text-transform: capitalize;\' role=\'button\' class=\'primary text-decoration-none\'> Main  Admin</a> deleted a shifts which was assigned  \'154\' template to \'Umair Azam Tester\'  at \'05-03-2024\' date .', '2024-03-05 01:02:53', '2024-03-05 01:02:53'),
(33, 0, 1, '<a href=\'https://dev-fastform.gtechsol.au/user-profile/1\' style=\'text-transform: capitalize;\' role=\'button\' class=\'primary text-decoration-none\'> Main  Admin</a> created a bulk schedule at 08-03-2024 date', '2024-03-07 18:07:00', '2024-03-07 18:07:00'),
(34, 0, 1, '<a href=\'https://dev-fastform.gtechsol.au/user-profile/1\' style=\'text-transform: capitalize;\' role=\'button\' class=\'primary text-decoration-none\'> Main  Admin</a> created a bulk schedule at 08-03-2024 date', '2024-03-07 18:08:21', '2024-03-07 18:08:21'),
(35, 155, 1, '<a href=\'https://dev-fastform.gtechsol.au/user-profile/1\' style=\'text-transform: capitalize;\' role=\'button\' class=\'primary text-decoration-none\'> Main  Admin</a> deleted a shifts which was assigned  \'155\' template to \'Umair  Azam\'  at \'08-03-2024\' date .', '2024-03-07 18:08:52', '2024-03-07 18:08:52'),
(36, 156, 1, '<a href=\'https://dev-fastform.gtechsol.au/user-profile/1\' style=\'text-transform: capitalize;\' role=\'button\' class=\'primary text-decoration-none\'> Main  Admin</a> deleted a shifts which was assigned  \'156\' template to \'Mehtab  Ahmed\'  at \'08-03-2024\' date .', '2024-03-07 18:09:20', '2024-03-07 18:09:20'),
(37, 157, 1, '<a href=\'https://dev-fastform.gtechsol.au/user-profile/1\' style=\'text-transform: capitalize;\' role=\'button\' class=\'primary text-decoration-none\'> Main  Admin</a> deleted a shifts which was assigned  \'157\' template to \'samina  Tester\'  at \'08-03-2024\' date .', '2024-03-07 18:09:25', '2024-03-07 18:09:25'),
(38, 158, 1, '<a href=\'https://dev-fastform.gtechsol.au/user-profile/1\' style=\'text-transform: capitalize;\' role=\'button\' class=\'primary text-decoration-none\'> Main  Admin</a> deleted a shifts which was assigned  \'158\' template to \'Abdul Rehman Khan\'  at \'08-03-2024\' date .', '2024-03-07 18:09:29', '2024-03-07 18:09:29'),
(39, 159, 1, '<a href=\'https://dev-fastform.gtechsol.au/user-profile/1\' style=\'text-transform: capitalize;\' role=\'button\' class=\'primary text-decoration-none\'> Main  Admin</a> deleted a shifts which was assigned  \'159\' template to \'Haysam  ElBacha\'  at \'08-03-2024\' date .', '2024-03-07 18:09:34', '2024-03-07 18:09:34'),
(40, 160, 1, '<a href=\'https://dev-fastform.gtechsol.au/user-profile/1\' style=\'text-transform: capitalize;\' role=\'button\' class=\'primary text-decoration-none\'> Main  Admin</a> deleted a shifts which was assigned  \'160\' template to \'Ahmed  ElSayed\'  at \'08-03-2024\' date .', '2024-03-07 18:09:38', '2024-03-07 18:09:38'),
(41, 161, 1, '<a href=\'https://dev-fastform.gtechsol.au/user-profile/1\' style=\'text-transform: capitalize;\' role=\'button\' class=\'primary text-decoration-none\'> Main  Admin</a> deleted a shifts which was assigned  \'161\' template to \'Mahmoud  Massri\'  at \'08-03-2024\' date .', '2024-03-07 18:09:45', '2024-03-07 18:09:45'),
(42, 162, 1, '<a href=\'https://dev-fastform.gtechsol.au/user-profile/1\' style=\'text-transform: capitalize;\' role=\'button\' class=\'primary text-decoration-none\'> Main  Admin</a> deleted a shifts which was assigned  \'162\' template to \'Kaled  Massri\'  at \'08-03-2024\' date .', '2024-03-07 18:09:49', '2024-03-07 18:09:49'),
(43, 163, 1, '<a href=\'https://dev-fastform.gtechsol.au/user-profile/1\' style=\'text-transform: capitalize;\' role=\'button\' class=\'primary text-decoration-none\'> Main  Admin</a> deleted a shifts which was assigned  \'163\' template to \'Khodar Walid HiJAZI\'  at \'08-03-2024\' date .', '2024-03-07 18:09:53', '2024-03-07 18:09:53'),
(44, 164, 1, '<a href=\'https://dev-fastform.gtechsol.au/user-profile/1\' style=\'text-transform: capitalize;\' role=\'button\' class=\'primary text-decoration-none\'> Main  Admin</a> deleted a shifts which was assigned  \'164\' template to \'Muhammad Saad Tanveer\'  at \'08-03-2024\' date .', '2024-03-07 18:09:59', '2024-03-07 18:09:59'),
(45, 116, 1, '<a href=\'https://dev-fastform.gtechsol.au/user-profile/1\' style=\'text-transform: capitalize;\' role=\'button\' class=\'primary text-decoration-none\'> Main  Admin</a> deleted a shifts which was assigned  \'116\' template to \'Muhammad Saad Tanveer\'  at \'08-03-2024\' date .', '2024-03-07 18:10:06', '2024-03-07 18:10:06'),
(46, 165, 1, '<a href=\'https://dev-fastform.gtechsol.au/user-profile/1\' style=\'text-transform: capitalize;\' role=\'button\' class=\'primary text-decoration-none\'> Main  Admin</a> deleted a shifts which was assigned  \'165\' template to \'Abdul  Rehman\'  at \'08-03-2024\' date .', '2024-03-07 18:10:11', '2024-03-07 18:10:11'),
(47, 166, 1, '<a href=\'https://dev-fastform.gtechsol.au/user-profile/1\' style=\'text-transform: capitalize;\' role=\'button\' class=\'primary text-decoration-none\'> Main  Admin</a> deleted a shifts which was assigned  \'166\' template to \'Dev  Ops\'  at \'08-03-2024\' date .', '2024-03-07 18:10:17', '2024-03-07 18:10:17'),
(48, 167, 1, '<a href=\'https://dev-fastform.gtechsol.au/user-profile/1\' style=\'text-transform: capitalize;\' role=\'button\' class=\'primary text-decoration-none\'> Main  Admin</a> deleted a shifts which was assigned  \'167\' template to \'Yonnas Kiros BERHEMELES\'  at \'08-03-2024\' date .', '2024-03-07 18:10:20', '2024-03-07 18:10:20'),
(49, 168, 1, '<a href=\'https://dev-fastform.gtechsol.au/user-profile/1\' style=\'text-transform: capitalize;\' role=\'button\' class=\'primary text-decoration-none\'> Main  Admin</a> deleted a shifts which was assigned  \'168\' template to \'Abusaleh  SHEIKH\'  at \'08-03-2024\' date .', '2024-03-07 18:10:24', '2024-03-07 18:10:24'),
(50, 169, 1, '<a href=\'https://dev-fastform.gtechsol.au/user-profile/1\' style=\'text-transform: capitalize;\' role=\'button\' class=\'primary text-decoration-none\'> Main  Admin</a> deleted a shifts which was assigned  \'169\' template to \'David  McSWEENEY\'  at \'08-03-2024\' date .', '2024-03-07 18:10:28', '2024-03-07 18:10:28'),
(51, 170, 1, '<a href=\'https://dev-fastform.gtechsol.au/user-profile/1\' style=\'text-transform: capitalize;\' role=\'button\' class=\'primary text-decoration-none\'> Main  Admin</a> deleted a shifts which was assigned  \'170\' template to \'Ahmed  Doud\'  at \'08-03-2024\' date .', '2024-03-07 18:10:37', '2024-03-07 18:10:37'),
(52, 171, 1, '<a href=\'https://dev-fastform.gtechsol.au/user-profile/1\' style=\'text-transform: capitalize;\' role=\'button\' class=\'primary text-decoration-none\'> Main  Admin</a> deleted a shifts which was assigned  \'171\' template to \'Jahid Hassan AKON\'  at \'08-03-2024\' date .', '2024-03-07 18:10:42', '2024-03-07 18:10:42'),
(53, 172, 1, '<a href=\'https://dev-fastform.gtechsol.au/user-profile/1\' style=\'text-transform: capitalize;\' role=\'button\' class=\'primary text-decoration-none\'> Main  Admin</a> deleted a shifts which was assigned  \'172\' template to \'Yousif Abaker HARAN\'  at \'08-03-2024\' date .', '2024-03-07 18:10:46', '2024-03-07 18:10:46'),
(54, 173, 1, '<a href=\'https://dev-fastform.gtechsol.au/user-profile/1\' style=\'text-transform: capitalize;\' role=\'button\' class=\'primary text-decoration-none\'> Main  Admin</a> deleted a shifts which was assigned  \'173\' template to \'Mahmoud  Fachikh\'  at \'08-03-2024\' date .', '2024-03-07 18:10:50', '2024-03-07 18:10:50'),
(55, 174, 1, '<a href=\'https://dev-fastform.gtechsol.au/user-profile/1\' style=\'text-transform: capitalize;\' role=\'button\' class=\'primary text-decoration-none\'> Main  Admin</a> deleted a shifts which was assigned  \'174\' template to \'Hamad  MOUBARAK\'  at \'08-03-2024\' date .', '2024-03-07 18:10:54', '2024-03-07 18:10:54'),
(56, 175, 1, '<a href=\'https://dev-fastform.gtechsol.au/user-profile/1\' style=\'text-transform: capitalize;\' role=\'button\' class=\'primary text-decoration-none\'> Main  Admin</a> deleted a shifts which was assigned  \'175\' template to \'Sami  FATFAT\'  at \'08-03-2024\' date .', '2024-03-07 18:10:59', '2024-03-07 18:10:59'),
(57, 176, 1, '<a href=\'https://dev-fastform.gtechsol.au/user-profile/1\' style=\'text-transform: capitalize;\' role=\'button\' class=\'primary text-decoration-none\'> Main  Admin</a> deleted a shifts which was assigned  \'176\' template to \'Akot Majok DUT\'  at \'08-03-2024\' date .', '2024-03-07 18:11:07', '2024-03-07 18:11:07'),
(58, 177, 1, '<a href=\'https://dev-fastform.gtechsol.au/user-profile/1\' style=\'text-transform: capitalize;\' role=\'button\' class=\'primary text-decoration-none\'> Main  Admin</a> deleted a shifts which was assigned  \'177\' template to \'Mohamad  Fachikh\'  at \'08-03-2024\' date .', '2024-03-07 18:11:16', '2024-03-07 18:11:16'),
(59, 178, 1, '<a href=\'https://dev-fastform.gtechsol.au/user-profile/1\' style=\'text-transform: capitalize;\' role=\'button\' class=\'primary text-decoration-none\'> Main  Admin</a> deleted a shifts which was assigned  \'178\' template to \'James Akot AKOT\'  at \'08-03-2024\' date .', '2024-03-07 18:11:24', '2024-03-07 18:11:24'),
(60, 179, 1, '<a href=\'https://dev-fastform.gtechsol.au/user-profile/1\' style=\'text-transform: capitalize;\' role=\'button\' class=\'primary text-decoration-none\'> Main  Admin</a> deleted a shifts which was assigned  \'179\' template to \'Ahmed Yahya ADAM\'  at \'08-03-2024\' date .', '2024-03-07 18:11:28', '2024-03-07 18:11:28'),
(61, 180, 1, '<a href=\'https://dev-fastform.gtechsol.au/user-profile/1\' style=\'text-transform: capitalize;\' role=\'button\' class=\'primary text-decoration-none\'> Main  Admin</a> deleted a shifts which was assigned  \'180\' template to \'Khon  Gai\'  at \'08-03-2024\' date .', '2024-03-07 18:11:37', '2024-03-07 18:11:37'),
(62, 181, 1, '<a href=\'https://dev-fastform.gtechsol.au/user-profile/1\' style=\'text-transform: capitalize;\' role=\'button\' class=\'primary text-decoration-none\'> Main  Admin</a> deleted a shifts which was assigned  \'181\' template to \'Tarek  Massri\'  at \'08-03-2024\' date .', '2024-03-07 18:11:44', '2024-03-07 18:11:44'),
(63, 182, 1, '<a href=\'https://dev-fastform.gtechsol.au/user-profile/1\' style=\'text-transform: capitalize;\' role=\'button\' class=\'primary text-decoration-none\'> Main  Admin</a> deleted a shifts which was assigned  \'182\' template to \'Umair Azam Tester\'  at \'08-03-2024\' date .', '2024-03-07 18:11:48', '2024-03-07 18:11:48'),
(64, 0, 1, '<a href=\'https://dev-fastform.gtechsol.au/user-profile/1\' style=\'text-transform: capitalize;\' role=\'button\' class=\'primary text-decoration-none\'> Main  Admin</a> created a bulk schedule at 08-03-2024 date', '2024-03-07 19:05:20', '2024-03-07 19:05:20'),
(65, 229, 1, '<a href=\'https://dev-fastform.gtechsol.au/user-profile/1\' style=\'text-transform: capitalize;\' role=\'button\' class=\'primary text-decoration-none\'> Main  Admin</a> assigned  shift \'229\' template to \'Umair  Azam\'  at \'08-03-2024\' date .', '2024-03-08 01:09:35', '2024-03-08 01:09:35'),
(66, 230, 1, '<a href=\'https://dev-fastform.gtechsol.au/user-profile/1\' style=\'text-transform: capitalize;\' role=\'button\' class=\'primary text-decoration-none\'> Main  Admin</a> assigned  shift \'230\' template to \'Umair Azam Tester\'  at \'09-03-2024\' date .', '2024-03-08 03:12:43', '2024-03-08 03:12:43'),
(67, 231, 1, '<a href=\'https://dev-fastform.gtechsol.au/user-profile/1\' style=\'text-transform: capitalize;\' role=\'button\' class=\'primary text-decoration-none\'> Main  Admin</a> assigned  shift \'231\' template to \'Umair Azam Tester\'  at \'09-03-2024\' date .', '2024-03-08 05:11:08', '2024-03-08 05:11:08'),
(68, 232, 1, '<a href=\'https://dev-fastform.gtechsol.au/user-profile/1\' style=\'text-transform: capitalize;\' role=\'button\' class=\'primary text-decoration-none\'> Main  Admin</a> assigned  shift \'232\' template to \'Umair Azam Tester\'  at \'09-03-2024\' date .', '2024-03-08 05:11:43', '2024-03-08 05:11:43'),
(69, 233, 1, '<a href=\'https://dev-fastform.gtechsol.au/user-profile/1\' style=\'text-transform: capitalize;\' role=\'button\' class=\'primary text-decoration-none\'> Main  Admin</a> assigned  shift \'233\' template to \'Umair Azam Tester\'  at \'09-03-2024\' date .', '2024-03-08 05:12:30', '2024-03-08 05:12:30'),
(70, 234, 1, '<a href=\'https://dev-fastform.gtechsol.au/user-profile/1\' style=\'text-transform: capitalize;\' role=\'button\' class=\'primary text-decoration-none\'> Main  Admin</a> assigned  shift \'234\' template to \'Umair Azam Tester\'  at \'08-03-2024\' date .', '2024-03-08 05:13:25', '2024-03-08 05:13:25'),
(71, 232, 1, '<a href=\'https://dev-fastform.gtechsol.au/user-profile/1\' style=\'text-transform: capitalize;\' role=\'button\' class=\'primary text-decoration-none\'> Main  Admin</a> deleted a shifts which was assigned  \'232\' template to \'Umair Azam Tester\'  at \'09-03-2024\' date .', '2024-03-08 05:14:33', '2024-03-08 05:14:33'),
(72, 235, 1, '<a href=\'https://dev-fastform.gtechsol.au/user-profile/1\' style=\'text-transform: capitalize;\' role=\'button\' class=\'primary text-decoration-none\'> Main  Admin</a> assigned  shift \'235\' template to \'Umair Azam Tester\'  at \'12-03-2024\' date .', '2024-03-11 23:36:32', '2024-03-11 23:36:32'),
(73, 236, 1, '<a href=\'https://dev-fastform.gtechsol.au/user-profile/1\' style=\'text-transform: capitalize;\' role=\'button\' class=\'primary text-decoration-none\'> Main  Admin</a> assigned  shift \'236\' template to \'Umair Azam Tester\'  at \'12-03-2024\' date .', '2024-03-11 23:38:40', '2024-03-11 23:38:40'),
(74, 237, 1, '<a href=\'https://dev-fastform.gtechsol.au/user-profile/1\' style=\'text-transform: capitalize;\' role=\'button\' class=\'primary text-decoration-none\'> Main  Admin</a> assigned  shift \'237\' template to \'Umair Azam Tester\'  at \'13-03-2024\' date .', '2024-03-11 23:40:22', '2024-03-11 23:40:22'),
(75, 238, 1, '<a href=\'https://dev-fastform.gtechsol.au/user-profile/1\' style=\'text-transform: capitalize;\' role=\'button\' class=\'primary text-decoration-none\'> Main  Admin</a> assigned  shift \'238\' template to \'Umair Azam Tester\'  at \'13-03-2024\' date .', '2024-03-11 23:40:32', '2024-03-11 23:40:32'),
(76, 239, 1, '<a href=\'https://dev-fastform.gtechsol.au/user-profile/1\' style=\'text-transform: capitalize;\' role=\'button\' class=\'primary text-decoration-none\'> Main  Admin</a> assigned  shift \'239\' template to \'Umair Azam Tester\'  at \'14-03-2024\' date .', '2024-03-12 00:47:08', '2024-03-12 00:47:08'),
(77, 0, 1, '<a href=\'https://dev-fastform.gtechsol.au/user-profile/1\' style=\'text-transform: capitalize;\' role=\'button\' class=\'primary text-decoration-none\'> Main  Admin</a> created a bulk schedule at 13-03-2024 date', '2024-03-12 21:18:14', '2024-03-12 21:18:14'),
(78, 0, 1, '<a href=\'https://dev-fastform.gtechsol.au/user-profile/1\' style=\'text-transform: capitalize;\' role=\'button\' class=\'primary text-decoration-none\'> Main  Admin</a> created a bulk schedule at 13-03-2024 date', '2024-03-12 21:25:10', '2024-03-12 21:25:10'),
(79, 240, 1, '<a href=\'https://dev-fastform.gtechsol.au/user-profile/1\' style=\'text-transform: capitalize;\' role=\'button\' class=\'primary text-decoration-none\'> Main  Admin</a> deleted a shifts which was assigned  \'240\' template to \'Muhammad Saad Tanveer\'  at \'13-03-2024\' date .', '2024-03-12 21:25:21', '2024-03-12 21:25:21'),
(80, 241, 1, '<a href=\'https://dev-fastform.gtechsol.au/user-profile/1\' style=\'text-transform: capitalize;\' role=\'button\' class=\'primary text-decoration-none\'> Main  Admin</a> deleted a shifts which was assigned  \'241\' template to \'Muhammad Saad Tanveer\'  at \'14-03-2024\' date .', '2024-03-12 21:25:33', '2024-03-12 21:25:33'),
(81, 0, 1, '<a href=\'https://dev-fastform.gtechsol.au/user-profile/1\' style=\'text-transform: capitalize;\' role=\'button\' class=\'primary text-decoration-none\'> Main  Admin</a> created a bulk schedule at 13-03-2024 date', '2024-03-12 21:26:36', '2024-03-12 21:26:36'),
(82, 247, 1, '<a href=\'https://dev-fastform.gtechsol.au/user-profile/1\' style=\'text-transform: capitalize;\' role=\'button\' class=\'primary text-decoration-none\'> Main  Admin</a> assigned  shift \'247\' template to \'Umair Azam Tester\'  at \'15-03-2024\' date .', '2024-03-13 20:41:18', '2024-03-13 20:41:18'),
(83, 248, 1, '<a href=\'https://dev-fastform.gtechsol.au/user-profile/1\' style=\'text-transform: capitalize;\' role=\'button\' class=\'primary text-decoration-none\'> Main  Admin</a> assigned  shift \'248\' template to \'Umair Azam Tester\'  at \'14-03-2024\' date .', '2024-03-13 20:41:58', '2024-03-13 20:41:58'),
(84, 249, 1, '<a href=\'https://dev-fastform.gtechsol.au/user-profile/1\' style=\'text-transform: capitalize;\' role=\'button\' class=\'primary text-decoration-none\'> Main  Admin</a> assigned  shift \'249\' template to \'Umair Azam Tester\'  at \'14-03-2024\' date .', '2024-03-13 20:41:58', '2024-03-13 20:41:58'),
(85, 248, 1, '<a href=\'https://dev-fastform.gtechsol.au/user-profile/1\' style=\'text-transform: capitalize;\' role=\'button\' class=\'primary text-decoration-none\'> Main  Admin</a> deleted a shifts which was assigned  \'248\' template to \'Umair Azam Tester\'  at \'14-03-2024\' date .', '2024-03-13 20:42:07', '2024-03-13 20:42:07'),
(86, 0, 1, '<a href=\'https://dev-fastform.gtechsol.au/user-profile/1\' style=\'text-transform: capitalize;\' role=\'button\' class=\'primary text-decoration-none\'> Main  Admin</a> created a bulk schedule at 14-03-2024 date', '2024-03-13 20:56:06', '2024-03-13 20:56:06'),
(87, 0, 1, '<a href=\'https://dev-fastform.gtechsol.au/user-profile/1\' style=\'text-transform: capitalize;\' role=\'button\' class=\'primary text-decoration-none\'> Main  Admin</a> created a bulk schedule at 14-03-2024 date', '2024-03-13 20:57:36', '2024-03-13 20:57:36'),
(88, 0, 1, '<a href=\'https://dev-fastform.gtechsol.au/user-profile/1\' style=\'text-transform: capitalize;\' role=\'button\' class=\'primary text-decoration-none\'> Main  Admin</a> created a bulk schedule at 15-03-2024 date', '2024-03-14 21:10:22', '2024-03-14 21:10:22'),
(89, 418, 1, '<a href=\'https://dev-fastform.gtechsol.au/user-profile/1\' style=\'text-transform: capitalize;\' role=\'button\' class=\'primary text-decoration-none\'> Main  Admin</a> assigned  shift \'418\' template to \'Umair Azam Tester\'  at \'16-03-2024\' date .', '2024-03-14 22:09:38', '2024-03-14 22:09:38'),
(90, 0, 1, '<a href=\'https://dev-fastform.gtechsol.au/user-profile/1\' style=\'text-transform: capitalize;\' role=\'button\' class=\'primary text-decoration-none\'> Main  Admin</a> created a bulk schedule at 22-03-2024 date', '2024-03-21 14:44:47', '2024-03-21 14:44:47'),
(91, 531, 1, '<a href=\'https://dev-fastform.gtechsol.au/user-profile/1\' style=\'text-transform: capitalize;\' role=\'button\' class=\'primary text-decoration-none\'> Main  Admin</a> assigned  shift \'531\' template to \'Ahmed Yahya ADAM\'  at \'25-03-2024\' date .', '2024-03-24 16:03:18', '2024-03-24 16:03:18'),
(92, 533, 1, '<a href=\'https://dev-fastform.gtechsol.au/user-profile/1\' style=\'text-transform: capitalize;\' role=\'button\' class=\'primary text-decoration-none\'> Main  Admin</a> assigned  shift \'533\' template to \'Laltu  Laltu\'  at \'25-03-2024\' date .', '2024-03-24 17:52:08', '2024-03-24 17:52:08'),
(93, 534, 1, '<a href=\'https://dev-fastform.gtechsol.au/user-profile/1\' style=\'text-transform: capitalize;\' role=\'button\' class=\'primary text-decoration-none\'> Main  Admin</a> assigned  shift \'534\' template to \'Laltu  Laltu\'  at \'25-03-2024\' date .', '2024-03-24 17:53:24', '2024-03-24 17:53:24'),
(94, 535, 1, '<a href=\'https://dev-fastform.gtechsol.au/user-profile/1\' style=\'text-transform: capitalize;\' role=\'button\' class=\'primary text-decoration-none\'> Main  Admin</a> assigned  shift \'535\' template to \'Laltu  Laltu\'  at \'26-03-2024\' date .', '2024-03-24 17:53:37', '2024-03-24 17:53:37'),
(95, 536, 1, '<a href=\'https://dev-fastform.gtechsol.au/user-profile/1\' style=\'text-transform: capitalize;\' role=\'button\' class=\'primary text-decoration-none\'> Main  Admin</a> assigned  shift \'536\' template to \'Laltu  Laltu\'  at \'27-03-2024\' date .', '2024-03-24 17:53:41', '2024-03-24 17:53:41'),
(96, 537, 1, '<a href=\'https://dev-fastform.gtechsol.au/user-profile/1\' style=\'text-transform: capitalize;\' role=\'button\' class=\'primary text-decoration-none\'> Main  Admin</a> assigned  shift \'537\' template to \'Laltu  Laltu\'  at \'28-03-2024\' date .', '2024-03-24 17:53:46', '2024-03-24 17:53:46'),
(97, 538, 1, '<a href=\'https://dev-fastform.gtechsol.au/user-profile/1\' style=\'text-transform: capitalize;\' role=\'button\' class=\'primary text-decoration-none\'> Main  Admin</a> assigned  shift \'538\' template to \'Gerang  Bak\'  at \'25-03-2024\' date .', '2024-03-24 17:54:05', '2024-03-24 17:54:05'),
(98, 539, 1, '<a href=\'https://dev-fastform.gtechsol.au/user-profile/1\' style=\'text-transform: capitalize;\' role=\'button\' class=\'primary text-decoration-none\'> Main  Admin</a> assigned  shift \'539\' template to \'Gerang  Bak\'  at \'26-03-2024\' date .', '2024-03-24 17:54:08', '2024-03-24 17:54:08'),
(99, 540, 1, '<a href=\'https://dev-fastform.gtechsol.au/user-profile/1\' style=\'text-transform: capitalize;\' role=\'button\' class=\'primary text-decoration-none\'> Main  Admin</a> assigned  shift \'540\' template to \'Gerang  Bak\'  at \'27-03-2024\' date .', '2024-03-24 17:54:28', '2024-03-24 17:54:28'),
(100, 541, 1, '<a href=\'https://dev-fastform.gtechsol.au/user-profile/1\' style=\'text-transform: capitalize;\' role=\'button\' class=\'primary text-decoration-none\'> Main  Admin</a> assigned  shift \'541\' template to \'Gerang  Bak\'  at \'28-03-2024\' date .', '2024-03-24 17:54:34', '2024-03-24 17:54:34'),
(101, 542, 1, '<a href=\'https://dev-fastform.gtechsol.au/user-profile/1\' style=\'text-transform: capitalize;\' role=\'button\' class=\'primary text-decoration-none\'> Main  Admin</a> assigned  shift \'542\' template to \'Hayssam  ElSayed\'  at \'25-03-2024\' date .', '2024-03-24 19:23:06', '2024-03-24 19:23:06'),
(102, 543, 1, '<a href=\'https://dev-fastform.gtechsol.au/user-profile/1\' style=\'text-transform: capitalize;\' role=\'button\' class=\'primary text-decoration-none\'> Main  Admin</a> assigned  shift \'543\' template to \'Hayssam  ElSayed\'  at \'26-03-2024\' date .', '2024-03-24 19:23:12', '2024-03-24 19:23:12'),
(103, 544, 1, '<a href=\'https://dev-fastform.gtechsol.au/user-profile/1\' style=\'text-transform: capitalize;\' role=\'button\' class=\'primary text-decoration-none\'> Main  Admin</a> assigned  shift \'544\' template to \'Hayssam  ElSayed\'  at \'27-03-2024\' date .', '2024-03-24 19:23:16', '2024-03-24 19:23:16'),
(104, 545, 1, '<a href=\'https://dev-fastform.gtechsol.au/user-profile/1\' style=\'text-transform: capitalize;\' role=\'button\' class=\'primary text-decoration-none\'> Main  Admin</a> assigned  shift \'545\' template to \'Hayssam  ElSayed\'  at \'28-03-2024\' date .', '2024-03-24 19:23:22', '2024-03-24 19:23:22'),
(105, 546, 1, '<a href=\'https://dev-fastform.gtechsol.au/user-profile/1\' style=\'text-transform: capitalize;\' role=\'button\' class=\'primary text-decoration-none\'> Main  Admin</a> assigned  shift \'546\' template to \'Md  Hosen\'  at \'25-03-2024\' date .', '2024-03-24 20:06:35', '2024-03-24 20:06:35'),
(106, 547, 1, '<a href=\'https://dev-fastform.gtechsol.au/user-profile/1\' style=\'text-transform: capitalize;\' role=\'button\' class=\'primary text-decoration-none\'> Main  Admin</a> assigned  shift \'547\' template to \'Md  Hosen\'  at \'26-03-2024\' date .', '2024-03-24 20:06:39', '2024-03-24 20:06:39'),
(107, 548, 1, '<a href=\'https://dev-fastform.gtechsol.au/user-profile/1\' style=\'text-transform: capitalize;\' role=\'button\' class=\'primary text-decoration-none\'> Main  Admin</a> assigned  shift \'548\' template to \'Md  Hosen\'  at \'27-03-2024\' date .', '2024-03-24 20:06:45', '2024-03-24 20:06:45'),
(108, 549, 1, '<a href=\'https://dev-fastform.gtechsol.au/user-profile/1\' style=\'text-transform: capitalize;\' role=\'button\' class=\'primary text-decoration-none\'> Main  Admin</a> assigned  shift \'549\' template to \'Md  Hosen\'  at \'28-03-2024\' date .', '2024-03-24 20:06:49', '2024-03-24 20:06:49'),
(109, 550, 1, '<a href=\'https://dev-fastform.gtechsol.au/user-profile/1\' style=\'text-transform: capitalize;\' role=\'button\' class=\'primary text-decoration-none\'> Main  Admin</a> assigned  shift \'550\' template to \'Ghassan  Khalil\'  at \'27-03-2024\' date .', '2024-03-26 14:01:09', '2024-03-26 14:01:09'),
(110, 551, 1, '<a href=\'https://dev-fastform.gtechsol.au/user-profile/1\' style=\'text-transform: capitalize;\' role=\'button\' class=\'primary text-decoration-none\'> Main  Admin</a> assigned  shift \'551\' template to \'Ghassan  Khalil\'  at \'28-03-2024\' date .', '2024-03-26 14:01:19', '2024-03-26 14:01:19'),
(111, 0, 1, '<a href=\'https://dev-fastform.gtechsol.au/user-profile/1\' style=\'text-transform: capitalize;\' role=\'button\' class=\'primary text-decoration-none\'> Main  Admin</a> created a bulk schedule at 27-03-2024 date', '2024-03-26 14:21:42', '2024-03-26 14:21:42');

-- --------------------------------------------------------

--
-- Table structure for table `roster_templates`
--

CREATE TABLE `roster_templates` (
  `id` bigint(20) UNSIGNED NOT NULL,
  `start_time` time NOT NULL,
  `end_time` time NOT NULL,
  `color_code` varchar(10) COLLATE utf8mb4_unicode_ci NOT NULL,
  `break_minutes` int(11) NOT NULL,
  `shift_notes` text COLLATE utf8mb4_unicode_ci NOT NULL,
  `repeat_shift` varchar(255) COLLATE utf8mb4_unicode_ci NOT NULL,
  `end_date` date NOT NULL,
  `is_saved` int(11) NOT NULL DEFAULT '0',
  `created_by` int(11) NOT NULL,
  `created_at` timestamp NULL DEFAULT NULL,
  `updated_at` timestamp NULL DEFAULT NULL,
  `repeat_every` varchar(255) COLLATE utf8mb4_unicode_ci DEFAULT NULL,
  `working_hours` int(11) DEFAULT NULL
) ENGINE=InnoDB DEFAULT CHARSET=utf8mb4 COLLATE=utf8mb4_unicode_ci;

--
-- Dumping data for table `roster_templates`
--

INSERT INTO `roster_templates` (`id`, `start_time`, `end_time`, `color_code`, `break_minutes`, `shift_notes`, `repeat_shift`, `end_date`, `is_saved`, `created_by`, `created_at`, `updated_at`, `repeat_every`, `working_hours`) VALUES
(1, '14:38:00', '17:38:00', '#00ccff', 0, 'shift', '0', '2024-02-21', 1, 1, NULL, NULL, '', 180),
(2, '14:38:00', '17:38:00', '#00ccff', 0, 'shift', '0', '2024-02-21', 0, 1, NULL, NULL, '', 180),
(3, '14:40:00', '15:30:00', '#077829', 0, 'test', '0', '2024-02-21', 0, 1, NULL, NULL, '0', 50),
(4, '14:40:00', '15:30:00', '#077829', 0, 'test', '0', '2024-02-22', 0, 1, NULL, NULL, '0', 50),
(5, '14:40:00', '15:30:00', '#077829', 0, 'test', '0', '2024-02-23', 0, 1, NULL, NULL, '0', 50),
(6, '14:40:00', '15:30:00', '#077829', 0, 'test', '0', '2024-02-24', 0, 1, NULL, NULL, '0', 50),
(7, '14:40:00', '15:30:00', '#077829', 0, 'test', '0', '2024-02-25', 0, 1, NULL, NULL, '0', 50),
(8, '14:40:00', '15:30:00', '#077829', 0, 'test', '0', '2024-02-26', 0, 1, NULL, NULL, '0', 50),
(9, '14:40:00', '15:30:00', '#077829', 0, 'test', '0', '2024-02-27', 0, 1, NULL, NULL, '0', 50),
(10, '14:40:00', '15:30:00', '#077829', 0, 'test', '0', '2024-02-28', 0, 1, NULL, NULL, '0', 50),
(11, '14:40:00', '15:30:00', '#077829', 0, 'test', '0', '2024-02-29', 0, 1, NULL, NULL, '0', 50),
(12, '14:38:00', '17:38:00', '#00ccff', 0, 'shift', '0', '2024-02-21', 0, 1, NULL, NULL, '', 180),
(13, '10:54:00', '22:54:00', '#cfece5', 0, 'GTECH', '0', '2024-02-22', 1, 1, NULL, NULL, '', 720),
(14, '10:54:00', '22:54:00', '#cfece5', 0, 'GTECH', '0', '2024-02-22', 0, 1, NULL, NULL, '', 720),
(15, '15:54:00', '15:55:00', '#ff0000', 0, 'test', '0', '2024-02-22', 1, 1, NULL, NULL, '', 1),
(16, '15:54:00', '15:55:00', '#ff0000', 0, 'test', '0', '2024-02-22', 0, 1, NULL, NULL, '', 1),
(17, '15:54:00', '17:55:00', '#ff0000', 0, 'test', '0', '2024-02-22', 0, 1, NULL, NULL, '', 121),
(18, '08:38:00', '17:00:00', '#b2aeae', 0, 'test roster', '0', '2024-02-23', 1, 1, NULL, NULL, '', 502),
(19, '08:38:00', '17:00:00', '#b2aeae', 0, 'test roster', '0', '2024-02-23', 0, 1, NULL, NULL, '', 502),
(20, '08:38:00', '17:00:00', '#b2aeae', 0, 'test roster', '0', '2024-02-23', 0, 1, NULL, NULL, '', 502),
(21, '14:38:00', '17:38:00', '#00ccff', 0, 'shift', '0', '2024-02-23', 0, 1, NULL, NULL, '', 180),
(22, '14:38:00', '17:38:00', '#176d82', 0, 'shift', '0', '2024-02-23', 0, 1, NULL, NULL, '', 180),
(23, '08:00:00', '23:58:00', '#ff0000', 180, 'Test', '0', '2024-02-23', 1, 1, NULL, NULL, '', 778),
(24, '08:00:00', '23:58:00', '#ff0000', 180, 'Test', '0', '2024-02-23', 0, 1, NULL, NULL, '', 778),
(25, '08:00:00', '23:58:00', '#ff0000', 180, 'Test', '0', '2024-02-23', 0, 1, NULL, NULL, '', 778),
(26, '08:38:00', '17:00:00', '#b2aeae', 0, 'test roster', '0', '2024-02-23', 0, 1, NULL, NULL, '', 502),
(27, '06:00:00', '15:00:00', '#ff0000', 0, 'Normal Shifts', '0', '2024-02-26', 0, 1, NULL, NULL, '0', 540),
(28, '06:00:00', '15:00:00', '#ff0000', 0, 'Normal Shifts', '0', '2024-02-26', 0, 1, NULL, NULL, '0', 540),
(29, '06:00:00', '15:00:00', '#ff0000', 0, 'Normal Shifts', '0', '2024-02-26', 0, 1, NULL, NULL, '0', 540),
(30, '06:00:00', '15:00:00', '#ff0000', 0, 'Normal Shifts', '0', '2024-02-26', 0, 1, NULL, NULL, '0', 540),
(31, '06:00:00', '15:00:00', '#ff0000', 0, 'Normal Shifts', '0', '2024-02-26', 0, 1, NULL, NULL, '0', 540),
(32, '06:00:00', '15:00:00', '#ff0000', 0, 'Normal Shifts', '0', '2024-02-26', 0, 1, NULL, NULL, '0', 540),
(33, '06:00:00', '15:00:00', '#ff0000', 0, 'Normal Shifts', '0', '2024-02-26', 0, 1, NULL, NULL, '0', 540),
(34, '06:00:00', '15:00:00', '#ff0000', 0, 'Normal Shifts', '0', '2024-02-26', 0, 1, NULL, NULL, '0', 540),
(35, '06:00:00', '15:00:00', '#ff0000', 0, 'Normal Shifts', '0', '2024-02-26', 0, 1, NULL, NULL, '0', 540),
(36, '06:00:00', '15:00:00', '#ff0000', 0, 'Normal Shifts', '0', '2024-02-26', 0, 1, NULL, NULL, '0', 540),
(37, '06:00:00', '15:00:00', '#ff0000', 0, 'Normal Shifts', '0', '2024-02-27', 0, 1, NULL, NULL, '0', 540),
(38, '06:00:00', '15:00:00', '#ff0000', 0, 'Normal Shifts', '0', '2024-02-27', 0, 1, NULL, NULL, '0', 540),
(39, '06:00:00', '15:00:00', '#ff0000', 0, 'Normal Shifts', '0', '2024-02-27', 0, 1, NULL, NULL, '0', 540),
(40, '06:00:00', '15:00:00', '#ff0000', 0, 'Normal Shifts', '0', '2024-02-27', 0, 1, NULL, NULL, '0', 540),
(41, '06:00:00', '15:00:00', '#ff0000', 0, 'Normal Shifts', '0', '2024-02-27', 0, 1, NULL, NULL, '0', 540),
(42, '06:00:00', '15:00:00', '#ff0000', 0, 'Normal Shifts', '0', '2024-02-27', 0, 1, NULL, NULL, '0', 540),
(43, '06:00:00', '15:00:00', '#ff0000', 0, 'Normal Shifts', '0', '2024-02-27', 0, 1, NULL, NULL, '0', 540),
(44, '06:00:00', '15:00:00', '#ff0000', 0, 'Normal Shifts', '0', '2024-02-27', 0, 1, NULL, NULL, '0', 540),
(45, '06:00:00', '15:00:00', '#ff0000', 0, 'Normal Shifts', '0', '2024-02-27', 0, 1, NULL, NULL, '0', 540),
(46, '06:00:00', '15:00:00', '#ff0000', 0, 'Normal Shifts', '0', '2024-02-27', 0, 1, NULL, NULL, '0', 540),
(47, '06:00:00', '15:00:00', '#ff0000', 0, 'Normal Shifts', '0', '2024-02-28', 0, 1, NULL, NULL, '0', 540),
(48, '06:00:00', '15:00:00', '#ff0000', 0, 'Normal Shifts', '0', '2024-02-28', 0, 1, NULL, NULL, '0', 540),
(49, '06:00:00', '15:00:00', '#ff0000', 0, 'Normal Shifts', '0', '2024-02-28', 0, 1, NULL, NULL, '0', 540),
(50, '06:00:00', '15:00:00', '#ff0000', 0, 'Normal Shifts', '0', '2024-02-28', 0, 1, NULL, NULL, '0', 540),
(51, '06:00:00', '15:00:00', '#ff0000', 0, 'Normal Shifts', '0', '2024-02-28', 0, 1, NULL, NULL, '0', 540),
(52, '06:00:00', '15:00:00', '#ff0000', 0, 'Normal Shifts', '0', '2024-02-28', 0, 1, NULL, NULL, '0', 540),
(53, '06:00:00', '15:00:00', '#ff0000', 0, 'Normal Shifts', '0', '2024-02-28', 0, 1, NULL, NULL, '0', 540),
(54, '06:00:00', '15:00:00', '#ff0000', 0, 'Normal Shifts', '0', '2024-02-28', 0, 1, NULL, NULL, '0', 540),
(55, '06:00:00', '15:00:00', '#ff0000', 0, 'Normal Shifts', '0', '2024-02-28', 0, 1, NULL, NULL, '0', 540),
(56, '06:00:00', '15:00:00', '#ff0000', 0, 'Normal Shifts', '0', '2024-02-28', 0, 1, NULL, NULL, '0', 540),
(57, '06:00:00', '15:00:00', '#ff0000', 0, 'Normal Shifts', '0', '2024-02-29', 0, 1, NULL, NULL, '0', 540),
(58, '06:00:00', '15:00:00', '#ff0000', 0, 'Normal Shifts', '0', '2024-02-29', 0, 1, NULL, NULL, '0', 540),
(59, '06:00:00', '15:00:00', '#ff0000', 0, 'Normal Shifts', '0', '2024-02-29', 0, 1, NULL, NULL, '0', 540),
(60, '06:00:00', '15:00:00', '#ff0000', 0, 'Normal Shifts', '0', '2024-02-29', 0, 1, NULL, NULL, '0', 540),
(61, '06:00:00', '15:00:00', '#ff0000', 0, 'Normal Shifts', '0', '2024-02-29', 0, 1, NULL, NULL, '0', 540),
(62, '06:00:00', '15:00:00', '#ff0000', 0, 'Normal Shifts', '0', '2024-02-29', 0, 1, NULL, NULL, '0', 540),
(63, '06:00:00', '15:00:00', '#ff0000', 0, 'Normal Shifts', '0', '2024-02-29', 0, 1, NULL, NULL, '0', 540),
(64, '06:00:00', '15:00:00', '#ff0000', 0, 'Normal Shifts', '0', '2024-02-29', 0, 1, NULL, NULL, '0', 540),
(65, '06:00:00', '15:00:00', '#ff0000', 0, 'Normal Shifts', '0', '2024-02-29', 0, 1, NULL, NULL, '0', 540),
(66, '06:00:00', '15:00:00', '#ff0000', 0, 'Normal Shifts', '0', '2024-02-29', 0, 1, NULL, NULL, '0', 540),
(67, '06:00:00', '15:00:00', '#ff0000', 0, 'Normal Shifts', '0', '2024-03-01', 0, 1, NULL, NULL, '0', 540),
(68, '06:00:00', '15:00:00', '#ff0000', 0, 'Normal Shifts', '0', '2024-03-01', 0, 1, NULL, NULL, '0', 540),
(69, '06:00:00', '15:00:00', '#ff0000', 0, 'Normal Shifts', '0', '2024-03-01', 0, 1, NULL, NULL, '0', 540),
(70, '06:00:00', '15:00:00', '#ff0000', 0, 'Normal Shifts', '0', '2024-03-01', 0, 1, NULL, NULL, '0', 540),
(71, '06:00:00', '15:00:00', '#ff0000', 0, 'Normal Shifts', '0', '2024-03-01', 0, 1, NULL, NULL, '0', 540),
(72, '06:00:00', '15:00:00', '#ff0000', 0, 'Normal Shifts', '0', '2024-03-01', 0, 1, NULL, NULL, '0', 540),
(73, '06:00:00', '15:00:00', '#ff0000', 0, 'Normal Shifts', '0', '2024-03-01', 0, 1, NULL, NULL, '0', 540),
(74, '06:00:00', '15:00:00', '#ff0000', 0, 'Normal Shifts', '0', '2024-03-01', 0, 1, NULL, NULL, '0', 540),
(75, '06:00:00', '15:00:00', '#ff0000', 0, 'Normal Shifts', '0', '2024-03-01', 0, 1, NULL, NULL, '0', 540),
(76, '06:00:00', '15:00:00', '#ff0000', 0, 'Normal Shifts', '0', '2024-03-01', 0, 1, NULL, NULL, '0', 540),
(77, '06:00:00', '15:00:00', '#ff0000', 0, 'Normal Shifts', '0', '2024-03-02', 0, 1, NULL, NULL, '0', 540),
(78, '06:00:00', '15:00:00', '#ff0000', 0, 'Normal Shifts', '0', '2024-03-02', 0, 1, NULL, NULL, '0', 540),
(79, '06:00:00', '15:00:00', '#ff0000', 0, 'Normal Shifts', '0', '2024-03-02', 0, 1, NULL, NULL, '0', 540),
(80, '06:00:00', '15:00:00', '#ff0000', 0, 'Normal Shifts', '0', '2024-03-02', 0, 1, NULL, NULL, '0', 540),
(81, '06:00:00', '15:00:00', '#ff0000', 0, 'Normal Shifts', '0', '2024-03-02', 0, 1, NULL, NULL, '0', 540),
(82, '06:00:00', '15:00:00', '#ff0000', 0, 'Normal Shifts', '0', '2024-03-02', 0, 1, NULL, NULL, '0', 540),
(83, '06:00:00', '15:00:00', '#ff0000', 0, 'Normal Shifts', '0', '2024-03-02', 0, 1, NULL, NULL, '0', 540),
(84, '06:00:00', '15:00:00', '#ff0000', 0, 'Normal Shifts', '0', '2024-03-02', 0, 1, NULL, NULL, '0', 540),
(85, '06:00:00', '15:00:00', '#ff0000', 0, 'Normal Shifts', '0', '2024-03-02', 0, 1, NULL, NULL, '0', 540),
(86, '06:00:00', '15:00:00', '#ff0000', 0, 'Normal Shifts', '0', '2024-03-02', 0, 1, NULL, NULL, '0', 540),
(87, '06:00:00', '15:00:00', '#ff0000', 0, 'Normal Shifts', '0', '2024-03-03', 0, 1, NULL, NULL, '0', 540),
(88, '06:00:00', '15:00:00', '#ff0000', 0, 'Normal Shifts', '0', '2024-03-03', 0, 1, NULL, NULL, '0', 540),
(89, '06:00:00', '15:00:00', '#ff0000', 0, 'Normal Shifts', '0', '2024-03-03', 0, 1, NULL, NULL, '0', 540),
(90, '06:00:00', '15:00:00', '#ff0000', 0, 'Normal Shifts', '0', '2024-03-03', 0, 1, NULL, NULL, '0', 540),
(91, '06:00:00', '15:00:00', '#ff0000', 0, 'Normal Shifts', '0', '2024-03-03', 0, 1, NULL, NULL, '0', 540),
(92, '06:00:00', '15:00:00', '#ff0000', 0, 'Normal Shifts', '0', '2024-03-03', 0, 1, NULL, NULL, '0', 540),
(93, '06:00:00', '15:00:00', '#ff0000', 0, 'Normal Shifts', '0', '2024-03-03', 0, 1, NULL, NULL, '0', 540),
(94, '06:00:00', '15:00:00', '#ff0000', 0, 'Normal Shifts', '0', '2024-03-03', 0, 1, NULL, NULL, '0', 540),
(95, '06:00:00', '15:00:00', '#ff0000', 0, 'Normal Shifts', '0', '2024-03-03', 0, 1, NULL, NULL, '0', 540),
(96, '06:00:00', '15:00:00', '#ff0000', 0, 'Normal Shifts', '0', '2024-03-03', 0, 1, NULL, NULL, '0', 540),
(97, '06:00:00', '15:00:00', '#ff0000', 0, 'Normal Shifts', '0', '2024-03-04', 0, 1, NULL, NULL, '0', 540),
(98, '06:00:00', '15:00:00', '#ff0000', 0, 'Normal Shifts', '0', '2024-03-04', 0, 1, NULL, NULL, '0', 540),
(99, '06:00:00', '15:00:00', '#ff0000', 0, 'Normal Shifts', '0', '2024-03-04', 0, 1, NULL, NULL, '0', 540),
(100, '06:00:00', '15:00:00', '#ff0000', 0, 'Normal Shifts', '0', '2024-03-04', 0, 1, NULL, NULL, '0', 540),
(101, '06:00:00', '15:00:00', '#ff0000', 0, 'Normal Shifts', '0', '2024-03-04', 0, 1, NULL, NULL, '0', 540),
(102, '06:00:00', '15:00:00', '#ff0000', 0, 'Normal Shifts', '0', '2024-03-04', 0, 1, NULL, NULL, '0', 540),
(103, '06:00:00', '15:00:00', '#ff0000', 0, 'Normal Shifts', '0', '2024-03-04', 0, 1, NULL, NULL, '0', 540),
(104, '06:00:00', '15:00:00', '#ff0000', 0, 'Normal Shifts', '0', '2024-03-04', 0, 1, NULL, NULL, '0', 540),
(105, '06:00:00', '15:00:00', '#ff0000', 0, 'Normal Shifts', '0', '2024-03-04', 0, 1, NULL, NULL, '0', 540),
(106, '06:00:00', '15:00:00', '#ff0000', 0, 'Normal Shifts', '0', '2024-03-04', 0, 1, NULL, NULL, '0', 540),
(107, '07:14:00', '16:15:00', '#ff0000', 0, '.', '0', '2024-02-28', 0, 1, NULL, NULL, '0', 541),
(108, '07:14:00', '16:15:00', '#ff0000', 0, '.', '0', '2024-02-29', 0, 1, NULL, NULL, '0', 541),
(109, '07:14:00', '16:15:00', '#ff0000', 0, '.', '0', '2024-03-01', 0, 1, NULL, NULL, '0', 541),
(110, '07:14:00', '16:15:00', '#ff0000', 0, '.', '0', '2024-03-02', 0, 1, NULL, NULL, '0', 541),
(111, '07:14:00', '16:15:00', '#ff0000', 0, '.', '0', '2024-03-03', 0, 1, NULL, NULL, '0', 541),
(112, '07:14:00', '16:15:00', '#ff0000', 0, '.', '0', '2024-03-04', 0, 1, NULL, NULL, '0', 541),
(113, '07:14:00', '16:15:00', '#ff0000', 0, '.', '0', '2024-03-05', 0, 1, NULL, NULL, '0', 541),
(114, '07:14:00', '16:15:00', '#ff0000', 0, '.', '0', '2024-03-06', 0, 1, NULL, NULL, '0', 541),
(115, '07:14:00', '16:15:00', '#ff0000', 0, '.', '0', '2024-03-07', 0, 1, NULL, NULL, '0', 541),
(116, '07:14:00', '16:15:00', '#ff0000', 0, '.', '0', '2024-03-08', 0, 1, NULL, NULL, '0', 541),
(117, '07:14:00', '16:15:00', '#ff0000', 0, 'Deicorp', '0', '2024-02-28', 0, 1, NULL, NULL, '', 541),
(118, '06:00:00', '15:00:00', '#ff0000', 0, 'Fastform', '0', '2024-02-28', 0, 1, NULL, NULL, '', 540),
(119, '08:00:00', '17:00:00', '#ce961c', 60, 'tedst', '0', '2024-03-01', 0, 1, NULL, NULL, '0', 480),
(120, '08:00:00', '17:00:00', '#ce961c', 60, 'tedst', '0', '2024-03-01', 0, 1, NULL, NULL, '0', 480),
(121, '08:00:00', '17:00:00', '#ce961c', 60, 'tedst', '0', '2024-03-08', 0, 1, NULL, NULL, '0', 480),
(122, '08:00:00', '17:00:00', '#ce961c', 60, 'tedst', '0', '2024-03-08', 0, 1, NULL, NULL, '0', 480),
(123, '08:00:00', '17:00:00', '#ce961c', 60, 'tedst', '0', '2024-03-15', 0, 1, NULL, NULL, '0', 480),
(124, '08:00:00', '17:00:00', '#ce961c', 60, 'tedst', '0', '2024-03-15', 0, 1, NULL, NULL, '0', 480),
(125, '08:00:00', '17:00:00', '#ce961c', 60, 'tedst', '0', '2024-03-22', 0, 1, NULL, NULL, '0', 480),
(126, '08:00:00', '17:00:00', '#ce961c', 60, 'tedst', '0', '2024-03-22', 0, 1, NULL, NULL, '0', 480),
(127, '06:00:00', '18:00:00', '#ff0000', 0, 'Normal Shifts', '0', '2024-02-29', 0, 1, NULL, NULL, '', 720),
(128, '10:54:00', '22:54:00', '#cfece5', 0, 'GTECH', '0', '2024-02-22', 0, 1, NULL, NULL, '', 720),
(129, '10:59:00', '22:54:00', '#cfece5', 0, 'GTECH', '0', '2024-03-01', 0, 1, NULL, NULL, '', 715),
(130, '11:05:00', '22:54:00', '#cfece5', 0, 'GTECH', '0', '2024-03-01', 0, 1, NULL, NULL, '', 709),
(131, '08:38:00', '17:00:00', '#b2aeae', 0, 'test roster', '0', '2024-02-23', 0, 1, NULL, NULL, '', 502),
(132, '14:57:00', '15:58:00', '#ff0000', 0, 'test', '0', '2024-03-04', 1, 1, NULL, NULL, '', 61),
(133, '14:57:00', '15:58:00', '#ff0000', 0, 'test', '0', '2024-03-04', 0, 1, NULL, NULL, '', 61),
(134, '14:57:00', '15:58:00', '#057630', 0, 'test', '0', '2024-03-04', 0, 1, NULL, NULL, '', 61),
(135, '06:00:00', '15:15:00', '#ff0000', 0, 'Normal working day', '0', '2024-03-05', 0, 1, NULL, NULL, '0', 555),
(136, '06:00:00', '15:15:00', '#ff0000', 0, 'Normal working day', '0', '2024-03-05', 0, 1, NULL, NULL, '0', 555),
(137, '06:00:00', '15:15:00', '#ff0000', 0, 'Normal working day', '0', '2024-03-05', 0, 1, NULL, NULL, '0', 555),
(138, '06:00:00', '15:15:00', '#ff0000', 0, 'Normal working day', '0', '2024-03-05', 0, 1, NULL, NULL, '0', 555),
(139, '06:00:00', '15:15:00', '#ff0000', 0, 'Normal working day', '0', '2024-03-05', 0, 1, NULL, NULL, '0', 555),
(140, '06:00:00', '15:15:00', '#ff0000', 0, 'Normal working day', '0', '2024-03-05', 0, 1, NULL, NULL, '0', 555),
(141, '06:00:00', '15:15:00', '#ff0000', 0, 'Normal working day', '0', '2024-03-05', 0, 1, NULL, NULL, '0', 555),
(142, '06:00:00', '15:15:00', '#ff0000', 0, 'Normal working day', '0', '2024-03-05', 0, 1, NULL, NULL, '0', 555),
(143, '06:00:00', '15:15:00', '#ff0000', 0, 'Normal working day', '0', '2024-03-05', 0, 1, NULL, NULL, '0', 555),
(144, '06:00:00', '15:15:00', '#ff0000', 0, 'Normal working day', '0', '2024-03-05', 0, 1, NULL, NULL, '0', 555),
(145, '06:00:00', '15:15:00', '#ff0000', 0, 'Normal working day', '0', '2024-03-05', 0, 1, NULL, NULL, '0', 555),
(146, '06:00:00', '15:15:00', '#ff0000', 0, 'Normal working day', '0', '2024-03-05', 0, 1, NULL, NULL, '0', 555),
(147, '06:00:00', '15:15:00', '#ff0000', 0, 'Normal working day', '0', '2024-03-05', 0, 1, NULL, NULL, '0', 555),
(148, '06:00:00', '15:15:00', '#ff0000', 0, 'Normal working day', '0', '2024-03-05', 0, 1, NULL, NULL, '0', 555),
(149, '06:00:00', '15:15:00', '#ff0000', 0, 'Normal working day', '0', '2024-03-05', 0, 1, NULL, NULL, '0', 555),
(150, '06:00:00', '15:15:00', '#ff0000', 0, 'Normal working day', '0', '2024-03-05', 0, 1, NULL, NULL, '0', 555),
(151, '06:00:00', '15:15:00', '#ff0000', 0, 'Normal working day', '0', '2024-03-05', 0, 1, NULL, NULL, '0', 555),
(152, '06:00:00', '15:15:00', '#ff0000', 0, 'Normal working day', '0', '2024-03-05', 0, 1, NULL, NULL, '0', 555),
(153, '08:38:00', '17:00:00', '#b2aeae', 0, 'test roster', '0', '2024-02-23', 0, 1, NULL, NULL, '', 502),
(154, '08:38:00', '17:00:00', '#b2aeae', 0, 'test roster', '0', '2024-02-23', 0, 1, NULL, NULL, '', 502),
(155, '07:00:00', '15:00:00', '#ff0000', 0, 'Shift', '0', '2024-03-08', 0, 1, NULL, NULL, '0', 480),
(156, '07:00:00', '15:00:00', '#ff0000', 0, 'Shift', '0', '2024-03-08', 0, 1, NULL, NULL, '0', 480),
(157, '07:00:00', '15:00:00', '#ff0000', 0, 'Shift', '0', '2024-03-08', 0, 1, NULL, NULL, '0', 480),
(158, '07:00:00', '15:00:00', '#ff0000', 0, 'Shift', '0', '2024-03-08', 0, 1, NULL, NULL, '0', 480),
(159, '07:00:00', '15:00:00', '#ff0000', 0, 'Shift', '0', '2024-03-08', 0, 1, NULL, NULL, '0', 480),
(160, '07:00:00', '15:00:00', '#ff0000', 0, 'Shift', '0', '2024-03-08', 0, 1, NULL, NULL, '0', 480),
(161, '07:00:00', '15:00:00', '#ff0000', 0, 'Shift', '0', '2024-03-08', 0, 1, NULL, NULL, '0', 480),
(162, '07:00:00', '15:00:00', '#ff0000', 0, 'Shift', '0', '2024-03-08', 0, 1, NULL, NULL, '0', 480),
(163, '07:00:00', '15:00:00', '#ff0000', 0, 'Shift', '0', '2024-03-08', 0, 1, NULL, NULL, '0', 480),
(164, '07:00:00', '15:00:00', '#ff0000', 0, 'Shift', '0', '2024-03-08', 0, 1, NULL, NULL, '0', 480),
(165, '07:00:00', '15:00:00', '#ff0000', 0, 'Shift', '0', '2024-03-08', 0, 1, NULL, NULL, '0', 480),
(166, '07:00:00', '15:00:00', '#ff0000', 0, 'Shift', '0', '2024-03-08', 0, 1, NULL, NULL, '0', 480),
(167, '07:00:00', '15:00:00', '#ff0000', 0, 'Shift', '0', '2024-03-08', 0, 1, NULL, NULL, '0', 480),
(168, '07:00:00', '15:00:00', '#ff0000', 0, 'Shift', '0', '2024-03-08', 0, 1, NULL, NULL, '0', 480),
(169, '07:00:00', '15:00:00', '#ff0000', 0, 'Shift', '0', '2024-03-08', 0, 1, NULL, NULL, '0', 480),
(170, '07:00:00', '15:00:00', '#ff0000', 0, 'Shift', '0', '2024-03-08', 0, 1, NULL, NULL, '0', 480),
(171, '07:00:00', '15:00:00', '#ff0000', 0, 'Shift', '0', '2024-03-08', 0, 1, NULL, NULL, '0', 480),
(172, '07:00:00', '15:00:00', '#ff0000', 0, 'Shift', '0', '2024-03-08', 0, 1, NULL, NULL, '0', 480),
(173, '07:00:00', '15:00:00', '#ff0000', 0, 'Shift', '0', '2024-03-08', 0, 1, NULL, NULL, '0', 480),
(174, '07:00:00', '15:00:00', '#ff0000', 0, 'Shift', '0', '2024-03-08', 0, 1, NULL, NULL, '0', 480),
(175, '07:00:00', '15:00:00', '#ff0000', 0, 'Shift', '0', '2024-03-08', 0, 1, NULL, NULL, '0', 480),
(176, '07:00:00', '15:00:00', '#ff0000', 0, 'Shift', '0', '2024-03-08', 0, 1, NULL, NULL, '0', 480),
(177, '07:00:00', '15:00:00', '#ff0000', 0, 'Shift', '0', '2024-03-08', 0, 1, NULL, NULL, '0', 480),
(178, '07:00:00', '15:00:00', '#ff0000', 0, 'Shift', '0', '2024-03-08', 0, 1, NULL, NULL, '0', 480),
(179, '07:00:00', '15:00:00', '#ff0000', 0, 'Shift', '0', '2024-03-08', 0, 1, NULL, NULL, '0', 480),
(180, '07:00:00', '15:00:00', '#ff0000', 0, 'Shift', '0', '2024-03-08', 0, 1, NULL, NULL, '0', 480),
(181, '07:00:00', '15:00:00', '#ff0000', 0, 'Shift', '0', '2024-03-08', 0, 1, NULL, NULL, '0', 480),
(182, '07:00:00', '15:00:00', '#ff0000', 0, 'Shift', '0', '2024-03-08', 0, 1, NULL, NULL, '0', 480),
(183, '06:00:00', '15:20:00', '#ff0000', 0, 'TEST', '0', '2024-03-08', 0, 1, NULL, NULL, '0', 560),
(184, '06:00:00', '15:20:00', '#ff0000', 0, 'TEST', '0', '2024-03-08', 0, 1, NULL, NULL, '0', 560),
(185, '06:00:00', '15:20:00', '#ff0000', 0, 'TEST', '0', '2024-03-08', 0, 1, NULL, NULL, '0', 560),
(186, '06:00:00', '15:20:00', '#ff0000', 0, 'TEST', '0', '2024-03-08', 0, 1, NULL, NULL, '0', 560),
(187, '06:00:00', '15:20:00', '#ff0000', 0, 'TEST', '0', '2024-03-08', 0, 1, NULL, NULL, '0', 560),
(188, '06:00:00', '15:20:00', '#ff0000', 0, 'TEST', '0', '2024-03-08', 0, 1, NULL, NULL, '0', 560),
(189, '06:00:00', '15:20:00', '#ff0000', 0, 'TEST', '0', '2024-03-08', 0, 1, NULL, NULL, '0', 560),
(190, '06:00:00', '15:20:00', '#ff0000', 0, 'TEST', '0', '2024-03-08', 0, 1, NULL, NULL, '0', 560),
(191, '06:00:00', '15:20:00', '#ff0000', 0, 'TEST', '0', '2024-03-08', 0, 1, NULL, NULL, '0', 560),
(192, '06:00:00', '15:20:00', '#ff0000', 0, 'TEST', '0', '2024-03-08', 0, 1, NULL, NULL, '0', 560),
(193, '06:00:00', '15:20:00', '#ff0000', 0, 'TEST', '0', '2024-03-08', 0, 1, NULL, NULL, '0', 560),
(194, '06:00:00', '15:20:00', '#ff0000', 0, 'TEST', '0', '2024-03-08', 0, 1, NULL, NULL, '0', 560),
(195, '06:00:00', '15:20:00', '#ff0000', 0, 'TEST', '0', '2024-03-08', 0, 1, NULL, NULL, '0', 560),
(196, '06:00:00', '15:20:00', '#ff0000', 0, 'TEST', '0', '2024-03-08', 0, 1, NULL, NULL, '0', 560),
(197, '06:00:00', '15:20:00', '#ff0000', 0, 'TEST', '0', '2024-03-08', 0, 1, NULL, NULL, '0', 560),
(198, '06:00:00', '15:20:00', '#ff0000', 0, 'TEST', '0', '2024-03-08', 0, 1, NULL, NULL, '0', 560),
(199, '06:00:00', '15:20:00', '#ff0000', 0, 'TEST', '0', '2024-03-08', 0, 1, NULL, NULL, '0', 560),
(200, '06:00:00', '15:20:00', '#ff0000', 0, 'TEST', '0', '2024-03-08', 0, 1, NULL, NULL, '0', 560),
(201, '06:00:00', '15:20:00', '#ff0000', 0, 'TEST', '0', '2024-03-08', 0, 1, NULL, NULL, '0', 560),
(202, '06:00:00', '15:20:00', '#ff0000', 0, 'TEST', '0', '2024-03-08', 0, 1, NULL, NULL, '0', 560),
(203, '06:00:00', '15:20:00', '#ff0000', 0, 'TEST', '0', '2024-03-08', 0, 1, NULL, NULL, '0', 560),
(204, '06:00:00', '15:20:00', '#ff0000', 0, 'TEST', '0', '2024-03-08', 0, 1, NULL, NULL, '0', 560),
(205, '06:00:00', '15:20:00', '#ff0000', 0, 'TEST', '0', '2024-03-08', 0, 1, NULL, NULL, '0', 560),
(206, '06:00:00', '15:20:00', '#ff0000', 0, 'TEST', '0', '2024-03-08', 0, 1, NULL, NULL, '0', 560),
(207, '06:00:00', '15:20:00', '#ff0000', 0, 'TEST', '0', '2024-03-08', 0, 1, NULL, NULL, '0', 560),
(208, '06:00:00', '15:20:00', '#ff0000', 0, 'TEST', '0', '2024-03-08', 0, 1, NULL, NULL, '0', 560),
(209, '06:00:00', '15:20:00', '#ff0000', 0, 'TEST', '0', '2024-03-08', 0, 1, NULL, NULL, '0', 560),
(210, '06:00:00', '15:20:00', '#ff0000', 0, 'TEST', '0', '2024-03-08', 0, 1, NULL, NULL, '0', 560),
(211, '06:00:00', '15:15:00', '#ff0000', 0, 'Test', '0', '2024-03-08', 0, 1, NULL, NULL, '0', 555),
(212, '06:00:00', '15:15:00', '#ff0000', 0, 'Test', '0', '2024-03-08', 0, 1, NULL, NULL, '0', 555),
(213, '06:00:00', '15:15:00', '#ff0000', 0, 'Test', '0', '2024-03-08', 0, 1, NULL, NULL, '0', 555),
(214, '06:00:00', '15:15:00', '#ff0000', 0, 'Test', '0', '2024-03-08', 0, 1, NULL, NULL, '0', 555),
(215, '06:00:00', '15:15:00', '#ff0000', 0, 'Test', '0', '2024-03-08', 0, 1, NULL, NULL, '0', 555),
(216, '06:00:00', '15:15:00', '#ff0000', 0, 'Test', '0', '2024-03-08', 0, 1, NULL, NULL, '0', 555),
(217, '06:00:00', '15:15:00', '#ff0000', 0, 'Test', '0', '2024-03-08', 0, 1, NULL, NULL, '0', 555),
(218, '06:00:00', '15:15:00', '#ff0000', 0, 'Test', '0', '2024-03-08', 0, 1, NULL, NULL, '0', 555),
(219, '06:00:00', '15:15:00', '#ff0000', 0, 'Test', '0', '2024-03-08', 0, 1, NULL, NULL, '0', 555),
(220, '06:00:00', '15:15:00', '#ff0000', 0, 'Test', '0', '2024-03-08', 0, 1, NULL, NULL, '0', 555),
(221, '06:00:00', '15:15:00', '#ff0000', 0, 'Test', '0', '2024-03-08', 0, 1, NULL, NULL, '0', 555),
(222, '06:00:00', '15:15:00', '#ff0000', 0, 'Test', '0', '2024-03-08', 0, 1, NULL, NULL, '0', 555),
(223, '06:00:00', '15:15:00', '#ff0000', 0, 'Test', '0', '2024-03-08', 0, 1, NULL, NULL, '0', 555),
(224, '06:00:00', '15:15:00', '#ff0000', 0, 'Test', '0', '2024-03-08', 0, 1, NULL, NULL, '0', 555),
(225, '06:00:00', '15:15:00', '#ff0000', 0, 'Test', '0', '2024-03-08', 0, 1, NULL, NULL, '0', 555),
(226, '06:00:00', '15:15:00', '#ff0000', 0, 'Test', '0', '2024-03-08', 0, 1, NULL, NULL, '0', 555),
(227, '06:00:00', '15:15:00', '#ff0000', 0, 'Test', '0', '2024-03-08', 0, 1, NULL, NULL, '0', 555),
(228, '06:00:00', '15:15:00', '#ff0000', 0, 'Test', '0', '2024-03-08', 0, 1, NULL, NULL, '0', 555),
(229, '06:00:00', '12:12:00', '#ff0000', 0, 'TEST', '0', '2024-03-08', 0, 1, NULL, NULL, '', 372),
(230, '08:38:00', '17:00:00', '#b2aeae', 0, 'test roster', '0', '2024-02-23', 0, 1, NULL, NULL, '', 502),
(231, '08:38:00', '19:00:00', '#b2aeae', 0, 'test roster', '0', '2024-03-09', 0, 1, NULL, NULL, '', 622),
(232, '08:38:00', '23:00:00', '#b2aeae', 0, 'test roster', '0', '2024-03-09', 0, 1, NULL, NULL, '', 862),
(233, '10:54:00', '22:54:00', '#cfece5', 0, 'GTECH', '0', '2024-02-22', 0, 1, NULL, NULL, '', 720),
(234, '06:00:00', '21:20:00', '#ff0000', 0, 'TEST', '0', '2024-03-08', 0, 1, NULL, NULL, '', 920),
(235, '10:54:00', '22:54:00', '#cfece5', 0, 'GTECH', '0', '2024-02-22', 0, 1, NULL, NULL, '', 720),
(236, '10:00:00', '22:54:00', '#cfece5', 0, 'GTECH', '0', '2024-03-12', 0, 1, NULL, NULL, '', 774),
(237, '10:54:00', '22:54:00', '#cfece5', 0, 'GTECH', '0', '2024-02-22', 0, 1, NULL, NULL, '', 720),
(238, '10:04:00', '22:54:00', '#cfece5', 0, 'GTECH', '0', '2024-03-13', 0, 1, NULL, NULL, '', 770),
(239, '10:54:00', '22:54:00', '#cfece5', 0, 'GTECH', '0', '2024-02-22', 0, 1, NULL, NULL, '', 720),
(240, '08:00:00', '16:01:00', '#ff0000', 60, 'Mid Day Shift', '0', '2024-03-13', 0, 1, NULL, NULL, '0', 421),
(241, '08:00:00', '16:01:00', '#ff0000', 60, 'Mid Day Shift', '0', '2024-03-14', 0, 1, NULL, NULL, '0', 421),
(242, '07:30:00', '15:30:00', '#ff0000', 0, 'test', '0', '2024-03-13', 0, 1, NULL, NULL, '0', 480),
(243, '07:30:00', '15:30:00', '#ff0000', 0, 'test', '0', '2024-03-13', 0, 1, NULL, NULL, '0', 480),
(244, '07:30:00', '15:30:00', '#ff0000', 0, 'test', '0', '2024-03-13', 0, 1, NULL, NULL, '0', 480),
(245, '07:25:00', '14:25:00', '#ff0000', 30, 'Shift Update', '0', '2024-03-13', 0, 1, NULL, NULL, '0', 390),
(246, '07:25:00', '14:25:00', '#ff0000', 30, 'Shift Update', '0', '2024-03-14', 0, 1, NULL, NULL, '0', 390),
(247, '08:38:00', '17:00:00', '#b2aeae', 0, 'test roster', '0', '2024-02-23', 0, 1, NULL, NULL, '', 502),
(248, '07:30:00', '22:54:00', '#cfece5', 0, 'GTECH', '0', '2024-03-14', 0, 1, NULL, NULL, '', 924),
(249, '07:30:00', '22:54:00', '#cfece5', 0, 'GTECH', '0', '2024-03-14', 0, 1, NULL, NULL, '', 924),
(250, '06:30:00', '15:15:00', '#ff0000', 30, 'test 1', '0', '2024-03-14', 0, 1, NULL, NULL, '0', 495),
(251, '06:30:00', '15:15:00', '#ff0000', 30, 'test 1', '0', '2024-03-14', 0, 1, NULL, NULL, '0', 495),
(252, '06:30:00', '15:15:00', '#ff0000', 30, 'test 1', '0', '2024-03-14', 0, 1, NULL, NULL, '0', 495),
(253, '06:30:00', '15:15:00', '#ff0000', 30, 'test 1', '0', '2024-03-14', 0, 1, NULL, NULL, '0', 495),
(254, '06:30:00', '15:15:00', '#ff0000', 30, 'test 1', '0', '2024-03-14', 0, 1, NULL, NULL, '0', 495),
(255, '06:30:00', '15:15:00', '#ff0000', 30, 'test 1', '0', '2024-03-14', 0, 1, NULL, NULL, '0', 495),
(256, '06:30:00', '15:15:00', '#ff0000', 30, 'test 1', '0', '2024-03-14', 0, 1, NULL, NULL, '0', 495),
(257, '06:30:00', '15:15:00', '#ff0000', 30, 'test 1', '0', '2024-03-14', 0, 1, NULL, NULL, '0', 495),
(258, '06:30:00', '15:15:00', '#ff0000', 30, 'test 1', '0', '2024-03-14', 0, 1, NULL, NULL, '0', 495),
(259, '06:30:00', '15:15:00', '#ff0000', 30, 'test 1', '0', '2024-03-14', 0, 1, NULL, NULL, '0', 495),
(260, '06:30:00', '15:15:00', '#ff0000', 30, 'test 1', '0', '2024-03-14', 0, 1, NULL, NULL, '0', 495),
(261, '06:30:00', '15:15:00', '#ff0000', 30, 'test 1', '0', '2024-03-14', 0, 1, NULL, NULL, '0', 495),
(262, '06:30:00', '15:15:00', '#ff0000', 30, 'test 1', '0', '2024-03-14', 0, 1, NULL, NULL, '0', 495),
(263, '06:30:00', '15:15:00', '#ff0000', 30, 'test 1', '0', '2024-03-14', 0, 1, NULL, NULL, '0', 495),
(264, '06:30:00', '15:15:00', '#ff0000', 30, 'test 1', '0', '2024-03-14', 0, 1, NULL, NULL, '0', 495),
(265, '06:30:00', '15:15:00', '#ff0000', 30, 'test 1', '0', '2024-03-14', 0, 1, NULL, NULL, '0', 495),
(266, '06:30:00', '15:15:00', '#ff0000', 30, 'test 1', '0', '2024-03-14', 0, 1, NULL, NULL, '0', 495),
(267, '06:30:00', '15:15:00', '#ff0000', 30, 'test 1', '0', '2024-03-14', 0, 1, NULL, NULL, '0', 495),
(268, '06:30:00', '15:15:00', '#ff0000', 30, 'test 1', '0', '2024-03-14', 0, 1, NULL, NULL, '0', 495),
(269, '06:30:00', '15:15:00', '#ff0000', 30, 'test 1', '0', '2024-03-14', 0, 1, NULL, NULL, '0', 495),
(270, '06:30:00', '15:15:00', '#ff0000', 30, 'test 1', '0', '2024-03-14', 0, 1, NULL, NULL, '0', 495),
(271, '06:30:00', '15:15:00', '#ff0000', 30, 'test 1', '0', '2024-03-14', 0, 1, NULL, NULL, '0', 495),
(272, '06:30:00', '15:15:00', '#ff0000', 30, 'test 1', '0', '2024-03-14', 0, 1, NULL, NULL, '0', 495),
(273, '06:30:00', '15:15:00', '#ff0000', 30, 'test 1', '0', '2024-03-14', 0, 1, NULL, NULL, '0', 495),
(274, '06:30:00', '15:15:00', '#ff0000', 30, 'test 1', '0', '2024-03-14', 0, 1, NULL, NULL, '0', 495),
(275, '06:30:00', '15:15:00', '#ff0000', 30, 'test 1', '0', '2024-03-14', 0, 1, NULL, NULL, '0', 495),
(276, '06:30:00', '15:15:00', '#ff0000', 30, 'test 1', '0', '2024-03-14', 0, 1, NULL, NULL, '0', 495),
(277, '06:30:00', '15:15:00', '#ff0000', 30, 'test 1', '0', '2024-03-14', 0, 1, NULL, NULL, '0', 495),
(278, '06:30:00', '15:15:00', '#ff0000', 30, 'Test 2', '0', '2024-03-18', 0, 1, NULL, NULL, '0', 495),
(279, '06:30:00', '15:15:00', '#ff0000', 30, 'Test 2', '0', '2024-03-18', 0, 1, NULL, NULL, '0', 495),
(280, '06:30:00', '15:15:00', '#ff0000', 30, 'Test 2', '0', '2024-03-18', 0, 1, NULL, NULL, '0', 495),
(281, '06:30:00', '15:15:00', '#ff0000', 30, 'Test 2', '0', '2024-03-18', 0, 1, NULL, NULL, '0', 495),
(282, '06:30:00', '15:15:00', '#ff0000', 30, 'Test 2', '0', '2024-03-18', 0, 1, NULL, NULL, '0', 495),
(283, '06:30:00', '15:15:00', '#ff0000', 30, 'Test 2', '0', '2024-03-18', 0, 1, NULL, NULL, '0', 495),
(284, '06:30:00', '15:15:00', '#ff0000', 30, 'Test 2', '0', '2024-03-18', 0, 1, NULL, NULL, '0', 495),
(285, '06:30:00', '15:15:00', '#ff0000', 30, 'Test 2', '0', '2024-03-18', 0, 1, NULL, NULL, '0', 495),
(286, '06:30:00', '15:15:00', '#ff0000', 30, 'Test 2', '0', '2024-03-18', 0, 1, NULL, NULL, '0', 495),
(287, '06:30:00', '15:15:00', '#ff0000', 30, 'Test 2', '0', '2024-03-18', 0, 1, NULL, NULL, '0', 495),
(288, '06:30:00', '15:15:00', '#ff0000', 30, 'Test 2', '0', '2024-03-18', 0, 1, NULL, NULL, '0', 495),
(289, '06:30:00', '15:15:00', '#ff0000', 30, 'Test 2', '0', '2024-03-18', 0, 1, NULL, NULL, '0', 495),
(290, '06:30:00', '15:15:00', '#ff0000', 30, 'Test 2', '0', '2024-03-18', 0, 1, NULL, NULL, '0', 495),
(291, '06:30:00', '15:15:00', '#ff0000', 30, 'Test 2', '0', '2024-03-18', 0, 1, NULL, NULL, '0', 495),
(292, '06:30:00', '15:15:00', '#ff0000', 30, 'Test 2', '0', '2024-03-18', 0, 1, NULL, NULL, '0', 495),
(293, '06:30:00', '15:15:00', '#ff0000', 30, 'Test 2', '0', '2024-03-18', 0, 1, NULL, NULL, '0', 495),
(294, '06:30:00', '15:15:00', '#ff0000', 30, 'Test 2', '0', '2024-03-18', 0, 1, NULL, NULL, '0', 495),
(295, '06:30:00', '15:15:00', '#ff0000', 30, 'Test 2', '0', '2024-03-18', 0, 1, NULL, NULL, '0', 495),
(296, '06:30:00', '15:15:00', '#ff0000', 30, 'Test 2', '0', '2024-03-18', 0, 1, NULL, NULL, '0', 495),
(297, '06:30:00', '15:15:00', '#ff0000', 30, 'Test 2', '0', '2024-03-18', 0, 1, NULL, NULL, '0', 495),
(298, '06:30:00', '15:15:00', '#ff0000', 30, 'Test 2', '0', '2024-03-18', 0, 1, NULL, NULL, '0', 495),
(299, '06:30:00', '15:15:00', '#ff0000', 30, 'Test 2', '0', '2024-03-18', 0, 1, NULL, NULL, '0', 495),
(300, '06:30:00', '15:15:00', '#ff0000', 30, 'Test 2', '0', '2024-03-18', 0, 1, NULL, NULL, '0', 495),
(301, '06:30:00', '15:15:00', '#ff0000', 30, 'Test 2', '0', '2024-03-18', 0, 1, NULL, NULL, '0', 495),
(302, '06:30:00', '15:15:00', '#ff0000', 30, 'Test 2', '0', '2024-03-18', 0, 1, NULL, NULL, '0', 495),
(303, '06:30:00', '15:15:00', '#ff0000', 30, 'Test 2', '0', '2024-03-18', 0, 1, NULL, NULL, '0', 495),
(304, '06:30:00', '15:15:00', '#ff0000', 30, 'Test 2', '0', '2024-03-18', 0, 1, NULL, NULL, '0', 495),
(305, '06:30:00', '15:15:00', '#ff0000', 30, 'Test 2', '0', '2024-03-18', 0, 1, NULL, NULL, '0', 495),
(306, '06:30:00', '15:15:00', '#ff0000', 30, 'Test 2', '0', '2024-03-19', 0, 1, NULL, NULL, '0', 495),
(307, '06:30:00', '15:15:00', '#ff0000', 30, 'Test 2', '0', '2024-03-19', 0, 1, NULL, NULL, '0', 495),
(308, '06:30:00', '15:15:00', '#ff0000', 30, 'Test 2', '0', '2024-03-19', 0, 1, NULL, NULL, '0', 495),
(309, '06:30:00', '15:15:00', '#ff0000', 30, 'Test 2', '0', '2024-03-19', 0, 1, NULL, NULL, '0', 495),
(310, '06:30:00', '15:15:00', '#ff0000', 30, 'Test 2', '0', '2024-03-19', 0, 1, NULL, NULL, '0', 495),
(311, '06:30:00', '15:15:00', '#ff0000', 30, 'Test 2', '0', '2024-03-19', 0, 1, NULL, NULL, '0', 495),
(312, '06:30:00', '15:15:00', '#ff0000', 30, 'Test 2', '0', '2024-03-19', 0, 1, NULL, NULL, '0', 495),
(313, '06:30:00', '15:15:00', '#ff0000', 30, 'Test 2', '0', '2024-03-19', 0, 1, NULL, NULL, '0', 495),
(314, '06:30:00', '15:15:00', '#ff0000', 30, 'Test 2', '0', '2024-03-19', 0, 1, NULL, NULL, '0', 495),
(315, '06:30:00', '15:15:00', '#ff0000', 30, 'Test 2', '0', '2024-03-19', 0, 1, NULL, NULL, '0', 495),
(316, '06:30:00', '15:15:00', '#ff0000', 30, 'Test 2', '0', '2024-03-19', 0, 1, NULL, NULL, '0', 495),
(317, '06:30:00', '15:15:00', '#ff0000', 30, 'Test 2', '0', '2024-03-19', 0, 1, NULL, NULL, '0', 495),
(318, '06:30:00', '15:15:00', '#ff0000', 30, 'Test 2', '0', '2024-03-19', 0, 1, NULL, NULL, '0', 495),
(319, '06:30:00', '15:15:00', '#ff0000', 30, 'Test 2', '0', '2024-03-19', 0, 1, NULL, NULL, '0', 495),
(320, '06:30:00', '15:15:00', '#ff0000', 30, 'Test 2', '0', '2024-03-19', 0, 1, NULL, NULL, '0', 495),
(321, '06:30:00', '15:15:00', '#ff0000', 30, 'Test 2', '0', '2024-03-19', 0, 1, NULL, NULL, '0', 495),
(322, '06:30:00', '15:15:00', '#ff0000', 30, 'Test 2', '0', '2024-03-19', 0, 1, NULL, NULL, '0', 495),
(323, '06:30:00', '15:15:00', '#ff0000', 30, 'Test 2', '0', '2024-03-19', 0, 1, NULL, NULL, '0', 495),
(324, '06:30:00', '15:15:00', '#ff0000', 30, 'Test 2', '0', '2024-03-19', 0, 1, NULL, NULL, '0', 495),
(325, '06:30:00', '15:15:00', '#ff0000', 30, 'Test 2', '0', '2024-03-19', 0, 1, NULL, NULL, '0', 495),
(326, '06:30:00', '15:15:00', '#ff0000', 30, 'Test 2', '0', '2024-03-19', 0, 1, NULL, NULL, '0', 495),
(327, '06:30:00', '15:15:00', '#ff0000', 30, 'Test 2', '0', '2024-03-19', 0, 1, NULL, NULL, '0', 495),
(328, '06:30:00', '15:15:00', '#ff0000', 30, 'Test 2', '0', '2024-03-19', 0, 1, NULL, NULL, '0', 495),
(329, '06:30:00', '15:15:00', '#ff0000', 30, 'Test 2', '0', '2024-03-19', 0, 1, NULL, NULL, '0', 495),
(330, '06:30:00', '15:15:00', '#ff0000', 30, 'Test 2', '0', '2024-03-19', 0, 1, NULL, NULL, '0', 495),
(331, '06:30:00', '15:15:00', '#ff0000', 30, 'Test 2', '0', '2024-03-19', 0, 1, NULL, NULL, '0', 495),
(332, '06:30:00', '15:15:00', '#ff0000', 30, 'Test 2', '0', '2024-03-19', 0, 1, NULL, NULL, '0', 495),
(333, '06:30:00', '15:15:00', '#ff0000', 30, 'Test 2', '0', '2024-03-19', 0, 1, NULL, NULL, '0', 495),
(334, '06:30:00', '15:15:00', '#ff0000', 30, 'Test 2', '0', '2024-03-20', 0, 1, NULL, NULL, '0', 495),
(335, '06:30:00', '15:15:00', '#ff0000', 30, 'Test 2', '0', '2024-03-20', 0, 1, NULL, NULL, '0', 495),
(336, '06:30:00', '15:15:00', '#ff0000', 30, 'Test 2', '0', '2024-03-20', 0, 1, NULL, NULL, '0', 495),
(337, '06:30:00', '15:15:00', '#ff0000', 30, 'Test 2', '0', '2024-03-20', 0, 1, NULL, NULL, '0', 495),
(338, '06:30:00', '15:15:00', '#ff0000', 30, 'Test 2', '0', '2024-03-20', 0, 1, NULL, NULL, '0', 495),
(339, '06:30:00', '15:15:00', '#ff0000', 30, 'Test 2', '0', '2024-03-20', 0, 1, NULL, NULL, '0', 495),
(340, '06:30:00', '15:15:00', '#ff0000', 30, 'Test 2', '0', '2024-03-20', 0, 1, NULL, NULL, '0', 495),
(341, '06:30:00', '15:15:00', '#ff0000', 30, 'Test 2', '0', '2024-03-20', 0, 1, NULL, NULL, '0', 495),
(342, '06:30:00', '15:15:00', '#ff0000', 30, 'Test 2', '0', '2024-03-20', 0, 1, NULL, NULL, '0', 495),
(343, '06:30:00', '15:15:00', '#ff0000', 30, 'Test 2', '0', '2024-03-20', 0, 1, NULL, NULL, '0', 495),
(344, '06:30:00', '15:15:00', '#ff0000', 30, 'Test 2', '0', '2024-03-20', 0, 1, NULL, NULL, '0', 495),
(345, '06:30:00', '15:15:00', '#ff0000', 30, 'Test 2', '0', '2024-03-20', 0, 1, NULL, NULL, '0', 495),
(346, '06:30:00', '15:15:00', '#ff0000', 30, 'Test 2', '0', '2024-03-20', 0, 1, NULL, NULL, '0', 495),
(347, '06:30:00', '15:15:00', '#ff0000', 30, 'Test 2', '0', '2024-03-20', 0, 1, NULL, NULL, '0', 495),
(348, '06:30:00', '15:15:00', '#ff0000', 30, 'Test 2', '0', '2024-03-20', 0, 1, NULL, NULL, '0', 495),
(349, '06:30:00', '15:15:00', '#ff0000', 30, 'Test 2', '0', '2024-03-20', 0, 1, NULL, NULL, '0', 495),
(350, '06:30:00', '15:15:00', '#ff0000', 30, 'Test 2', '0', '2024-03-20', 0, 1, NULL, NULL, '0', 495),
(351, '06:30:00', '15:15:00', '#ff0000', 30, 'Test 2', '0', '2024-03-20', 0, 1, NULL, NULL, '0', 495),
(352, '06:30:00', '15:15:00', '#ff0000', 30, 'Test 2', '0', '2024-03-20', 0, 1, NULL, NULL, '0', 495),
(353, '06:30:00', '15:15:00', '#ff0000', 30, 'Test 2', '0', '2024-03-20', 0, 1, NULL, NULL, '0', 495),
(354, '06:30:00', '15:15:00', '#ff0000', 30, 'Test 2', '0', '2024-03-20', 0, 1, NULL, NULL, '0', 495),
(355, '06:30:00', '15:15:00', '#ff0000', 30, 'Test 2', '0', '2024-03-20', 0, 1, NULL, NULL, '0', 495),
(356, '06:30:00', '15:15:00', '#ff0000', 30, 'Test 2', '0', '2024-03-20', 0, 1, NULL, NULL, '0', 495),
(357, '06:30:00', '15:15:00', '#ff0000', 30, 'Test 2', '0', '2024-03-20', 0, 1, NULL, NULL, '0', 495),
(358, '06:30:00', '15:15:00', '#ff0000', 30, 'Test 2', '0', '2024-03-20', 0, 1, NULL, NULL, '0', 495),
(359, '06:30:00', '15:15:00', '#ff0000', 30, 'Test 2', '0', '2024-03-20', 0, 1, NULL, NULL, '0', 495),
(360, '06:30:00', '15:15:00', '#ff0000', 30, 'Test 2', '0', '2024-03-20', 0, 1, NULL, NULL, '0', 495),
(361, '06:30:00', '15:15:00', '#ff0000', 30, 'Test 2', '0', '2024-03-20', 0, 1, NULL, NULL, '0', 495),
(362, '06:30:00', '15:15:00', '#ff0000', 30, 'Test 2', '0', '2024-03-21', 0, 1, NULL, NULL, '0', 495),
(363, '06:30:00', '15:15:00', '#ff0000', 30, 'Test 2', '0', '2024-03-21', 0, 1, NULL, NULL, '0', 495),
(364, '06:30:00', '15:15:00', '#ff0000', 30, 'Test 2', '0', '2024-03-21', 0, 1, NULL, NULL, '0', 495),
(365, '06:30:00', '15:15:00', '#ff0000', 30, 'Test 2', '0', '2024-03-21', 0, 1, NULL, NULL, '0', 495),
(366, '06:30:00', '15:15:00', '#ff0000', 30, 'Test 2', '0', '2024-03-21', 0, 1, NULL, NULL, '0', 495),
(367, '06:30:00', '15:15:00', '#ff0000', 30, 'Test 2', '0', '2024-03-21', 0, 1, NULL, NULL, '0', 495),
(368, '06:30:00', '15:15:00', '#ff0000', 30, 'Test 2', '0', '2024-03-21', 0, 1, NULL, NULL, '0', 495),
(369, '06:30:00', '15:15:00', '#ff0000', 30, 'Test 2', '0', '2024-03-21', 0, 1, NULL, NULL, '0', 495),
(370, '06:30:00', '15:15:00', '#ff0000', 30, 'Test 2', '0', '2024-03-21', 0, 1, NULL, NULL, '0', 495),
(371, '06:30:00', '15:15:00', '#ff0000', 30, 'Test 2', '0', '2024-03-21', 0, 1, NULL, NULL, '0', 495),
(372, '06:30:00', '15:15:00', '#ff0000', 30, 'Test 2', '0', '2024-03-21', 0, 1, NULL, NULL, '0', 495),
(373, '06:30:00', '15:15:00', '#ff0000', 30, 'Test 2', '0', '2024-03-21', 0, 1, NULL, NULL, '0', 495),
(374, '06:30:00', '15:15:00', '#ff0000', 30, 'Test 2', '0', '2024-03-21', 0, 1, NULL, NULL, '0', 495),
(375, '06:30:00', '15:15:00', '#ff0000', 30, 'Test 2', '0', '2024-03-21', 0, 1, NULL, NULL, '0', 495),
(376, '06:30:00', '15:15:00', '#ff0000', 30, 'Test 2', '0', '2024-03-21', 0, 1, NULL, NULL, '0', 495),
(377, '06:30:00', '15:15:00', '#ff0000', 30, 'Test 2', '0', '2024-03-21', 0, 1, NULL, NULL, '0', 495),
(378, '06:30:00', '15:15:00', '#ff0000', 30, 'Test 2', '0', '2024-03-21', 0, 1, NULL, NULL, '0', 495),
(379, '06:30:00', '15:15:00', '#ff0000', 30, 'Test 2', '0', '2024-03-21', 0, 1, NULL, NULL, '0', 495),
(380, '06:30:00', '15:15:00', '#ff0000', 30, 'Test 2', '0', '2024-03-21', 0, 1, NULL, NULL, '0', 495),
(381, '06:30:00', '15:15:00', '#ff0000', 30, 'Test 2', '0', '2024-03-21', 0, 1, NULL, NULL, '0', 495),
(382, '06:30:00', '15:15:00', '#ff0000', 30, 'Test 2', '0', '2024-03-21', 0, 1, NULL, NULL, '0', 495),
(383, '06:30:00', '15:15:00', '#ff0000', 30, 'Test 2', '0', '2024-03-21', 0, 1, NULL, NULL, '0', 495),
(384, '06:30:00', '15:15:00', '#ff0000', 30, 'Test 2', '0', '2024-03-21', 0, 1, NULL, NULL, '0', 495),
(385, '06:30:00', '15:15:00', '#ff0000', 30, 'Test 2', '0', '2024-03-21', 0, 1, NULL, NULL, '0', 495),
(386, '06:30:00', '15:15:00', '#ff0000', 30, 'Test 2', '0', '2024-03-21', 0, 1, NULL, NULL, '0', 495),
(387, '06:30:00', '15:15:00', '#ff0000', 30, 'Test 2', '0', '2024-03-21', 0, 1, NULL, NULL, '0', 495),
(388, '06:30:00', '15:15:00', '#ff0000', 30, 'Test 2', '0', '2024-03-21', 0, 1, NULL, NULL, '0', 495),
(389, '06:30:00', '15:15:00', '#ff0000', 30, 'Test 2', '0', '2024-03-21', 0, 1, NULL, NULL, '0', 495),
(390, '06:30:00', '15:15:00', '#ff0000', 30, 'Test 2', '0', '2024-03-22', 0, 1, NULL, NULL, '0', 495),
(391, '06:30:00', '15:15:00', '#ff0000', 30, 'Test 2', '0', '2024-03-22', 0, 1, NULL, NULL, '0', 495),
(392, '06:30:00', '15:15:00', '#ff0000', 30, 'Test 2', '0', '2024-03-22', 0, 1, NULL, NULL, '0', 495),
(393, '06:30:00', '15:15:00', '#ff0000', 30, 'Test 2', '0', '2024-03-22', 0, 1, NULL, NULL, '0', 495),
(394, '06:30:00', '15:15:00', '#ff0000', 30, 'Test 2', '0', '2024-03-22', 0, 1, NULL, NULL, '0', 495),
(395, '06:30:00', '15:15:00', '#ff0000', 30, 'Test 2', '0', '2024-03-22', 0, 1, NULL, NULL, '0', 495),
(396, '06:30:00', '15:15:00', '#ff0000', 30, 'Test 2', '0', '2024-03-22', 0, 1, NULL, NULL, '0', 495),
(397, '06:30:00', '15:15:00', '#ff0000', 30, 'Test 2', '0', '2024-03-22', 0, 1, NULL, NULL, '0', 495),
(398, '06:30:00', '15:15:00', '#ff0000', 30, 'Test 2', '0', '2024-03-22', 0, 1, NULL, NULL, '0', 495),
(399, '06:30:00', '15:15:00', '#ff0000', 30, 'Test 2', '0', '2024-03-22', 0, 1, NULL, NULL, '0', 495),
(400, '06:30:00', '15:15:00', '#ff0000', 30, 'Test 2', '0', '2024-03-22', 0, 1, NULL, NULL, '0', 495),
(401, '06:30:00', '15:15:00', '#ff0000', 30, 'Test 2', '0', '2024-03-22', 0, 1, NULL, NULL, '0', 495),
(402, '06:30:00', '15:15:00', '#ff0000', 30, 'Test 2', '0', '2024-03-22', 0, 1, NULL, NULL, '0', 495),
(403, '06:30:00', '15:15:00', '#ff0000', 30, 'Test 2', '0', '2024-03-22', 0, 1, NULL, NULL, '0', 495),
(404, '06:30:00', '15:15:00', '#ff0000', 30, 'Test 2', '0', '2024-03-22', 0, 1, NULL, NULL, '0', 495),
(405, '06:30:00', '15:15:00', '#ff0000', 30, 'Test 2', '0', '2024-03-22', 0, 1, NULL, NULL, '0', 495),
(406, '06:30:00', '15:15:00', '#ff0000', 30, 'Test 2', '0', '2024-03-22', 0, 1, NULL, NULL, '0', 495),
(407, '06:30:00', '15:15:00', '#ff0000', 30, 'Test 2', '0', '2024-03-22', 0, 1, NULL, NULL, '0', 495),
(408, '06:30:00', '15:15:00', '#ff0000', 30, 'Test 2', '0', '2024-03-22', 0, 1, NULL, NULL, '0', 495),
(409, '06:30:00', '15:15:00', '#ff0000', 30, 'Test 2', '0', '2024-03-22', 0, 1, NULL, NULL, '0', 495),
(410, '06:30:00', '15:15:00', '#ff0000', 30, 'Test 2', '0', '2024-03-22', 0, 1, NULL, NULL, '0', 495),
(411, '06:30:00', '15:15:00', '#ff0000', 30, 'Test 2', '0', '2024-03-22', 0, 1, NULL, NULL, '0', 495),
(412, '06:30:00', '15:15:00', '#ff0000', 30, 'Test 2', '0', '2024-03-22', 0, 1, NULL, NULL, '0', 495),
(413, '06:30:00', '15:15:00', '#ff0000', 30, 'Test 2', '0', '2024-03-22', 0, 1, NULL, NULL, '0', 495),
(414, '06:30:00', '15:15:00', '#ff0000', 30, 'Test 2', '0', '2024-03-22', 0, 1, NULL, NULL, '0', 495),
(415, '06:30:00', '15:15:00', '#ff0000', 30, 'Test 2', '0', '2024-03-22', 0, 1, NULL, NULL, '0', 495),
(416, '06:30:00', '15:15:00', '#ff0000', 30, 'Test 2', '0', '2024-03-22', 0, 1, NULL, NULL, '0', 495),
(417, '06:30:00', '15:15:00', '#ff0000', 30, 'Test 2', '0', '2024-03-22', 0, 1, NULL, NULL, '0', 495),
(418, '08:38:00', '17:00:00', '#b2aeae', 0, 'test roster', '0', '2024-02-23', 0, 1, NULL, NULL, '', 502),
(419, '06:30:00', '15:15:00', '#ff0000', 0, 'Test5', '0', '2024-03-25', 0, 1, NULL, NULL, '0', 525),
(420, '06:30:00', '15:15:00', '#ff0000', 0, 'Test5', '0', '2024-03-25', 0, 1, NULL, NULL, '0', 525),
(421, '06:30:00', '15:15:00', '#ff0000', 0, 'Test5', '0', '2024-03-25', 0, 1, NULL, NULL, '0', 525),
(422, '06:30:00', '15:15:00', '#ff0000', 0, 'Test5', '0', '2024-03-25', 0, 1, NULL, NULL, '0', 525),
(423, '06:30:00', '15:15:00', '#ff0000', 0, 'Test5', '0', '2024-03-25', 0, 1, NULL, NULL, '0', 525),
(424, '06:30:00', '15:15:00', '#ff0000', 0, 'Test5', '0', '2024-03-25', 0, 1, NULL, NULL, '0', 525),
(425, '06:30:00', '15:15:00', '#ff0000', 0, 'Test5', '0', '2024-03-25', 0, 1, NULL, NULL, '0', 525),
(426, '06:30:00', '15:15:00', '#ff0000', 0, 'Test5', '0', '2024-03-25', 0, 1, NULL, NULL, '0', 525),
(427, '06:30:00', '15:15:00', '#ff0000', 0, 'Test5', '0', '2024-03-25', 0, 1, NULL, NULL, '0', 525),
(428, '06:30:00', '15:15:00', '#ff0000', 0, 'Test5', '0', '2024-03-25', 0, 1, NULL, NULL, '0', 525),
(429, '06:30:00', '15:15:00', '#ff0000', 0, 'Test5', '0', '2024-03-25', 0, 1, NULL, NULL, '0', 525),
(430, '06:30:00', '15:15:00', '#ff0000', 0, 'Test5', '0', '2024-03-25', 0, 1, NULL, NULL, '0', 525),
(431, '06:30:00', '15:15:00', '#ff0000', 0, 'Test5', '0', '2024-03-25', 0, 1, NULL, NULL, '0', 525),
(432, '06:30:00', '15:15:00', '#ff0000', 0, 'Test5', '0', '2024-03-25', 0, 1, NULL, NULL, '0', 525),
(433, '06:30:00', '15:15:00', '#ff0000', 0, 'Test5', '0', '2024-03-25', 0, 1, NULL, NULL, '0', 525),
(434, '06:30:00', '15:15:00', '#ff0000', 0, 'Test5', '0', '2024-03-25', 0, 1, NULL, NULL, '0', 525),
(435, '06:30:00', '15:15:00', '#ff0000', 0, 'Test5', '0', '2024-03-25', 0, 1, NULL, NULL, '0', 525),
(436, '06:30:00', '15:15:00', '#ff0000', 0, 'Test5', '0', '2024-03-25', 0, 1, NULL, NULL, '0', 525),
(437, '06:30:00', '15:15:00', '#ff0000', 0, 'Test5', '0', '2024-03-25', 0, 1, NULL, NULL, '0', 525),
(438, '06:30:00', '15:15:00', '#ff0000', 0, 'Test5', '0', '2024-03-25', 0, 1, NULL, NULL, '0', 525),
(439, '06:30:00', '15:15:00', '#ff0000', 0, 'Test5', '0', '2024-03-25', 0, 1, NULL, NULL, '0', 525),
(440, '06:30:00', '15:15:00', '#ff0000', 0, 'Test5', '0', '2024-03-25', 0, 1, NULL, NULL, '0', 525),
(441, '06:30:00', '15:15:00', '#ff0000', 0, 'Test5', '0', '2024-03-25', 0, 1, NULL, NULL, '0', 525),
(442, '06:30:00', '15:15:00', '#ff0000', 0, 'Test5', '0', '2024-03-25', 0, 1, NULL, NULL, '0', 525),
(443, '06:30:00', '15:15:00', '#ff0000', 0, 'Test5', '0', '2024-03-25', 0, 1, NULL, NULL, '0', 525),
(444, '06:30:00', '15:15:00', '#ff0000', 0, 'Test5', '0', '2024-03-25', 0, 1, NULL, NULL, '0', 525),
(445, '06:30:00', '15:15:00', '#ff0000', 0, 'Test5', '0', '2024-03-25', 0, 1, NULL, NULL, '0', 525),
(446, '06:30:00', '15:15:00', '#ff0000', 0, 'Test5', '0', '2024-03-25', 0, 1, NULL, NULL, '0', 525),
(447, '06:30:00', '15:15:00', '#ff0000', 0, 'Test5', '0', '2024-03-26', 0, 1, NULL, NULL, '0', 525),
(448, '06:30:00', '15:15:00', '#ff0000', 0, 'Test5', '0', '2024-03-26', 0, 1, NULL, NULL, '0', 525),
(449, '06:30:00', '15:15:00', '#ff0000', 0, 'Test5', '0', '2024-03-26', 0, 1, NULL, NULL, '0', 525),
(450, '06:30:00', '15:15:00', '#ff0000', 0, 'Test5', '0', '2024-03-26', 0, 1, NULL, NULL, '0', 525),
(451, '06:30:00', '15:15:00', '#ff0000', 0, 'Test5', '0', '2024-03-26', 0, 1, NULL, NULL, '0', 525),
(452, '06:30:00', '15:15:00', '#ff0000', 0, 'Test5', '0', '2024-03-26', 0, 1, NULL, NULL, '0', 525),
(453, '06:30:00', '15:15:00', '#ff0000', 0, 'Test5', '0', '2024-03-26', 0, 1, NULL, NULL, '0', 525),
(454, '06:30:00', '15:15:00', '#ff0000', 0, 'Test5', '0', '2024-03-26', 0, 1, NULL, NULL, '0', 525),
(455, '06:30:00', '15:15:00', '#ff0000', 0, 'Test5', '0', '2024-03-26', 0, 1, NULL, NULL, '0', 525),
(456, '06:30:00', '15:15:00', '#ff0000', 0, 'Test5', '0', '2024-03-26', 0, 1, NULL, NULL, '0', 525),
(457, '06:30:00', '15:15:00', '#ff0000', 0, 'Test5', '0', '2024-03-26', 0, 1, NULL, NULL, '0', 525),
(458, '06:30:00', '15:15:00', '#ff0000', 0, 'Test5', '0', '2024-03-26', 0, 1, NULL, NULL, '0', 525),
(459, '06:30:00', '15:15:00', '#ff0000', 0, 'Test5', '0', '2024-03-26', 0, 1, NULL, NULL, '0', 525),
(460, '06:30:00', '15:15:00', '#ff0000', 0, 'Test5', '0', '2024-03-26', 0, 1, NULL, NULL, '0', 525),
(461, '06:30:00', '15:15:00', '#ff0000', 0, 'Test5', '0', '2024-03-26', 0, 1, NULL, NULL, '0', 525),
(462, '06:30:00', '15:15:00', '#ff0000', 0, 'Test5', '0', '2024-03-26', 0, 1, NULL, NULL, '0', 525),
(463, '06:30:00', '15:15:00', '#ff0000', 0, 'Test5', '0', '2024-03-26', 0, 1, NULL, NULL, '0', 525),
(464, '06:30:00', '15:15:00', '#ff0000', 0, 'Test5', '0', '2024-03-26', 0, 1, NULL, NULL, '0', 525),
(465, '06:30:00', '15:15:00', '#ff0000', 0, 'Test5', '0', '2024-03-26', 0, 1, NULL, NULL, '0', 525),
(466, '06:30:00', '15:15:00', '#ff0000', 0, 'Test5', '0', '2024-03-26', 0, 1, NULL, NULL, '0', 525),
(467, '06:30:00', '15:15:00', '#ff0000', 0, 'Test5', '0', '2024-03-26', 0, 1, NULL, NULL, '0', 525),
(468, '06:30:00', '15:15:00', '#ff0000', 0, 'Test5', '0', '2024-03-26', 0, 1, NULL, NULL, '0', 525),
(469, '06:30:00', '15:15:00', '#ff0000', 0, 'Test5', '0', '2024-03-26', 0, 1, NULL, NULL, '0', 525),
(470, '06:30:00', '15:15:00', '#ff0000', 0, 'Test5', '0', '2024-03-26', 0, 1, NULL, NULL, '0', 525),
(471, '06:30:00', '15:15:00', '#ff0000', 0, 'Test5', '0', '2024-03-26', 0, 1, NULL, NULL, '0', 525),
(472, '06:30:00', '15:15:00', '#ff0000', 0, 'Test5', '0', '2024-03-26', 0, 1, NULL, NULL, '0', 525),
(473, '06:30:00', '15:15:00', '#ff0000', 0, 'Test5', '0', '2024-03-26', 0, 1, NULL, NULL, '0', 525),
(474, '06:30:00', '15:15:00', '#ff0000', 0, 'Test5', '0', '2024-03-26', 0, 1, NULL, NULL, '0', 525),
(475, '06:30:00', '15:15:00', '#ff0000', 0, 'Test5', '0', '2024-03-27', 0, 1, NULL, NULL, '0', 525),
(476, '06:30:00', '15:15:00', '#ff0000', 0, 'Test5', '0', '2024-03-27', 0, 1, NULL, NULL, '0', 525),
(477, '06:30:00', '15:15:00', '#ff0000', 0, 'Test5', '0', '2024-03-27', 0, 1, NULL, NULL, '0', 525),
(478, '06:30:00', '15:15:00', '#ff0000', 0, 'Test5', '0', '2024-03-27', 0, 1, NULL, NULL, '0', 525),
(479, '06:30:00', '15:15:00', '#ff0000', 0, 'Test5', '0', '2024-03-27', 0, 1, NULL, NULL, '0', 525),
(480, '06:30:00', '15:15:00', '#ff0000', 0, 'Test5', '0', '2024-03-27', 0, 1, NULL, NULL, '0', 525),
(481, '06:30:00', '15:15:00', '#ff0000', 0, 'Test5', '0', '2024-03-27', 0, 1, NULL, NULL, '0', 525),
(482, '06:30:00', '15:15:00', '#ff0000', 0, 'Test5', '0', '2024-03-27', 0, 1, NULL, NULL, '0', 525),
(483, '06:30:00', '15:15:00', '#ff0000', 0, 'Test5', '0', '2024-03-27', 0, 1, NULL, NULL, '0', 525),
(484, '06:30:00', '15:15:00', '#ff0000', 0, 'Test5', '0', '2024-03-27', 0, 1, NULL, NULL, '0', 525),
(485, '06:30:00', '15:15:00', '#ff0000', 0, 'Test5', '0', '2024-03-27', 0, 1, NULL, NULL, '0', 525),
(486, '06:30:00', '15:15:00', '#ff0000', 0, 'Test5', '0', '2024-03-27', 0, 1, NULL, NULL, '0', 525),
(487, '06:30:00', '15:15:00', '#ff0000', 0, 'Test5', '0', '2024-03-27', 0, 1, NULL, NULL, '0', 525),
(488, '06:30:00', '15:15:00', '#ff0000', 0, 'Test5', '0', '2024-03-27', 0, 1, NULL, NULL, '0', 525),
(489, '06:30:00', '15:15:00', '#ff0000', 0, 'Test5', '0', '2024-03-27', 0, 1, NULL, NULL, '0', 525),
(490, '06:30:00', '15:15:00', '#ff0000', 0, 'Test5', '0', '2024-03-27', 0, 1, NULL, NULL, '0', 525),
(491, '06:30:00', '15:15:00', '#ff0000', 0, 'Test5', '0', '2024-03-27', 0, 1, NULL, NULL, '0', 525);
INSERT INTO `roster_templates` (`id`, `start_time`, `end_time`, `color_code`, `break_minutes`, `shift_notes`, `repeat_shift`, `end_date`, `is_saved`, `created_by`, `created_at`, `updated_at`, `repeat_every`, `working_hours`) VALUES
(492, '06:30:00', '15:15:00', '#ff0000', 0, 'Test5', '0', '2024-03-27', 0, 1, NULL, NULL, '0', 525),
(493, '06:30:00', '15:15:00', '#ff0000', 0, 'Test5', '0', '2024-03-27', 0, 1, NULL, NULL, '0', 525),
(494, '06:30:00', '15:15:00', '#ff0000', 0, 'Test5', '0', '2024-03-27', 0, 1, NULL, NULL, '0', 525),
(495, '06:30:00', '15:15:00', '#ff0000', 0, 'Test5', '0', '2024-03-27', 0, 1, NULL, NULL, '0', 525),
(496, '06:30:00', '15:15:00', '#ff0000', 0, 'Test5', '0', '2024-03-27', 0, 1, NULL, NULL, '0', 525),
(497, '06:30:00', '15:15:00', '#ff0000', 0, 'Test5', '0', '2024-03-27', 0, 1, NULL, NULL, '0', 525),
(498, '06:30:00', '15:15:00', '#ff0000', 0, 'Test5', '0', '2024-03-27', 0, 1, NULL, NULL, '0', 525),
(499, '06:30:00', '15:15:00', '#ff0000', 0, 'Test5', '0', '2024-03-27', 0, 1, NULL, NULL, '0', 525),
(500, '06:30:00', '15:15:00', '#ff0000', 0, 'Test5', '0', '2024-03-27', 0, 1, NULL, NULL, '0', 525),
(501, '06:30:00', '15:15:00', '#ff0000', 0, 'Test5', '0', '2024-03-27', 0, 1, NULL, NULL, '0', 525),
(502, '06:30:00', '15:15:00', '#ff0000', 0, 'Test5', '0', '2024-03-27', 0, 1, NULL, NULL, '0', 525),
(503, '06:30:00', '15:15:00', '#ff0000', 0, 'Test5', '0', '2024-03-28', 0, 1, NULL, NULL, '0', 525),
(504, '06:30:00', '15:15:00', '#ff0000', 0, 'Test5', '0', '2024-03-28', 0, 1, NULL, NULL, '0', 525),
(505, '06:30:00', '15:15:00', '#ff0000', 0, 'Test5', '0', '2024-03-28', 0, 1, NULL, NULL, '0', 525),
(506, '06:30:00', '15:15:00', '#ff0000', 0, 'Test5', '0', '2024-03-28', 0, 1, NULL, NULL, '0', 525),
(507, '06:30:00', '15:15:00', '#ff0000', 0, 'Test5', '0', '2024-03-28', 0, 1, NULL, NULL, '0', 525),
(508, '06:30:00', '15:15:00', '#ff0000', 0, 'Test5', '0', '2024-03-28', 0, 1, NULL, NULL, '0', 525),
(509, '06:30:00', '15:15:00', '#ff0000', 0, 'Test5', '0', '2024-03-28', 0, 1, NULL, NULL, '0', 525),
(510, '06:30:00', '15:15:00', '#ff0000', 0, 'Test5', '0', '2024-03-28', 0, 1, NULL, NULL, '0', 525),
(511, '06:30:00', '15:15:00', '#ff0000', 0, 'Test5', '0', '2024-03-28', 0, 1, NULL, NULL, '0', 525),
(512, '06:30:00', '15:15:00', '#ff0000', 0, 'Test5', '0', '2024-03-28', 0, 1, NULL, NULL, '0', 525),
(513, '06:30:00', '15:15:00', '#ff0000', 0, 'Test5', '0', '2024-03-28', 0, 1, NULL, NULL, '0', 525),
(514, '06:30:00', '15:15:00', '#ff0000', 0, 'Test5', '0', '2024-03-28', 0, 1, NULL, NULL, '0', 525),
(515, '06:30:00', '15:15:00', '#ff0000', 0, 'Test5', '0', '2024-03-28', 0, 1, NULL, NULL, '0', 525),
(516, '06:30:00', '15:15:00', '#ff0000', 0, 'Test5', '0', '2024-03-28', 0, 1, NULL, NULL, '0', 525),
(517, '06:30:00', '15:15:00', '#ff0000', 0, 'Test5', '0', '2024-03-28', 0, 1, NULL, NULL, '0', 525),
(518, '06:30:00', '15:15:00', '#ff0000', 0, 'Test5', '0', '2024-03-28', 0, 1, NULL, NULL, '0', 525),
(519, '06:30:00', '15:15:00', '#ff0000', 0, 'Test5', '0', '2024-03-28', 0, 1, NULL, NULL, '0', 525),
(520, '06:30:00', '15:15:00', '#ff0000', 0, 'Test5', '0', '2024-03-28', 0, 1, NULL, NULL, '0', 525),
(521, '06:30:00', '15:15:00', '#ff0000', 0, 'Test5', '0', '2024-03-28', 0, 1, NULL, NULL, '0', 525),
(522, '06:30:00', '15:15:00', '#ff0000', 0, 'Test5', '0', '2024-03-28', 0, 1, NULL, NULL, '0', 525),
(523, '06:30:00', '15:15:00', '#ff0000', 0, 'Test5', '0', '2024-03-28', 0, 1, NULL, NULL, '0', 525),
(524, '06:30:00', '15:15:00', '#ff0000', 0, 'Test5', '0', '2024-03-28', 0, 1, NULL, NULL, '0', 525),
(525, '06:30:00', '15:15:00', '#ff0000', 0, 'Test5', '0', '2024-03-28', 0, 1, NULL, NULL, '0', 525),
(526, '06:30:00', '15:15:00', '#ff0000', 0, 'Test5', '0', '2024-03-28', 0, 1, NULL, NULL, '0', 525),
(527, '06:30:00', '15:15:00', '#ff0000', 0, 'Test5', '0', '2024-03-28', 0, 1, NULL, NULL, '0', 525),
(528, '06:30:00', '15:15:00', '#ff0000', 0, 'Test5', '0', '2024-03-28', 0, 1, NULL, NULL, '0', 525),
(529, '06:30:00', '15:15:00', '#ff0000', 0, 'Test5', '0', '2024-03-28', 0, 1, NULL, NULL, '0', 525),
(530, '06:30:00', '15:15:00', '#ff0000', 0, 'Test5', '0', '2024-03-28', 0, 1, NULL, NULL, '0', 525),
(531, '06:30:00', '15:15:00', '#ff0000', 0, 'Test5', '0', '2024-03-25', 0, 1, NULL, NULL, '', 525),
(532, '06:30:00', '15:15:00', '#ff0000', 0, 'test', '0', '2024-03-25', 1, 1, NULL, NULL, '', 525),
(533, '06:30:00', '15:15:00', '#ff0000', 0, 'test', '0', '2024-03-25', 0, 1, NULL, NULL, '', 525),
(534, '06:30:00', '15:15:00', '#ff0000', 0, 'test', '0', '2024-03-25', 0, 1, NULL, NULL, '', 525),
(535, '06:30:00', '15:15:00', '#ff0000', 0, 'test', '0', '2024-03-25', 0, 1, NULL, NULL, '', 525),
(536, '06:30:00', '15:15:00', '#ff0000', 0, 'test', '0', '2024-03-25', 0, 1, NULL, NULL, '', 525),
(537, '06:30:00', '15:15:00', '#ff0000', 0, 'test', '0', '2024-03-25', 0, 1, NULL, NULL, '', 525),
(538, '06:30:00', '15:15:00', '#ff0000', 0, 'test', '0', '2024-03-25', 0, 1, NULL, NULL, '', 525),
(539, '06:30:00', '15:15:00', '#ff0000', 0, 'test', '0', '2024-03-25', 0, 1, NULL, NULL, '', 525),
(540, '06:30:00', '15:15:00', '#ff0000', 0, 'test', '0', '2024-03-25', 0, 1, NULL, NULL, '', 525),
(541, '06:30:00', '15:15:00', '#ff0000', 0, 'test', '0', '2024-03-25', 0, 1, NULL, NULL, '', 525),
(542, '06:30:00', '15:15:00', '#ff0000', 0, 'test', '0', '2024-03-25', 0, 1, NULL, NULL, '', 525),
(543, '06:30:00', '15:15:00', '#ff0000', 0, 'test', '0', '2024-03-25', 0, 1, NULL, NULL, '', 525),
(544, '06:30:00', '15:15:00', '#ff0000', 0, 'test', '0', '2024-03-25', 0, 1, NULL, NULL, '', 525),
(545, '06:30:00', '15:15:00', '#ff0000', 0, 'test', '0', '2024-03-25', 0, 1, NULL, NULL, '', 525),
(546, '06:30:00', '15:15:00', '#ff0000', 0, 'test', '0', '2024-03-25', 0, 1, NULL, NULL, '', 525),
(547, '06:30:00', '15:15:00', '#ff0000', 0, 'test', '0', '2024-03-25', 0, 1, NULL, NULL, '', 525),
(548, '06:30:00', '15:15:00', '#ff0000', 0, 'test', '0', '2024-03-25', 0, 1, NULL, NULL, '', 525),
(549, '06:30:00', '15:15:00', '#ff0000', 0, 'test', '0', '2024-03-25', 0, 1, NULL, NULL, '', 525),
(550, '06:30:00', '15:15:00', '#ff0000', 0, 'test', '0', '2024-03-25', 0, 1, NULL, NULL, '', 525),
(551, '06:30:00', '15:15:00', '#ff0000', 0, 'test', '0', '2024-03-25', 0, 1, NULL, NULL, '', 525),
(552, '06:30:00', '15:15:00', '#ff0000', 0, 'Parramatta Job', '0', '2024-04-03', 0, 1, NULL, NULL, '0', 525),
(553, '06:30:00', '15:15:00', '#ff0000', 0, 'Parramatta Job', '0', '2024-04-03', 0, 1, NULL, NULL, '0', 525),
(554, '06:30:00', '15:15:00', '#ff0000', 0, 'Parramatta Job', '0', '2024-04-03', 0, 1, NULL, NULL, '0', 525),
(555, '06:30:00', '15:15:00', '#ff0000', 0, 'Parramatta Job', '0', '2024-04-03', 0, 1, NULL, NULL, '0', 525),
(556, '06:30:00', '15:15:00', '#ff0000', 0, 'Parramatta Job', '0', '2024-04-03', 0, 1, NULL, NULL, '0', 525),
(557, '06:30:00', '15:15:00', '#ff0000', 0, 'Parramatta Job', '0', '2024-04-03', 0, 1, NULL, NULL, '0', 525),
(558, '06:30:00', '15:15:00', '#ff0000', 0, 'Parramatta Job', '0', '2024-04-03', 0, 1, NULL, NULL, '0', 525),
(559, '06:30:00', '15:15:00', '#ff0000', 0, 'Parramatta Job', '0', '2024-04-03', 0, 1, NULL, NULL, '0', 525),
(560, '06:30:00', '15:15:00', '#ff0000', 0, 'Parramatta Job', '0', '2024-04-03', 0, 1, NULL, NULL, '0', 525),
(561, '06:30:00', '15:15:00', '#ff0000', 0, 'Parramatta Job', '0', '2024-04-03', 0, 1, NULL, NULL, '0', 525),
(562, '06:30:00', '15:15:00', '#ff0000', 0, 'Parramatta Job', '0', '2024-04-03', 0, 1, NULL, NULL, '0', 525),
(563, '06:30:00', '15:15:00', '#ff0000', 0, 'Parramatta Job', '0', '2024-04-03', 0, 1, NULL, NULL, '0', 525),
(564, '06:30:00', '15:15:00', '#ff0000', 0, 'Parramatta Job', '0', '2024-04-03', 0, 1, NULL, NULL, '0', 525),
(565, '06:30:00', '15:15:00', '#ff0000', 0, 'Parramatta Job', '0', '2024-04-03', 0, 1, NULL, NULL, '0', 525),
(566, '06:30:00', '15:15:00', '#ff0000', 0, 'Parramatta Job', '0', '2024-04-03', 0, 1, NULL, NULL, '0', 525),
(567, '06:30:00', '15:15:00', '#ff0000', 0, 'Parramatta Job', '0', '2024-04-03', 0, 1, NULL, NULL, '0', 525),
(568, '06:30:00', '15:15:00', '#ff0000', 0, 'Parramatta Job', '0', '2024-04-03', 0, 1, NULL, NULL, '0', 525),
(569, '06:30:00', '15:15:00', '#ff0000', 0, 'Parramatta Job', '0', '2024-04-03', 0, 1, NULL, NULL, '0', 525),
(570, '06:30:00', '15:15:00', '#ff0000', 0, 'Parramatta Job', '0', '2024-04-03', 0, 1, NULL, NULL, '0', 525),
(571, '06:30:00', '15:15:00', '#ff0000', 0, 'Parramatta Job', '0', '2024-04-03', 0, 1, NULL, NULL, '0', 525),
(572, '06:30:00', '15:15:00', '#ff0000', 0, 'Parramatta Job', '0', '2024-04-03', 0, 1, NULL, NULL, '0', 525),
(573, '06:30:00', '15:15:00', '#ff0000', 0, 'Parramatta Job', '0', '2024-04-03', 0, 1, NULL, NULL, '0', 525),
(574, '06:30:00', '15:15:00', '#ff0000', 0, 'Parramatta Job', '0', '2024-04-03', 0, 1, NULL, NULL, '0', 525),
(575, '06:30:00', '15:15:00', '#ff0000', 0, 'Parramatta Job', '0', '2024-04-03', 0, 1, NULL, NULL, '0', 525),
(576, '06:30:00', '15:15:00', '#ff0000', 0, 'Parramatta Job', '0', '2024-04-03', 0, 1, NULL, NULL, '0', 525),
(577, '06:30:00', '15:15:00', '#ff0000', 0, 'Parramatta Job', '0', '2024-04-03', 0, 1, NULL, NULL, '0', 525),
(578, '06:30:00', '15:15:00', '#ff0000', 0, 'Parramatta Job', '0', '2024-04-03', 0, 1, NULL, NULL, '0', 525),
(579, '06:30:00', '15:15:00', '#ff0000', 0, 'Parramatta Job', '0', '2024-04-03', 0, 1, NULL, NULL, '0', 525),
(580, '06:30:00', '15:15:00', '#ff0000', 0, 'Parramatta Job', '0', '2024-04-03', 0, 1, NULL, NULL, '0', 525),
(581, '06:30:00', '15:15:00', '#ff0000', 0, 'Parramatta Job', '0', '2024-04-03', 0, 1, NULL, NULL, '0', 525),
(582, '06:30:00', '15:15:00', '#ff0000', 0, 'Parramatta Job', '0', '2024-04-03', 0, 1, NULL, NULL, '0', 525),
(583, '06:30:00', '15:15:00', '#ff0000', 0, 'Parramatta Job', '0', '2024-04-03', 0, 1, NULL, NULL, '0', 525),
(584, '06:30:00', '15:15:00', '#ff0000', 0, 'Parramatta Job', '0', '2024-04-03', 0, 1, NULL, NULL, '0', 525),
(585, '06:30:00', '15:15:00', '#ff0000', 0, 'Parramatta Job', '0', '2024-04-04', 0, 1, NULL, NULL, '0', 525),
(586, '06:30:00', '15:15:00', '#ff0000', 0, 'Parramatta Job', '0', '2024-04-04', 0, 1, NULL, NULL, '0', 525),
(587, '06:30:00', '15:15:00', '#ff0000', 0, 'Parramatta Job', '0', '2024-04-04', 0, 1, NULL, NULL, '0', 525),
(588, '06:30:00', '15:15:00', '#ff0000', 0, 'Parramatta Job', '0', '2024-04-04', 0, 1, NULL, NULL, '0', 525),
(589, '06:30:00', '15:15:00', '#ff0000', 0, 'Parramatta Job', '0', '2024-04-04', 0, 1, NULL, NULL, '0', 525),
(590, '06:30:00', '15:15:00', '#ff0000', 0, 'Parramatta Job', '0', '2024-04-04', 0, 1, NULL, NULL, '0', 525),
(591, '06:30:00', '15:15:00', '#ff0000', 0, 'Parramatta Job', '0', '2024-04-04', 0, 1, NULL, NULL, '0', 525),
(592, '06:30:00', '15:15:00', '#ff0000', 0, 'Parramatta Job', '0', '2024-04-04', 0, 1, NULL, NULL, '0', 525),
(593, '06:30:00', '15:15:00', '#ff0000', 0, 'Parramatta Job', '0', '2024-04-04', 0, 1, NULL, NULL, '0', 525),
(594, '06:30:00', '15:15:00', '#ff0000', 0, 'Parramatta Job', '0', '2024-04-04', 0, 1, NULL, NULL, '0', 525),
(595, '06:30:00', '15:15:00', '#ff0000', 0, 'Parramatta Job', '0', '2024-04-04', 0, 1, NULL, NULL, '0', 525),
(596, '06:30:00', '15:15:00', '#ff0000', 0, 'Parramatta Job', '0', '2024-04-04', 0, 1, NULL, NULL, '0', 525),
(597, '06:30:00', '15:15:00', '#ff0000', 0, 'Parramatta Job', '0', '2024-04-04', 0, 1, NULL, NULL, '0', 525),
(598, '06:30:00', '15:15:00', '#ff0000', 0, 'Parramatta Job', '0', '2024-04-04', 0, 1, NULL, NULL, '0', 525),
(599, '06:30:00', '15:15:00', '#ff0000', 0, 'Parramatta Job', '0', '2024-04-04', 0, 1, NULL, NULL, '0', 525),
(600, '06:30:00', '15:15:00', '#ff0000', 0, 'Parramatta Job', '0', '2024-04-04', 0, 1, NULL, NULL, '0', 525),
(601, '06:30:00', '15:15:00', '#ff0000', 0, 'Parramatta Job', '0', '2024-04-04', 0, 1, NULL, NULL, '0', 525),
(602, '06:30:00', '15:15:00', '#ff0000', 0, 'Parramatta Job', '0', '2024-04-04', 0, 1, NULL, NULL, '0', 525),
(603, '06:30:00', '15:15:00', '#ff0000', 0, 'Parramatta Job', '0', '2024-04-04', 0, 1, NULL, NULL, '0', 525),
(604, '06:30:00', '15:15:00', '#ff0000', 0, 'Parramatta Job', '0', '2024-04-04', 0, 1, NULL, NULL, '0', 525),
(605, '06:30:00', '15:15:00', '#ff0000', 0, 'Parramatta Job', '0', '2024-04-04', 0, 1, NULL, NULL, '0', 525),
(606, '06:30:00', '15:15:00', '#ff0000', 0, 'Parramatta Job', '0', '2024-04-04', 0, 1, NULL, NULL, '0', 525),
(607, '06:30:00', '15:15:00', '#ff0000', 0, 'Parramatta Job', '0', '2024-04-04', 0, 1, NULL, NULL, '0', 525),
(608, '06:30:00', '15:15:00', '#ff0000', 0, 'Parramatta Job', '0', '2024-04-04', 0, 1, NULL, NULL, '0', 525),
(609, '06:30:00', '15:15:00', '#ff0000', 0, 'Parramatta Job', '0', '2024-04-04', 0, 1, NULL, NULL, '0', 525),
(610, '06:30:00', '15:15:00', '#ff0000', 0, 'Parramatta Job', '0', '2024-04-04', 0, 1, NULL, NULL, '0', 525),
(611, '06:30:00', '15:15:00', '#ff0000', 0, 'Parramatta Job', '0', '2024-04-04', 0, 1, NULL, NULL, '0', 525),
(612, '06:30:00', '15:15:00', '#ff0000', 0, 'Parramatta Job', '0', '2024-04-04', 0, 1, NULL, NULL, '0', 525),
(613, '06:30:00', '15:15:00', '#ff0000', 0, 'Parramatta Job', '0', '2024-04-04', 0, 1, NULL, NULL, '0', 525),
(614, '06:30:00', '15:15:00', '#ff0000', 0, 'Parramatta Job', '0', '2024-04-04', 0, 1, NULL, NULL, '0', 525),
(615, '06:30:00', '15:15:00', '#ff0000', 0, 'Parramatta Job', '0', '2024-04-04', 0, 1, NULL, NULL, '0', 525),
(616, '06:30:00', '15:15:00', '#ff0000', 0, 'Parramatta Job', '0', '2024-04-04', 0, 1, NULL, NULL, '0', 525),
(617, '06:30:00', '15:15:00', '#ff0000', 0, 'Parramatta Job', '0', '2024-04-04', 0, 1, NULL, NULL, '0', 525),
(618, '06:30:00', '15:15:00', '#ff0000', 0, 'Parramatta Job', '0', '2024-04-05', 0, 1, NULL, NULL, '0', 525),
(619, '06:30:00', '15:15:00', '#ff0000', 0, 'Parramatta Job', '0', '2024-04-05', 0, 1, NULL, NULL, '0', 525),
(620, '06:30:00', '15:15:00', '#ff0000', 0, 'Parramatta Job', '0', '2024-04-05', 0, 1, NULL, NULL, '0', 525),
(621, '06:30:00', '15:15:00', '#ff0000', 0, 'Parramatta Job', '0', '2024-04-05', 0, 1, NULL, NULL, '0', 525),
(622, '06:30:00', '15:15:00', '#ff0000', 0, 'Parramatta Job', '0', '2024-04-05', 0, 1, NULL, NULL, '0', 525),
(623, '06:30:00', '15:15:00', '#ff0000', 0, 'Parramatta Job', '0', '2024-04-05', 0, 1, NULL, NULL, '0', 525),
(624, '06:30:00', '15:15:00', '#ff0000', 0, 'Parramatta Job', '0', '2024-04-05', 0, 1, NULL, NULL, '0', 525),
(625, '06:30:00', '15:15:00', '#ff0000', 0, 'Parramatta Job', '0', '2024-04-05', 0, 1, NULL, NULL, '0', 525),
(626, '06:30:00', '15:15:00', '#ff0000', 0, 'Parramatta Job', '0', '2024-04-05', 0, 1, NULL, NULL, '0', 525),
(627, '06:30:00', '15:15:00', '#ff0000', 0, 'Parramatta Job', '0', '2024-04-05', 0, 1, NULL, NULL, '0', 525),
(628, '06:30:00', '15:15:00', '#ff0000', 0, 'Parramatta Job', '0', '2024-04-05', 0, 1, NULL, NULL, '0', 525),
(629, '06:30:00', '15:15:00', '#ff0000', 0, 'Parramatta Job', '0', '2024-04-05', 0, 1, NULL, NULL, '0', 525),
(630, '06:30:00', '15:15:00', '#ff0000', 0, 'Parramatta Job', '0', '2024-04-05', 0, 1, NULL, NULL, '0', 525),
(631, '06:30:00', '15:15:00', '#ff0000', 0, 'Parramatta Job', '0', '2024-04-05', 0, 1, NULL, NULL, '0', 525),
(632, '06:30:00', '15:15:00', '#ff0000', 0, 'Parramatta Job', '0', '2024-04-05', 0, 1, NULL, NULL, '0', 525),
(633, '06:30:00', '15:15:00', '#ff0000', 0, 'Parramatta Job', '0', '2024-04-05', 0, 1, NULL, NULL, '0', 525),
(634, '06:30:00', '15:15:00', '#ff0000', 0, 'Parramatta Job', '0', '2024-04-05', 0, 1, NULL, NULL, '0', 525),
(635, '06:30:00', '15:15:00', '#ff0000', 0, 'Parramatta Job', '0', '2024-04-05', 0, 1, NULL, NULL, '0', 525),
(636, '06:30:00', '15:15:00', '#ff0000', 0, 'Parramatta Job', '0', '2024-04-05', 0, 1, NULL, NULL, '0', 525),
(637, '06:30:00', '15:15:00', '#ff0000', 0, 'Parramatta Job', '0', '2024-04-05', 0, 1, NULL, NULL, '0', 525),
(638, '06:30:00', '15:15:00', '#ff0000', 0, 'Parramatta Job', '0', '2024-04-05', 0, 1, NULL, NULL, '0', 525),
(639, '06:30:00', '15:15:00', '#ff0000', 0, 'Parramatta Job', '0', '2024-04-05', 0, 1, NULL, NULL, '0', 525),
(640, '06:30:00', '15:15:00', '#ff0000', 0, 'Parramatta Job', '0', '2024-04-05', 0, 1, NULL, NULL, '0', 525),
(641, '06:30:00', '15:15:00', '#ff0000', 0, 'Parramatta Job', '0', '2024-04-05', 0, 1, NULL, NULL, '0', 525),
(642, '06:30:00', '15:15:00', '#ff0000', 0, 'Parramatta Job', '0', '2024-04-05', 0, 1, NULL, NULL, '0', 525),
(643, '06:30:00', '15:15:00', '#ff0000', 0, 'Parramatta Job', '0', '2024-04-05', 0, 1, NULL, NULL, '0', 525),
(644, '06:30:00', '15:15:00', '#ff0000', 0, 'Parramatta Job', '0', '2024-04-05', 0, 1, NULL, NULL, '0', 525),
(645, '06:30:00', '15:15:00', '#ff0000', 0, 'Parramatta Job', '0', '2024-04-05', 0, 1, NULL, NULL, '0', 525),
(646, '06:30:00', '15:15:00', '#ff0000', 0, 'Parramatta Job', '0', '2024-04-05', 0, 1, NULL, NULL, '0', 525),
(647, '06:30:00', '15:15:00', '#ff0000', 0, 'Parramatta Job', '0', '2024-04-05', 0, 1, NULL, NULL, '0', 525),
(648, '06:30:00', '15:15:00', '#ff0000', 0, 'Parramatta Job', '0', '2024-04-05', 0, 1, NULL, NULL, '0', 525),
(649, '06:30:00', '15:15:00', '#ff0000', 0, 'Parramatta Job', '0', '2024-04-05', 0, 1, NULL, NULL, '0', 525),
(650, '06:30:00', '15:15:00', '#ff0000', 0, 'Parramatta Job', '0', '2024-04-05', 0, 1, NULL, NULL, '0', 525);

-- --------------------------------------------------------

--
-- Table structure for table `settings`
--

CREATE TABLE `settings` (
  `id` bigint(20) UNSIGNED NOT NULL,
  `option` varchar(255) COLLATE utf8mb4_unicode_ci NOT NULL,
  `value` varchar(255) COLLATE utf8mb4_unicode_ci NOT NULL,
  `created_at` timestamp NULL DEFAULT NULL,
  `updated_at` timestamp NULL DEFAULT NULL
) ENGINE=InnoDB DEFAULT CHARSET=utf8mb4 COLLATE=utf8mb4_unicode_ci;

--
-- Dumping data for table `settings`
--

INSERT INTO `settings` (`id`, `option`, `value`, `created_at`, `updated_at`) VALUES
(1, '_financial_year_end_date', '15', NULL, NULL),
(2, '_financial_year_start_date', '30', NULL, NULL),
(3, '_financial_year_end_month', 'April', NULL, NULL),
(4, '_financial_year_start_month', 'March', NULL, NULL),
(5, '_working_days', 'Monday,Tuesday,Wednesday,Thursday,Friday,Saturday', NULL, NULL),
(6, '_time_zone', '(GMT+10:00) Canberra, Melbourne, Sydney', NULL, NULL),
(7, '_web_logo', 'upload/images/1708317170.png', NULL, NULL);

-- --------------------------------------------------------

--
-- Table structure for table `sites`
--

CREATE TABLE `sites` (
  `id` bigint(20) UNSIGNED NOT NULL,
  `title` varchar(255) COLLATE utf8mb4_unicode_ci NOT NULL,
  `description` text COLLATE utf8mb4_unicode_ci,
  `longitude` varchar(255) COLLATE utf8mb4_unicode_ci NOT NULL,
  `latitude` varchar(255) COLLATE utf8mb4_unicode_ci NOT NULL,
  `area_radius` varchar(255) COLLATE utf8mb4_unicode_ci NOT NULL,
  `active` varchar(255) COLLATE utf8mb4_unicode_ci NOT NULL DEFAULT '1',
  `company_client` varchar(255) COLLATE utf8mb4_unicode_ci NOT NULL,
  `external_id` varchar(255) COLLATE utf8mb4_unicode_ci DEFAULT NULL,
  `project_id` varchar(255) COLLATE utf8mb4_unicode_ci DEFAULT NULL,
  `supervisor_id` varchar(255) COLLATE utf8mb4_unicode_ci NOT NULL,
  `site_state` varchar(255) COLLATE utf8mb4_unicode_ci NOT NULL,
  `street_address` varchar(255) COLLATE utf8mb4_unicode_ci NOT NULL,
  `created_by` varchar(255) COLLATE utf8mb4_unicode_ci NOT NULL,
  `del` varchar(255) COLLATE utf8mb4_unicode_ci NOT NULL DEFAULT '0',
  `created_at` timestamp NULL DEFAULT NULL,
  `updated_at` timestamp NULL DEFAULT NULL
) ENGINE=InnoDB DEFAULT CHARSET=utf8mb4 COLLATE=utf8mb4_unicode_ci;

--
-- Dumping data for table `sites`
--

INSERT INTO `sites` (`id`, `title`, `description`, `longitude`, `latitude`, `area_radius`, `active`, `company_client`, `external_id`, `project_id`, `supervisor_id`, `site_state`, `street_address`, `created_by`, `del`, `created_at`, `updated_at`) VALUES
(1, 'AIC', 'sdfsdf', '70.330878', '28.414409', '0.5', '1', '1', '242342323', NULL, '4', 'ryk', 'sdfdsf', '1', '0', '2024-02-21 03:57:06', '2024-02-21 03:57:06'),
(2, 'test site', 'test', '-123.099342', '49.250453', '0.1', '1', '2', '2', NULL, '4', 'South Australia', 'ryk', '1', '0', '2024-02-21 05:09:01', '2024-02-21 23:41:40'),
(3, 'Home - Parkview', 'Formwork Contractors', '151.008779', '-33.81564', '0.15', '1', '3', '154', NULL, '11', 'NSW', '5 charles Street Parramatta', '1', '0', '2024-02-22 19:08:26', '2024-03-24 19:37:29'),
(4, 'JQZ Viva City stage 2', 'Formwork', '151.060512', '-33.849026', '0.02', '1', '4', NULL, NULL, '4', 'Nsw', '5b Uhrig Rd, Sydney Olympic Park NSW 2127', '1', '0', '2024-02-22 21:30:22', '2024-02-26 14:34:47'),
(5, 'DHA 2', 'aSDF', '73.15574', '33.522814', '0.5', '1', '1', '123', NULL, '4', 'NSW', 'dha 2', '1', '0', '2024-02-23 00:01:04', '2024-02-23 00:01:04'),
(6, 'Fastform HQ', NULL, '150.886442', '-33.938432', '0.01', '1', '2', NULL, NULL, '11', 'NSW', '14 Enterprise Circuit', '1', '0', '2024-02-25 21:31:07', '2024-02-25 21:31:07'),
(7, 'Fastform HQ', NULL, '150.886442', '-33.938432', '0.01', '1', '2', NULL, NULL, '11', 'NSW', '14 Enterprise Circuit', '1', '0', '2024-02-25 21:31:07', '2024-02-25 21:31:07'),
(8, 'Deicorp HQ', NULL, '151.199656', '-33.892419', '0.1', '1', '2', NULL, NULL, '4', 'NSW', '161 Redfern Street,\r\nRedfern NSW 2016', '1', '0', '2024-02-27 16:11:53', '2024-02-27 16:11:53'),
(9, 'ICTech HQ', NULL, '151.044756', '-33.900338', '0.05', '1', '3', NULL, NULL, '4', 'NSW', '2B', '1', '0', '2024-02-27 16:29:44', '2024-02-27 16:29:44');

-- --------------------------------------------------------

--
-- Table structure for table `site_hisotry`
--

CREATE TABLE `site_hisotry` (
  `id` bigint(20) UNSIGNED NOT NULL,
  `site_id` varchar(255) COLLATE utf8mb4_unicode_ci NOT NULL,
  `description` varchar(255) COLLATE utf8mb4_unicode_ci NOT NULL,
  `updated_by` varchar(255) COLLATE utf8mb4_unicode_ci NOT NULL,
  `created_at` timestamp NULL DEFAULT NULL,
  `updated_at` timestamp NULL DEFAULT NULL
) ENGINE=InnoDB DEFAULT CHARSET=utf8mb4 COLLATE=utf8mb4_unicode_ci;

--
-- Dumping data for table `site_hisotry`
--

INSERT INTO `site_hisotry` (`id`, `site_id`, `description`, `updated_by`, `created_at`, `updated_at`) VALUES
(1, '3', '<a href=\'https://dev-fastform.gtechsol.au/user-profile/1\' style=\'text-transform: capitalize;\' role=\'button\' class=\'primary text-decoration-none\'> Main  Admin</a>  change the site detail: \'Home - Parkview\'.', '1', '2024-02-22 19:11:23', '2024-02-22 19:11:23'),
(2, '3', '<a href=\'https://dev-fastform.gtechsol.au/user-profile/1\' style=\'text-transform: capitalize;\' role=\'button\' class=\'primary text-decoration-none\'> Main  Admin</a>  change the site detail: \'Home - Parkview\'.', '1', '2024-02-22 19:14:27', '2024-02-22 19:14:27'),
(3, '4', '<a href=\'https://dev-fastform.gtechsol.au/user-profile/1\' style=\'text-transform: capitalize;\' role=\'button\' class=\'primary text-decoration-none\'> Main  Admin</a>  change the site detail: \'JQZ Viva City stage 2\'.', '1', '2024-02-26 14:31:20', '2024-02-26 14:31:20'),
(4, '4', '<a href=\'https://dev-fastform.gtechsol.au/user-profile/1\' style=\'text-transform: capitalize;\' role=\'button\' class=\'primary text-decoration-none\'> Main  Admin</a>  change the site detail: \'JQZ Viva City stage 2\'.', '1', '2024-02-26 14:34:47', '2024-02-26 14:34:47'),
(5, '3', '<a href=\'https://dev-fastform.gtechsol.au/user-profile/1\' style=\'text-transform: capitalize;\' role=\'button\' class=\'primary text-decoration-none\'> Main  Admin</a>  change the site detail: \'Home - Parkview\'.', '1', '2024-02-28 16:46:11', '2024-02-28 16:46:11'),
(6, '3', '<a href=\'https://dev-fastform.gtechsol.au/user-profile/1\' style=\'text-transform: capitalize;\' role=\'button\' class=\'primary text-decoration-none\'> Main  Admin</a>  change the site detail: \'Home - Parkview\'.', '1', '2024-03-05 14:27:51', '2024-03-05 14:27:51'),
(7, '3', '<a href=\'https://dev-fastform.gtechsol.au/user-profile/1\' style=\'text-transform: capitalize;\' role=\'button\' class=\'primary text-decoration-none\'> Main  Admin</a>  change the site detail: \'Home - Parkview\'.', '1', '2024-03-07 18:04:37', '2024-03-07 18:04:37'),
(8, '3', '<a href=\'https://dev-fastform.gtechsol.au/user-profile/1\' style=\'text-transform: capitalize;\' role=\'button\' class=\'primary text-decoration-none\'> Main  Admin</a>  change the site detail: \'Home - Parkview\'.', '1', '2024-03-07 19:03:49', '2024-03-07 19:03:49'),
(9, '3', '<a href=\'https://dev-fastform.gtechsol.au/user-profile/1\' style=\'text-transform: capitalize;\' role=\'button\' class=\'primary text-decoration-none\'> Main  Admin</a>  change the site detail: \'Home - Parkview\'.', '1', '2024-03-24 16:09:22', '2024-03-24 16:09:22'),
(10, '3', '<a href=\'https://dev-fastform.gtechsol.au/user-profile/1\' style=\'text-transform: capitalize;\' role=\'button\' class=\'primary text-decoration-none\'> Main  Admin</a>  change the site detail: \'Home - Parkview\'.', '1', '2024-03-24 16:16:13', '2024-03-24 16:16:13'),
(11, '3', '<a href=\'https://dev-fastform.gtechsol.au/user-profile/1\' style=\'text-transform: capitalize;\' role=\'button\' class=\'primary text-decoration-none\'> Main  Admin</a>  change the site detail: \'Home - Parkview\'.', '1', '2024-03-24 16:21:02', '2024-03-24 16:21:02'),
(12, '3', '<a href=\'https://dev-fastform.gtechsol.au/user-profile/1\' style=\'text-transform: capitalize;\' role=\'button\' class=\'primary text-decoration-none\'> Main  Admin</a>  change the site detail: \'Home - Parkview\'.', '1', '2024-03-24 19:33:40', '2024-03-24 19:33:40'),
(13, '3', '<a href=\'https://dev-fastform.gtechsol.au/user-profile/1\' style=\'text-transform: capitalize;\' role=\'button\' class=\'primary text-decoration-none\'> Main  Admin</a>  change the site detail: \'Home - Parkview\'.', '1', '2024-03-24 19:36:28', '2024-03-24 19:36:28'),
(14, '3', '<a href=\'https://dev-fastform.gtechsol.au/user-profile/1\' style=\'text-transform: capitalize;\' role=\'button\' class=\'primary text-decoration-none\'> Main  Admin</a>  change the site detail: \'Home - Parkview\'.', '1', '2024-03-24 19:37:29', '2024-03-24 19:37:29');

-- --------------------------------------------------------

--
-- Table structure for table `team_histories`
--

CREATE TABLE `team_histories` (
  `id` bigint(20) UNSIGNED NOT NULL,
  `emp_id` varchar(255) COLLATE utf8mb4_unicode_ci NOT NULL,
  `team_id` varchar(255) COLLATE utf8mb4_unicode_ci NOT NULL,
  `description` varchar(255) COLLATE utf8mb4_unicode_ci NOT NULL,
  `del` varchar(255) COLLATE utf8mb4_unicode_ci NOT NULL DEFAULT '0',
  `created_at` timestamp NULL DEFAULT NULL,
  `updated_at` timestamp NULL DEFAULT NULL
) ENGINE=InnoDB DEFAULT CHARSET=utf8mb4 COLLATE=utf8mb4_unicode_ci;

--
-- Dumping data for table `team_histories`
--

INSERT INTO `team_histories` (`id`, `emp_id`, `team_id`, `description`, `del`, `created_at`, `updated_at`) VALUES
(49, '1', '1', '<a href=\'http://127.0.0.1:8000/user-profile/1\' style=\'text-transform: capitalize;\' role=\'button\' class=\'primary text-decoration-none\'> Main Admin</a> added the memeber: \'Main Admin\'  in  \'Admin\' team.', '0', '2023-12-05 12:32:53', '2023-12-05 12:32:53'),
(50, '3', '1', '<a href=\'https://dev-fastform.gtechsol.au/user-profile/1\' style=\'text-transform: capitalize;\' role=\'button\' class=\'primary text-decoration-none\'> Main  Admin</a> added the memeber: \'tester  qa\'  in  \'Admin\' team.', '0', '2024-02-21 03:17:52', '2024-02-21 03:17:52'),
(51, '2', '1', '<a href=\'https://dev-fastform.gtechsol.au/user-profile/1\' style=\'text-transform: capitalize;\' role=\'button\' class=\'primary text-decoration-none\'> Main  Admin</a> added the memeber: \'Umair  Azam\'  in  \'Admin\' team.', '0', '2024-02-21 03:36:21', '2024-02-21 03:36:21'),
(52, '4', '1', '<a href=\'https://dev-fastform.gtechsol.au/user-profile/1\' style=\'text-transform: capitalize;\' role=\'button\' class=\'primary text-decoration-none\'> Main  Admin</a> added the memeber: \'Mehtab  Ahmed\'  in  \'Admin\' team.', '0', '2024-02-21 03:55:14', '2024-02-21 03:55:14'),
(53, '5', '1', '<a href=\'https://dev-fastform.gtechsol.au/user-profile/1\' style=\'text-transform: capitalize;\' role=\'button\' class=\'primary text-decoration-none\'> Main  Admin</a> added the memeber: \'tester  qa\'  in  \'Admin\' team.', '0', '2024-02-21 04:15:11', '2024-02-21 04:15:11'),
(54, '7', '1', '<a href=\'https://dev-fastform.gtechsol.au/user-profile/1\' style=\'text-transform: capitalize;\' role=\'button\' class=\'primary text-decoration-none\'> Main  Admin</a> added the memeber: \'Abdul Rehman Khan\'  in  \'Admin\' team.', '0', '2024-02-21 23:33:52', '2024-02-21 23:33:52'),
(55, '3', '1', '<a href=\'https://dev-fastform.gtechsol.au/user-profile/1\' style=\'text-transform: capitalize;\' role=\'button\' class=\'primary text-decoration-none\'> Main  Admin</a> deleted the memeber: \'tester  samina\'  from  \'Admin\' team.', '0', '2024-02-22 04:00:04', '2024-02-22 04:00:04'),
(56, '8', '1', '<a href=\'https://dev-fastform.gtechsol.au/user-profile/1\' style=\'text-transform: capitalize;\' role=\'button\' class=\'primary text-decoration-none\'> Main  Admin</a> added the memeber: \'Haysam  ElBacha\'  in  \'Admin\' team.', '0', '2024-02-22 18:20:33', '2024-02-22 18:20:33'),
(57, '9', '1', '<a href=\'https://dev-fastform.gtechsol.au/user-profile/1\' style=\'text-transform: capitalize;\' role=\'button\' class=\'primary text-decoration-none\'> Main  Admin</a> added the memeber: \'Ahmad  Elsayed\'  in  \'Admin\' team.', '0', '2024-02-22 18:25:16', '2024-02-22 18:25:16'),
(58, '10', '1', '<a href=\'https://dev-fastform.gtechsol.au/user-profile/1\' style=\'text-transform: capitalize;\' role=\'button\' class=\'primary text-decoration-none\'> Main  Admin</a> added the memeber: \'Mahmoud  Massri\'  in  \'Admin\' team.', '0', '2024-02-22 18:48:56', '2024-02-22 18:48:56'),
(59, '12', '1', '<a href=\'https://dev-fastform.gtechsol.au/user-profile/1\' style=\'text-transform: capitalize;\' role=\'button\' class=\'primary text-decoration-none\'> Main  Admin</a> added the memeber: \'Khodr  HEJAZI\'  in  \'Admin\' team.', '0', '2024-02-22 19:28:34', '2024-02-22 19:28:34'),
(60, '11', '1', '<a href=\'https://dev-fastform.gtechsol.au/user-profile/1\' style=\'text-transform: capitalize;\' role=\'button\' class=\'primary text-decoration-none\'> Main  Admin</a> added the memeber: \'Kaled  Massri\'  in  \'Admin\' team.', '0', '2024-02-22 19:30:59', '2024-02-22 19:30:59'),
(61, '13', '1', '<a href=\'https://dev-fastform.gtechsol.au/user-profile/1\' style=\'text-transform: capitalize;\' role=\'button\' class=\'primary text-decoration-none\'> Main  Admin</a> added the memeber: \'Muhammad Saad Tanveer\'  in  \'Admin\' team.', '0', '2024-02-22 21:56:53', '2024-02-22 21:56:53'),
(62, '16', '1', '<a href=\'https://dev-fastform.gtechsol.au/user-profile/1\' style=\'text-transform: capitalize;\' role=\'button\' class=\'primary text-decoration-none\'> Main  Admin</a> added the memeber: \'Abdul  Rehman\'  in  \'Admin\' team.', '0', '2024-02-26 23:01:31', '2024-02-26 23:01:31'),
(63, '20', '1', '<a href=\'https://dev-fastform.gtechsol.au/user-profile/1\' style=\'text-transform: capitalize;\' role=\'button\' class=\'primary text-decoration-none\'> Main  Admin</a> added the memeber: \'Dev  Ops\'  in  \'Admin\' team.', '0', '2024-02-27 14:10:19', '2024-02-27 14:10:19'),
(64, '21', '1', '<a href=\'https://dev-fastform.gtechsol.au/user-profile/1\' style=\'text-transform: capitalize;\' role=\'button\' class=\'primary text-decoration-none\'> Main  Admin</a> added the memeber: \'Yonnas Kiros BERHEMELES\'  in  \'Admin\' team.', '0', '2024-02-28 17:32:34', '2024-02-28 17:32:34'),
(65, '22', '1', '<a href=\'https://dev-fastform.gtechsol.au/user-profile/1\' style=\'text-transform: capitalize;\' role=\'button\' class=\'primary text-decoration-none\'> Main  Admin</a> added the memeber: \'Abusaleh  SHEIKH\'  in  \'Admin\' team.', '0', '2024-02-28 17:55:26', '2024-02-28 17:55:26'),
(66, '23', '1', '<a href=\'https://dev-fastform.gtechsol.au/user-profile/1\' style=\'text-transform: capitalize;\' role=\'button\' class=\'primary text-decoration-none\'> Main  Admin</a> added the memeber: \'David  McSWEENEY\'  in  \'Admin\' team.', '0', '2024-02-28 18:09:47', '2024-02-28 18:09:47'),
(67, '24', '1', '<a href=\'https://dev-fastform.gtechsol.au/user-profile/1\' style=\'text-transform: capitalize;\' role=\'button\' class=\'primary text-decoration-none\'> Main  Admin</a> added the memeber: \'Ahmed  Doud\'  in  \'Admin\' team.', '0', '2024-02-28 18:18:17', '2024-02-28 18:18:17'),
(68, '25', '1', '<a href=\'https://dev-fastform.gtechsol.au/user-profile/1\' style=\'text-transform: capitalize;\' role=\'button\' class=\'primary text-decoration-none\'> Main  Admin</a> added the memeber: \'Jahid Hassan AKON\'  in  \'Admin\' team.', '0', '2024-02-28 18:26:12', '2024-02-28 18:26:12'),
(69, '26', '1', '<a href=\'https://dev-fastform.gtechsol.au/user-profile/1\' style=\'text-transform: capitalize;\' role=\'button\' class=\'primary text-decoration-none\'> Main  Admin</a> added the memeber: \'Yousif Abaker HARAN\'  in  \'Admin\' team.', '0', '2024-02-28 18:37:17', '2024-02-28 18:37:17'),
(70, '28', '1', '<a href=\'https://dev-fastform.gtechsol.au/user-profile/1\' style=\'text-transform: capitalize;\' role=\'button\' class=\'primary text-decoration-none\'> Main  Admin</a> added the memeber: \'Hamad  MOUBARAK\'  in  \'Admin\' team.', '0', '2024-02-28 18:50:20', '2024-02-28 18:50:20'),
(71, '27', '1', '<a href=\'https://dev-fastform.gtechsol.au/user-profile/1\' style=\'text-transform: capitalize;\' role=\'button\' class=\'primary text-decoration-none\'> Main  Admin</a> added the memeber: \'Mahmoud  Fachikh\'  in  \'Admin\' team.', '0', '2024-02-28 18:51:18', '2024-02-28 18:51:18'),
(72, '29', '1', '<a href=\'https://dev-fastform.gtechsol.au/user-profile/1\' style=\'text-transform: capitalize;\' role=\'button\' class=\'primary text-decoration-none\'> Main  Admin</a> added the memeber: \'Samoi  FATFAT\'  in  \'Admin\' team.', '0', '2024-02-28 19:17:56', '2024-02-28 19:17:56'),
(73, '30', '1', '<a href=\'https://dev-fastform.gtechsol.au/user-profile/1\' style=\'text-transform: capitalize;\' role=\'button\' class=\'primary text-decoration-none\'> Main  Admin</a> added the memeber: \'Akot Majok DUT\'  in  \'Admin\' team.', '0', '2024-02-28 19:27:45', '2024-02-28 19:27:45'),
(74, '31', '1', '<a href=\'https://dev-fastform.gtechsol.au/user-profile/1\' style=\'text-transform: capitalize;\' role=\'button\' class=\'primary text-decoration-none\'> Main  Admin</a> added the memeber: \'Mohamad  Fachikh\'  in  \'Admin\' team.', '0', '2024-02-28 19:31:12', '2024-02-28 19:31:12'),
(75, '32', '1', '<a href=\'https://dev-fastform.gtechsol.au/user-profile/1\' style=\'text-transform: capitalize;\' role=\'button\' class=\'primary text-decoration-none\'> Main  Admin</a> added the memeber: \'James Akot AKOT\'  in  \'Admin\' team.', '0', '2024-02-28 19:34:58', '2024-02-28 19:34:58'),
(76, '33', '1', '<a href=\'https://dev-fastform.gtechsol.au/user-profile/1\' style=\'text-transform: capitalize;\' role=\'button\' class=\'primary text-decoration-none\'> Main  Admin</a> added the memeber: \'Ahmed Yahya ADAM\'  in  \'Admin\' team.', '0', '2024-02-28 19:50:58', '2024-02-28 19:50:58'),
(77, '34', '1', '<a href=\'https://dev-fastform.gtechsol.au/user-profile/1\' style=\'text-transform: capitalize;\' role=\'button\' class=\'primary text-decoration-none\'> Main  Admin</a> added the memeber: \'Khon  Gai\'  in  \'Admin\' team.', '0', '2024-02-28 20:03:48', '2024-02-28 20:03:48'),
(78, '36', '1', '<a href=\'https://dev-fastform.gtechsol.au/user-profile/1\' style=\'text-transform: capitalize;\' role=\'button\' class=\'primary text-decoration-none\'> Main  Admin</a> added the memeber: \'Tarek  Massri\'  in  \'Admin\' team.', '0', '2024-02-28 20:59:25', '2024-02-28 20:59:25'),
(79, '39', '1', '<a href=\'https://dev-fastform.gtechsol.au/user-profile/1\' style=\'text-transform: capitalize;\' role=\'button\' class=\'primary text-decoration-none\'> Main  Admin</a> added the memeber: \'Umair Azam Tester\'  in  \'Admin\' team.', '0', '2024-02-29 23:29:35', '2024-02-29 23:29:35'),
(80, '41', '1', '<a href=\'https://dev-fastform.gtechsol.au/user-profile/1\' style=\'text-transform: capitalize;\' role=\'button\' class=\'primary text-decoration-none\'> Main  Admin</a> added the memeber: \'Mahmoud  Massri\'  in  \'Admin\' team.', '0', '2024-03-21 15:31:49', '2024-03-21 15:31:49'),
(81, '42', '1', '<a href=\'https://dev-fastform.gtechsol.au/user-profile/1\' style=\'text-transform: capitalize;\' role=\'button\' class=\'primary text-decoration-none\'> Main  Admin</a> added the memeber: \'Gerang  Bak\'  in  \'Admin\' team.', '0', '2024-03-24 14:36:52', '2024-03-24 14:36:52'),
(82, '43', '1', '<a href=\'https://dev-fastform.gtechsol.au/user-profile/1\' style=\'text-transform: capitalize;\' role=\'button\' class=\'primary text-decoration-none\'> Main  Admin</a> added the memeber: \'Laltu  Laltu\'  in  \'Admin\' team.', '0', '2024-03-24 17:37:23', '2024-03-24 17:37:23'),
(83, '44', '1', '<a href=\'https://dev-fastform.gtechsol.au/user-profile/1\' style=\'text-transform: capitalize;\' role=\'button\' class=\'primary text-decoration-none\'> Main  Admin</a> added the memeber: \'Hayssam  ElSayed\'  in  \'Admin\' team.', '0', '2024-03-24 19:22:11', '2024-03-24 19:22:11'),
(84, '45', '1', '<a href=\'https://dev-fastform.gtechsol.au/user-profile/1\' style=\'text-transform: capitalize;\' role=\'button\' class=\'primary text-decoration-none\'> Main  Admin</a> added the memeber: \'Md  Hosen\'  in  \'Admin\' team.', '0', '2024-03-24 20:04:33', '2024-03-24 20:04:33'),
(85, '35', '1', '<a href=\'https://dev-fastform.gtechsol.au/user-profile/1\' style=\'text-transform: capitalize;\' role=\'button\' class=\'primary text-decoration-none\'> Main  Admin</a> added the memeber: \'Ghassan  Khalil\'  in  \'Admin\' team.', '0', '2024-03-26 13:59:08', '2024-03-26 13:59:08');

-- --------------------------------------------------------

--
-- Table structure for table `tiers`
--

CREATE TABLE `tiers` (
  `id` bigint(20) UNSIGNED NOT NULL,
  `title` varchar(255) COLLATE utf8mb4_unicode_ci NOT NULL,
  `description` text COLLATE utf8mb4_unicode_ci,
  `created_at` timestamp NULL DEFAULT NULL,
  `updated_at` timestamp NULL DEFAULT NULL
) ENGINE=InnoDB DEFAULT CHARSET=utf8mb4 COLLATE=utf8mb4_unicode_ci;

--
-- Dumping data for table `tiers`
--

INSERT INTO `tiers` (`id`, `title`, `description`, `created_at`, `updated_at`) VALUES
(1, 'Tier1', 'CFO COO', '2023-12-03 19:50:00', '2024-02-28 17:20:50'),
(2, 'Tier2', 'Payroll', NULL, '2024-02-28 17:21:04'),
(4, 'Tier 3', 'Safety Manager and Office Management', NULL, '2024-02-28 17:21:55'),
(5, 'Tier 4', 'Site Managers', NULL, NULL),
(6, 'Tier 5', 'Site Safety Officer and Leading Hand', NULL, NULL),
(7, 'Tier 6', 'Workers', NULL, NULL);

-- --------------------------------------------------------

--
-- Table structure for table `tier_employees`
--

CREATE TABLE `tier_employees` (
  `id` bigint(20) UNSIGNED NOT NULL,
  `tier_id` int(11) NOT NULL,
  `employee_id` int(11) NOT NULL
) ENGINE=InnoDB DEFAULT CHARSET=utf8mb4 COLLATE=utf8mb4_unicode_ci;

-- --------------------------------------------------------

--
-- Table structure for table `tier_packages`
--

CREATE TABLE `tier_packages` (
  `id` bigint(20) UNSIGNED NOT NULL,
  `tier_id` int(11) NOT NULL,
  `allowance_package_id` int(11) DEFAULT NULL
) ENGINE=InnoDB DEFAULT CHARSET=utf8mb4 COLLATE=utf8mb4_unicode_ci;

--
-- Dumping data for table `tier_packages`
--

INSERT INTO `tier_packages` (`id`, `tier_id`, `allowance_package_id`) VALUES
(1, 1, 1),
(2, 2, NULL);

-- --------------------------------------------------------

--
-- Table structure for table `tier_permissions`
--

CREATE TABLE `tier_permissions` (
  `id` bigint(20) UNSIGNED NOT NULL,
  `tier_id` varchar(255) COLLATE utf8mb4_unicode_ci NOT NULL,
  `sub_module_id` varchar(255) COLLATE utf8mb4_unicode_ci NOT NULL,
  `view` varchar(255) COLLATE utf8mb4_unicode_ci NOT NULL,
  `maintain` varchar(255) COLLATE utf8mb4_unicode_ci NOT NULL,
  `del` varchar(255) COLLATE utf8mb4_unicode_ci NOT NULL DEFAULT '0',
  `created_at` timestamp NULL DEFAULT NULL,
  `updated_at` timestamp NULL DEFAULT NULL
) ENGINE=InnoDB DEFAULT CHARSET=utf8mb4 COLLATE=utf8mb4_unicode_ci;

--
-- Dumping data for table `tier_permissions`
--

INSERT INTO `tier_permissions` (`id`, `tier_id`, `sub_module_id`, `view`, `maintain`, `del`, `created_at`, `updated_at`) VALUES
(287, '1', '5', '1', '1', '0', NULL, NULL),
(288, '1', '1', '1', '1', '0', NULL, NULL),
(289, '1', '2', '1', '1', '0', NULL, NULL),
(290, '1', '3', '1', '1', '0', NULL, NULL),
(291, '1', '4', '1', '1', '0', NULL, NULL),
(292, '1', '6', '1', '1', '0', NULL, NULL),
(293, '1', '7', '1', '1', '0', NULL, NULL),
(294, '1', '8', '1', '1', '0', NULL, NULL),
(295, '1', '9', '1', '1', '0', NULL, NULL),
(296, '1', '10', '1', '1', '0', NULL, NULL),
(297, '1', '11', '1', '1', '0', NULL, NULL),
(298, '1', '12', '1', '1', '0', NULL, NULL),
(299, '1', '13', '1', '1', '0', NULL, NULL),
(300, '1', '14', '1', '1', '0', NULL, NULL),
(301, '1', '15', '1', '1', '0', NULL, NULL),
(302, '1', '16', '1', '1', '0', NULL, NULL),
(303, '1', '17', '1', '1', '0', NULL, NULL),
(304, '1', '18', '1', '1', '0', NULL, NULL),
(305, '1', '19', '1', '1', '0', NULL, NULL),
(306, '1', '20', '1', '1', '0', NULL, NULL),
(307, '1', '21', '1', '1', '0', NULL, NULL),
(308, '1', '22', '1', '1', '0', NULL, NULL),
(309, '1', '23', '1', '1', '0', NULL, NULL),
(333, '2', '5', '1', '1', '0', NULL, NULL),
(334, '2', '1', '1', '1', '0', NULL, NULL),
(335, '2', '2', '1', '1', '0', NULL, NULL),
(336, '2', '3', '1', '1', '0', NULL, NULL),
(337, '2', '4', '1', '1', '0', NULL, NULL),
(338, '2', '6', '1', '1', '0', NULL, NULL),
(339, '2', '7', '1', '1', '0', NULL, NULL),
(340, '2', '8', '1', '1', '0', NULL, NULL),
(341, '2', '9', '1', '1', '0', NULL, NULL),
(342, '2', '10', '1', '1', '0', NULL, NULL),
(343, '2', '11', '1', '1', '0', NULL, NULL),
(344, '2', '12', '1', '1', '0', NULL, NULL),
(345, '2', '13', '1', '1', '0', NULL, NULL),
(346, '2', '14', '1', '1', '0', NULL, NULL),
(347, '2', '15', '1', '1', '0', NULL, NULL),
(348, '2', '16', '1', '1', '0', NULL, NULL),
(349, '2', '17', '1', '1', '0', NULL, NULL),
(350, '2', '18', '1', '1', '0', NULL, NULL),
(351, '2', '19', '1', '1', '0', NULL, NULL),
(352, '2', '20', '1', '1', '0', NULL, NULL),
(353, '2', '21', '1', '1', '0', NULL, NULL),
(354, '2', '22', '1', '1', '0', NULL, NULL),
(355, '2', '23', '1', '1', '0', NULL, NULL),
(356, '4', '5', '1', '1', '0', NULL, NULL),
(357, '4', '1', '1', '1', '0', NULL, NULL),
(358, '4', '2', '1', '1', '0', NULL, NULL),
(359, '4', '3', '1', '1', '0', NULL, NULL),
(360, '4', '4', '1', '1', '0', NULL, NULL),
(361, '4', '6', '0', '0', '0', NULL, NULL),
(362, '4', '7', '0', '0', '0', NULL, NULL),
(363, '4', '8', '0', '0', '0', NULL, NULL),
(364, '4', '9', '0', '0', '0', NULL, NULL),
(365, '4', '10', '0', '0', '0', NULL, NULL),
(366, '4', '11', '0', '0', '0', NULL, NULL),
(367, '4', '12', '0', '0', '0', NULL, NULL),
(368, '4', '13', '0', '0', '0', NULL, NULL),
(369, '4', '14', '0', '0', '0', NULL, NULL),
(370, '4', '15', '0', '0', '0', NULL, NULL),
(371, '4', '16', '1', '1', '0', NULL, NULL),
(372, '4', '17', '1', '1', '0', NULL, NULL),
(373, '4', '18', '0', '0', '0', NULL, NULL),
(374, '4', '19', '1', '1', '0', NULL, NULL),
(375, '4', '20', '1', '1', '0', NULL, NULL),
(376, '4', '21', '0', '0', '0', NULL, NULL),
(377, '4', '22', '0', '0', '0', NULL, NULL),
(378, '4', '23', '0', '0', '0', NULL, NULL);

-- --------------------------------------------------------

--
-- Table structure for table `user_meta`
--

CREATE TABLE `user_meta` (
  `id` bigint(20) UNSIGNED NOT NULL,
  `emp_id` varchar(255) COLLATE utf8mb4_unicode_ci NOT NULL,
  `option` varchar(255) COLLATE utf8mb4_unicode_ci NOT NULL,
  `value` varchar(255) COLLATE utf8mb4_unicode_ci NOT NULL,
  `del` varchar(255) COLLATE utf8mb4_unicode_ci NOT NULL DEFAULT '0',
  `created_at` timestamp NULL DEFAULT NULL,
  `updated_at` timestamp NULL DEFAULT NULL
) ENGINE=InnoDB DEFAULT CHARSET=utf8mb4 COLLATE=utf8mb4_unicode_ci;

--
-- Dumping data for table `user_meta`
--

INSERT INTO `user_meta` (`id`, `emp_id`, `option`, `value`, `del`, `created_at`, `updated_at`) VALUES
(226, '3', 'account_title', 'gtech', '0', NULL, NULL),
(227, '3', 'account_number', '1414141414', '0', NULL, NULL),
(228, '3', 'bank_name', 'National Australia Bank', '0', NULL, NULL),
(249, '5', 'account_title', 'gtech', '0', NULL, NULL),
(250, '5', 'account_number', '1414141414', '0', NULL, NULL),
(251, '5', 'bank_name', 'National Australia Bank', '0', NULL, NULL),
(255, '7', 'account_title', 'Abdul Rehman Khan', '0', NULL, NULL),
(256, '7', 'account_number', '245151515', '0', NULL, NULL),
(257, '7', 'bank_name', 'Gbh', '0', NULL, NULL),
(261, '8', 'employee_payroll_or_external_id', '305', '0', NULL, NULL),
(271, '16', 'account_title', 'Abdul Rehman', '0', NULL, NULL),
(272, '16', 'account_number', '0034343437575858', '0', NULL, NULL),
(273, '16', 'bank_name', 'Al Baraka', '0', NULL, NULL),
(274, '2', 'account_title', 'Umair azam', '0', NULL, NULL),
(275, '2', 'account_number', '0033565535558', '0', NULL, NULL),
(276, '2', 'bank_name', 'Mcb', '0', NULL, NULL),
(277, '20', 'employee_payroll_or_external_id', '5454', '0', NULL, NULL),
(278, '13', 'employee_payroll_or_external_id', '12', '0', NULL, NULL),
(279, '21', 'employee_payroll_or_external_id', '43', '0', NULL, NULL),
(281, '22', 'employee_payroll_or_external_id', '118', '0', NULL, NULL),
(282, '25', 'employee_payroll_or_external_id', '390', '0', NULL, NULL),
(284, '26', 'employee_payroll_or_external_id', '576', '0', NULL, NULL),
(300, '12', 'account_title', 'Commonwealth Bank', '0', NULL, NULL),
(301, '12', 'account_number', '0101', '0', NULL, NULL),
(302, '12', 'bank_name', '0101', '0', NULL, NULL),
(303, '12', 'employee_payroll_or_external_id', '476', '0', NULL, NULL),
(304, '37', 'employee_payroll_or_external_id', 'ddddd', '0', NULL, NULL),
(305, '38', 'employee_payroll_or_external_id', 'ddddd', '0', NULL, NULL),
(310, '6', 'account_title', 'Umair azam', '0', NULL, NULL),
(311, '6', 'account_number', '00043434616', '0', NULL, NULL),
(312, '6', 'bank_name', 'Hshsjsj', '0', NULL, NULL),
(313, '36', 'employee_payroll_or_external_id', '1001', '0', NULL, NULL),
(316, '33', 'employee_payroll_or_external_id', '739', '0', NULL, NULL),
(317, '30', 'employee_payroll_or_external_id', '672', '0', NULL, NULL),
(320, '24', 'employee_payroll_or_external_id', '51', '0', NULL, NULL),
(321, '28', 'employee_payroll_or_external_id', '624', '0', NULL, NULL),
(322, '29', 'employee_payroll_or_external_id', '663', '0', NULL, NULL),
(323, '11', 'employee_payroll_or_external_id', '132', '0', NULL, NULL),
(325, '27', 'employee_payroll_or_external_id', '137', '0', NULL, NULL),
(326, '34', 'employee_payroll_or_external_id', '757', '0', NULL, NULL),
(337, '39', 'account_title', 'Hahabsh', '0', NULL, NULL),
(338, '39', 'account_number', '64646', '0', NULL, NULL),
(339, '39', 'bank_name', 'Hshshsh', '0', NULL, NULL),
(340, '39', 'employee_payroll_or_external_id', 'ddddd', '0', NULL, NULL),
(343, '41', 'employee_payroll_or_external_id', '305', '0', NULL, NULL),
(344, '32', 'employee_payroll_or_external_id', '703', '0', NULL, NULL),
(345, '42', 'employee_payroll_or_external_id', '9999', '0', NULL, NULL),
(346, '31', 'employee_payroll_or_external_id', '138', '0', NULL, NULL),
(348, '43', 'employee_payroll_or_external_id', '9999', '0', NULL, NULL),
(349, '44', 'employee_payroll_or_external_id', '9998', '0', NULL, NULL),
(350, '45', 'employee_payroll_or_external_id', '9999', '0', NULL, NULL),
(351, '40', 'employee_payroll_or_external_id', '32', '0', NULL, NULL),
(363, '46', 'employee_payroll_or_external_id', 'ddddd', '0', NULL, NULL),
(364, '46', 'account_title', 'uahah', '0', NULL, NULL),
(365, '46', 'account_number', '649494848', '0', NULL, NULL),
(366, '46', 'bank_name', 'hhh', '0', NULL, NULL),
(368, '35', 'employee_payroll_or_external_id', '760', '0', NULL, NULL);

--
-- Indexes for dumped tables
--

--
-- Indexes for table `all_notifications`
--
ALTER TABLE `all_notifications`
  ADD PRIMARY KEY (`id`);

--
-- Indexes for table `company`
--
ALTER TABLE `company`
  ADD PRIMARY KEY (`id`);

--
-- Indexes for table `company_documents`
--
ALTER TABLE `company_documents`
  ADD PRIMARY KEY (`id`);

--
-- Indexes for table `employee_attendances`
--
ALTER TABLE `employee_attendances`
  ADD PRIMARY KEY (`id`);

--
-- Indexes for table `employee_breaks`
--
ALTER TABLE `employee_breaks`
  ADD PRIMARY KEY (`id`);

--
-- Indexes for table `employee_signed_documents`
--
ALTER TABLE `employee_signed_documents`
  ADD PRIMARY KEY (`id`);

--
-- Indexes for table `emp_access`
--
ALTER TABLE `emp_access`
  ADD PRIMARY KEY (`id`);

--
-- Indexes for table `emp_documents`
--
ALTER TABLE `emp_documents`
  ADD PRIMARY KEY (`id`);

--
-- Indexes for table `emp_emergency_contacts`
--
ALTER TABLE `emp_emergency_contacts`
  ADD PRIMARY KEY (`id`);

--
-- Indexes for table `emp_permits`
--
ALTER TABLE `emp_permits`
  ADD PRIMARY KEY (`id`);

--
-- Indexes for table `emp_personal_details`
--
ALTER TABLE `emp_personal_details`
  ADD PRIMARY KEY (`id`);

--
-- Indexes for table `emp_teams`
--
ALTER TABLE `emp_teams`
  ADD PRIMARY KEY (`id`);

--
-- Indexes for table `emp_teams_members`
--
ALTER TABLE `emp_teams_members`
  ADD PRIMARY KEY (`id`);

--
-- Indexes for table `emp_types`
--
ALTER TABLE `emp_types`
  ADD PRIMARY KEY (`id`);

--
-- Indexes for table `failed_jobs`
--
ALTER TABLE `failed_jobs`
  ADD PRIMARY KEY (`id`),
  ADD UNIQUE KEY `failed_jobs_uuid_unique` (`uuid`);

--
-- Indexes for table `funds`
--
ALTER TABLE `funds`
  ADD PRIMARY KEY (`id`);

--
-- Indexes for table `funds_meta`
--
ALTER TABLE `funds_meta`
  ADD PRIMARY KEY (`id`);

--
-- Indexes for table `jobs`
--
ALTER TABLE `jobs`
  ADD PRIMARY KEY (`id`),
  ADD KEY `jobs_queue_index` (`queue`);

--
-- Indexes for table `leave_packages`
--
ALTER TABLE `leave_packages`
  ADD PRIMARY KEY (`id`);

--
-- Indexes for table `leave_requests`
--
ALTER TABLE `leave_requests`
  ADD PRIMARY KEY (`id`);

--
-- Indexes for table `leave_types`
--
ALTER TABLE `leave_types`
  ADD PRIMARY KEY (`id`);

--
-- Indexes for table `meetings`
--
ALTER TABLE `meetings`
  ADD PRIMARY KEY (`id`);

--
-- Indexes for table `meeting_attendances`
--
ALTER TABLE `meeting_attendances`
  ADD PRIMARY KEY (`id`);

--
-- Indexes for table `meeting_documents`
--
ALTER TABLE `meeting_documents`
  ADD PRIMARY KEY (`id`);

--
-- Indexes for table `meeting_guest_users`
--
ALTER TABLE `meeting_guest_users`
  ADD PRIMARY KEY (`id`);

--
-- Indexes for table `meeting_histories`
--
ALTER TABLE `meeting_histories`
  ADD PRIMARY KEY (`id`);

--
-- Indexes for table `meeting_organisers`
--
ALTER TABLE `meeting_organisers`
  ADD PRIMARY KEY (`id`);

--
-- Indexes for table `meeting_users`
--
ALTER TABLE `meeting_users`
  ADD PRIMARY KEY (`id`);

--
-- Indexes for table `migrations`
--
ALTER TABLE `migrations`
  ADD PRIMARY KEY (`id`);

--
-- Indexes for table `notifications`
--
ALTER TABLE `notifications`
  ADD PRIMARY KEY (`id`);

--
-- Indexes for table `permissions_modules`
--
ALTER TABLE `permissions_modules`
  ADD PRIMARY KEY (`id`);

--
-- Indexes for table `permissions_sub_modules`
--
ALTER TABLE `permissions_sub_modules`
  ADD PRIMARY KEY (`id`);

--
-- Indexes for table `porfile_submitted_logs`
--
ALTER TABLE `porfile_submitted_logs`
  ADD PRIMARY KEY (`id`);

--
-- Indexes for table `projects`
--
ALTER TABLE `projects`
  ADD PRIMARY KEY (`id`);

--
-- Indexes for table `projects_meta`
--
ALTER TABLE `projects_meta`
  ADD PRIMARY KEY (`id`);

--
-- Indexes for table `project_documents`
--
ALTER TABLE `project_documents`
  ADD PRIMARY KEY (`id`);

--
-- Indexes for table `project_document_history`
--
ALTER TABLE `project_document_history`
  ADD PRIMARY KEY (`id`);

--
-- Indexes for table `project_history`
--
ALTER TABLE `project_history`
  ADD PRIMARY KEY (`id`);

--
-- Indexes for table `project_sites`
--
ALTER TABLE `project_sites`
  ADD PRIMARY KEY (`id`);

--
-- Indexes for table `public_holidays`
--
ALTER TABLE `public_holidays`
  ADD PRIMARY KEY (`id`);

--
-- Indexes for table `required_documents`
--
ALTER TABLE `required_documents`
  ADD PRIMARY KEY (`id`);

--
-- Indexes for table `roles`
--
ALTER TABLE `roles`
  ADD PRIMARY KEY (`id`);

--
-- Indexes for table `roles_history`
--
ALTER TABLE `roles_history`
  ADD PRIMARY KEY (`id`);

--
-- Indexes for table `role_history`
--
ALTER TABLE `role_history`
  ADD PRIMARY KEY (`id`);

--
-- Indexes for table `role_permissions`
--
ALTER TABLE `role_permissions`
  ADD PRIMARY KEY (`id`);

--
-- Indexes for table `roster_assigns`
--
ALTER TABLE `roster_assigns`
  ADD PRIMARY KEY (`id`);

--
-- Indexes for table `roster_histories`
--
ALTER TABLE `roster_histories`
  ADD PRIMARY KEY (`id`);

--
-- Indexes for table `roster_templates`
--
ALTER TABLE `roster_templates`
  ADD PRIMARY KEY (`id`);

--
-- Indexes for table `settings`
--
ALTER TABLE `settings`
  ADD PRIMARY KEY (`id`);

--
-- Indexes for table `sites`
--
ALTER TABLE `sites`
  ADD PRIMARY KEY (`id`);

--
-- Indexes for table `site_hisotry`
--
ALTER TABLE `site_hisotry`
  ADD PRIMARY KEY (`id`);

--
-- Indexes for table `team_histories`
--
ALTER TABLE `team_histories`
  ADD PRIMARY KEY (`id`);

--
-- Indexes for table `tiers`
--
ALTER TABLE `tiers`
  ADD PRIMARY KEY (`id`);

--
-- Indexes for table `tier_employees`
--
ALTER TABLE `tier_employees`
  ADD PRIMARY KEY (`id`);

--
-- Indexes for table `tier_packages`
--
ALTER TABLE `tier_packages`
  ADD PRIMARY KEY (`id`);

--
-- Indexes for table `tier_permissions`
--
ALTER TABLE `tier_permissions`
  ADD PRIMARY KEY (`id`);

--
-- Indexes for table `user_meta`
--
ALTER TABLE `user_meta`
  ADD PRIMARY KEY (`id`);

--
-- AUTO_INCREMENT for dumped tables
--

--
-- AUTO_INCREMENT for table `all_notifications`
--
ALTER TABLE `all_notifications`
  MODIFY `id` bigint(20) UNSIGNED NOT NULL AUTO_INCREMENT, AUTO_INCREMENT=185;

--
-- AUTO_INCREMENT for table `company`
--
ALTER TABLE `company`
  MODIFY `id` bigint(20) UNSIGNED NOT NULL AUTO_INCREMENT, AUTO_INCREMENT=7;

--
-- AUTO_INCREMENT for table `company_documents`
--
ALTER TABLE `company_documents`
  MODIFY `id` bigint(20) UNSIGNED NOT NULL AUTO_INCREMENT, AUTO_INCREMENT=2;

--
-- AUTO_INCREMENT for table `employee_attendances`
--
ALTER TABLE `employee_attendances`
  MODIFY `id` bigint(20) UNSIGNED NOT NULL AUTO_INCREMENT, AUTO_INCREMENT=179;

--
-- AUTO_INCREMENT for table `employee_breaks`
--
ALTER TABLE `employee_breaks`
  MODIFY `id` bigint(20) UNSIGNED NOT NULL AUTO_INCREMENT, AUTO_INCREMENT=26;

--
-- AUTO_INCREMENT for table `employee_signed_documents`
--
ALTER TABLE `employee_signed_documents`
  MODIFY `id` bigint(20) UNSIGNED NOT NULL AUTO_INCREMENT, AUTO_INCREMENT=16;

--
-- AUTO_INCREMENT for table `emp_access`
--
ALTER TABLE `emp_access`
  MODIFY `id` bigint(20) UNSIGNED NOT NULL AUTO_INCREMENT, AUTO_INCREMENT=51;

--
-- AUTO_INCREMENT for table `emp_documents`
--
ALTER TABLE `emp_documents`
  MODIFY `id` bigint(20) UNSIGNED NOT NULL AUTO_INCREMENT, AUTO_INCREMENT=137;

--
-- AUTO_INCREMENT for table `emp_emergency_contacts`
--
ALTER TABLE `emp_emergency_contacts`
  MODIFY `id` bigint(20) UNSIGNED NOT NULL AUTO_INCREMENT, AUTO_INCREMENT=49;

--
-- AUTO_INCREMENT for table `emp_permits`
--
ALTER TABLE `emp_permits`
  MODIFY `id` bigint(20) UNSIGNED NOT NULL AUTO_INCREMENT, AUTO_INCREMENT=5;

--
-- AUTO_INCREMENT for table `emp_personal_details`
--
ALTER TABLE `emp_personal_details`
  MODIFY `id` bigint(20) UNSIGNED NOT NULL AUTO_INCREMENT, AUTO_INCREMENT=41;

--
-- AUTO_INCREMENT for table `emp_teams`
--
ALTER TABLE `emp_teams`
  MODIFY `id` bigint(20) UNSIGNED NOT NULL AUTO_INCREMENT, AUTO_INCREMENT=2;

--
-- AUTO_INCREMENT for table `emp_teams_members`
--
ALTER TABLE `emp_teams_members`
  MODIFY `id` bigint(20) UNSIGNED NOT NULL AUTO_INCREMENT, AUTO_INCREMENT=150;

--
-- AUTO_INCREMENT for table `emp_types`
--
ALTER TABLE `emp_types`
  MODIFY `id` bigint(20) UNSIGNED NOT NULL AUTO_INCREMENT, AUTO_INCREMENT=3;

--
-- AUTO_INCREMENT for table `failed_jobs`
--
ALTER TABLE `failed_jobs`
  MODIFY `id` bigint(20) UNSIGNED NOT NULL AUTO_INCREMENT;

--
-- AUTO_INCREMENT for table `funds`
--
ALTER TABLE `funds`
  MODIFY `id` bigint(20) UNSIGNED NOT NULL AUTO_INCREMENT, AUTO_INCREMENT=4;

--
-- AUTO_INCREMENT for table `funds_meta`
--
ALTER TABLE `funds_meta`
  MODIFY `id` bigint(20) UNSIGNED NOT NULL AUTO_INCREMENT, AUTO_INCREMENT=75;

--
-- AUTO_INCREMENT for table `jobs`
--
ALTER TABLE `jobs`
  MODIFY `id` bigint(20) UNSIGNED NOT NULL AUTO_INCREMENT;

--
-- AUTO_INCREMENT for table `leave_packages`
--
ALTER TABLE `leave_packages`
  MODIFY `id` bigint(20) UNSIGNED NOT NULL AUTO_INCREMENT, AUTO_INCREMENT=4;

--
-- AUTO_INCREMENT for table `leave_requests`
--
ALTER TABLE `leave_requests`
  MODIFY `id` bigint(20) UNSIGNED NOT NULL AUTO_INCREMENT, AUTO_INCREMENT=20;

--
-- AUTO_INCREMENT for table `leave_types`
--
ALTER TABLE `leave_types`
  MODIFY `id` bigint(20) UNSIGNED NOT NULL AUTO_INCREMENT, AUTO_INCREMENT=3;

--
-- AUTO_INCREMENT for table `meetings`
--
ALTER TABLE `meetings`
  MODIFY `id` bigint(20) UNSIGNED NOT NULL AUTO_INCREMENT, AUTO_INCREMENT=125;

--
-- AUTO_INCREMENT for table `meeting_attendances`
--
ALTER TABLE `meeting_attendances`
  MODIFY `id` bigint(20) UNSIGNED NOT NULL AUTO_INCREMENT, AUTO_INCREMENT=134;

--
-- AUTO_INCREMENT for table `meeting_documents`
--
ALTER TABLE `meeting_documents`
  MODIFY `id` bigint(20) UNSIGNED NOT NULL AUTO_INCREMENT, AUTO_INCREMENT=27;

--
-- AUTO_INCREMENT for table `meeting_guest_users`
--
ALTER TABLE `meeting_guest_users`
  MODIFY `id` bigint(20) UNSIGNED NOT NULL AUTO_INCREMENT, AUTO_INCREMENT=6;

--
-- AUTO_INCREMENT for table `meeting_histories`
--
ALTER TABLE `meeting_histories`
  MODIFY `id` bigint(20) UNSIGNED NOT NULL AUTO_INCREMENT, AUTO_INCREMENT=171;

--
-- AUTO_INCREMENT for table `meeting_organisers`
--
ALTER TABLE `meeting_organisers`
  MODIFY `id` bigint(20) UNSIGNED NOT NULL AUTO_INCREMENT, AUTO_INCREMENT=136;

--
-- AUTO_INCREMENT for table `meeting_users`
--
ALTER TABLE `meeting_users`
  MODIFY `id` bigint(20) UNSIGNED NOT NULL AUTO_INCREMENT, AUTO_INCREMENT=32;

--
-- AUTO_INCREMENT for table `migrations`
--
ALTER TABLE `migrations`
  MODIFY `id` int(10) UNSIGNED NOT NULL AUTO_INCREMENT, AUTO_INCREMENT=174;

--
-- AUTO_INCREMENT for table `notifications`
--
ALTER TABLE `notifications`
  MODIFY `id` bigint(20) UNSIGNED NOT NULL AUTO_INCREMENT;

--
-- AUTO_INCREMENT for table `permissions_modules`
--
ALTER TABLE `permissions_modules`
  MODIFY `id` bigint(20) UNSIGNED NOT NULL AUTO_INCREMENT, AUTO_INCREMENT=14;

--
-- AUTO_INCREMENT for table `permissions_sub_modules`
--
ALTER TABLE `permissions_sub_modules`
  MODIFY `id` bigint(20) UNSIGNED NOT NULL AUTO_INCREMENT, AUTO_INCREMENT=24;

--
-- AUTO_INCREMENT for table `porfile_submitted_logs`
--
ALTER TABLE `porfile_submitted_logs`
  MODIFY `id` bigint(20) UNSIGNED NOT NULL AUTO_INCREMENT, AUTO_INCREMENT=3;

--
-- AUTO_INCREMENT for table `projects`
--
ALTER TABLE `projects`
  MODIFY `id` bigint(20) UNSIGNED NOT NULL AUTO_INCREMENT, AUTO_INCREMENT=4;

--
-- AUTO_INCREMENT for table `projects_meta`
--
ALTER TABLE `projects_meta`
  MODIFY `id` bigint(20) UNSIGNED NOT NULL AUTO_INCREMENT, AUTO_INCREMENT=13;

--
-- AUTO_INCREMENT for table `project_documents`
--
ALTER TABLE `project_documents`
  MODIFY `id` bigint(20) UNSIGNED NOT NULL AUTO_INCREMENT, AUTO_INCREMENT=3;

--
-- AUTO_INCREMENT for table `project_document_history`
--
ALTER TABLE `project_document_history`
  MODIFY `id` bigint(20) UNSIGNED NOT NULL AUTO_INCREMENT, AUTO_INCREMENT=4;

--
-- AUTO_INCREMENT for table `project_history`
--
ALTER TABLE `project_history`
  MODIFY `id` bigint(20) UNSIGNED NOT NULL AUTO_INCREMENT, AUTO_INCREMENT=2;

--
-- AUTO_INCREMENT for table `project_sites`
--
ALTER TABLE `project_sites`
  MODIFY `id` bigint(20) UNSIGNED NOT NULL AUTO_INCREMENT, AUTO_INCREMENT=8;

--
-- AUTO_INCREMENT for table `public_holidays`
--
ALTER TABLE `public_holidays`
  MODIFY `id` bigint(20) UNSIGNED NOT NULL AUTO_INCREMENT, AUTO_INCREMENT=3;

--
-- AUTO_INCREMENT for table `required_documents`
--
ALTER TABLE `required_documents`
  MODIFY `id` bigint(20) UNSIGNED NOT NULL AUTO_INCREMENT, AUTO_INCREMENT=6;

--
-- AUTO_INCREMENT for table `roles`
--
ALTER TABLE `roles`
  MODIFY `id` bigint(20) UNSIGNED NOT NULL AUTO_INCREMENT, AUTO_INCREMENT=343;

--
-- AUTO_INCREMENT for table `roles_history`
--
ALTER TABLE `roles_history`
  MODIFY `id` bigint(20) UNSIGNED NOT NULL AUTO_INCREMENT;

--
-- AUTO_INCREMENT for table `role_history`
--
ALTER TABLE `role_history`
  MODIFY `id` bigint(20) UNSIGNED NOT NULL AUTO_INCREMENT;

--
-- AUTO_INCREMENT for table `role_permissions`
--
ALTER TABLE `role_permissions`
  MODIFY `id` bigint(20) UNSIGNED NOT NULL AUTO_INCREMENT, AUTO_INCREMENT=333;

--
-- AUTO_INCREMENT for table `roster_assigns`
--
ALTER TABLE `roster_assigns`
  MODIFY `id` bigint(20) UNSIGNED NOT NULL AUTO_INCREMENT, AUTO_INCREMENT=644;

--
-- AUTO_INCREMENT for table `roster_histories`
--
ALTER TABLE `roster_histories`
  MODIFY `id` bigint(20) UNSIGNED NOT NULL AUTO_INCREMENT, AUTO_INCREMENT=112;

--
-- AUTO_INCREMENT for table `roster_templates`
--
ALTER TABLE `roster_templates`
  MODIFY `id` bigint(20) UNSIGNED NOT NULL AUTO_INCREMENT, AUTO_INCREMENT=651;

--
-- AUTO_INCREMENT for table `settings`
--
ALTER TABLE `settings`
  MODIFY `id` bigint(20) UNSIGNED NOT NULL AUTO_INCREMENT, AUTO_INCREMENT=8;

--
-- AUTO_INCREMENT for table `sites`
--
ALTER TABLE `sites`
  MODIFY `id` bigint(20) UNSIGNED NOT NULL AUTO_INCREMENT, AUTO_INCREMENT=10;

--
-- AUTO_INCREMENT for table `site_hisotry`
--
ALTER TABLE `site_hisotry`
  MODIFY `id` bigint(20) UNSIGNED NOT NULL AUTO_INCREMENT, AUTO_INCREMENT=15;

--
-- AUTO_INCREMENT for table `team_histories`
--
ALTER TABLE `team_histories`
  MODIFY `id` bigint(20) UNSIGNED NOT NULL AUTO_INCREMENT, AUTO_INCREMENT=86;

--
-- AUTO_INCREMENT for table `tiers`
--
ALTER TABLE `tiers`
  MODIFY `id` bigint(20) UNSIGNED NOT NULL AUTO_INCREMENT, AUTO_INCREMENT=8;

--
-- AUTO_INCREMENT for table `tier_employees`
--
ALTER TABLE `tier_employees`
  MODIFY `id` bigint(20) UNSIGNED NOT NULL AUTO_INCREMENT;

--
-- AUTO_INCREMENT for table `tier_packages`
--
ALTER TABLE `tier_packages`
  MODIFY `id` bigint(20) UNSIGNED NOT NULL AUTO_INCREMENT, AUTO_INCREMENT=3;

--
-- AUTO_INCREMENT for table `tier_permissions`
--
ALTER TABLE `tier_permissions`
  MODIFY `id` bigint(20) UNSIGNED NOT NULL AUTO_INCREMENT, AUTO_INCREMENT=379;

--
-- AUTO_INCREMENT for table `user_meta`
--
ALTER TABLE `user_meta`
  MODIFY `id` bigint(20) UNSIGNED NOT NULL AUTO_INCREMENT, AUTO_INCREMENT=369;
COMMIT;

