-- Table structure for table `porfile_submitted_logs`
--

CREATE TABLE `porfile_submitted_logs` (
  `id` bigint(20) UNSIGNED NOT NULL,
  `emp_id` varchar(255) COLLATE utf8mb4_unicode_ci NOT NULL,
  `reason` varchar(255) COLLATE utf8mb4_unicode_ci DEFAULT NULL,
  `rejected_by` varchar(255) COLLATE utf8mb4_unicode_ci DEFAULT NULL,
  `approved_by` varchar(255) COLLATE utf8mb4_unicode_ci DEFAULT NULL,
  `date` varchar(255) COLLATE utf8mb4_unicode_ci DEFAULT NULL,
  `del` varchar(255) COLLATE utf8mb4_unicode_ci NOT NULL DEFAULT '0',
  `created_at` timestamp NULL DEFAULT NULL,
  `updated_at` timestamp NULL DEFAULT NULL
) ENGINE=InnoDB DEFAULT CHARSET=utf8mb4 COLLATE=utf8mb4_unicode_ci;

--
-- Dumping data for table `porfile_submitted_logs`
--

INSERT INTO `porfile_submitted_logs` (`id`, `emp_id`, `reason`, `rejected_by`, `approved_by`, `date`, `del`, `created_at`, `updated_at`) VALUES
(1, '7', NULL, NULL, '1', '2024-02-22', '0', NULL, NULL),
(2, '39', NULL, NULL, '1', '2024-03-01', '0', NULL, NULL);

-- --------------------------------------------------------

--
-- Table structure for table `projects`
--

CREATE TABLE `projects` (
  `id` bigint(20) UNSIGNED NOT NULL,
  `title` varchar(255) COLLATE utf8mb4_unicode_ci NOT NULL,
  `client_id` int(11) DEFAULT NULL,
  `thumbnail` varchar(255) COLLATE utf8mb4_unicode_ci DEFAULT NULL,
  `description` text COLLATE utf8mb4_unicode_ci,
  `address` varchar(255) COLLATE utf8mb4_unicode_ci DEFAULT NULL,
  `longitude` varchar(255) COLLATE utf8mb4_unicode_ci DEFAULT NULL,
  `latitude` varchar(255) COLLATE utf8mb4_unicode_ci DEFAULT NULL,
  `area_radius` varchar(255) COLLATE utf8mb4_unicode_ci DEFAULT NULL,
  `state` varchar(255) COLLATE utf8mb4_unicode_ci DEFAULT NULL,
  `active` int(11) NOT NULL DEFAULT '1',
  `is_deleted` int(11) NOT NULL DEFAULT '0',
  `created_by` int(11) DEFAULT NULL,
  `updated_by` int(11) DEFAULT NULL,
  `created_at` timestamp NULL DEFAULT NULL,
  `updated_at` timestamp NULL DEFAULT NULL
) ENGINE=InnoDB DEFAULT CHARSET=utf8mb4 COLLATE=utf8mb4_unicode_ci;

--
-- Dumping data for table `projects`
--

INSERT INTO `projects` (`id`, `title`, `client_id`, `thumbnail`, `description`, `address`, `longitude`, `latitude`, `area_radius`, `state`, `active`, `is_deleted`, `created_by`, `updated_by`, `created_at`, `updated_at`) VALUES
(1, 'FFGA', 2, NULL, NULL, 'ryk', '-123.095756', '49.251329', '0.1', 'South Australia', 1, 0, 1, NULL, '2024-02-21 05:10:57', '2024-02-21 23:42:22'),
(2, 'HOF', 2, NULL, 'TEST PROJECT', 'SYDNEY', '-123.101281', '49.25079', '0.1', 'South Australia', 1, 0, 1, NULL, '2024-02-22 23:59:04', '2024-02-22 23:59:04'),
(3, 'medical app', 1, NULL, NULL, 'ryk', '-123.099447', '49.250342', '0.1', 'South Australia', 1, 0, 1, NULL, '2024-03-04 04:32:44', '2024-03-04 04:32:44');

-- --------------------------------------------------------

--
-- Table structure for table `projects_meta`
--

CREATE TABLE `projects_meta` (
  `id` bigint(20) UNSIGNED NOT NULL,
  `project_id` int(11) NOT NULL,
  `option` text COLLATE utf8mb4_unicode_ci NOT NULL,
  `value` varchar(255) COLLATE utf8mb4_unicode_ci DEFAULT NULL
) ENGINE=InnoDB DEFAULT CHARSET=utf8mb4 COLLATE=utf8mb4_unicode_ci;

--
-- Dumping data for table `projects_meta`
--

INSERT INTO `projects_meta` (`id`, `project_id`, `option`, `value`) VALUES
(1, 1, 'revenue', '40'),
(2, 1, 'start_date', '2024-02-21'),
(3, 1, 'end_date', '2024-02-29'),
(4, 2, 'revenue', '40'),
(5, 2, 'start_date', '2024-02-23'),
(6, 2, 'end_date', '2024-02-29'),
(10, 3, 'revenue', '40'),
(11, 3, 'start_date', '2024-03-04'),
(12, 3, 'end_date', '2024-03-31');

-- --------------------------------------------------------

--
-- Table structure for table `project_documents`
--

CREATE TABLE `project_documents` (
  `id` bigint(20) UNSIGNED NOT NULL,
  `project_id` int(11) NOT NULL,
  `title` varchar(255) COLLATE utf8mb4_unicode_ci NOT NULL,
  `file_name` varchar(255) COLLATE utf8mb4_unicode_ci DEFAULT NULL,
  `uploaded_by` varchar(255) COLLATE utf8mb4_unicode_ci NOT NULL,
  `created_at` timestamp NULL DEFAULT NULL,
  `updated_at` timestamp NULL DEFAULT NULL
) ENGINE=InnoDB DEFAULT CHARSET=utf8mb4 COLLATE=utf8mb4_unicode_ci;

--
-- Dumping data for table `project_documents`
--

INSERT INTO `project_documents` (`id`, `project_id`, `title`, `file_name`, `uploaded_by`, `created_at`, `updated_at`) VALUES
(1, 1, 'project  document', 'upload/documents/1708513890.pdf', '1', '2024-02-21 05:11:30', '2024-02-21 05:11:53'),
(2, 3, 'test', 'upload/documents/1709548377.pdf', '1', '2024-03-04 04:32:57', '2024-03-04 04:32:57');

-- --------------------------------------------------------

--
-- Table structure for table `project_document_history`
--

CREATE TABLE `project_document_history` (
  `id` bigint(20) UNSIGNED NOT NULL,
  `project_id` int(11) NOT NULL,
  `document_id` int(11) NOT NULL,
  `history_type` varchar(255) COLLATE utf8mb4_unicode_ci DEFAULT NULL,
  `description` text COLLATE utf8mb4_unicode_ci,
  `user_id` int(11) NOT NULL,
  `created_at` timestamp NULL DEFAULT NULL,
  `updated_at` timestamp NULL DEFAULT NULL
) ENGINE=InnoDB DEFAULT CHARSET=utf8mb4 COLLATE=utf8mb4_unicode_ci;

--
-- Dumping data for table `project_document_history`
--

INSERT INTO `project_document_history` (`id`, `project_id`, `document_id`, `history_type`, `description`, `user_id`, `created_at`, `updated_at`) VALUES
(1, 1, 1, NULL, '<a href=\'https://dev-fastform.gtechsol.au/user-profile/1\' style=\'text-transform: capitalize;\' role=\'button\' class=\'primary text-decoration-none\'> Main  Admin</a> Upload a new document: \'test documents\' To this project : FFGA.', 1, '2024-02-21 05:11:30', '2024-02-21 05:11:30'),
(2, 1, 1, '1', '<a href=\'https://dev-fastform.gtechsol.au/user-profile/1\' style=\'text-transform: capitalize;\' role=\'button\' class=\'primary text-decoration-none\'> Main  Admin</a> Update the document Title this: \'test documents\' To : project  document.', 1, '2024-02-21 05:11:53', '2024-02-21 05:11:53'),
(3, 3, 2, NULL, '<a href=\'http://dev-fastform.gtechsol.au/user-profile/1\' style=\'text-transform: capitalize;\' role=\'button\' class=\'primary text-decoration-none\'> Main  Admin</a> Upload a new document: \'test\' To this project : medical app.', 1, '2024-03-04 04:32:57', '2024-03-04 04:32:57');

-- --------------------------------------------------------

--
-- Table structure for table `project_history`
--

CREATE TABLE `project_history` (
  `id` bigint(20) UNSIGNED NOT NULL,
  `project_id` int(11) NOT NULL,
  `description` text COLLATE utf8mb4_unicode_ci,
  `user_id` int(11) NOT NULL,
  `history_type` varchar(255) COLLATE utf8mb4_unicode_ci DEFAULT NULL,
  `created_at` timestamp NULL DEFAULT NULL,
  `updated_at` timestamp NULL DEFAULT NULL
) ENGINE=InnoDB DEFAULT CHARSET=utf8mb4 COLLATE=utf8mb4_unicode_ci;

--
-- Dumping data for table `project_history`
--

INSERT INTO `project_history` (`id`, `project_id`, `description`, `user_id`, `history_type`, `created_at`, `updated_at`) VALUES
(1, 3, '<a href=\'http://dev-fastform.gtechsol.au/user-profile/1\' style=\'text-transform: capitalize;\' role=\'button\' class=\'primary text-decoration-none\'> Main  Admin</a>  changed the project details: \'medical app\'.', 1, 'project_change', '2024-03-04 04:33:01', '2024-03-04 04:33:01');

-- --------------------------------------------------------

--
-- Table structure for table `project_sites`
--

CREATE TABLE `project_sites` (
  `id` bigint(20) UNSIGNED NOT NULL,
  `project_id` int(11) NOT NULL,
  `site_id` int(11) DEFAULT NULL,
  `user_id` int(11) NOT NULL,
  `created_at` timestamp NULL DEFAULT NULL,
  `updated_at` timestamp NULL DEFAULT NULL
) ENGINE=InnoDB DEFAULT CHARSET=utf8mb4 COLLATE=utf8mb4_unicode_ci;

--
-- Dumping data for table `project_sites`
--

INSERT INTO `project_sites` (`id`, `project_id`, `site_id`, `user_id`, `created_at`, `updated_at`) VALUES
(1, 1, 2, 1, '2024-02-21 05:10:57', '2024-02-21 05:10:57'),
(2, 2, 2, 1, '2024-02-22 23:59:04', '2024-02-22 23:59:04'),
(3, 2, 1, 1, '2024-02-22 23:59:04', '2024-02-22 23:59:04'),
(6, 3, 2, 1, '2024-03-04 04:33:01', '2024-03-04 04:33:01'),
(7, 3, 1, 1, '2024-03-04 04:33:01', '2024-03-04 04:33:01');

-- --------------------------------------------------------

--
-- Table structure for table `public_holidays`
--

CREATE TABLE `public_holidays` (
  `id` bigint(20) UNSIGNED NOT NULL,
  `title` varchar(255) COLLATE utf8mb4_unicode_ci NOT NULL,
  `description` varchar(255) COLLATE utf8mb4_unicode_ci NOT NULL,
  `from` date NOT NULL,
  `to` date NOT NULL,
  `created_at` timestamp NULL DEFAULT NULL,
  `updated_at` timestamp NULL DEFAULT NULL
) ENGINE=InnoDB DEFAULT CHARSET=utf8mb4 COLLATE=utf8mb4_unicode_ci;

--
-- Dumping data for table `public_holidays`
--

INSERT INTO `public_holidays` (`id`, `title`, `description`, `from`, `to`, `created_at`, `updated_at`) VALUES
(1, '23 March', 'test holiday', '2024-03-23', '2024-03-23', NULL, NULL),
(2, 'Bank Holiday', 'test', '2024-02-22', '2024-02-22', NULL, NULL);

-- --------------------------------------------------------

--
-- Table structure for table `required_documents`
--

CREATE TABLE `required_documents` (
  `id` bigint(20) UNSIGNED NOT NULL,
  `title` varchar(255) COLLATE utf8mb4_unicode_ci NOT NULL,
  `identity_text` varchar(255) COLLATE utf8mb4_unicode_ci NOT NULL DEFAULT '0',
  `identity_file` varchar(255) COLLATE utf8mb4_unicode_ci NOT NULL DEFAULT '0',
  `del` varchar(255) COLLATE utf8mb4_unicode_ci NOT NULL DEFAULT '0',
  `created_at` timestamp NULL DEFAULT NULL,
  `updated_at` timestamp NULL DEFAULT NULL
) ENGINE=InnoDB DEFAULT CHARSET=utf8mb4 COLLATE=utf8mb4_unicode_ci;

--
-- Dumping data for table `required_documents`
--

INSERT INTO `required_documents` (`id`, `title`, `identity_text`, `identity_file`, `del`, `created_at`, `updated_at`) VALUES
(1, 'Tax File', '1', '0', '0', '2023-11-26 13:02:31', '2024-04-04 17:25:38'),
(2, 'Driving License  / Passport', '1', '1', '0', '2023-11-26 13:02:31', '2024-04-04 16:52:31'),
(3, 'White card     ......Saad .........and ....  ( Issue Date ) AND  ( Card Number )', '1', '1', '0', NULL, '2024-04-07 18:19:22'),
(4, 'Dogging  - Saad (Date issue - Expiry date - File/Pic - Lic Number', '0', '0', '0', NULL, '2024-04-07 18:17:16'),
(5, 'Fork Lift -SAAD  (Date issue - Expiry date - File/Pic - Lic Number', '0', '0', '0', NULL, '2024-04-07 17:10:03'),
(6, 'Basic Rigging - saad -(Date issue - Expiry date - File/Pic - Lic Number', '0', '0', '0', NULL, '2024-04-07 18:17:17'),
(7, 'WHS Cert 4  ...... Saad........ (  Issue Date   - Attach file - Lic No.)', '0', '0', '0', NULL, '2024-04-04 18:09:58'),
(8, 'Working at Heights  ( Certificate Pic upload only )', '0', '0', '0', NULL, '2024-04-04 18:09:59'),
(9, 'Telescopic Handler F -SAAD (Date issue - Expiry date - File/Pic - Lic Number', '0', '0', '0', NULL, '2024-04-07 17:10:20'),
(10, 'Heavy Vehicle -SAAD ( Expiry date - File/Pic - Lic Number - Comment 3words', '0', '0', '0', NULL, NULL),
(11, 'Telescopic Handler J -SAAD (Date issue - Expiry date - File/Pic - Lic Number', '0', '0', '0', NULL, '2024-04-07 17:10:21'),
(12, 'First Aid  SAAD  ( Certificate date )', '0', '0', '0', NULL, '2024-04-07 23:15:51'),
(13, 'First Aid  SAAD  ( Certificate date )', '0', '0', '1', NULL, '2024-04-04 17:26:16'),
(14, 'Personnel and Material Hoist - saad -(Date issue - Expiry date - File/Pic - Lic Number', '0', '0', '0', NULL, '2024-04-07 17:10:22'),
(15, 'Boom lift licence - saad -(Date issue - Expiry date - File/Pic - Lic Number', '0', '0', '0', NULL, '2024-04-07 17:10:24'),
(16, 'Scissor lift licence - saad -(Date issue - Expiry date - File/Pic - Lic Number', '0', '0', '0', NULL, '2024-04-07 17:10:25'),
(17, 'Contruction Carpebtry  Cert 3 in Formwork and Falsework', '0', '0', '0', NULL, '2024-04-07 18:17:20'),
(18, 'Confined Space  Cert', '0', '0', '0', NULL, '2024-04-07 22:23:30');

-- --------------------------------------------------------

--
-- Table structure for table `roles`
--

CREATE TABLE `roles` (
  `id` bigint(20) UNSIGNED NOT NULL,
  `title` varchar(255) COLLATE utf8mb4_unicode_ci NOT NULL,
  `code` varchar(255) COLLATE utf8mb4_unicode_ci NOT NULL,
  `del` varchar(255) COLLATE utf8mb4_unicode_ci NOT NULL DEFAULT '0',
  `created_at` timestamp NULL DEFAULT NULL,
  `updated_at` timestamp NULL DEFAULT NULL
) ENGINE=InnoDB DEFAULT CHARSET=utf8mb4 COLLATE=utf8mb4_unicode_ci;

--
-- Dumping data for table `roles`
--

INSERT INTO `roles` (`id`, `title`, `code`, `del`, `created_at`, `updated_at`) VALUES
(330, 'Admin', 'A-1', '0', '2023-11-02 17:34:19', '2023-11-02 17:34:19'),
(331, 'HR Manager', 'Hr', '0', '2023-11-02 17:34:44', '2023-11-02 17:34:44'),
(332, 'Employee', 'emp', '0', '2023-11-02 17:34:44', '2023-11-02 19:45:07'),
(333, 'Supervisor', 'spv', '0', '2023-11-02 17:34:44', '2023-11-02 19:45:07'),
(334, 'Safety Manager', '01', '0', NULL, NULL),
(335, 'Safety Officer SSO', 'SSO', '0', NULL, '2024-02-28 17:34:31'),
(336, 'Leading Hand  LH', 'LH', '0', NULL, '2024-02-28 17:35:01'),
(337, 'Foreman FM', 'FM', '0', NULL, '2024-02-28 17:50:03'),
(338, 'Tradesman TM', 'TM', '0', NULL, '2024-02-28 17:50:17'),
(339, 'Labourer', '07', '0', NULL, NULL),
(340, 'Visitor', '08', '0', NULL, NULL),
(341, 'Head Office', '10', '0', NULL, NULL),
(342, 'Site Supervisor  SSV', 'SSV', '0', NULL, '2024-02-28 17:34:16'),
(343, 'Formworker', 'FWMK', '0', NULL, NULL),
(344, 'Subcontractor', 'Subi', '0', NULL, NULL);

-- --------------------------------------------------------

--
-- Table structure for table `roles_history`
--

CREATE TABLE `roles_history` (
  `id` bigint(20) UNSIGNED NOT NULL,
  `user_id` varchar(255) COLLATE utf8mb4_unicode_ci NOT NULL,
  `changes_details` varchar(255) COLLATE utf8mb4_unicode_ci NOT NULL,
  `del` varchar(255) COLLATE utf8mb4_unicode_ci NOT NULL DEFAULT '0',
  `created_at` timestamp NULL DEFAULT NULL,
  `updated_at` timestamp NULL DEFAULT NULL
) ENGINE=InnoDB DEFAULT CHARSET=utf8mb4 COLLATE=utf8mb4_unicode_ci;

-- --------------------------------------------------------

--
-- Table structure for table `role_history`
--

CREATE TABLE `role_history` (
  `id` bigint(20) UNSIGNED NOT NULL,
  `user_id` varchar(255) COLLATE utf8mb4_unicode_ci NOT NULL,
  `role_id` varchar(255) COLLATE utf8mb4_unicode_ci NOT NULL,
  `changes_details` varchar(255) COLLATE utf8mb4_unicode_ci NOT NULL,
  `del` varchar(255) COLLATE utf8mb4_unicode_ci NOT NULL DEFAULT '0',
  `created_at` timestamp NULL DEFAULT NULL,
  `updated_at` timestamp NULL DEFAULT NULL
) ENGINE=InnoDB DEFAULT CHARSET=utf8mb4 COLLATE=utf8mb4_unicode_ci;

-- --------------------------------------------------------

--
-- Table structure for table `role_permissions`
--

CREATE TABLE `role_permissions` (
  `id` bigint(20) UNSIGNED NOT NULL,
  `role_id` varchar(255) COLLATE utf8mb4_unicode_ci NOT NULL,
  `sub_module_id` varchar(255) COLLATE utf8mb4_unicode_ci NOT NULL,
  `view` varchar(255) COLLATE utf8mb4_unicode_ci NOT NULL,
  `maintain` varchar(255) COLLATE utf8mb4_unicode_ci NOT NULL,
  `del` varchar(255) COLLATE utf8mb4_unicode_ci NOT NULL DEFAULT '0',
  `created_at` timestamp NULL DEFAULT NULL,
  `updated_at` timestamp NULL DEFAULT NULL
) ENGINE=InnoDB DEFAULT CHARSET=utf8mb4 COLLATE=utf8mb4_unicode_ci;

--
-- Dumping data for table `role_permissions`
--

INSERT INTO `role_permissions` (`id`, `role_id`, `sub_module_id`, `view`, `maintain`, `del`, `created_at`, `updated_at`) VALUES
(287, '330', '5', '1', '1', '0', NULL, NULL),
(288, '330', '1', '1', '1', '0', NULL, NULL),
(289, '330', '2', '1', '1', '0', NULL, NULL),
(290, '330', '3', '1', '1', '0', NULL, NULL),
(291, '330', '4', '1', '1', '0', NULL, NULL),
(292, '330', '6', '1', '1', '0', NULL, NULL),
(293, '330', '7', '1', '1', '0', NULL, NULL),
(294, '330', '8', '1', '1', '0', NULL, NULL),
(295, '330', '9', '1', '1', '0', NULL, NULL),
(296, '330', '10', '1', '1', '0', NULL, NULL),
(297, '330', '11', '1', '1', '0', NULL, NULL),
(298, '330', '12', '1', '1', '0', NULL, NULL),
(299, '330', '13', '1', '1', '0', NULL, NULL),
(300, '330', '14', '1', '1', '0', NULL, NULL),
(301, '330', '15', '1', '1', '0', NULL, NULL),
(302, '330', '16', '1', '1', '0', NULL, NULL),
(303, '330', '17', '1', '1', '0', NULL, NULL),
(304, '330', '18', '1', '1', '0', NULL, NULL),
(305, '330', '19', '1', '1', '0', NULL, NULL),
(306, '330', '20', '1', '1', '0', NULL, NULL),
(307, '330', '21', '1', '1', '0', NULL, NULL),
(308, '330', '22', '1', '1', '0', NULL, NULL),
(309, '330', '23', '1', '1', '0', NULL, NULL),
(310, '332', '5', '1', '1', '0', NULL, NULL),
(311, '332', '1', '1', '1', '0', NULL, NULL),
(312, '332', '2', '1', '1', '0', NULL, NULL),
(313, '332', '3', '1', '1', '0', NULL, NULL),
(314, '332', '4', '1', '1', '0', NULL, NULL),
(315, '332', '6', '1', '1', '0', NULL, NULL),
(316, '332', '7', '1', '1', '0', NULL, NULL),
(317, '332', '8', '0', '0', '0', NULL, NULL),
(318, '332', '9', '1', '1', '0', NULL, NULL),
(319, '332', '10', '1', '1', '0', NULL, NULL),
(320, '332', '11', '1', '1', '0', NULL, NULL),
(321, '332', '12', '1', '1', '0', NULL, NULL),
(322, '332', '13', '1', '1', '0', NULL, NULL),
(323, '332', '14', '1', '1', '0', NULL, NULL),
(324, '332', '15', '1', '1', '0', NULL, NULL),
(325, '332', '16', '1', '1', '0', NULL, NULL),
(326, '332', '17', '1', '1', '0', NULL, NULL),
(327, '332', '18', '1', '1', '0', NULL, NULL),
(328, '332', '19', '1', '1', '0', NULL, NULL),
(329, '332', '20', '1', '1', '0', NULL, NULL),
(330, '332', '21', '1', '1', '0', NULL, NULL),
(331, '332', '22', '1', '1', '0', NULL, NULL),
(332, '332', '23', '1', '1', '0', NULL, NULL);

-- --------------------------------------------------------

--
-- Table structure for table `roster_assigns`
--

CREATE TABLE `roster_assigns` (
  `id` bigint(20) UNSIGNED NOT NULL,
  `assign_to` int(11) NOT NULL,
  `roster_template_id` int(11) NOT NULL,
  `schedule_date` date NOT NULL,
  `created_at` timestamp NULL DEFAULT NULL,
  `updated_at` timestamp NULL DEFAULT NULL
) ENGINE=InnoDB DEFAULT CHARSET=utf8mb4 COLLATE=utf8mb4_unicode_ci;

--
-- Dumping data for table `roster_assigns`
--

INSERT INTO `roster_assigns` (`id`, `assign_to`, `roster_template_id`, `schedule_date`, `created_at`, `updated_at`) VALUES
(2, 3, 3, '2024-02-21', NULL, NULL),
(3, 3, 4, '2024-02-22', NULL, NULL),
(4, 3, 5, '2024-02-23', NULL, NULL),
(5, 3, 6, '2024-02-24', NULL, NULL),
(6, 3, 7, '2024-02-25', NULL, NULL),
(7, 3, 8, '2024-02-26', NULL, NULL),
(8, 3, 9, '2024-02-27', NULL, NULL),
(9, 3, 10, '2024-02-28', NULL, NULL),
(10, 3, 11, '2024-02-29', NULL, NULL),
(11, 2, 12, '2024-02-21', NULL, NULL),
(12, 7, 14, '2024-02-22', NULL, NULL),
(14, 5, 17, '2024-02-22', NULL, NULL),
(15, 5, 19, '2024-02-23', NULL, NULL),
(16, 4, 20, '2024-02-23', NULL, NULL),
(19, 9, 24, '2024-02-23', NULL, NULL),
(20, 13, 25, '2024-02-23', NULL, NULL),
(21, 5, 26, '2024-02-24', NULL, NULL),
(22, 2, 27, '2024-02-26', NULL, NULL),
(23, 4, 28, '2024-02-26', NULL, NULL),
(24, 5, 29, '2024-02-26', NULL, NULL),
(25, 7, 30, '2024-02-26', NULL, NULL),
(26, 8, 31, '2024-02-26', NULL, NULL),
(27, 9, 32, '2024-02-26', NULL, NULL),
(28, 10, 33, '2024-02-26', NULL, NULL),
(29, 11, 34, '2024-02-26', NULL, NULL),
(30, 12, 35, '2024-02-26', NULL, NULL),
(31, 13, 36, '2024-02-26', NULL, NULL),
(32, 2, 37, '2024-02-27', NULL, NULL),
(33, 4, 38, '2024-02-27', NULL, NULL),
(34, 5, 39, '2024-02-27', NULL, NULL),
(35, 7, 40, '2024-02-27', NULL, NULL),
(36, 8, 41, '2024-02-27', NULL, NULL),
(37, 9, 42, '2024-02-27', NULL, NULL),
(38, 10, 43, '2024-02-27', NULL, NULL),
(39, 11, 44, '2024-02-27', NULL, NULL),
(40, 12, 45, '2024-02-27', NULL, NULL),
(41, 13, 46, '2024-02-27', NULL, NULL),
(42, 2, 47, '2024-02-28', NULL, NULL),
(43, 4, 48, '2024-02-28', NULL, NULL),
(44, 5, 49, '2024-02-28', NULL, NULL),
(45, 7, 50, '2024-02-28', NULL, NULL),
(46, 8, 51, '2024-02-28', NULL, NULL),
(47, 9, 52, '2024-02-28', NULL, NULL),
(48, 10, 53, '2024-02-28', NULL, NULL),
(49, 11, 54, '2024-02-28', NULL, NULL),
(50, 12, 55, '2024-02-28', NULL, NULL),
(53, 4, 58, '2024-02-29', NULL, NULL),
(54, 5, 59, '2024-02-29', NULL, NULL),
(55, 7, 60, '2024-02-29', NULL, NULL),
(56, 8, 61, '2024-02-29', NULL, NULL),
(57, 9, 62, '2024-02-29', NULL, NULL),
(58, 10, 63, '2024-02-29', NULL, NULL),
(59, 11, 64, '2024-02-29', NULL, NULL),
(60, 12, 65, '2024-02-29', NULL, NULL),
(61, 13, 66, '2024-02-29', NULL, NULL),
(62, 2, 67, '2024-03-01', NULL, NULL),
(63, 4, 68, '2024-03-01', NULL, NULL),
(64, 5, 69, '2024-03-01', NULL, NULL),
(65, 7, 70, '2024-03-01', NULL, NULL),
(66, 8, 71, '2024-03-01', NULL, NULL),
(67, 9, 72, '2024-03-01', NULL, NULL),
(68, 10, 73, '2024-03-01', NULL, NULL),
(69, 11, 74, '2024-03-01', NULL, NULL),
(70, 12, 75, '2024-03-01', NULL, NULL),
(71, 13, 76, '2024-03-01', NULL, NULL),
(72, 2, 77, '2024-03-02', NULL, NULL),
(73, 4, 78, '2024-03-02', NULL, NULL),
(74, 5, 79, '2024-03-02', NULL, NULL),
(75, 7, 80, '2024-03-02', NULL, NULL),
(76, 8, 81, '2024-03-02', NULL, NULL),
(77, 9, 82, '2024-03-02', NULL, NULL),
(78, 10, 83, '2024-03-02', NULL, NULL),
(79, 11, 84, '2024-03-02', NULL, NULL),
(80, 12, 85, '2024-03-02', NULL, NULL),
(81, 13, 86, '2024-03-02', NULL, NULL),
(82, 2, 87, '2024-03-03', NULL, NULL),
(83, 4, 88, '2024-03-03', NULL, NULL),
(84, 5, 89, '2024-03-03', NULL, NULL),
(85, 7, 90, '2024-03-03', NULL, NULL),
(86, 8, 91, '2024-03-03', NULL, NULL),
(87, 9, 92, '2024-03-03', NULL, NULL),
(88, 10, 93, '2024-03-03', NULL, NULL),
(89, 11, 94, '2024-03-03', NULL, NULL),
(90, 12, 95, '2024-03-03', NULL, NULL),
(91, 13, 96, '2024-03-03', NULL, NULL),
(92, 2, 97, '2024-03-04', NULL, NULL),
(93, 4, 98, '2024-03-04', NULL, NULL),
(94, 5, 99, '2024-03-04', NULL, NULL),
(95, 7, 100, '2024-03-04', NULL, NULL),
(96, 8, 101, '2024-03-04', NULL, NULL),
(97, 9, 102, '2024-03-04', NULL, NULL),
(98, 10, 103, '2024-03-04', NULL, NULL),
(99, 11, 104, '2024-03-04', NULL, NULL),
(100, 12, 105, '2024-03-04', NULL, NULL),
(101, 13, 106, '2024-03-04', NULL, NULL),
(103, 13, 108, '2024-02-29', NULL, NULL),
(104, 13, 109, '2024-03-01', NULL, NULL),
(105, 13, 110, '2024-03-02', NULL, NULL),
(106, 13, 111, '2024-03-03', NULL, NULL),
(107, 13, 112, '2024-03-04', NULL, NULL),
(108, 13, 113, '2024-03-05', NULL, NULL),
(109, 13, 114, '2024-03-06', NULL, NULL),
(110, 13, 115, '2024-03-07', NULL, NULL),
(112, 13, 117, '2024-02-28', NULL, NULL),
(113, 13, 118, '2024-02-28', NULL, NULL),
(114, 4, 119, '2024-03-01', NULL, NULL),
(115, 5, 120, '2024-03-01', NULL, NULL),
(116, 4, 121, '2024-03-08', NULL, NULL),
(117, 5, 122, '2024-03-08', NULL, NULL),
(118, 4, 123, '2024-03-15', NULL, NULL),
(119, 5, 124, '2024-03-15', NULL, NULL),
(120, 4, 125, '2024-03-22', NULL, NULL),
(121, 5, 126, '2024-03-22', NULL, NULL),
(122, 2, 127, '2024-02-29', NULL, NULL),
(125, 39, 130, '2024-03-01', NULL, NULL),
(126, 39, 131, '2024-03-04', NULL, NULL),
(128, 39, 134, '2024-03-04', NULL, NULL),
(129, 8, 135, '2024-03-05', NULL, NULL),
(130, 9, 136, '2024-03-05', NULL, NULL),
(131, 11, 137, '2024-03-05', NULL, NULL),
(132, 12, 138, '2024-03-05', NULL, NULL),
(133, 21, 139, '2024-03-05', NULL, NULL),
(134, 22, 140, '2024-03-05', NULL, NULL),
(135, 23, 141, '2024-03-05', NULL, NULL),
(136, 24, 142, '2024-03-05', NULL, NULL),
(137, 25, 143, '2024-03-05', NULL, NULL),
(138, 26, 144, '2024-03-05', NULL, NULL),
(139, 27, 145, '2024-03-05', NULL, NULL),
(140, 28, 146, '2024-03-05', NULL, NULL),
(141, 29, 147, '2024-03-05', NULL, NULL),
(142, 30, 148, '2024-03-05', NULL, NULL),
(143, 31, 149, '2024-03-05', NULL, NULL),
(144, 32, 150, '2024-03-05', NULL, NULL),
(145, 33, 151, '2024-03-05', NULL, NULL),
(146, 34, 152, '2024-03-05', NULL, NULL),
(147, 39, 153, '2024-03-05', NULL, NULL),
(178, 4, 184, '2024-03-08', NULL, NULL),
(179, 5, 185, '2024-03-08', NULL, NULL),
(180, 7, 186, '2024-03-08', NULL, NULL),
(181, 8, 187, '2024-03-08', NULL, NULL),
(182, 9, 188, '2024-03-08', NULL, NULL),
(183, 10, 189, '2024-03-08', NULL, NULL),
(184, 11, 190, '2024-03-08', NULL, NULL),
(185, 12, 191, '2024-03-08', NULL, NULL),
(186, 13, 192, '2024-03-08', NULL, NULL),
(187, 16, 193, '2024-03-08', NULL, NULL),
(188, 20, 194, '2024-03-08', NULL, NULL),
(189, 21, 195, '2024-03-08', NULL, NULL),
(190, 22, 196, '2024-03-08', NULL, NULL),
(191, 23, 197, '2024-03-08', NULL, NULL),
(192, 24, 198, '2024-03-08', NULL, NULL),
(193, 25, 199, '2024-03-08', NULL, NULL),
(194, 26, 200, '2024-03-08', NULL, NULL),
(195, 27, 201, '2024-03-08', NULL, NULL),
(196, 28, 202, '2024-03-08', NULL, NULL),
(197, 29, 203, '2024-03-08', NULL, NULL),
(198, 30, 204, '2024-03-08', NULL, NULL),
(199, 31, 205, '2024-03-08', NULL, NULL),
(200, 32, 206, '2024-03-08', NULL, NULL),
(201, 33, 207, '2024-03-08', NULL, NULL),
(202, 34, 208, '2024-03-08', NULL, NULL),
(203, 36, 209, '2024-03-08', NULL, NULL),
(205, 8, 211, '2024-03-08', NULL, NULL),
(206, 9, 212, '2024-03-08', NULL, NULL),
(207, 11, 213, '2024-03-08', NULL, NULL),
(208, 12, 214, '2024-03-08', NULL, NULL),
(209, 21, 215, '2024-03-08', NULL, NULL),
(210, 22, 216, '2024-03-08', NULL, NULL),
(211, 23, 217, '2024-03-08', NULL, NULL),
(212, 24, 218, '2024-03-08', NULL, NULL),
(213, 25, 219, '2024-03-08', NULL, NULL),
(214, 26, 220, '2024-03-08', NULL, NULL),
(215, 27, 221, '2024-03-08', NULL, NULL),
(216, 28, 222, '2024-03-08', NULL, NULL),
(217, 29, 223, '2024-03-08', NULL, NULL),
(218, 30, 224, '2024-03-08', NULL, NULL),
(219, 31, 225, '2024-03-08', NULL, NULL),
(220, 32, 226, '2024-03-08', NULL, NULL),
(221, 33, 227, '2024-03-08', NULL, NULL),
(222, 34, 228, '2024-03-08', NULL, NULL),
(223, 2, 229, '2024-03-08', NULL, NULL),
(227, 39, 233, '2024-03-09', NULL, NULL),
(228, 39, 234, '2024-03-08', NULL, NULL),
(230, 39, 236, '2024-03-12', NULL, NULL),
(232, 39, 238, '2024-03-13', NULL, NULL),
(236, 9, 242, '2024-03-13', NULL, NULL),
(237, 11, 243, '2024-03-13', NULL, NULL),
(238, 12, 244, '2024-03-13', NULL, NULL),
(239, 13, 245, '2024-03-13', NULL, NULL),
(240, 13, 246, '2024-03-14', NULL, NULL),
(241, 39, 247, '2024-03-15', NULL, NULL),
(243, 39, 249, '2024-03-14', NULL, NULL),
(244, 2, 250, '2024-03-14', NULL, NULL),
(245, 4, 251, '2024-03-14', NULL, NULL),
(246, 5, 252, '2024-03-14', NULL, NULL),
(247, 7, 253, '2024-03-14', NULL, NULL),
(248, 8, 254, '2024-03-14', NULL, NULL),
(249, 9, 255, '2024-03-14', NULL, NULL),
(250, 10, 256, '2024-03-14', NULL, NULL),
(251, 11, 257, '2024-03-14', NULL, NULL),
(252, 12, 258, '2024-03-14', NULL, NULL),
(253, 13, 259, '2024-03-14', NULL, NULL),
(254, 16, 260, '2024-03-14', NULL, NULL),
(255, 20, 261, '2024-03-14', NULL, NULL),
(256, 21, 262, '2024-03-14', NULL, NULL),
(257, 22, 263, '2024-03-14', NULL, NULL),
(258, 23, 264, '2024-03-14', NULL, NULL),
(259, 24, 265, '2024-03-14', NULL, NULL),
(260, 25, 266, '2024-03-14', NULL, NULL),
(261, 26, 267, '2024-03-14', NULL, NULL),
(262, 27, 268, '2024-03-14', NULL, NULL),
(263, 28, 269, '2024-03-14', NULL, NULL),
(264, 29, 270, '2024-03-14', NULL, NULL),
(265, 30, 271, '2024-03-14', NULL, NULL),
(266, 31, 272, '2024-03-14', NULL, NULL),
(267, 32, 273, '2024-03-14', NULL, NULL),
(268, 33, 274, '2024-03-14', NULL, NULL),
(269, 34, 275, '2024-03-14', NULL, NULL),
(270, 36, 276, '2024-03-14', NULL, NULL),
(271, 39, 277, '2024-03-14', NULL, NULL),
(272, 2, 278, '2024-03-18', NULL, NULL),
(273, 4, 279, '2024-03-18', NULL, NULL),
(274, 5, 280, '2024-03-18', NULL, NULL),
(275, 7, 281, '2024-03-18', NULL, NULL),
(276, 8, 282, '2024-03-18', NULL, NULL),
(277, 9, 283, '2024-03-18', NULL, NULL),
(278, 10, 284, '2024-03-18', NULL, NULL),
(279, 11, 285, '2024-03-18', NULL, NULL),
(280, 12, 286, '2024-03-18', NULL, NULL),
(281, 13, 287, '2024-03-18', NULL, NULL),
(282, 16, 288, '2024-03-18', NULL, NULL),
(283, 20, 289, '2024-03-18', NULL, NULL),
(284, 21, 290, '2024-03-18', NULL, NULL),
(285, 22, 291, '2024-03-18', NULL, NULL),
(286, 23, 292, '2024-03-18', NULL, NULL),
(287, 24, 293, '2024-03-18', NULL, NULL),
(288, 25, 294, '2024-03-18', NULL, NULL),
(289, 26, 295, '2024-03-18', NULL, NULL),
(290, 27, 296, '2024-03-18', NULL, NULL),
(291, 28, 297, '2024-03-18', NULL, NULL),
(292, 29, 298, '2024-03-18', NULL, NULL),
(293, 30, 299, '2024-03-18', NULL, NULL),
(294, 31, 300, '2024-03-18', NULL, NULL),
(295, 32, 301, '2024-03-18', NULL, NULL),
(296, 33, 302, '2024-03-18', NULL, NULL),
(297, 34, 303, '2024-03-18', NULL, NULL),
(298, 36, 304, '2024-03-18', NULL, NULL),
(299, 39, 305, '2024-03-18', NULL, NULL),
(300, 2, 306, '2024-03-19', NULL, NULL),
(301, 4, 307, '2024-03-19', NULL, NULL),
(302, 5, 308, '2024-03-19', NULL, NULL),
(303, 7, 309, '2024-03-19', NULL, NULL),
(304, 8, 310, '2024-03-19', NULL, NULL),
(305, 9, 311, '2024-03-19', NULL, NULL),
(306, 10, 312, '2024-03-19', NULL, NULL),
(307, 11, 313, '2024-03-19', NULL, NULL),
(308, 12, 314, '2024-03-19', NULL, NULL),
(309, 13, 315, '2024-03-19', NULL, NULL),
(310, 16, 316, '2024-03-19', NULL, NULL),
(311, 20, 317, '2024-03-19', NULL, NULL),
(312, 21, 318, '2024-03-19', NULL, NULL),
(313, 22, 319, '2024-03-19', NULL, NULL),
(314, 23, 320, '2024-03-19', NULL, NULL),
(315, 24, 321, '2024-03-19', NULL, NULL),
(316, 25, 322, '2024-03-19', NULL, NULL),
(317, 26, 323, '2024-03-19', NULL, NULL),
(318, 27, 324, '2024-03-19', NULL, NULL),
(319, 28, 325, '2024-03-19', NULL, NULL),
(320, 29, 326, '2024-03-19', NULL, NULL),
(321, 30, 327, '2024-03-19', NULL, NULL),
(322, 31, 328, '2024-03-19', NULL, NULL),
(323, 32, 329, '2024-03-19', NULL, NULL),
(324, 33, 330, '2024-03-19', NULL, NULL),
(325, 34, 331, '2024-03-19', NULL, NULL),
(326, 36, 332, '2024-03-19', NULL, NULL),
(327, 39, 333, '2024-03-19', NULL, NULL),
(328, 2, 334, '2024-03-20', NULL, NULL),
(329, 4, 335, '2024-03-20', NULL, NULL),
(330, 5, 336, '2024-03-20', NULL, NULL),
(331, 7, 337, '2024-03-20', NULL, NULL),
(332, 8, 338, '2024-03-20', NULL, NULL),
(333, 9, 339, '2024-03-20', NULL, NULL),
(334, 10, 340, '2024-03-20', NULL, NULL),
(335, 11, 341, '2024-03-20', NULL, NULL),
(336, 12, 342, '2024-03-20', NULL, NULL),
(337, 13, 343, '2024-03-20', NULL, NULL),
(338, 16, 344, '2024-03-20', NULL, NULL),
(339, 20, 345, '2024-03-20', NULL, NULL),
(340, 21, 346, '2024-03-20', NULL, NULL),
(341, 22, 347, '2024-03-20', NULL, NULL),
(342, 23, 348, '2024-03-20', NULL, NULL),
(343, 24, 349, '2024-03-20', NULL, NULL),
(344, 25, 350, '2024-03-20', NULL, NULL),
(345, 26, 351, '2024-03-20', NULL, NULL),
(346, 27, 352, '2024-03-20', NULL, NULL),
(347, 28, 353, '2024-03-20', NULL, NULL),
(348, 29, 354, '2024-03-20', NULL, NULL),
(349, 30, 355, '2024-03-20', NULL, NULL),
(350, 31, 356, '2024-03-20', NULL, NULL),
(351, 32, 357, '2024-03-20', NULL, NULL),
(352, 33, 358, '2024-03-20', NULL, NULL),
(353, 34, 359, '2024-03-20', NULL, NULL),
(354, 36, 360, '2024-03-20', NULL, NULL),
(355, 39, 361, '2024-03-20', NULL, NULL),
(356, 2, 362, '2024-03-21', NULL, NULL),
(357, 4, 363, '2024-03-21', NULL, NULL),
(358, 5, 364, '2024-03-21', NULL, NULL),
(359, 7, 365, '2024-03-21', NULL, NULL),
(360, 8, 366, '2024-03-21', NULL, NULL),
(361, 9, 367, '2024-03-21', NULL, NULL),
(362, 10, 368, '2024-03-21', NULL, NULL),
(363, 11, 369, '2024-03-21', NULL, NULL),
(364, 12, 370, '2024-03-21', NULL, NULL),
(365, 13, 371, '2024-03-21', NULL, NULL),
(366, 16, 372, '2024-03-21', NULL, NULL),
(367, 20, 373, '2024-03-21', NULL, NULL),
(368, 21, 374, '2024-03-21', NULL, NULL),
(369, 22, 375, '2024-03-21', NULL, NULL),
(370, 23, 376, '2024-03-21', NULL, NULL),
(371, 24, 377, '2024-03-21', NULL, NULL),
(372, 25, 378, '2024-03-21', NULL, NULL),
(373, 26, 379, '2024-03-21', NULL, NULL),
(374, 27, 380, '2024-03-21', NULL, NULL),
(375, 28, 381, '2024-03-21', NULL, NULL),
(376, 29, 382, '2024-03-21', NULL, NULL),
(377, 30, 383, '2024-03-21', NULL, NULL),
(378, 31, 384, '2024-03-21', NULL, NULL),
(379, 32, 385, '2024-03-21', NULL, NULL),
(380, 33, 386, '2024-03-21', NULL, NULL),
(381, 34, 387, '2024-03-21', NULL, NULL),
(382, 36, 388, '2024-03-21', NULL, NULL),
(383, 39, 389, '2024-03-21', NULL, NULL),
(384, 2, 390, '2024-03-22', NULL, NULL),
(385, 4, 391, '2024-03-22', NULL, NULL),
(386, 5, 392, '2024-03-22', NULL, NULL),
(387, 7, 393, '2024-03-22', NULL, NULL),
(388, 8, 394, '2024-03-22', NULL, NULL),
(389, 9, 395, '2024-03-22', NULL, NULL),
(390, 10, 396, '2024-03-22', NULL, NULL),
(391, 11, 397, '2024-03-22', NULL, NULL),
(392, 12, 398, '2024-03-22', NULL, NULL),
(393, 13, 399, '2024-03-22', NULL, NULL),
(394, 16, 400, '2024-03-22', NULL, NULL),
(395, 20, 401, '2024-03-22', NULL, NULL),
(396, 21, 402, '2024-03-22', NULL, NULL),
(397, 22, 403, '2024-03-22', NULL, NULL),
(398, 23, 404, '2024-03-22', NULL, NULL),
(399, 24, 405, '2024-03-22', NULL, NULL),
(400, 25, 406, '2024-03-22', NULL, NULL),
(401, 26, 407, '2024-03-22', NULL, NULL),
(402, 27, 408, '2024-03-22', NULL, NULL),
(403, 28, 409, '2024-03-22', NULL, NULL),
(404, 29, 410, '2024-03-22', NULL, NULL),
(405, 30, 411, '2024-03-22', NULL, NULL),
(406, 31, 412, '2024-03-22', NULL, NULL),
(407, 32, 413, '2024-03-22', NULL, NULL),
(408, 33, 414, '2024-03-22', NULL, NULL),
(409, 34, 415, '2024-03-22', NULL, NULL),
(410, 36, 416, '2024-03-22', NULL, NULL),
(411, 39, 417, '2024-03-22', NULL, NULL),
(412, 39, 418, '2024-03-16', NULL, NULL),
(413, 2, 419, '2024-03-25', NULL, NULL),
(414, 4, 420, '2024-03-25', NULL, NULL),
(415, 5, 421, '2024-03-25', NULL, NULL),
(416, 7, 422, '2024-03-25', NULL, NULL),
(417, 8, 423, '2024-03-25', NULL, NULL),
(418, 9, 424, '2024-03-25', NULL, NULL),
(419, 10, 425, '2024-03-25', NULL, NULL),
(420, 11, 426, '2024-03-25', NULL, NULL),
(421, 12, 427, '2024-03-25', NULL, NULL),
(422, 13, 428, '2024-03-25', NULL, NULL),
(423, 16, 429, '2024-03-25', NULL, NULL),
(424, 20, 430, '2024-03-25', NULL, NULL),
(425, 21, 431, '2024-03-25', NULL, NULL),
(426, 22, 432, '2024-03-25', NULL, NULL),
(427, 23, 433, '2024-03-25', NULL, NULL),
(428, 24, 434, '2024-03-25', NULL, NULL),
(429, 25, 435, '2024-03-25', NULL, NULL),
(430, 26, 436, '2024-03-25', NULL, NULL),
(431, 27, 437, '2024-03-25', NULL, NULL),
(432, 28, 438, '2024-03-25', NULL, NULL),
(433, 29, 439, '2024-03-25', NULL, NULL),
(434, 30, 440, '2024-03-25', NULL, NULL),
(435, 31, 441, '2024-03-25', NULL, NULL),
(436, 32, 442, '2024-03-25', NULL, NULL),
(438, 34, 444, '2024-03-25', NULL, NULL),
(439, 36, 445, '2024-03-25', NULL, NULL),
(440, 39, 446, '2024-03-25', NULL, NULL),
(441, 2, 447, '2024-03-26', NULL, NULL),
(442, 4, 448, '2024-03-26', NULL, NULL),
(443, 5, 449, '2024-03-26', NULL, NULL),
(444, 7, 450, '2024-03-26', NULL, NULL),
(445, 8, 451, '2024-03-26', NULL, NULL),
(446, 9, 452, '2024-03-26', NULL, NULL),
(447, 10, 453, '2024-03-26', NULL, NULL),
(448, 11, 454, '2024-03-26', NULL, NULL),
(449, 12, 455, '2024-03-26', NULL, NULL),
(450, 13, 456, '2024-03-26', NULL, NULL),
(451, 16, 457, '2024-03-26', NULL, NULL),
(452, 20, 458, '2024-03-26', NULL, NULL),
(453, 21, 459, '2024-03-26', NULL, NULL),
(454, 22, 460, '2024-03-26', NULL, NULL),
(455, 23, 461, '2024-03-26', NULL, NULL),
(456, 24, 462, '2024-03-26', NULL, NULL),
(457, 25, 463, '2024-03-26', NULL, NULL),
(458, 26, 464, '2024-03-26', NULL, NULL),
(459, 27, 465, '2024-03-26', NULL, NULL),
(460, 28, 466, '2024-03-26', NULL, NULL),
(461, 29, 467, '2024-03-26', NULL, NULL),
(462, 30, 468, '2024-03-26', NULL, NULL),
(463, 31, 469, '2024-03-26', NULL, NULL),
(464, 32, 470, '2024-03-26', NULL, NULL),
(465, 33, 471, '2024-03-26', NULL, NULL),
(466, 34, 472, '2024-03-26', NULL, NULL),
(467, 36, 473, '2024-03-26', NULL, NULL),
(468, 39, 474, '2024-03-26', NULL, NULL),
(469, 2, 475, '2024-03-27', NULL, NULL),
(470, 4, 476, '2024-03-27', NULL, NULL),
(471, 5, 477, '2024-03-27', NULL, NULL),
(472, 7, 478, '2024-03-27', NULL, NULL),
(473, 8, 479, '2024-03-27', NULL, NULL),
(474, 9, 480, '2024-03-27', NULL, NULL),
(475, 10, 481, '2024-03-27', NULL, NULL),
(476, 11, 482, '2024-03-27', NULL, NULL),
(477, 12, 483, '2024-03-27', NULL, NULL),
(478, 13, 484, '2024-03-27', NULL, NULL),
(479, 16, 485, '2024-03-27', NULL, NULL),
(480, 20, 486, '2024-03-27', NULL, NULL),
(481, 21, 487, '2024-03-27', NULL, NULL),
(482, 22, 488, '2024-03-27', NULL, NULL),
(483, 23, 489, '2024-03-27', NULL, NULL),
(484, 24, 490, '2024-03-27', NULL, NULL),
(485, 25, 491, '2024-03-27', NULL, NULL),
(486, 26, 492, '2024-03-27', NULL, NULL),
(487, 27, 493, '2024-03-27', NULL, NULL),
(488, 28, 494, '2024-03-27', NULL, NULL),
(489, 29, 495, '2024-03-27', NULL, NULL),
(490, 30, 496, '2024-03-27', NULL, NULL),
(491, 31, 497, '2024-03-27', NULL, NULL),
(492, 32, 498, '2024-03-27', NULL, NULL),
(493, 33, 499, '2024-03-27', NULL, NULL),
(494, 34, 500, '2024-03-27', NULL, NULL),
(495, 36, 501, '2024-03-27', NULL, NULL),
(496, 39, 502, '2024-03-27', NULL, NULL),
(497, 2, 503, '2024-03-28', NULL, NULL),
(498, 4, 504, '2024-03-28', NULL, NULL),
(499, 5, 505, '2024-03-28', NULL, NULL),
(500, 7, 506, '2024-03-28', NULL, NULL),
(501, 8, 507, '2024-03-28', NULL, NULL),
(502, 9, 508, '2024-03-28', NULL, NULL),
(503, 10, 509, '2024-03-28', NULL, NULL),
(504, 11, 510, '2024-03-28', NULL, NULL),
(505, 12, 511, '2024-03-28', NULL, NULL),
(506, 13, 512, '2024-03-28', NULL, NULL),
(507, 16, 513, '2024-03-28', NULL, NULL),
(508, 20, 514, '2024-03-28', NULL, NULL),
(509, 21, 515, '2024-03-28', NULL, NULL),
(510, 22, 516, '2024-03-28', NULL, NULL),
(511, 23, 517, '2024-03-28', NULL, NULL),
(512, 24, 518, '2024-03-28', NULL, NULL),
(513, 25, 519, '2024-03-28', NULL, NULL),
(514, 26, 520, '2024-03-28', NULL, NULL),
(515, 27, 521, '2024-03-28', NULL, NULL),
(516, 28, 522, '2024-03-28', NULL, NULL),
(517, 29, 523, '2024-03-28', NULL, NULL),
(518, 30, 524, '2024-03-28', NULL, NULL),
(519, 31, 525, '2024-03-28', NULL, NULL),
(520, 32, 526, '2024-03-28', NULL, NULL),
(521, 33, 527, '2024-03-28', NULL, NULL),
(522, 34, 528, '2024-03-28', NULL, NULL),
(523, 36, 529, '2024-03-28', NULL, NULL),
(524, 39, 530, '2024-03-28', NULL, NULL),
(525, 33, 531, '2024-03-25', NULL, NULL),
(527, 43, 534, '2024-03-25', NULL, NULL),
(528, 43, 535, '2024-03-26', NULL, NULL),
(529, 43, 536, '2024-03-27', NULL, NULL),
(530, 43, 537, '2024-03-28', NULL, NULL),
(531, 42, 538, '2024-03-25', NULL, NULL),
(532, 42, 539, '2024-03-26', NULL, NULL),
(533, 42, 540, '2024-03-27', NULL, NULL),
(534, 42, 541, '2024-03-28', NULL, NULL),
(535, 44, 542, '2024-03-25', NULL, NULL),
(536, 44, 543, '2024-03-26', NULL, NULL),
(537, 44, 544, '2024-03-27', NULL, NULL),
(538, 44, 545, '2024-03-28', NULL, NULL),
(539, 45, 546, '2024-03-25', NULL, NULL),
(540, 45, 547, '2024-03-26', NULL, NULL),
(541, 45, 548, '2024-03-27', NULL, NULL),
(542, 45, 549, '2024-03-28', NULL, NULL),
(543, 35, 550, '2024-03-27', NULL, NULL),
(544, 35, 551, '2024-03-28', NULL, NULL),
(545, 2, 552, '2024-04-03', NULL, NULL),
(546, 4, 553, '2024-04-03', NULL, NULL),
(547, 5, 554, '2024-04-03', NULL, NULL),
(548, 7, 555, '2024-04-03', NULL, NULL),
(549, 8, 556, '2024-04-03', NULL, NULL),
(550, 9, 557, '2024-04-03', NULL, NULL),
(551, 11, 558, '2024-04-03', NULL, NULL),
(552, 12, 559, '2024-04-03', NULL, NULL),
(553, 13, 560, '2024-04-03', NULL, NULL),
(554, 16, 561, '2024-04-03', NULL, NULL),
(555, 20, 562, '2024-04-03', NULL, NULL),
(556, 21, 563, '2024-04-03', NULL, NULL),
(557, 22, 564, '2024-04-03', NULL, NULL),
(558, 23, 565, '2024-04-03', NULL, NULL),
(559, 24, 566, '2024-04-03', NULL, NULL),
(560, 25, 567, '2024-04-03', NULL, NULL),
(561, 26, 568, '2024-04-03', NULL, NULL),
(562, 27, 569, '2024-04-03', NULL, NULL),
(563, 28, 570, '2024-04-03', NULL, NULL),
(564, 29, 571, '2024-04-03', NULL, NULL),
(565, 30, 572, '2024-04-03', NULL, NULL),
(566, 31, 573, '2024-04-03', NULL, NULL),
(567, 32, 574, '2024-04-03', NULL, NULL),
(568, 33, 575, '2024-04-03', NULL, NULL),
(569, 34, 576, '2024-04-03', NULL, NULL),
(570, 35, 577, '2024-04-03', NULL, NULL),
(571, 36, 578, '2024-04-03', NULL, NULL),
(572, 39, 579, '2024-04-03', NULL, NULL),
(573, 41, 580, '2024-04-03', NULL, NULL),
(574, 42, 581, '2024-04-03', NULL, NULL),
(575, 43, 582, '2024-04-03', NULL, NULL),
(576, 44, 583, '2024-04-03', NULL, NULL),
(577, 45, 584, '2024-04-03', NULL, NULL),
(578, 2, 585, '2024-04-04', NULL, NULL),
(579, 4, 586, '2024-04-04', NULL, NULL),
(580, 5, 587, '2024-04-04', NULL, NULL),
(581, 7, 588, '2024-04-04', NULL, NULL),
(582, 8, 589, '2024-04-04', NULL, NULL),
(583, 9, 590, '2024-04-04', NULL, NULL),
(584, 11, 591, '2024-04-04', NULL, NULL),
(585, 12, 592, '2024-04-04', NULL, NULL),
(586, 13, 593, '2024-04-04', NULL, NULL),
(587, 16, 594, '2024-04-04', NULL, NULL),
(588, 20, 595, '2024-04-04', NULL, NULL),
(589, 21, 596, '2024-04-04', NULL, NULL),
(590, 22, 597, '2024-04-04', NULL, NULL),
(591, 23, 598, '2024-04-04', NULL, NULL),
(592, 24, 599, '2024-04-04', NULL, NULL),
(593, 25, 600, '2024-04-04', NULL, NULL),
(594, 26, 601, '2024-04-04', NULL, NULL),
(595, 27, 602, '2024-04-04', NULL, NULL),
(596, 28, 603, '2024-04-04', NULL, NULL),
(597, 29, 604, '2024-04-04', NULL, NULL),
(598, 30, 605, '2024-04-04', NULL, NULL),
(599, 31, 606, '2024-04-04', NULL, NULL),
(600, 32, 607, '2024-04-04', NULL, NULL),
(601, 33, 608, '2024-04-04', NULL, NULL),
(602, 34, 609, '2024-04-04', NULL, NULL),
(603, 35, 610, '2024-04-04', NULL, NULL),
(604, 36, 611, '2024-04-04', NULL, NULL),
(605, 39, 612, '2024-04-04', NULL, NULL),
(606, 41, 613, '2024-04-04', NULL, NULL),
(607, 42, 614, '2024-04-04', NULL, NULL),
(608, 43, 615, '2024-04-04', NULL, NULL),
(609, 44, 616, '2024-04-04', NULL, NULL),
(610, 45, 617, '2024-04-04', NULL, NULL),
(611, 2, 618, '2024-04-05', NULL, NULL),
(612, 4, 619, '2024-04-05', NULL, NULL),
(613, 5, 620, '2024-04-05', NULL, NULL),
(614, 7, 621, '2024-04-05', NULL, NULL),
(615, 8, 622, '2024-04-05', NULL, NULL),
(616, 9, 623, '2024-04-05', NULL, NULL),
(617, 11, 624, '2024-04-05', NULL, NULL),
(618, 12, 625, '2024-04-05', NULL, NULL),
(619, 13, 626, '2024-04-05', NULL, NULL),
(620, 16, 627, '2024-04-05', NULL, NULL),
(621, 20, 628, '2024-04-05', NULL, NULL),
(622, 21, 629, '2024-04-05', NULL, NULL),
(623, 22, 630, '2024-04-05', NULL, NULL),
(624, 23, 631, '2024-04-05', NULL, NULL),
(625, 24, 632, '2024-04-05', NULL, NULL),
(626, 25, 633, '2024-04-05', NULL, NULL),
(627, 26, 634, '2024-04-05', NULL, NULL),
(628, 27, 635, '2024-04-05', NULL, NULL),
(629, 28, 636, '2024-04-05', NULL, NULL),
(630, 29, 637, '2024-04-05', NULL, NULL),
(631, 30, 638, '2024-04-05', NULL, NULL),
(632, 31, 639, '2024-04-05', NULL, NULL),
(633, 32, 640, '2024-04-05', NULL, NULL),
(634, 33, 641, '2024-04-05', NULL, NULL),
(635, 34, 642, '2024-04-05', NULL, NULL),
(636, 35, 643, '2024-04-05', NULL, NULL),
(637, 36, 644, '2024-04-05', NULL, NULL),
(638, 39, 645, '2024-04-05', NULL, NULL),
(639, 41, 646, '2024-04-05', NULL, NULL),
(640, 42, 647, '2024-04-05', NULL, NULL),
(641, 43, 648, '2024-04-05', NULL, NULL),
(642, 44, 649, '2024-04-05', NULL, NULL),
(643, 45, 650, '2024-04-05', NULL, NULL),
(644, 2, 651, '2024-04-02', NULL, NULL),
(645, 4, 652, '2024-04-02', NULL, NULL),
(646, 5, 653, '2024-04-02', NULL, NULL),
(647, 7, 654, '2024-04-02', NULL, NULL),
(648, 8, 655, '2024-04-02', NULL, NULL),
(649, 9, 656, '2024-04-02', NULL, NULL),
(650, 11, 657, '2024-04-02', NULL, NULL),
(651, 12, 658, '2024-04-02', NULL, NULL),
(652, 13, 659, '2024-04-02', NULL, NULL),
(653, 16, 660, '2024-04-02', NULL, NULL),
(654, 20, 661, '2024-04-02', NULL, NULL),
(655, 21, 662, '2024-04-02', NULL, NULL),
(656, 22, 663, '2024-04-02', NULL, NULL),
(657, 23, 664, '2024-04-02', NULL, NULL),
(658, 24, 665, '2024-04-02', NULL, NULL),
(659, 25, 666, '2024-04-02', NULL, NULL),
(660, 26, 667, '2024-04-02', NULL, NULL),
(661, 27, 668, '2024-04-02', NULL, NULL),
(662, 28, 669, '2024-04-02', NULL, NULL),
(663, 29, 670, '2024-04-02', NULL, NULL),
(664, 30, 671, '2024-04-02', NULL, NULL),
(665, 31, 672, '2024-04-02', NULL, NULL),
(666, 32, 673, '2024-04-02', NULL, NULL),
(667, 33, 674, '2024-04-02', NULL, NULL),
(668, 34, 675, '2024-04-02', NULL, NULL),
(669, 35, 676, '2024-04-02', NULL, NULL),
(670, 36, 677, '2024-04-02', NULL, NULL),
(671, 39, 678, '2024-04-02', NULL, NULL),
(672, 41, 679, '2024-04-02', NULL, NULL),
(673, 42, 680, '2024-04-02', NULL, NULL),
(674, 43, 681, '2024-04-02', NULL, NULL),
(675, 44, 682, '2024-04-02', NULL, NULL),
(676, 45, 683, '2024-04-02', NULL, NULL),
(683, 11, 690, '2024-04-03', NULL, NULL),
(684, 12, 691, '2024-04-03', NULL, NULL),
(685, 13, 692, '2024-04-03', NULL, NULL),
(686, 16, 693, '2024-04-03', NULL, NULL),
(687, 20, 694, '2024-04-03', NULL, NULL),
(689, 22, 696, '2024-04-03', NULL, NULL),
(690, 23, 697, '2024-04-03', NULL, NULL),
(691, 24, 698, '2024-04-03', NULL, NULL),
(692, 25, 699, '2024-04-03', NULL, NULL),
(693, 26, 700, '2024-04-03', NULL, NULL),
(694, 27, 701, '2024-04-03', NULL, NULL),
(695, 28, 702, '2024-04-03', NULL, NULL),
(696, 29, 703, '2024-04-03', NULL, NULL),
(697, 30, 704, '2024-04-03', NULL, NULL),
(698, 31, 705, '2024-04-03', NULL, NULL),
(699, 32, 706, '2024-04-03', NULL, NULL),
(700, 33, 707, '2024-04-03', NULL, NULL),
(701, 34, 708, '2024-04-03', NULL, NULL),
(702, 35, 709, '2024-04-03', NULL, NULL),
(703, 36, 710, '2024-04-03', NULL, NULL),
(704, 39, 711, '2024-04-03', NULL, NULL),
(705, 41, 712, '2024-04-03', NULL, NULL),
(706, 42, 713, '2024-04-03', NULL, NULL),
(707, 43, 714, '2024-04-03', NULL, NULL),
(708, 44, 715, '2024-04-03', NULL, NULL),
(709, 45, 716, '2024-04-03', NULL, NULL),
(710, 2, 717, '2024-04-04', NULL, NULL),
(711, 4, 718, '2024-04-04', NULL, NULL),
(712, 5, 719, '2024-04-04', NULL, NULL),
(713, 7, 720, '2024-04-04', NULL, NULL),
(714, 8, 721, '2024-04-04', NULL, NULL),
(715, 9, 722, '2024-04-04', NULL, NULL),
(716, 11, 723, '2024-04-04', NULL, NULL),
(717, 12, 724, '2024-04-04', NULL, NULL),
(718, 13, 725, '2024-04-04', NULL, NULL),
(719, 16, 726, '2024-04-04', NULL, NULL),
(720, 20, 727, '2024-04-04', NULL, NULL),
(721, 21, 728, '2024-04-04', NULL, NULL),
(722, 22, 729, '2024-04-04', NULL, NULL),
(723, 23, 730, '2024-04-04', NULL, NULL),
(724, 24, 731, '2024-04-04', NULL, NULL),
(725, 25, 732, '2024-04-04', NULL, NULL),
(726, 26, 733, '2024-04-04', NULL, NULL),
(727, 27, 734, '2024-04-04', NULL, NULL),
(728, 28, 735, '2024-04-04', NULL, NULL),
(729, 29, 736, '2024-04-04', NULL, NULL),
(730, 30, 737, '2024-04-04', NULL, NULL),
(731, 31, 738, '2024-04-04', NULL, NULL),
(732, 32, 739, '2024-04-04', NULL, NULL),
(733, 33, 740, '2024-04-04', NULL, NULL),
(734, 34, 741, '2024-04-04', NULL, NULL),
(735, 35, 742, '2024-04-04', NULL, NULL),
(736, 36, 743, '2024-04-04', NULL, NULL),
(737, 39, 744, '2024-04-04', NULL, NULL),
(738, 41, 745, '2024-04-04', NULL, NULL),
(739, 42, 746, '2024-04-04', NULL, NULL),
(740, 43, 747, '2024-04-04', NULL, NULL),
(741, 44, 748, '2024-04-04', NULL, NULL),
(742, 45, 749, '2024-04-04', NULL, NULL),
(743, 2, 750, '2024-04-05', NULL, NULL),
(744, 4, 751, '2024-04-05', NULL, NULL),
(745, 5, 752, '2024-04-05', NULL, NULL),
(746, 7, 753, '2024-04-05', NULL, NULL),
(747, 8, 754, '2024-04-05', NULL, NULL),
(748, 9, 755, '2024-04-05', NULL, NULL),
(749, 11, 756, '2024-04-05', NULL, NULL),
(750, 12, 757, '2024-04-05', NULL, NULL),
(751, 13, 758, '2024-04-05', NULL, NULL),
(752, 16, 759, '2024-04-05', NULL, NULL),
(753, 20, 760, '2024-04-05', NULL, NULL),
(754, 21, 761, '2024-04-05', NULL, NULL),
(755, 22, 762, '2024-04-05', NULL, NULL),
(756, 23, 763, '2024-04-05', NULL, NULL),
(757, 24, 764, '2024-04-05', NULL, NULL),
(758, 25, 765, '2024-04-05', NULL, NULL),
(759, 26, 766, '2024-04-05', NULL, NULL),
(760, 27, 767, '2024-04-05', NULL, NULL),
(761, 28, 768, '2024-04-05', NULL, NULL),
(762, 29, 769, '2024-04-05', NULL, NULL),
(763, 30, 770, '2024-04-05', NULL, NULL),
(764, 31, 771, '2024-04-05', NULL, NULL),
(765, 32, 772, '2024-04-05', NULL, NULL),
(766, 33, 773, '2024-04-05', NULL, NULL),
(767, 34, 774, '2024-04-05', NULL, NULL),
(768, 35, 775, '2024-04-05', NULL, NULL),
(769, 36, 776, '2024-04-05', NULL, NULL),
(770, 39, 777, '2024-04-05', NULL, NULL),
(771, 41, 778, '2024-04-05', NULL, NULL),
(772, 42, 779, '2024-04-05', NULL, NULL),
(773, 43, 780, '2024-04-05', NULL, NULL),
(774, 44, 781, '2024-04-05', NULL, NULL),
(775, 45, 782, '2024-04-05', NULL, NULL),
(776, 2, 783, '2024-04-06', NULL, NULL),
(777, 4, 784, '2024-04-06', NULL, NULL),
(778, 5, 785, '2024-04-06', NULL, NULL),
(779, 7, 786, '2024-04-06', NULL, NULL),
(780, 8, 787, '2024-04-06', NULL, NULL),
(781, 9, 788, '2024-04-06', NULL, NULL),
(782, 11, 789, '2024-04-06', NULL, NULL),
(783, 12, 790, '2024-04-06', NULL, NULL),
(784, 13, 791, '2024-04-06', NULL, NULL),
(785, 16, 792, '2024-04-06', NULL, NULL),
(786, 20, 793, '2024-04-06', NULL, NULL),
(787, 21, 794, '2024-04-06', NULL, NULL),
(788, 22, 795, '2024-04-06', NULL, NULL),
(789, 23, 796, '2024-04-06', NULL, NULL),
(790, 24, 797, '2024-04-06', NULL, NULL),
(791, 25, 798, '2024-04-06', NULL, NULL),
(792, 26, 799, '2024-04-06', NULL, NULL),
(793, 27, 800, '2024-04-06', NULL, NULL),
(794, 28, 801, '2024-04-06', NULL, NULL),
(795, 29, 802, '2024-04-06', NULL, NULL),
(796, 30, 803, '2024-04-06', NULL, NULL),
(797, 31, 804, '2024-04-06', NULL, NULL),
(798, 32, 805, '2024-04-06', NULL, NULL),
(799, 33, 806, '2024-04-06', NULL, NULL),
(800, 34, 807, '2024-04-06', NULL, NULL),
(801, 35, 808, '2024-04-06', NULL, NULL),
(802, 36, 809, '2024-04-06', NULL, NULL),
(803, 39, 810, '2024-04-06', NULL, NULL),
(804, 41, 811, '2024-04-06', NULL, NULL),
(805, 42, 812, '2024-04-06', NULL, NULL),
(806, 43, 813, '2024-04-06', NULL, NULL),
(807, 44, 814, '2024-04-06', NULL, NULL),
(808, 45, 815, '2024-04-06', NULL, NULL),
(809, 53, 816, '2024-04-05', NULL, NULL);

-- --------------------------------------------------------

--
-- Table structure for table `roster_histories`
--

CREATE TABLE `roster_histories` (
  `id` bigint(20) UNSIGNED NOT NULL,
  `roster_template_id` int(11) NOT NULL,
  `updated_by` int(11) NOT NULL,
  `description` text COLLATE utf8mb4_unicode_ci NOT NULL,
  `created_at` timestamp NULL DEFAULT NULL,
  `updated_at` timestamp NULL DEFAULT NULL
) ENGINE=InnoDB DEFAULT CHARSET=utf8mb4 COLLATE=utf8mb4_unicode_ci;

--
-- Dumping data for table `roster_histories`
--

INSERT INTO `roster_histories` (`id`, `roster_template_id`, `updated_by`, `description`, `created_at`, `updated_at`) VALUES
(1, 2, 1, '<a href=\'https://dev-fastform.gtechsol.au/user-profile/1\' style=\'text-transform: capitalize;\' role=\'button\' class=\'primary text-decoration-none\'> Main  Admin</a> assigned  shift \'2\' template to \'Umair  Azam\'  at \'21-02-2024\' date .', '2024-02-21 03:39:08', '2024-02-21 03:39:08'),
(2, 0, 1, '<a href=\'https://dev-fastform.gtechsol.au/user-profile/1\' style=\'text-transform: capitalize;\' role=\'button\' class=\'primary text-decoration-none\'> Main  Admin</a> created a bulk schedule at 21-02-2024 date', '2024-02-21 03:40:57', '2024-02-21 03:40:57'),
(3, 12, 1, '<a href=\'https://dev-fastform.gtechsol.au/user-profile/1\' style=\'text-transform: capitalize;\' role=\'button\' class=\'primary text-decoration-none\'> Main  Admin</a> assigned  shift \'12\' template to \'Umair  Azam\'  at \'21-02-2024\' date .', '2024-02-21 03:51:54', '2024-02-21 03:51:54'),
(4, 14, 1, '<a href=\'https://dev-fastform.gtechsol.au/user-profile/1\' style=\'text-transform: capitalize;\' role=\'button\' class=\'primary text-decoration-none\'> Main  Admin</a> assigned  shift \'14\' template to \'Abdul Rehman Khan\'  at \'22-02-2024\' date .', '2024-02-21 23:55:00', '2024-02-21 23:55:00'),
(5, 16, 1, '<a href=\'http://dev-fastform.gtechsol.au/user-profile/1\' style=\'text-transform: capitalize;\' role=\'button\' class=\'primary text-decoration-none\'> Main  Admin</a> assigned  shift \'16\' template to \'tester  qa\'  at \'22-02-2024\' date .', '2024-02-22 04:54:19', '2024-02-22 04:54:19'),
(6, 17, 1, '<a href=\'http://dev-fastform.gtechsol.au/user-profile/1\' style=\'text-transform: capitalize;\' role=\'button\' class=\'primary text-decoration-none\'> Main  Admin</a> assigned  shift \'17\' template to \'tester  qa\'  at \'22-02-2024\' date .', '2024-02-22 04:56:04', '2024-02-22 04:56:04'),
(7, 19, 1, '<a href=\'http://dev-fastform.gtechsol.au/user-profile/1\' style=\'text-transform: capitalize;\' role=\'button\' class=\'primary text-decoration-none\'> Main  Admin</a> assigned  shift \'19\' template to \'test  app\'  at \'23-02-2024\' date .', '2024-02-22 21:38:57', '2024-02-22 21:38:57'),
(8, 20, 1, '<a href=\'https://dev-fastform.gtechsol.au/user-profile/1\' style=\'text-transform: capitalize;\' role=\'button\' class=\'primary text-decoration-none\'> Main  Admin</a> assigned  shift \'20\' template to \'Mehtab  Ahmed\'  at \'23-02-2024\' date .', '2024-02-22 23:25:24', '2024-02-22 23:25:24'),
(9, 21, 1, '<a href=\'http://dev-fastform.gtechsol.au/user-profile/1\' style=\'text-transform: capitalize;\' role=\'button\' class=\'primary text-decoration-none\'> Main  Admin</a> assigned  shift \'21\' template to \'Umair  Azam\'  at \'23-02-2024\' date .', '2024-02-22 23:51:46', '2024-02-22 23:51:46'),
(10, 22, 1, '<a href=\'http://dev-fastform.gtechsol.au/user-profile/1\' style=\'text-transform: capitalize;\' role=\'button\' class=\'primary text-decoration-none\'> Main  Admin</a> assigned  shift \'22\' template to \'Umair  Azam\'  at \'23-02-2024\' date .', '2024-02-22 23:52:23', '2024-02-22 23:52:23'),
(11, 22, 1, '<a href=\'http://dev-fastform.gtechsol.au/user-profile/1\' style=\'text-transform: capitalize;\' role=\'button\' class=\'primary text-decoration-none\'> Main  Admin</a> deleted a shifts which was assigned  \'22\' template to \'Umair  Azam\'  at \'23-02-2024\' date .', '2024-02-22 23:54:29', '2024-02-22 23:54:29'),
(12, 24, 1, '<a href=\'https://dev-fastform.gtechsol.au/user-profile/1\' style=\'text-transform: capitalize;\' role=\'button\' class=\'primary text-decoration-none\'> Main  Admin</a> assigned  shift \'24\' template to \'Ahmad  Elsayed\'  at \'23-02-2024\' date .', '2024-02-22 23:58:35', '2024-02-22 23:58:35'),
(13, 25, 1, '<a href=\'https://dev-fastform.gtechsol.au/user-profile/1\' style=\'text-transform: capitalize;\' role=\'button\' class=\'primary text-decoration-none\'> Main  Admin</a> assigned  shift \'25\' template to \'Muhammad Saad Tanveer\'  at \'23-02-2024\' date .', '2024-02-23 00:02:08', '2024-02-23 00:02:08'),
(14, 26, 1, '<a href=\'https://dev-fastform.gtechsol.au/user-profile/1\' style=\'text-transform: capitalize;\' role=\'button\' class=\'primary text-decoration-none\'> Main  Admin</a> assigned  shift \'26\' template to \'samina  Tester\'  at \'24-02-2024\' date .', '2024-02-24 02:40:47', '2024-02-24 02:40:47'),
(15, 0, 1, '<a href=\'https://dev-fastform.gtechsol.au/user-profile/1\' style=\'text-transform: capitalize;\' role=\'button\' class=\'primary text-decoration-none\'> Main  Admin</a> created a bulk schedule at 26-02-2024 date', '2024-02-25 21:26:31', '2024-02-25 21:26:31'),
(16, 0, 1, '<a href=\'https://dev-fastform.gtechsol.au/user-profile/1\' style=\'text-transform: capitalize;\' role=\'button\' class=\'primary text-decoration-none\'> Main  Admin</a> created a bulk schedule at 28-02-2024 date', '2024-02-27 16:15:35', '2024-02-27 16:15:35'),
(17, 117, 1, '<a href=\'https://dev-fastform.gtechsol.au/user-profile/1\' style=\'text-transform: capitalize;\' role=\'button\' class=\'primary text-decoration-none\'> Main  Admin</a> assigned  shift \'117\' template to \'Muhammad Saad Tanveer\'  at \'28-02-2024\' date .', '2024-02-27 16:16:41', '2024-02-27 16:16:41'),
(18, 118, 1, '<a href=\'https://dev-fastform.gtechsol.au/user-profile/1\' style=\'text-transform: capitalize;\' role=\'button\' class=\'primary text-decoration-none\'> Main  Admin</a> assigned  shift \'118\' template to \'Muhammad Saad Tanveer\'  at \'28-02-2024\' date .', '2024-02-27 16:16:49', '2024-02-27 16:16:49'),
(19, 0, 1, '<a href=\'https://dev-fastform.gtechsol.au/user-profile/1\' style=\'text-transform: capitalize;\' role=\'button\' class=\'primary text-decoration-none\'> Main  Admin</a> created a bulk schedule at 29-02-2024 date', '2024-02-29 03:38:13', '2024-02-29 03:38:13'),
(20, 127, 1, '<a href=\'https://dev-fastform.gtechsol.au/user-profile/1\' style=\'text-transform: capitalize;\' role=\'button\' class=\'primary text-decoration-none\'> Main  Admin</a> assigned  shift \'127\' template to \'Umair  Azam\'  at \'29-02-2024\' date .', '2024-02-29 05:40:33', '2024-02-29 05:40:33'),
(21, 128, 1, '<a href=\'https://dev-fastform.gtechsol.au/user-profile/1\' style=\'text-transform: capitalize;\' role=\'button\' class=\'primary text-decoration-none\'> Main  Admin</a> assigned  shift \'128\' template to \'Umair Azam Tester\'  at \'01-03-2024\' date .', '2024-02-29 23:49:07', '2024-02-29 23:49:07'),
(22, 129, 1, '<a href=\'https://dev-fastform.gtechsol.au/user-profile/1\' style=\'text-transform: capitalize;\' role=\'button\' class=\'primary text-decoration-none\'> Main  Admin</a> assigned  shift \'129\' template to \'Umair Azam Tester\'  at \'01-03-2024\' date .', '2024-02-29 23:56:27', '2024-02-29 23:56:27'),
(23, 130, 1, '<a href=\'https://dev-fastform.gtechsol.au/user-profile/1\' style=\'text-transform: capitalize;\' role=\'button\' class=\'primary text-decoration-none\'> Main  Admin</a> assigned  shift \'130\' template to \'Umair Azam Tester\'  at \'01-03-2024\' date .', '2024-03-01 00:01:38', '2024-03-01 00:01:38'),
(24, 131, 1, '<a href=\'https://dev-fastform.gtechsol.au/user-profile/1\' style=\'text-transform: capitalize;\' role=\'button\' class=\'primary text-decoration-none\'> Main  Admin</a> assigned  shift \'131\' template to \'Umair Azam Tester\'  at \'04-03-2024\' date .', '2024-03-03 22:46:04', '2024-03-03 22:46:04'),
(25, 133, 1, '<a href=\'http://dev-fastform.gtechsol.au/user-profile/1\' style=\'text-transform: capitalize;\' role=\'button\' class=\'primary text-decoration-none\'> Main  Admin</a> assigned  shift \'133\' template to \'Umair Azam Tester\'  at \'04-03-2024\' date .', '2024-03-04 03:57:47', '2024-03-04 03:57:47'),
(26, 134, 1, '<a href=\'http://dev-fastform.gtechsol.au/user-profile/1\' style=\'text-transform: capitalize;\' role=\'button\' class=\'primary text-decoration-none\'> Main  Admin</a> assigned  shift \'134\' template to \'Umair Azam Tester\'  at \'04-03-2024\' date .', '2024-03-04 03:59:28', '2024-03-04 03:59:28'),
(27, 0, 1, '<a href=\'https://dev-fastform.gtechsol.au/user-profile/1\' style=\'text-transform: capitalize;\' role=\'button\' class=\'primary text-decoration-none\'> Main  Admin</a> created a bulk schedule at 05-03-2024 date', '2024-03-04 19:06:50', '2024-03-04 19:06:50'),
(28, 153, 1, '<a href=\'https://dev-fastform.gtechsol.au/user-profile/1\' style=\'text-transform: capitalize;\' role=\'button\' class=\'primary text-decoration-none\'> Main  Admin</a> assigned  shift \'153\' template to \'Umair Azam Tester\'  at \'05-03-2024\' date .', '2024-03-05 01:02:15', '2024-03-05 01:02:15'),
(29, 154, 1, '<a href=\'https://dev-fastform.gtechsol.au/user-profile/1\' style=\'text-transform: capitalize;\' role=\'button\' class=\'primary text-decoration-none\'> Main  Admin</a> assigned  shift \'154\' template to \'Umair Azam Tester\'  at \'05-03-2024\' date .', '2024-03-05 01:02:19', '2024-03-05 01:02:19'),
(30, 154, 1, '<a href=\'https://dev-fastform.gtechsol.au/user-profile/1\' style=\'text-transform: capitalize;\' role=\'button\' class=\'primary text-decoration-none\'> Main  Admin</a> deleted a shifts which was assigned  \'154\' template to \'Umair Azam Tester\'  at \'05-03-2024\' date .', '2024-03-05 01:02:44', '2024-03-05 01:02:44'),
(31, 154, 1, '<a href=\'https://dev-fastform.gtechsol.au/user-profile/1\' style=\'text-transform: capitalize;\' role=\'button\' class=\'primary text-decoration-none\'> Main  Admin</a> deleted a shifts which was assigned  \'154\' template to \'Umair Azam Tester\'  at \'05-03-2024\' date .', '2024-03-05 01:02:46', '2024-03-05 01:02:46'),
(32, 154, 1, '<a href=\'https://dev-fastform.gtechsol.au/user-profile/1\' style=\'text-transform: capitalize;\' role=\'button\' class=\'primary text-decoration-none\'> Main  Admin</a> deleted a shifts which was assigned  \'154\' template to \'Umair Azam Tester\'  at \'05-03-2024\' date .', '2024-03-05 01:02:53', '2024-03-05 01:02:53'),
(33, 0, 1, '<a href=\'https://dev-fastform.gtechsol.au/user-profile/1\' style=\'text-transform: capitalize;\' role=\'button\' class=\'primary text-decoration-none\'> Main  Admin</a> created a bulk schedule at 08-03-2024 date', '2024-03-07 18:07:00', '2024-03-07 18:07:00'),
(34, 0, 1, '<a href=\'https://dev-fastform.gtechsol.au/user-profile/1\' style=\'text-transform: capitalize;\' role=\'button\' class=\'primary text-decoration-none\'> Main  Admin</a> created a bulk schedule at 08-03-2024 date', '2024-03-07 18:08:21', '2024-03-07 18:08:21'),
(35, 155, 1, '<a href=\'https://dev-fastform.gtechsol.au/user-profile/1\' style=\'text-transform: capitalize;\' role=\'button\' class=\'primary text-decoration-none\'> Main  Admin</a> deleted a shifts which was assigned  \'155\' template to \'Umair  Azam\'  at \'08-03-2024\' date .', '2024-03-07 18:08:52', '2024-03-07 18:08:52'),
(36, 156, 1, '<a href=\'https://dev-fastform.gtechsol.au/user-profile/1\' style=\'text-transform: capitalize;\' role=\'button\' class=\'primary text-decoration-none\'> Main  Admin</a> deleted a shifts which was assigned  \'156\' template to \'Mehtab  Ahmed\'  at \'08-03-2024\' date .', '2024-03-07 18:09:20', '2024-03-07 18:09:20'),
(37, 157, 1, '<a href=\'https://dev-fastform.gtechsol.au/user-profile/1\' style=\'text-transform: capitalize;\' role=\'button\' class=\'primary text-decoration-none\'> Main  Admin</a> deleted a shifts which was assigned  \'157\' template to \'samina  Tester\'  at \'08-03-2024\' date .', '2024-03-07 18:09:25', '2024-03-07 18:09:25'),
(38, 158, 1, '<a href=\'https://dev-fastform.gtechsol.au/user-profile/1\' style=\'text-transform: capitalize;\' role=\'button\' class=\'primary text-decoration-none\'> Main  Admin</a> deleted a shifts which was assigned  \'158\' template to \'Abdul Rehman Khan\'  at \'08-03-2024\' date .', '2024-03-07 18:09:29', '2024-03-07 18:09:29'),
(39, 159, 1, '<a href=\'https://dev-fastform.gtechsol.au/user-profile/1\' style=\'text-transform: capitalize;\' role=\'button\' class=\'primary text-decoration-none\'> Main  Admin</a> deleted a shifts which was assigned  \'159\' template to \'Haysam  ElBacha\'  at \'08-03-2024\' date .', '2024-03-07 18:09:34', '2024-03-07 18:09:34'),
(40, 160, 1, '<a href=\'https://dev-fastform.gtechsol.au/user-profile/1\' style=\'text-transform: capitalize;\' role=\'button\' class=\'primary text-decoration-none\'> Main  Admin</a> deleted a shifts which was assigned  \'160\' template to \'Ahmed  ElSayed\'  at \'08-03-2024\' date .', '2024-03-07 18:09:38', '2024-03-07 18:09:38'),
(41, 161, 1, '<a href=\'https://dev-fastform.gtechsol.au/user-profile/1\' style=\'text-transform: capitalize;\' role=\'button\' class=\'primary text-decoration-none\'> Main  Admin</a> deleted a shifts which was assigned  \'161\' template to \'Mahmoud  Massri\'  at \'08-03-2024\' date .', '2024-03-07 18:09:45', '2024-03-07 18:09:45'),
(42, 162, 1, '<a href=\'https://dev-fastform.gtechsol.au/user-profile/1\' style=\'text-transform: capitalize;\' role=\'button\' class=\'primary text-decoration-none\'> Main  Admin</a> deleted a shifts which was assigned  \'162\' template to \'Kaled  Massri\'  at \'08-03-2024\' date .', '2024-03-07 18:09:49', '2024-03-07 18:09:49'),
(43, 163, 1, '<a href=\'https://dev-fastform.gtechsol.au/user-profile/1\' style=\'text-transform: capitalize;\' role=\'button\' class=\'primary text-decoration-none\'> Main  Admin</a> deleted a shifts which was assigned  \'163\' template to \'Khodar Walid HiJAZI\'  at \'08-03-2024\' date .', '2024-03-07 18:09:53', '2024-03-07 18:09:53'),
(44, 164, 1, '<a href=\'https://dev-fastform.gtechsol.au/user-profile/1\' style=\'text-transform: capitalize;\' role=\'button\' class=\'primary text-decoration-none\'> Main  Admin</a> deleted a shifts which was assigned  \'164\' template to \'Muhammad Saad Tanveer\'  at \'08-03-2024\' date .', '2024-03-07 18:09:59', '2024-03-07 18:09:59'),
(45, 116, 1, '<a href=\'https://dev-fastform.gtechsol.au/user-profile/1\' style=\'text-transform: capitalize;\' role=\'button\' class=\'primary text-decoration-none\'> Main  Admin</a> deleted a shifts which was assigned  \'116\' template to \'Muhammad Saad Tanveer\'  at \'08-03-2024\' date .', '2024-03-07 18:10:06', '2024-03-07 18:10:06'),
(46, 165, 1, '<a href=\'https://dev-fastform.gtechsol.au/user-profile/1\' style=\'text-transform: capitalize;\' role=\'button\' class=\'primary text-decoration-none\'> Main  Admin</a> deleted a shifts which was assigned  \'165\' template to \'Abdul  Rehman\'  at \'08-03-2024\' date .', '2024-03-07 18:10:11', '2024-03-07 18:10:11'),
(47, 166, 1, '<a href=\'https://dev-fastform.gtechsol.au/user-profile/1\' style=\'text-transform: capitalize;\' role=\'button\' class=\'primary text-decoration-none\'> Main  Admin</a> deleted a shifts which was assigned  \'166\' template to \'Dev  Ops\'  at \'08-03-2024\' date .', '2024-03-07 18:10:17', '2024-03-07 18:10:17'),
(48, 167, 1, '<a href=\'https://dev-fastform.gtechsol.au/user-profile/1\' style=\'text-transform: capitalize;\' role=\'button\' class=\'primary text-decoration-none\'> Main  Admin</a> deleted a shifts which was assigned  \'167\' template to \'Yonnas Kiros BERHEMELES\'  at \'08-03-2024\' date .', '2024-03-07 18:10:20', '2024-03-07 18:10:20'),
(49, 168, 1, '<a href=\'https://dev-fastform.gtechsol.au/user-profile/1\' style=\'text-transform: capitalize;\' role=\'button\' class=\'primary text-decoration-none\'> Main  Admin</a> deleted a shifts which was assigned  \'168\' template to \'Abusaleh  SHEIKH\'  at \'08-03-2024\' date .', '2024-03-07 18:10:24', '2024-03-07 18:10:24'),
(50, 169, 1, '<a href=\'https://dev-fastform.gtechsol.au/user-profile/1\' style=\'text-transform: capitalize;\' role=\'button\' class=\'primary text-decoration-none\'> Main  Admin</a> deleted a shifts which was assigned  \'169\' template to \'David  McSWEENEY\'  at \'08-03-2024\' date .', '2024-03-07 18:10:28', '2024-03-07 18:10:28'),
(51, 170, 1, '<a href=\'https://dev-fastform.gtechsol.au/user-profile/1\' style=\'text-transform: capitalize;\' role=\'button\' class=\'primary text-decoration-none\'> Main  Admin</a> deleted a shifts which was assigned  \'170\' template to \'Ahmed  Doud\'  at \'08-03-2024\' date .', '2024-03-07 18:10:37', '2024-03-07 18:10:37'),
(52, 171, 1, '<a href=\'https://dev-fastform.gtechsol.au/user-profile/1\' style=\'text-transform: capitalize;\' role=\'button\' class=\'primary text-decoration-none\'> Main  Admin</a> deleted a shifts which was assigned  \'171\' template to \'Jahid Hassan AKON\'  at \'08-03-2024\' date .', '2024-03-07 18:10:42', '2024-03-07 18:10:42'),
(53, 172, 1, '<a href=\'https://dev-fastform.gtechsol.au/user-profile/1\' style=\'text-transform: capitalize;\' role=\'button\' class=\'primary text-decoration-none\'> Main  Admin</a> deleted a shifts which was assigned  \'172\' template to \'Yousif Abaker HARAN\'  at \'08-03-2024\' date .', '2024-03-07 18:10:46', '2024-03-07 18:10:46'),
(54, 173, 1, '<a href=\'https://dev-fastform.gtechsol.au/user-profile/1\' style=\'text-transform: capitalize;\' role=\'button\' class=\'primary text-decoration-none\'> Main  Admin</a> deleted a shifts which was assigned  \'173\' template to \'Mahmoud  Fachikh\'  at \'08-03-2024\' date .', '2024-03-07 18:10:50', '2024-03-07 18:10:50'),
(55, 174, 1, '<a href=\'https://dev-fastform.gtechsol.au/user-profile/1\' style=\'text-transform: capitalize;\' role=\'button\' class=\'primary text-decoration-none\'> Main  Admin</a> deleted a shifts which was assigned  \'174\' template to \'Hamad  MOUBARAK\'  at \'08-03-2024\' date .', '2024-03-07 18:10:54', '2024-03-07 18:10:54'),
(56, 175, 1, '<a href=\'https://dev-fastform.gtechsol.au/user-profile/1\' style=\'text-transform: capitalize;\' role=\'button\' class=\'primary text-decoration-none\'> Main  Admin</a> deleted a shifts which was assigned  \'175\' template to \'Sami  FATFAT\'  at \'08-03-2024\' date .', '2024-03-07 18:10:59', '2024-03-07 18:10:59'),
(57, 176, 1, '<a href=\'https://dev-fastform.gtechsol.au/user-profile/1\' style=\'text-transform: capitalize;\' role=\'button\' class=\'primary text-decoration-none\'> Main  Admin</a> deleted a shifts which was assigned  \'176\' template to \'Akot Majok DUT\'  at \'08-03-2024\' date .', '2024-03-07 18:11:07', '2024-03-07 18:11:07'),
(58, 177, 1, '<a href=\'https://dev-fastform.gtechsol.au/user-profile/1\' style=\'text-transform: capitalize;\' role=\'button\' class=\'primary text-decoration-none\'> Main  Admin</a> deleted a shifts which was assigned  \'177\' template to \'Mohamad  Fachikh\'  at \'08-03-2024\' date .', '2024-03-07 18:11:16', '2024-03-07 18:11:16'),
(59, 178, 1, '<a href=\'https://dev-fastform.gtechsol.au/user-profile/1\' style=\'text-transform: capitalize;\' role=\'button\' class=\'primary text-decoration-none\'> Main  Admin</a> deleted a shifts which was assigned  \'178\' template to \'James Akot AKOT\'  at \'08-03-2024\' date .', '2024-03-07 18:11:24', '2024-03-07 18:11:24'),
(60, 179, 1, '<a href=\'https://dev-fastform.gtechsol.au/user-profile/1\' style=\'text-transform: capitalize;\' role=\'button\' class=\'primary text-decoration-none\'> Main  Admin</a> deleted a shifts which was assigned  \'179\' template to \'Ahmed Yahya ADAM\'  at \'08-03-2024\' date .', '2024-03-07 18:11:28', '2024-03-07 18:11:28'),
(61, 180, 1, '<a href=\'https://dev-fastform.gtechsol.au/user-profile/1\' style=\'text-transform: capitalize;\' role=\'button\' class=\'primary text-decoration-none\'> Main  Admin</a> deleted a shifts which was assigned  \'180\' template to \'Khon  Gai\'  at \'08-03-2024\' date .', '2024-03-07 18:11:37', '2024-03-07 18:11:37'),
(62, 181, 1, '<a href=\'https://dev-fastform.gtechsol.au/user-profile/1\' style=\'text-transform: capitalize;\' role=\'button\' class=\'primary text-decoration-none\'> Main  Admin</a> deleted a shifts which was assigned  \'181\' template to \'Tarek  Massri\'  at \'08-03-2024\' date .', '2024-03-07 18:11:44', '2024-03-07 18:11:44'),
(63, 182, 1, '<a href=\'https://dev-fastform.gtechsol.au/user-profile/1\' style=\'text-transform: capitalize;\' role=\'button\' class=\'primary text-decoration-none\'> Main  Admin</a> deleted a shifts which was assigned  \'182\' template to \'Umair Azam Tester\'  at \'08-03-2024\' date .', '2024-03-07 18:11:48', '2024-03-07 18:11:48'),
(64, 0, 1, '<a href=\'https://dev-fastform.gtechsol.au/user-profile/1\' style=\'text-transform: capitalize;\' role=\'button\' class=\'primary text-decoration-none\'> Main  Admin</a> created a bulk schedule at 08-03-2024 date', '2024-03-07 19:05:20', '2024-03-07 19:05:20'),
(65, 229, 1, '<a href=\'https://dev-fastform.gtechsol.au/user-profile/1\' style=\'text-transform: capitalize;\' role=\'button\' class=\'primary text-decoration-none\'> Main  Admin</a> assigned  shift \'229\' template to \'Umair  Azam\'  at \'08-03-2024\' date .', '2024-03-08 01:09:35', '2024-03-08 01:09:35'),
(66, 230, 1, '<a href=\'https://dev-fastform.gtechsol.au/user-profile/1\' style=\'text-transform: capitalize;\' role=\'button\' class=\'primary text-decoration-none\'> Main  Admin</a> assigned  shift \'230\' template to \'Umair Azam Tester\'  at \'09-03-2024\' date .', '2024-03-08 03:12:43', '2024-03-08 03:12:43'),
(67, 231, 1, '<a href=\'https://dev-fastform.gtechsol.au/user-profile/1\' style=\'text-transform: capitalize;\' role=\'button\' class=\'primary text-decoration-none\'> Main  Admin</a> assigned  shift \'231\' template to \'Umair Azam Tester\'  at \'09-03-2024\' date .', '2024-03-08 05:11:08', '2024-03-08 05:11:08'),
(68, 232, 1, '<a href=\'https://dev-fastform.gtechsol.au/user-profile/1\' style=\'text-transform: capitalize;\' role=\'button\' class=\'primary text-decoration-none\'> Main  Admin</a> assigned  shift \'232\' template to \'Umair Azam Tester\'  at \'09-03-2024\' date .', '2024-03-08 05:11:43', '2024-03-08 05:11:43'),
(69, 233, 1, '<a href=\'https://dev-fastform.gtechsol.au/user-profile/1\' style=\'text-transform: capitalize;\' role=\'button\' class=\'primary text-decoration-none\'> Main  Admin</a> assigned  shift \'233\' template to \'Umair Azam Tester\'  at \'09-03-2024\' date .', '2024-03-08 05:12:30', '2024-03-08 05:12:30'),
(70, 234, 1, '<a href=\'https://dev-fastform.gtechsol.au/user-profile/1\' style=\'text-transform: capitalize;\' role=\'button\' class=\'primary text-decoration-none\'> Main  Admin</a> assigned  shift \'234\' template to \'Umair Azam Tester\'  at \'08-03-2024\' date .', '2024-03-08 05:13:25', '2024-03-08 05:13:25'),
(71, 232, 1, '<a href=\'https://dev-fastform.gtechsol.au/user-profile/1\' style=\'text-transform: capitalize;\' role=\'button\' class=\'primary text-decoration-none\'> Main  Admin</a> deleted a shifts which was assigned  \'232\' template to \'Umair Azam Tester\'  at \'09-03-2024\' date .', '2024-03-08 05:14:33', '2024-03-08 05:14:33'),
(72, 235, 1, '<a href=\'https://dev-fastform.gtechsol.au/user-profile/1\' style=\'text-transform: capitalize;\' role=\'button\' class=\'primary text-decoration-none\'> Main  Admin</a> assigned  shift \'235\' template to \'Umair Azam Tester\'  at \'12-03-2024\' date .', '2024-03-11 23:36:32', '2024-03-11 23:36:32'),
(73, 236, 1, '<a href=\'https://dev-fastform.gtechsol.au/user-profile/1\' style=\'text-transform: capitalize;\' role=\'button\' class=\'primary text-decoration-none\'> Main  Admin</a> assigned  shift \'236\' template to \'Umair Azam Tester\'  at \'12-03-2024\' date .', '2024-03-11 23:38:40', '2024-03-11 23:38:40'),
(74, 237, 1, '<a href=\'https://dev-fastform.gtechsol.au/user-profile/1\' style=\'text-transform: capitalize;\' role=\'button\' class=\'primary text-decoration-none\'> Main  Admin</a> assigned  shift \'237\' template to \'Umair Azam Tester\'  at \'13-03-2024\' date .', '2024-03-11 23:40:22', '2024-03-11 23:40:22'),
(75, 238, 1, '<a href=\'https://dev-fastform.gtechsol.au/user-profile/1\' style=\'text-transform: capitalize;\' role=\'button\' class=\'primary text-decoration-none\'> Main  Admin</a> assigned  shift \'238\' template to \'Umair Azam Tester\'  at \'13-03-2024\' date .', '2024-03-11 23:40:32', '2024-03-11 23:40:32'),
(76, 239, 1, '<a href=\'https://dev-fastform.gtechsol.au/user-profile/1\' style=\'text-transform: capitalize;\' role=\'button\' class=\'primary text-decoration-none\'> Main  Admin</a> assigned  shift \'239\' template to \'Umair Azam Tester\'  at \'14-03-2024\' date .', '2024-03-12 00:47:08', '2024-03-12 00:47:08'),
(77, 0, 1, '<a href=\'https://dev-fastform.gtechsol.au/user-profile/1\' style=\'text-transform: capitalize;\' role=\'button\' class=\'primary text-decoration-none\'> Main  Admin</a> created a bulk schedule at 13-03-2024 date', '2024-03-12 21:18:14', '2024-03-12 21:18:14'),
(78, 0, 1, '<a href=\'https://dev-fastform.gtechsol.au/user-profile/1\' style=\'text-transform: capitalize;\' role=\'button\' class=\'primary text-decoration-none\'> Main  Admin</a> created a bulk schedule at 13-03-2024 date', '2024-03-12 21:25:10', '2024-03-12 21:25:10'),
(79, 240, 1, '<a href=\'https://dev-fastform.gtechsol.au/user-profile/1\' style=\'text-transform: capitalize;\' role=\'button\' class=\'primary text-decoration-none\'> Main  Admin</a> deleted a shifts which was assigned  \'240\' template to \'Muhammad Saad Tanveer\'  at \'13-03-2024\' date .', '2024-03-12 21:25:21', '2024-03-12 21:25:21'),
(80, 241, 1, '<a href=\'https://dev-fastform.gtechsol.au/user-profile/1\' style=\'text-transform: capitalize;\' role=\'button\' class=\'primary text-decoration-none\'> Main  Admin</a> deleted a shifts which was assigned  \'241\' template to \'Muhammad Saad Tanveer\'  at \'14-03-2024\' date .', '2024-03-12 21:25:33', '2024-03-12 21:25:33'),
(81, 0, 1, '<a href=\'https://dev-fastform.gtechsol.au/user-profile/1\' style=\'text-transform: capitalize;\' role=\'button\' class=\'primary text-decoration-none\'> Main  Admin</a> created a bulk schedule at 13-03-2024 date', '2024-03-12 21:26:36', '2024-03-12 21:26:36'),
(82, 247, 1, '<a href=\'https://dev-fastform.gtechsol.au/user-profile/1\' style=\'text-transform: capitalize;\' role=\'button\' class=\'primary text-decoration-none\'> Main  Admin</a> assigned  shift \'247\' template to \'Umair Azam Tester\'  at \'15-03-2024\' date .', '2024-03-13 20:41:18', '2024-03-13 20:41:18'),
(83, 248, 1, '<a href=\'https://dev-fastform.gtechsol.au/user-profile/1\' style=\'text-transform: capitalize;\' role=\'button\' class=\'primary text-decoration-none\'> Main  Admin</a> assigned  shift \'248\' template to \'Umair Azam Tester\'  at \'14-03-2024\' date .', '2024-03-13 20:41:58', '2024-03-13 20:41:58'),
(84, 249, 1, '<a href=\'https://dev-fastform.gtechsol.au/user-profile/1\' style=\'text-transform: capitalize;\' role=\'button\' class=\'primary text-decoration-none\'> Main  Admin</a> assigned  shift \'249\' template to \'Umair Azam Tester\'  at \'14-03-2024\' date .', '2024-03-13 20:41:58', '2024-03-13 20:41:58'),
(85, 248, 1, '<a href=\'https://dev-fastform.gtechsol.au/user-profile/1\' style=\'text-transform: capitalize;\' role=\'button\' class=\'primary text-decoration-none\'> Main  Admin</a> deleted a shifts which was assigned  \'248\' template to \'Umair Azam Tester\'  at \'14-03-2024\' date .', '2024-03-13 20:42:07', '2024-03-13 20:42:07'),
(86, 0, 1, '<a href=\'https://dev-fastform.gtechsol.au/user-profile/1\' style=\'text-transform: capitalize;\' role=\'button\' class=\'primary text-decoration-none\'> Main  Admin</a> created a bulk schedule at 14-03-2024 date', '2024-03-13 20:56:06', '2024-03-13 20:56:06'),
(87, 0, 1, '<a href=\'https://dev-fastform.gtechsol.au/user-profile/1\' style=\'text-transform: capitalize;\' role=\'button\' class=\'primary text-decoration-none\'> Main  Admin</a> created a bulk schedule at 14-03-2024 date', '2024-03-13 20:57:36', '2024-03-13 20:57:36'),
(88, 0, 1, '<a href=\'https://dev-fastform.gtechsol.au/user-profile/1\' style=\'text-transform: capitalize;\' role=\'button\' class=\'primary text-decoration-none\'> Main  Admin</a> created a bulk schedule at 15-03-2024 date', '2024-03-14 21:10:22', '2024-03-14 21:10:22'),
(89, 418, 1, '<a href=\'https://dev-fastform.gtechsol.au/user-profile/1\' style=\'text-transform: capitalize;\' role=\'button\' class=\'primary text-decoration-none\'> Main  Admin</a> assigned  shift \'418\' template to \'Umair Azam Tester\'  at \'16-03-2024\' date .', '2024-03-14 22:09:38', '2024-03-14 22:09:38'),
(90, 0, 1, '<a href=\'https://dev-fastform.gtechsol.au/user-profile/1\' style=\'text-transform: capitalize;\' role=\'button\' class=\'primary text-decoration-none\'> Main  Admin</a> created a bulk schedule at 22-03-2024 date', '2024-03-21 14:44:47', '2024-03-21 14:44:47'),
(91, 531, 1, '<a href=\'https://dev-fastform.gtechsol.au/user-profile/1\' style=\'text-transform: capitalize;\' role=\'button\' class=\'primary text-decoration-none\'> Main  Admin</a> assigned  shift \'531\' template to \'Ahmed Yahya ADAM\'  at \'25-03-2024\' date .', '2024-03-24 16:03:18', '2024-03-24 16:03:18'),
(92, 533, 1, '<a href=\'https://dev-fastform.gtechsol.au/user-profile/1\' style=\'text-transform: capitalize;\' role=\'button\' class=\'primary text-decoration-none\'> Main  Admin</a> assigned  shift \'533\' template to \'Laltu  Laltu\'  at \'25-03-2024\' date .', '2024-03-24 17:52:08', '2024-03-24 17:52:08'),
(93, 534, 1, '<a href=\'https://dev-fastform.gtechsol.au/user-profile/1\' style=\'text-transform: capitalize;\' role=\'button\' class=\'primary text-decoration-none\'> Main  Admin</a> assigned  shift \'534\' template to \'Laltu  Laltu\'  at \'25-03-2024\' date .', '2024-03-24 17:53:24', '2024-03-24 17:53:24'),
(94, 535, 1, '<a href=\'https://dev-fastform.gtechsol.au/user-profile/1\' style=\'text-transform: capitalize;\' role=\'button\' class=\'primary text-decoration-none\'> Main  Admin</a> assigned  shift \'535\' template to \'Laltu  Laltu\'  at \'26-03-2024\' date .', '2024-03-24 17:53:37', '2024-03-24 17:53:37'),
(95, 536, 1, '<a href=\'https://dev-fastform.gtechsol.au/user-profile/1\' style=\'text-transform: capitalize;\' role=\'button\' class=\'primary text-decoration-none\'> Main  Admin</a> assigned  shift \'536\' template to \'Laltu  Laltu\'  at \'27-03-2024\' date .', '2024-03-24 17:53:41', '2024-03-24 17:53:41'),
(96, 537, 1, '<a href=\'https://dev-fastform.gtechsol.au/user-profile/1\' style=\'text-transform: capitalize;\' role=\'button\' class=\'primary text-decoration-none\'> Main  Admin</a> assigned  shift \'537\' template to \'Laltu  Laltu\'  at \'28-03-2024\' date .', '2024-03-24 17:53:46', '2024-03-24 17:53:46'),
(97, 538, 1, '<a href=\'https://dev-fastform.gtechsol.au/user-profile/1\' style=\'text-transform: capitalize;\' role=\'button\' class=\'primary text-decoration-none\'> Main  Admin</a> assigned  shift \'538\' template to \'Gerang  Bak\'  at \'25-03-2024\' date .', '2024-03-24 17:54:05', '2024-03-24 17:54:05'),
(98, 539, 1, '<a href=\'https://dev-fastform.gtechsol.au/user-profile/1\' style=\'text-transform: capitalize;\' role=\'button\' class=\'primary text-decoration-none\'> Main  Admin</a> assigned  shift \'539\' template to \'Gerang  Bak\'  at \'26-03-2024\' date .', '2024-03-24 17:54:08', '2024-03-24 17:54:08'),
(99, 540, 1, '<a href=\'https://dev-fastform.gtechsol.au/user-profile/1\' style=\'text-transform: capitalize;\' role=\'button\' class=\'primary text-decoration-none\'> Main  Admin</a> assigned  shift \'540\' template to \'Gerang  Bak\'  at \'27-03-2024\' date .', '2024-03-24 17:54:28', '2024-03-24 17:54:28'),
(100, 541, 1, '<a href=\'https://dev-fastform.gtechsol.au/user-profile/1\' style=\'text-transform: capitalize;\' role=\'button\' class=\'primary text-decoration-none\'> Main  Admin</a> assigned  shift \'541\' template to \'Gerang  Bak\'  at \'28-03-2024\' date .', '2024-03-24 17:54:34', '2024-03-24 17:54:34'),
(101, 542, 1, '<a href=\'https://dev-fastform.gtechsol.au/user-profile/1\' style=\'text-transform: capitalize;\' role=\'button\' class=\'primary text-decoration-none\'> Main  Admin</a> assigned  shift \'542\' template to \'Hayssam  ElSayed\'  at \'25-03-2024\' date .', '2024-03-24 19:23:06', '2024-03-24 19:23:06'),
(102, 543, 1, '<a href=\'https://dev-fastform.gtechsol.au/user-profile/1\' style=\'text-transform: capitalize;\' role=\'button\' class=\'primary text-decoration-none\'> Main  Admin</a> assigned  shift \'543\' template to \'Hayssam  ElSayed\'  at \'26-03-2024\' date .', '2024-03-24 19:23:12', '2024-03-24 19:23:12'),
(103, 544, 1, '<a href=\'https://dev-fastform.gtechsol.au/user-profile/1\' style=\'text-transform: capitalize;\' role=\'button\' class=\'primary text-decoration-none\'> Main  Admin</a> assigned  shift \'544\' template to \'Hayssam  ElSayed\'  at \'27-03-2024\' date .', '2024-03-24 19:23:16', '2024-03-24 19:23:16'),
(104, 545, 1, '<a href=\'https://dev-fastform.gtechsol.au/user-profile/1\' style=\'text-transform: capitalize;\' role=\'button\' class=\'primary text-decoration-none\'> Main  Admin</a> assigned  shift \'545\' template to \'Hayssam  ElSayed\'  at \'28-03-2024\' date .', '2024-03-24 19:23:22', '2024-03-24 19:23:22'),
(105, 546, 1, '<a href=\'https://dev-fastform.gtechsol.au/user-profile/1\' style=\'text-transform: capitalize;\' role=\'button\' class=\'primary text-decoration-none\'> Main  Admin</a> assigned  shift \'546\' template to \'Md  Hosen\'  at \'25-03-2024\' date .', '2024-03-24 20:06:35', '2024-03-24 20:06:35'),
(106, 547, 1, '<a href=\'https://dev-fastform.gtechsol.au/user-profile/1\' style=\'text-transform: capitalize;\' role=\'button\' class=\'primary text-decoration-none\'> Main  Admin</a> assigned  shift \'547\' template to \'Md  Hosen\'  at \'26-03-2024\' date .', '2024-03-24 20:06:39', '2024-03-24 20:06:39'),
(107, 548, 1, '<a href=\'https://dev-fastform.gtechsol.au/user-profile/1\' style=\'text-transform: capitalize;\' role=\'button\' class=\'primary text-decoration-none\'> Main  Admin</a> assigned  shift \'548\' template to \'Md  Hosen\'  at \'27-03-2024\' date .', '2024-03-24 20:06:45', '2024-03-24 20:06:45'),
(108, 549, 1, '<a href=\'https://dev-fastform.gtechsol.au/user-profile/1\' style=\'text-transform: capitalize;\' role=\'button\' class=\'primary text-decoration-none\'> Main  Admin</a> assigned  shift \'549\' template to \'Md  Hosen\'  at \'28-03-2024\' date .', '2024-03-24 20:06:49', '2024-03-24 20:06:49'),
(109, 550, 1, '<a href=\'https://dev-fastform.gtechsol.au/user-profile/1\' style=\'text-transform: capitalize;\' role=\'button\' class=\'primary text-decoration-none\'> Main  Admin</a> assigned  shift \'550\' template to \'Ghassan  Khalil\'  at \'27-03-2024\' date .', '2024-03-26 14:01:09', '2024-03-26 14:01:09'),
(110, 551, 1, '<a href=\'https://dev-fastform.gtechsol.au/user-profile/1\' style=\'text-transform: capitalize;\' role=\'button\' class=\'primary text-decoration-none\'> Main  Admin</a> assigned  shift \'551\' template to \'Ghassan  Khalil\'  at \'28-03-2024\' date .', '2024-03-26 14:01:19', '2024-03-26 14:01:19'),
(111, 0, 1, '<a href=\'https://dev-fastform.gtechsol.au/user-profile/1\' style=\'text-transform: capitalize;\' role=\'button\' class=\'primary text-decoration-none\'> Main  Admin</a> created a bulk schedule at 27-03-2024 date', '2024-03-26 14:21:42', '2024-03-26 14:21:42'),
(112, 0, 1, '<a href=\'https://dev-fastform.gtechsol.au/user-profile/1\' style=\'text-transform: capitalize;\' role=\'button\' class=\'primary text-decoration-none\'> Main  Admin</a> created a bulk schedule at 02-04-2024 date', '2024-04-01 20:58:31', '2024-04-01 20:58:31'),
(113, 684, 1, '<a href=\'https://dev-fastform.gtechsol.au/user-profile/1\' style=\'text-transform: capitalize;\' role=\'button\' class=\'primary text-decoration-none\'> Main  Admin</a> deleted a shifts which was assigned  \'684\' template to \'Umair  Azam\'  at \'03-04-2024\' date .', '2024-04-01 22:51:09', '2024-04-01 22:51:09'),
(114, 685, 1, '<a href=\'https://dev-fastform.gtechsol.au/user-profile/1\' style=\'text-transform: capitalize;\' role=\'button\' class=\'primary text-decoration-none\'> Main  Admin</a> deleted a shifts which was assigned  \'685\' template to \'Mehtab  Ahmed\'  at \'03-04-2024\' date .', '2024-04-01 22:58:23', '2024-04-01 22:58:23'),
(115, 686, 1, '<a href=\'https://dev-fastform.gtechsol.au/user-profile/1\' style=\'text-transform: capitalize;\' role=\'button\' class=\'primary text-decoration-none\'> Main  Admin</a> deleted a shifts which was assigned  \'686\' template to \'samina  Tester\'  at \'03-04-2024\' date .', '2024-04-01 22:58:30', '2024-04-01 22:58:30'),
(116, 687, 1, '<a href=\'https://dev-fastform.gtechsol.au/user-profile/1\' style=\'text-transform: capitalize;\' role=\'button\' class=\'primary text-decoration-none\'> Main  Admin</a> deleted a shifts which was assigned  \'687\' template to \'Abdul Rehman Khan\'  at \'03-04-2024\' date .', '2024-04-01 22:58:45', '2024-04-01 22:58:45'),
(117, 688, 1, '<a href=\'https://dev-fastform.gtechsol.au/user-profile/1\' style=\'text-transform: capitalize;\' role=\'button\' class=\'primary text-decoration-none\'> Main  Admin</a> deleted a shifts which was assigned  \'688\' template to \'Haysam  ElBacha\'  at \'03-04-2024\' date .', '2024-04-01 22:59:01', '2024-04-01 22:59:01'),
(118, 689, 1, '<a href=\'https://dev-fastform.gtechsol.au/user-profile/1\' style=\'text-transform: capitalize;\' role=\'button\' class=\'primary text-decoration-none\'> Main  Admin</a> deleted a shifts which was assigned  \'689\' template to \'Ahmed  ElSayed\'  at \'03-04-2024\' date .', '2024-04-01 22:59:09', '2024-04-01 22:59:09'),
(119, 695, 1, '<a href=\'https://dev-fastform.gtechsol.au/user-profile/1\' style=\'text-transform: capitalize;\' role=\'button\' class=\'primary text-decoration-none\'> Main  Admin</a> deleted a shifts which was assigned  \'695\' template to \'Yonnas Kiros BERHEMELES\'  at \'03-04-2024\' date .', '2024-04-01 22:59:35', '2024-04-01 22:59:35'),
(120, 816, 1, '<a href=\'https://dev-fastform.gtechsol.au/user-profile/1\' style=\'text-transform: capitalize;\' role=\'button\' class=\'primary text-decoration-none\'> Main  Admin</a> assigned  shift \'816\' template to \'mohamed  kataieh\'  at \'05-04-2024\' date .', '2024-04-04 18:26:20', '2024-04-04 18:26:20');

-- --------------------------------------------------------

--
-- Table structure for table `roster_templates`
--

CREATE TABLE `roster_templates` (
  `id` bigint(20) UNSIGNED NOT NULL,
  `start_time` time NOT NULL,
  `end_time` time NOT NULL,
  `color_code` varchar(10) COLLATE utf8mb4_unicode_ci NOT NULL,
  `break_minutes` int(11) NOT NULL,
  `shift_notes` text COLLATE utf8mb4_unicode_ci NOT NULL,
  `repeat_shift` varchar(255) COLLATE utf8mb4_unicode_ci NOT NULL,
  `end_date` date NOT NULL,
  `is_saved` int(11) NOT NULL DEFAULT '0',
  `created_by` int(11) NOT NULL,
  `created_at` timestamp NULL DEFAULT NULL,
  `updated_at` timestamp NULL DEFAULT NULL,
  `repeat_every` varchar(255) COLLATE utf8mb4_unicode_ci DEFAULT NULL,
  `working_hours` int(11) DEFAULT NULL
) ENGINE=InnoDB DEFAULT CHARSET=utf8mb4 COLLATE=utf8mb4_unicode_ci;

--
-- Dumping data for table `roster_templates`
--

INSERT INTO `roster_templates` (`id`, `start_time`, `end_time`, `color_code`, `break_minutes`, `shift_notes`, `repeat_shift`, `end_date`, `is_saved`, `created_by`, `created_at`, `updated_at`, `repeat_every`, `working_hours`) VALUES
(1, '14:38:00', '17:38:00', '#00ccff', 0, 'shift', '0', '2024-02-21', 1, 1, NULL, NULL, '', 180),
(2, '14:38:00', '17:38:00', '#00ccff', 0, 'shift', '0', '2024-02-21', 0, 1, NULL, NULL, '', 180),
(3, '14:40:00', '15:30:00', '#077829', 0, 'test', '0', '2024-02-21', 0, 1, NULL, NULL, '0', 50),
(4, '14:40:00', '15:30:00', '#077829', 0, 'test', '0', '2024-02-22', 0, 1, NULL, NULL, '0', 50),
(5, '14:40:00', '15:30:00', '#077829', 0, 'test', '0', '2024-02-23', 0, 1, NULL, NULL, '0', 50),
(6, '14:40:00', '15:30:00', '#077829', 0, 'test', '0', '2024-02-24', 0, 1, NULL, NULL, '0', 50),
(7, '14:40:00', '15:30:00', '#077829', 0, 'test', '0', '2024-02-25', 0, 1, NULL, NULL, '0', 50),
(8, '14:40:00', '15:30:00', '#077829', 0, 'test', '0', '2024-02-26', 0, 1, NULL, NULL, '0', 50),
(9, '14:40:00', '15:30:00', '#077829', 0, 'test', '0', '2024-02-27', 0, 1, NULL, NULL, '0', 50),
(10, '14:40:00', '15:30:00', '#077829', 0, 'test', '0', '2024-02-28', 0, 1, NULL, NULL, '0', 50),
(11, '14:40:00', '15:30:00', '#077829', 0, 'test', '0', '2024-02-29', 0, 1, NULL, NULL, '0', 50),
(12, '14:38:00', '17:38:00', '#00ccff', 0, 'shift', '0', '2024-02-21', 0, 1, NULL, NULL, '', 180),
(13, '10:54:00', '22:54:00', '#cfece5', 0, 'GTECH', '0', '2024-02-22', 1, 1, NULL, NULL, '', 720),
(14, '10:54:00', '22:54:00', '#cfece5', 0, 'GTECH', '0', '2024-02-22', 0, 1, NULL, NULL, '', 720),
(15, '15:54:00', '15:55:00', '#ff0000', 0, 'test', '0', '2024-02-22', 1, 1, NULL, NULL, '', 1),
(16, '15:54:00', '15:55:00', '#ff0000', 0, 'test', '0', '2024-02-22', 0, 1, NULL, NULL, '', 1),
(17, '15:54:00', '17:55:00', '#ff0000', 0, 'test', '0', '2024-02-22', 0, 1, NULL, NULL, '', 121),
(18, '08:38:00', '17:00:00', '#b2aeae', 0, 'test roster', '0', '2024-02-23', 1, 1, NULL, NULL, '', 502),
(19, '08:38:00', '17:00:00', '#b2aeae', 0, 'test roster', '0', '2024-02-23', 0, 1, NULL, NULL, '', 502),
(20, '08:38:00', '17:00:00', '#b2aeae', 0, 'test roster', '0', '2024-02-23', 0, 1, NULL, NULL, '', 502),
(21, '14:38:00', '17:38:00', '#00ccff', 0, 'shift', '0', '2024-02-23', 0, 1, NULL, NULL, '', 180),
(22, '14:38:00', '17:38:00', '#176d82', 0, 'shift', '0', '2024-02-23', 0, 1, NULL, NULL, '', 180),
(23, '08:00:00', '23:58:00', '#ff0000', 180, 'Test', '0', '2024-02-23', 1, 1, NULL, NULL, '', 778),
(24, '08:00:00', '23:58:00', '#ff0000', 180, 'Test', '0', '2024-02-23', 0, 1, NULL, NULL, '', 778),
(25, '08:00:00', '23:58:00', '#ff0000', 180, 'Test', '0', '2024-02-23', 0, 1, NULL, NULL, '', 778),
(26, '08:38:00', '17:00:00', '#b2aeae', 0, 'test roster', '0', '2024-02-23', 0, 1, NULL, NULL, '', 502),
(27, '06:00:00', '15:00:00', '#ff0000', 0, 'Normal Shifts', '0', '2024-02-26', 0, 1, NULL, NULL, '0', 540),
(28, '06:00:00', '15:00:00', '#ff0000', 0, 'Normal Shifts', '0', '2024-02-26', 0, 1, NULL, NULL, '0', 540),
(29, '06:00:00', '15:00:00', '#ff0000', 0, 'Normal Shifts', '0', '2024-02-26', 0, 1, NULL, NULL, '0', 540),
(30, '06:00:00', '15:00:00', '#ff0000', 0, 'Normal Shifts', '0', '2024-02-26', 0, 1, NULL, NULL, '0', 540),
(31, '06:00:00', '15:00:00', '#ff0000', 0, 'Normal Shifts', '0', '2024-02-26', 0, 1, NULL, NULL, '0', 540),
(32, '06:00:00', '15:00:00', '#ff0000', 0, 'Normal Shifts', '0', '2024-02-26', 0, 1, NULL, NULL, '0', 540),
(33, '06:00:00', '15:00:00', '#ff0000', 0, 'Normal Shifts', '0', '2024-02-26', 0, 1, NULL, NULL, '0', 540),
(34, '06:00:00', '15:00:00', '#ff0000', 0, 'Normal Shifts', '0', '2024-02-26', 0, 1, NULL, NULL, '0', 540),
(35, '06:00:00', '15:00:00', '#ff0000', 0, 'Normal Shifts', '0', '2024-02-26', 0, 1, NULL, NULL, '0', 540),
(36, '06:00:00', '15:00:00', '#ff0000', 0, 'Normal Shifts', '0', '2024-02-26', 0, 1, NULL, NULL, '0', 540),
(37, '06:00:00', '15:00:00', '#ff0000', 0, 'Normal Shifts', '0', '2024-02-27', 0, 1, NULL, NULL, '0', 540),
(38, '06:00:00', '15:00:00', '#ff0000', 0, 'Normal Shifts', '0', '2024-02-27', 0, 1, NULL, NULL, '0', 540),
(39, '06:00:00', '15:00:00', '#ff0000', 0, 'Normal Shifts', '0', '2024-02-27', 0, 1, NULL, NULL, '0', 540),
(40, '06:00:00', '15:00:00', '#ff0000', 0, 'Normal Shifts', '0', '2024-02-27', 0, 1, NULL, NULL, '0', 540),
(41, '06:00:00', '15:00:00', '#ff0000', 0, 'Normal Shifts', '0', '2024-02-27', 0, 1, NULL, NULL, '0', 540),
(42, '06:00:00', '15:00:00', '#ff0000', 0, 'Normal Shifts', '0', '2024-02-27', 0, 1, NULL, NULL, '0', 540),
(43, '06:00:00', '15:00:00', '#ff0000', 0, 'Normal Shifts', '0', '2024-02-27', 0, 1, NULL, NULL, '0', 540),
(44, '06:00:00', '15:00:00', '#ff0000', 0, 'Normal Shifts', '0', '2024-02-27', 0, 1, NULL, NULL, '0', 540),
(45, '06:00:00', '15:00:00', '#ff0000', 0, 'Normal Shifts', '0', '2024-02-27', 0, 1, NULL, NULL, '0', 540),
(46, '06:00:00', '15:00:00', '#ff0000', 0, 'Normal Shifts', '0', '2024-02-27', 0, 1, NULL, NULL, '0', 540),
(47, '06:00:00', '15:00:00', '#ff0000', 0, 'Normal Shifts', '0', '2024-02-28', 0, 1, NULL, NULL, '0', 540),
(48, '06:00:00', '15:00:00', '#ff0000', 0, 'Normal Shifts', '0', '2024-02-28', 0, 1, NULL, NULL, '0', 540),
(49, '06:00:00', '15:00:00', '#ff0000', 0, 'Normal Shifts', '0', '2024-02-28', 0, 1, NULL, NULL, '0', 540),
(50, '06:00:00', '15:00:00', '#ff0000', 0, 'Normal Shifts', '0', '2024-02-28', 0, 1, NULL, NULL, '0', 540),
(51, '06:00:00', '15:00:00', '#ff0000', 0, 'Normal Shifts', '0', '2024-02-28', 0, 1, NULL, NULL, '0', 540),
(52, '06:00:00', '15:00:00', '#ff0000', 0, 'Normal Shifts', '0', '2024-02-28', 0, 1, NULL, NULL, '0', 540),
(53, '06:00:00', '15:00:00', '#ff0000', 0, 'Normal Shifts', '0', '2024-02-28', 0, 1, NULL, NULL, '0', 540),
(54, '06:00:00', '15:00:00', '#ff0000', 0, 'Normal Shifts', '0', '2024-02-28', 0, 1, NULL, NULL, '0', 540),
(55, '06:00:00', '15:00:00', '#ff0000', 0, 'Normal Shifts', '0', '2024-02-28', 0, 1, NULL, NULL, '0', 540),
(56, '06:00:00', '15:00:00', '#ff0000', 0, 'Normal Shifts', '0', '2024-02-28', 0, 1, NULL, NULL, '0', 540),
(57, '06:00:00', '15:00:00', '#ff0000', 0, 'Normal Shifts', '0', '2024-02-29', 0, 1, NULL, NULL, '0', 540),
(58, '06:00:00', '15:00:00', '#ff0000', 0, 'Normal Shifts', '0', '2024-02-29', 0, 1, NULL, NULL, '0', 540),
(59, '06:00:00', '15:00:00', '#ff0000', 0, 'Normal Shifts', '0', '2024-02-29', 0, 1, NULL, NULL, '0', 540),
(60, '06:00:00', '15:00:00', '#ff0000', 0, 'Normal Shifts', '0', '2024-02-29', 0, 1, NULL, NULL, '0', 540),
(61, '06:00:00', '15:00:00', '#ff0000', 0, 'Normal Shifts', '0', '2024-02-29', 0, 1, NULL, NULL, '0', 540),
(62, '06:00:00', '15:00:00', '#ff0000', 0, 'Normal Shifts', '0', '2024-02-29', 0, 1, NULL, NULL, '0', 540),
(63, '06:00:00', '15:00:00', '#ff0000', 0, 'Normal Shifts', '0', '2024-02-29', 0, 1, NULL, NULL, '0', 540),
(64, '06:00:00', '15:00:00', '#ff0000', 0, 'Normal Shifts', '0', '2024-02-29', 0, 1, NULL, NULL, '0', 540),
(65, '06:00:00', '15:00:00', '#ff0000', 0, 'Normal Shifts', '0', '2024-02-29', 0, 1, NULL, NULL, '0', 540),
(66, '06:00:00', '15:00:00', '#ff0000', 0, 'Normal Shifts', '0', '2024-02-29', 0, 1, NULL, NULL, '0', 540),
(67, '06:00:00', '15:00:00', '#ff0000', 0, 'Normal Shifts', '0', '2024-03-01', 0, 1, NULL, NULL, '0', 540),
(68, '06:00:00', '15:00:00', '#ff0000', 0, 'Normal Shifts', '0', '2024-03-01', 0, 1, NULL, NULL, '0', 540),
(69, '06:00:00', '15:00:00', '#ff0000', 0, 'Normal Shifts', '0', '2024-03-01', 0, 1, NULL, NULL, '0', 540),
(70, '06:00:00', '15:00:00', '#ff0000', 0, 'Normal Shifts', '0', '2024-03-01', 0, 1, NULL, NULL, '0', 540),
(71, '06:00:00', '15:00:00', '#ff0000', 0, 'Normal Shifts', '0', '2024-03-01', 0, 1, NULL, NULL, '0', 540),
(72, '06:00:00', '15:00:00', '#ff0000', 0, 'Normal Shifts', '0', '2024-03-01', 0, 1, NULL, NULL, '0', 540),
(73, '06:00:00', '15:00:00', '#ff0000', 0, 'Normal Shifts', '0', '2024-03-01', 0, 1, NULL, NULL, '0', 540),
(74, '06:00:00', '15:00:00', '#ff0000', 0, 'Normal Shifts', '0', '2024-03-01', 0, 1, NULL, NULL, '0', 540),
(75, '06:00:00', '15:00:00', '#ff0000', 0, 'Normal Shifts', '0', '2024-03-01', 0, 1, NULL, NULL, '0', 540),
(76, '06:00:00', '15:00:00', '#ff0000', 0, 'Normal Shifts', '0', '2024-03-01', 0, 1, NULL, NULL, '0', 540),
(77, '06:00:00', '15:00:00', '#ff0000', 0, 'Normal Shifts', '0', '2024-03-02', 0, 1, NULL, NULL, '0', 540),
(78, '06:00:00', '15:00:00', '#ff0000', 0, 'Normal Shifts', '0', '2024-03-02', 0, 1, NULL, NULL, '0', 540),
(79, '06:00:00', '15:00:00', '#ff0000', 0, 'Normal Shifts', '0', '2024-03-02', 0, 1, NULL, NULL, '0', 540),
(80, '06:00:00', '15:00:00', '#ff0000', 0, 'Normal Shifts', '0', '2024-03-02', 0, 1, NULL, NULL, '0', 540),
(81, '06:00:00', '15:00:00', '#ff0000', 0, 'Normal Shifts', '0', '2024-03-02', 0, 1, NULL, NULL, '0', 540),
(82, '06:00:00', '15:00:00', '#ff0000', 0, 'Normal Shifts', '0', '2024-03-02', 0, 1, NULL, NULL, '0', 540),
(83, '06:00:00', '15:00:00', '#ff0000', 0, 'Normal Shifts', '0', '2024-03-02', 0, 1, NULL, NULL, '0', 540),
(84, '06:00:00', '15:00:00', '#ff0000', 0, 'Normal Shifts', '0', '2024-03-02', 0, 1, NULL, NULL, '0', 540),
(85, '06:00:00', '15:00:00', '#ff0000', 0, 'Normal Shifts', '0', '2024-03-02', 0, 1, NULL, NULL, '0', 540),
(86, '06:00:00', '15:00:00', '#ff0000', 0, 'Normal Shifts', '0', '2024-03-02', 0, 1, NULL, NULL, '0', 540),
(87, '06:00:00', '15:00:00', '#ff0000', 0, 'Normal Shifts', '0', '2024-03-03', 0, 1, NULL, NULL, '0', 540),
(88, '06:00:00', '15:00:00', '#ff0000', 0, 'Normal Shifts', '0', '2024-03-03', 0, 1, NULL, NULL, '0', 540),
(89, '06:00:00', '15:00:00', '#ff0000', 0, 'Normal Shifts', '0', '2024-03-03', 0, 1, NULL, NULL, '0', 540),
(90, '06:00:00', '15:00:00', '#ff0000', 0, 'Normal Shifts', '0', '2024-03-03', 0, 1, NULL, NULL, '0', 540),
(91, '06:00:00', '15:00:00', '#ff0000', 0, 'Normal Shifts', '0', '2024-03-03', 0, 1, NULL, NULL, '0', 540),
(92, '06:00:00', '15:00:00', '#ff0000', 0, 'Normal Shifts', '0', '2024-03-03', 0, 1, NULL, NULL, '0', 540),
(93, '06:00:00', '15:00:00', '#ff0000', 0, 'Normal Shifts', '0', '2024-03-03', 0, 1, NULL, NULL, '0', 540),
(94, '06:00:00', '15:00:00', '#ff0000', 0, 'Normal Shifts', '0', '2024-03-03', 0, 1, NULL, NULL, '0', 540),
(95, '06:00:00', '15:00:00', '#ff0000', 0, 'Normal Shifts', '0', '2024-03-03', 0, 1, NULL, NULL, '0', 540),
(96, '06:00:00', '15:00:00', '#ff0000', 0, 'Normal Shifts', '0', '2024-03-03', 0, 1, NULL, NULL, '0', 540),
(97, '06:00:00', '15:00:00', '#ff0000', 0, 'Normal Shifts', '0', '2024-03-04', 0, 1, NULL, NULL, '0', 540),
(98, '06:00:00', '15:00:00', '#ff0000', 0, 'Normal Shifts', '0', '2024-03-04', 0, 1, NULL, NULL, '0', 540),
(99, '06:00:00', '15:00:00', '#ff0000', 0, 'Normal Shifts', '0', '2024-03-04', 0, 1, NULL, NULL, '0', 540),
(100, '06:00:00', '15:00:00', '#ff0000', 0, 'Normal Shifts', '0', '2024-03-04', 0, 1, NULL, NULL, '0', 540),
(101, '06:00:00', '15:00:00', '#ff0000', 0, 'Normal Shifts', '0', '2024-03-04', 0, 1, NULL, NULL, '0', 540),
(102, '06:00:00', '15:00:00', '#ff0000', 0, 'Normal Shifts', '0', '2024-03-04', 0, 1, NULL, NULL, '0', 540),
(103, '06:00:00', '15:00:00', '#ff0000', 0, 'Normal Shifts', '0', '2024-03-04', 0, 1, NULL, NULL, '0', 540),
(104, '06:00:00', '15:00:00', '#ff0000', 0, 'Normal Shifts', '0', '2024-03-04', 0, 1, NULL, NULL, '0', 540),
(105, '06:00:00', '15:00:00', '#ff0000', 0, 'Normal Shifts', '0', '2024-03-04', 0, 1, NULL, NULL, '0', 540),
(106, '06:00:00', '15:00:00', '#ff0000', 0, 'Normal Shifts', '0', '2024-03-04', 0, 1, NULL, NULL, '0', 540),
(107, '07:14:00', '16:15:00', '#ff0000', 0, '.', '0', '2024-02-28', 0, 1, NULL, NULL, '0', 541),
(108, '07:14:00', '16:15:00', '#ff0000', 0, '.', '0', '2024-02-29', 0, 1, NULL, NULL, '0', 541),
(109, '07:14:00', '16:15:00', '#ff0000', 0, '.', '0', '2024-03-01', 0, 1, NULL, NULL, '0', 541),
(110, '07:14:00', '16:15:00', '#ff0000', 0, '.', '0', '2024-03-02', 0, 1, NULL, NULL, '0', 541),
(111, '07:14:00', '16:15:00', '#ff0000', 0, '.', '0', '2024-03-03', 0, 1, NULL, NULL, '0', 541),
(112, '07:14:00', '16:15:00', '#ff0000', 0, '.', '0', '2024-03-04', 0, 1, NULL, NULL, '0', 541),
(113, '07:14:00', '16:15:00', '#ff0000', 0, '.', '0', '2024-03-05', 0, 1, NULL, NULL, '0', 541),
(114, '07:14:00', '16:15:00', '#ff0000', 0, '.', '0', '2024-03-06', 0, 1, NULL, NULL, '0', 541),
(115, '07:14:00', '16:15:00', '#ff0000', 0, '.', '0', '2024-03-07', 0, 1, NULL, NULL, '0', 541),
(116, '07:14:00', '16:15:00', '#ff0000', 0, '.', '0', '2024-03-08', 0, 1, NULL, NULL, '0', 541),
(117, '07:14:00', '16:15:00', '#ff0000', 0, 'Deicorp', '0', '2024-02-28', 0, 1, NULL, NULL, '', 541),
(118, '06:00:00', '15:00:00', '#ff0000', 0, 'Fastform', '0', '2024-02-28', 0, 1, NULL, NULL, '', 540),
(119, '08:00:00', '17:00:00', '#ce961c', 60, 'tedst', '0', '2024-03-01', 0, 1, NULL, NULL, '0', 480),
(120, '08:00:00', '17:00:00', '#ce961c', 60, 'tedst', '0', '2024-03-01', 0, 1, NULL, NULL, '0', 480),
(121, '08:00:00', '17:00:00', '#ce961c', 60, 'tedst', '0', '2024-03-08', 0, 1, NULL, NULL, '0', 480),
(122, '08:00:00', '17:00:00', '#ce961c', 60, 'tedst', '0', '2024-03-08', 0, 1, NULL, NULL, '0', 480),
(123, '08:00:00', '17:00:00', '#ce961c', 60, 'tedst', '0', '2024-03-15', 0, 1, NULL, NULL, '0', 480),
(124, '08:00:00', '17:00:00', '#ce961c', 60, 'tedst', '0', '2024-03-15', 0, 1, NULL, NULL, '0', 480),
(125, '08:00:00', '17:00:00', '#ce961c', 60, 'tedst', '0', '2024-03-22', 0, 1, NULL, NULL, '0', 480),
(126, '08:00:00', '17:00:00', '#ce961c', 60, 'tedst', '0', '2024-03-22', 0, 1, NULL, NULL, '0', 480),
(127, '06:00:00', '18:00:00', '#ff0000', 0, 'Normal Shifts', '0', '2024-02-29', 0, 1, NULL, NULL, '', 720),
(128, '10:54:00', '22:54:00', '#cfece5', 0, 'GTECH', '0', '2024-02-22', 0, 1, NULL, NULL, '', 720),
(129, '10:59:00', '22:54:00', '#cfece5', 0, 'GTECH', '0', '2024-03-01', 0, 1, NULL, NULL, '', 715),
(130, '11:05:00', '22:54:00', '#cfece5', 0, 'GTECH', '0', '2024-03-01', 0, 1, NULL, NULL, '', 709),
(131, '08:38:00', '17:00:00', '#b2aeae', 0, 'test roster', '0', '2024-02-23', 0, 1, NULL, NULL, '', 502),
(132, '14:57:00', '15:58:00', '#ff0000', 0, 'test', '0', '2024-03-04', 1, 1, NULL, NULL, '', 61),
(133, '14:57:00', '15:58:00', '#ff0000', 0, 'test', '0', '2024-03-04', 0, 1, NULL, NULL, '', 61),
(134, '14:57:00', '15:58:00', '#057630', 0, 'test', '0', '2024-03-04', 0, 1, NULL, NULL, '', 61),
(135, '06:00:00', '15:15:00', '#ff0000', 0, 'Normal working day', '0', '2024-03-05', 0, 1, NULL, NULL, '0', 555),
(136, '06:00:00', '15:15:00', '#ff0000', 0, 'Normal working day', '0', '2024-03-05', 0, 1, NULL, NULL, '0', 555),
(137, '06:00:00', '15:15:00', '#ff0000', 0, 'Normal working day', '0', '2024-03-05', 0, 1, NULL, NULL, '0', 555),
(138, '06:00:00', '15:15:00', '#ff0000', 0, 'Normal working day', '0', '2024-03-05', 0, 1, NULL, NULL, '0', 555),
(139, '06:00:00', '15:15:00', '#ff0000', 0, 'Normal working day', '0', '2024-03-05', 0, 1, NULL, NULL, '0', 555),
(140, '06:00:00', '15:15:00', '#ff0000', 0, 'Normal working day', '0', '2024-03-05', 0, 1, NULL, NULL, '0', 555),
(141, '06:00:00', '15:15:00', '#ff0000', 0, 'Normal working day', '0', '2024-03-05', 0, 1, NULL, NULL, '0', 555),
(142, '06:00:00', '15:15:00', '#ff0000', 0, 'Normal working day', '0', '2024-03-05', 0, 1, NULL, NULL, '0', 555),
(143, '06:00:00', '15:15:00', '#ff0000', 0, 'Normal working day', '0', '2024-03-05', 0, 1, NULL, NULL, '0', 555),
(144, '06:00:00', '15:15:00', '#ff0000', 0, 'Normal working day', '0', '2024-03-05', 0, 1, NULL, NULL, '0', 555),
(145, '06:00:00', '15:15:00', '#ff0000', 0, 'Normal working day', '0', '2024-03-05', 0, 1, NULL, NULL, '0', 555),
(146, '06:00:00', '15:15:00', '#ff0000', 0, 'Normal working day', '0', '2024-03-05', 0, 1, NULL, NULL, '0', 555),
(147, '06:00:00', '15:15:00', '#ff0000', 0, 'Normal working day', '0', '2024-03-05', 0, 1, NULL, NULL, '0', 555),
(148, '06:00:00', '15:15:00', '#ff0000', 0, 'Normal working day', '0', '2024-03-05', 0, 1, NULL, NULL, '0', 555),
(149, '06:00:00', '15:15:00', '#ff0000', 0, 'Normal working day', '0', '2024-03-05', 0, 1, NULL, NULL, '0', 555),
(150, '06:00:00', '15:15:00', '#ff0000', 0, 'Normal working day', '0', '2024-03-05', 0, 1, NULL, NULL, '0', 555),
(151, '06:00:00', '15:15:00', '#ff0000', 0, 'Normal working day', '0', '2024-03-05', 0, 1, NULL, NULL, '0', 555),
(152, '06:00:00', '15:15:00', '#ff0000', 0, 'Normal working day', '0', '2024-03-05', 0, 1, NULL, NULL, '0', 555),
(153, '08:38:00', '17:00:00', '#b2aeae', 0, 'test roster', '0', '2024-02-23', 0, 1, NULL, NULL, '', 502),
(154, '08:38:00', '17:00:00', '#b2aeae', 0, 'test roster', '0', '2024-02-23', 0, 1, NULL, NULL, '', 502),
(155, '07:00:00', '15:00:00', '#ff0000', 0, 'Shift', '0', '2024-03-08', 0, 1, NULL, NULL, '0', 480),
(156, '07:00:00', '15:00:00', '#ff0000', 0, 'Shift', '0', '2024-03-08', 0, 1, NULL, NULL, '0', 480),
(157, '07:00:00', '15:00:00', '#ff0000', 0, 'Shift', '0', '2024-03-08', 0, 1, NULL, NULL, '0', 480),
(158, '07:00:00', '15:00:00', '#ff0000', 0, 'Shift', '0', '2024-03-08', 0, 1, NULL, NULL, '0', 480),
(159, '07:00:00', '15:00:00', '#ff0000', 0, 'Shift', '0', '2024-03-08', 0, 1, NULL, NULL, '0', 480),
(160, '07:00:00', '15:00:00', '#ff0000', 0, 'Shift', '0', '2024-03-08', 0, 1, NULL, NULL, '0', 480),
(161, '07:00:00', '15:00:00', '#ff0000', 0, 'Shift', '0', '2024-03-08', 0, 1, NULL, NULL, '0', 480),
(162, '07:00:00', '15:00:00', '#ff0000', 0, 'Shift', '0', '2024-03-08', 0, 1, NULL, NULL, '0', 480),
(163, '07:00:00', '15:00:00', '#ff0000', 0, 'Shift', '0', '2024-03-08', 0, 1, NULL, NULL, '0', 480),
(164, '07:00:00', '15:00:00', '#ff0000', 0, 'Shift', '0', '2024-03-08', 0, 1, NULL, NULL, '0', 480),
(165, '07:00:00', '15:00:00', '#ff0000', 0, 'Shift', '0', '2024-03-08', 0, 1, NULL, NULL, '0', 480),
(166, '07:00:00', '15:00:00', '#ff0000', 0, 'Shift', '0', '2024-03-08', 0, 1, NULL, NULL, '0', 480),
(167, '07:00:00', '15:00:00', '#ff0000', 0, 'Shift', '0', '2024-03-08', 0, 1, NULL, NULL, '0', 480),
(168, '07:00:00', '15:00:00', '#ff0000', 0, 'Shift', '0', '2024-03-08', 0, 1, NULL, NULL, '0', 480),
(169, '07:00:00', '15:00:00', '#ff0000', 0, 'Shift', '0', '2024-03-08', 0, 1, NULL, NULL, '0', 480),
(170, '07:00:00', '15:00:00', '#ff0000', 0, 'Shift', '0', '2024-03-08', 0, 1, NULL, NULL, '0', 480),
(171, '07:00:00', '15:00:00', '#ff0000', 0, 'Shift', '0', '2024-03-08', 0, 1, NULL, NULL, '0', 480),
(172, '07:00:00', '15:00:00', '#ff0000', 0, 'Shift', '0', '2024-03-08', 0, 1, NULL, NULL, '0', 480),
(173, '07:00:00', '15:00:00', '#ff0000', 0, 'Shift', '0', '2024-03-08', 0, 1, NULL, NULL, '0', 480),
(174, '07:00:00', '15:00:00', '#ff0000', 0, 'Shift', '0', '2024-03-08', 0, 1, NULL, NULL, '0', 480),
(175, '07:00:00', '15:00:00', '#ff0000', 0, 'Shift', '0', '2024-03-08', 0, 1, NULL, NULL, '0', 480),
(176, '07:00:00', '15:00:00', '#ff0000', 0, 'Shift', '0', '2024-03-08', 0, 1, NULL, NULL, '0', 480),
(177, '07:00:00', '15:00:00', '#ff0000', 0, 'Shift', '0', '2024-03-08', 0, 1, NULL, NULL, '0', 480),
(178, '07:00:00', '15:00:00', '#ff0000', 0, 'Shift', '0', '2024-03-08', 0, 1, NULL, NULL, '0', 480),
(179, '07:00:00', '15:00:00', '#ff0000', 0, 'Shift', '0', '2024-03-08', 0, 1, NULL, NULL, '0', 480),
(180, '07:00:00', '15:00:00', '#ff0000', 0, 'Shift', '0', '2024-03-08', 0, 1, NULL, NULL, '0', 480),
(181, '07:00:00', '15:00:00', '#ff0000', 0, 'Shift', '0', '2024-03-08', 0, 1, NULL, NULL, '0', 480),
(182, '07:00:00', '15:00:00', '#ff0000', 0, 'Shift', '0', '2024-03-08', 0, 1, NULL, NULL, '0', 480),
(183, '06:00:00', '15:20:00', '#ff0000', 0, 'TEST', '0', '2024-03-08', 0, 1, NULL, NULL, '0', 560),
(184, '06:00:00', '15:20:00', '#ff0000', 0, 'TEST', '0', '2024-03-08', 0, 1, NULL, NULL, '0', 560),
(185, '06:00:00', '15:20:00', '#ff0000', 0, 'TEST', '0', '2024-03-08', 0, 1, NULL, NULL, '0', 560),
(186, '06:00:00', '15:20:00', '#ff0000', 0, 'TEST', '0', '2024-03-08', 0, 1, NULL, NULL, '0', 560),
(187, '06:00:00', '15:20:00', '#ff0000', 0, 'TEST', '0', '2024-03-08', 0, 1, NULL, NULL, '0', 560),
(188, '06:00:00', '15:20:00', '#ff0000', 0, 'TEST', '0', '2024-03-08', 0, 1, NULL, NULL, '0', 560),
(189, '06:00:00', '15:20:00', '#ff0000', 0, 'TEST', '0', '2024-03-08', 0, 1, NULL, NULL, '0', 560),
(190, '06:00:00', '15:20:00', '#ff0000', 0, 'TEST', '0', '2024-03-08', 0, 1, NULL, NULL, '0', 560),
(191, '06:00:00', '15:20:00', '#ff0000', 0, 'TEST', '0', '2024-03-08', 0, 1, NULL, NULL, '0', 560),
(192, '06:00:00', '15:20:00', '#ff0000', 0, 'TEST', '0', '2024-03-08', 0, 1, NULL, NULL, '0', 560),
(193, '06:00:00', '15:20:00', '#ff0000', 0, 'TEST', '0', '2024-03-08', 0, 1, NULL, NULL, '0', 560),
(194, '06:00:00', '15:20:00', '#ff0000', 0, 'TEST', '0', '2024-03-08', 0, 1, NULL, NULL, '0', 560),
(195, '06:00:00', '15:20:00', '#ff0000', 0, 'TEST', '0', '2024-03-08', 0, 1, NULL, NULL, '0', 560),
(196, '06:00:00', '15:20:00', '#ff0000', 0, 'TEST', '0', '2024-03-08', 0, 1, NULL, NULL, '0', 560),
(197, '06:00:00', '15:20:00', '#ff0000', 0, 'TEST', '0', '2024-03-08', 0, 1, NULL, NULL, '0', 560),
(198, '06:00:00', '15:20:00', '#ff0000', 0, 'TEST', '0', '2024-03-08', 0, 1, NULL, NULL, '0', 560),
(199, '06:00:00', '15:20:00', '#ff0000', 0, 'TEST', '0', '2024-03-08', 0, 1, NULL, NULL, '0', 560),
(200, '06:00:00', '15:20:00', '#ff0000', 0, 'TEST', '0', '2024-03-08', 0, 1, NULL, NULL, '0', 560),
(201, '06:00:00', '15:20:00', '#ff0000', 0, 'TEST', '0', '2024-03-08', 0, 1, NULL, NULL, '0', 560),
(202, '06:00:00', '15:20:00', '#ff0000', 0, 'TEST', '0', '2024-03-08', 0, 1, NULL, NULL, '0', 560),
(203, '06:00:00', '15:20:00', '#ff0000', 0, 'TEST', '0', '2024-03-08', 0, 1, NULL, NULL, '0', 560),
(204, '06:00:00', '15:20:00', '#ff0000', 0, 'TEST', '0', '2024-03-08', 0, 1, NULL, NULL, '0', 560),
(205, '06:00:00', '15:20:00', '#ff0000', 0, 'TEST', '0', '2024-03-08', 0, 1, NULL, NULL, '0', 560),
(206, '06:00:00', '15:20:00', '#ff0000', 0, 'TEST', '0', '2024-03-08', 0, 1, NULL, NULL, '0', 560),
(207, '06:00:00', '15:20:00', '#ff0000', 0, 'TEST', '0', '2024-03-08', 0, 1, NULL, NULL, '0', 560),
(208, '06:00:00', '15:20:00', '#ff0000', 0, 'TEST', '0', '2024-03-08', 0, 1, NULL, NULL, '0', 560),
(209, '06:00:00', '15:20:00', '#ff0000', 0, 'TEST', '0', '2024-03-08', 0, 1, NULL, NULL, '0', 560),
(210, '06:00:00', '15:20:00', '#ff0000', 0, 'TEST', '0', '2024-03-08', 0, 1, NULL, NULL, '0', 560),
(211, '06:00:00', '15:15:00', '#ff0000', 0, 'Test', '0', '2024-03-08', 0, 1, NULL, NULL, '0', 555),
(212, '06:00:00', '15:15:00', '#ff0000', 0, 'Test', '0', '2024-03-08', 0, 1, NULL, NULL, '0', 555),
(213, '06:00:00', '15:15:00', '#ff0000', 0, 'Test', '0', '2024-03-08', 0, 1, NULL, NULL, '0', 555),
(214, '06:00:00', '15:15:00', '#ff0000', 0, 'Test', '0', '2024-03-08', 0, 1, NULL, NULL, '0', 555),
(215, '06:00:00', '15:15:00', '#ff0000', 0, 'Test', '0', '2024-03-08', 0, 1, NULL, NULL, '0', 555),
(216, '06:00:00', '15:15:00', '#ff0000', 0, 'Test', '0', '2024-03-08', 0, 1, NULL, NULL, '0', 555),
(217, '06:00:00', '15:15:00', '#ff0000', 0, 'Test', '0', '2024-03-08', 0, 1, NULL, NULL, '0', 555),
(218, '06:00:00', '15:15:00', '#ff0000', 0, 'Test', '0', '2024-03-08', 0, 1, NULL, NULL, '0', 555),
(219, '06:00:00', '15:15:00', '#ff0000', 0, 'Test', '0', '2024-03-08', 0, 1, NULL, NULL, '0', 555),
(220, '06:00:00', '15:15:00', '#ff0000', 0, 'Test', '0', '2024-03-08', 0, 1, NULL, NULL, '0', 555),
(221, '06:00:00', '15:15:00', '#ff0000', 0, 'Test', '0', '2024-03-08', 0, 1, NULL, NULL, '0', 555),
(222, '06:00:00', '15:15:00', '#ff0000', 0, 'Test', '0', '2024-03-08', 0, 1, NULL, NULL, '0', 555),
(223, '06:00:00', '15:15:00', '#ff0000', 0, 'Test', '0', '2024-03-08', 0, 1, NULL, NULL, '0', 555),
(224, '06:00:00', '15:15:00', '#ff0000', 0, 'Test', '0', '2024-03-08', 0, 1, NULL, NULL, '0', 555),
(225, '06:00:00', '15:15:00', '#ff0000', 0, 'Test', '0', '2024-03-08', 0, 1, NULL, NULL, '0', 555),
(226, '06:00:00', '15:15:00', '#ff0000', 0, 'Test', '0', '2024-03-08', 0, 1, NULL, NULL, '0', 555),
(227, '06:00:00', '15:15:00', '#ff0000', 0, 'Test', '0', '2024-03-08', 0, 1, NULL, NULL, '0', 555),
(228, '06:00:00', '15:15:00', '#ff0000', 0, 'Test', '0', '2024-03-08', 0, 1, NULL, NULL, '0', 555),
(229, '06:00:00', '12:12:00', '#ff0000', 0, 'TEST', '0', '2024-03-08', 0, 1, NULL, NULL, '', 372),
(230, '08:38:00', '17:00:00', '#b2aeae', 0, 'test roster', '0', '2024-02-23', 0, 1, NULL, NULL, '', 502),
(231, '08:38:00', '19:00:00', '#b2aeae', 0, 'test roster', '0', '2024-03-09', 0, 1, NULL, NULL, '', 622),
(232, '08:38:00', '23:00:00', '#b2aeae', 0, 'test roster', '0', '2024-03-09', 0, 1, NULL, NULL, '', 862),
(233, '10:54:00', '22:54:00', '#cfece5', 0, 'GTECH', '0', '2024-02-22', 0, 1, NULL, NULL, '', 720),
(234, '06:00:00', '21:20:00', '#ff0000', 0, 'TEST', '0', '2024-03-08', 0, 1, NULL, NULL, '', 920),
(235, '10:54:00', '22:54:00', '#cfece5', 0, 'GTECH', '0', '2024-02-22', 0, 1, NULL, NULL, '', 720),
(236, '10:00:00', '22:54:00', '#cfece5', 0, 'GTECH', '0', '2024-03-12', 0, 1, NULL, NULL, '', 774),
(237, '10:54:00', '22:54:00', '#cfece5', 0, 'GTECH', '0', '2024-02-22', 0, 1, NULL, NULL, '', 720),
(238, '10:04:00', '22:54:00', '#cfece5', 0, 'GTECH', '0', '2024-03-13', 0, 1, NULL, NULL, '', 770),
(239, '10:54:00', '22:54:00', '#cfece5', 0, 'GTECH', '0', '2024-02-22', 0, 1, NULL, NULL, '', 720),
(240, '08:00:00', '16:01:00', '#ff0000', 60, 'Mid Day Shift', '0', '2024-03-13', 0, 1, NULL, NULL, '0', 421),
(241, '08:00:00', '16:01:00', '#ff0000', 60, 'Mid Day Shift', '0', '2024-03-14', 0, 1, NULL, NULL, '0', 421),
(242, '07:30:00', '15:30:00', '#ff0000', 0, 'test', '0', '2024-03-13', 0, 1, NULL, NULL, '0', 480),
(243, '07:30:00', '15:30:00', '#ff0000', 0, 'test', '0', '2024-03-13', 0, 1, NULL, NULL, '0', 480),
(244, '07:30:00', '15:30:00', '#ff0000', 0, 'test', '0', '2024-03-13', 0, 1, NULL, NULL, '0', 480),
(245, '07:25:00', '14:25:00', '#ff0000', 30, 'Shift Update', '0', '2024-03-13', 0, 1, NULL, NULL, '0', 390),
(246, '07:25:00', '14:25:00', '#ff0000', 30, 'Shift Update', '0', '2024-03-14', 0, 1, NULL, NULL, '0', 390),
(247, '08:38:00', '17:00:00', '#b2aeae', 0, 'test roster', '0', '2024-02-23', 0, 1, NULL, NULL, '', 502),
(248, '07:30:00', '22:54:00', '#cfece5', 0, 'GTECH', '0', '2024-03-14', 0, 1, NULL, NULL, '', 924),
(249, '07:30:00', '22:54:00', '#cfece5', 0, 'GTECH', '0', '2024-03-14', 0, 1, NULL, NULL, '', 924),
(250, '06:30:00', '15:15:00', '#ff0000', 30, 'test 1', '0', '2024-03-14', 0, 1, NULL, NULL, '0', 495),
(251, '06:30:00', '15:15:00', '#ff0000', 30, 'test 1', '0', '2024-03-14', 0, 1, NULL, NULL, '0', 495),
(252, '06:30:00', '15:15:00', '#ff0000', 30, 'test 1', '0', '2024-03-14', 0, 1, NULL, NULL, '0', 495),
(253, '06:30:00', '15:15:00', '#ff0000', 30, 'test 1', '0', '2024-03-14', 0, 1, NULL, NULL, '0', 495),
(254, '06:30:00', '15:15:00', '#ff0000', 30, 'test 1', '0', '2024-03-14', 0, 1, NULL, NULL, '0', 495),
(255, '06:30:00', '15:15:00', '#ff0000', 30, 'test 1', '0', '2024-03-14', 0, 1, NULL, NULL, '0', 495),
(256, '06:30:00', '15:15:00', '#ff0000', 30, 'test 1', '0', '2024-03-14', 0, 1, NULL, NULL, '0', 495),
(257, '06:30:00', '15:15:00', '#ff0000', 30, 'test 1', '0', '2024-03-14', 0, 1, NULL, NULL, '0', 495),
(258, '06:30:00', '15:15:00', '#ff0000', 30, 'test 1', '0', '2024-03-14', 0, 1, NULL, NULL, '0', 495),
(259, '06:30:00', '15:15:00', '#ff0000', 30, 'test 1', '0', '2024-03-14', 0, 1, NULL, NULL, '0', 495),
(260, '06:30:00', '15:15:00', '#ff0000', 30, 'test 1', '0', '2024-03-14', 0, 1, NULL, NULL, '0', 495),
(261, '06:30:00', '15:15:00', '#ff0000', 30, 'test 1', '0', '2024-03-14', 0, 1, NULL, NULL, '0', 495),
(262, '06:30:00', '15:15:00', '#ff0000', 30, 'test 1', '0', '2024-03-14', 0, 1, NULL, NULL, '0', 495),
(263, '06:30:00', '15:15:00', '#ff0000', 30, 'test 1', '0', '2024-03-14', 0, 1, NULL, NULL, '0', 495),
(264, '06:30:00', '15:15:00', '#ff0000', 30, 'test 1', '0', '2024-03-14', 0, 1, NULL, NULL, '0', 495),
(265, '06:30:00', '15:15:00', '#ff0000', 30, 'test 1', '0', '2024-03-14', 0, 1, NULL, NULL, '0', 495),
(266, '06:30:00', '15:15:00', '#ff0000', 30, 'test 1', '0', '2024-03-14', 0, 1, NULL, NULL, '0', 495),
(267, '06:30:00', '15:15:00', '#ff0000', 30, 'test 1', '0', '2024-03-14', 0, 1, NULL, NULL, '0', 495),
(268, '06:30:00', '15:15:00', '#ff0000', 30, 'test 1', '0', '2024-03-14', 0, 1, NULL, NULL, '0', 495),
(269, '06:30:00', '15:15:00', '#ff0000', 30, 'test 1', '0', '2024-03-14', 0, 1, NULL, NULL, '0', 495),
(270, '06:30:00', '15:15:00', '#ff0000', 30, 'test 1', '0', '2024-03-14', 0, 1, NULL, NULL, '0', 495),
(271, '06:30:00', '15:15:00', '#ff0000', 30, 'test 1', '0', '2024-03-14', 0, 1, NULL, NULL, '0', 495),
(272, '06:30:00', '15:15:00', '#ff0000', 30, 'test 1', '0', '2024-03-14', 0, 1, NULL, NULL, '0', 495),
(273, '06:30:00', '15:15:00', '#ff0000', 30, 'test 1', '0', '2024-03-14', 0, 1, NULL, NULL, '0', 495),
(274, '06:30:00', '15:15:00', '#ff0000', 30, 'test 1', '0', '2024-03-14', 0, 1, NULL, NULL, '0', 495),
(275, '06:30:00', '15:15:00', '#ff0000', 30, 'test 1', '0', '2024-03-14', 0, 1, NULL, NULL, '0', 495),
(276, '06:30:00', '15:15:00', '#ff0000', 30, 'test 1', '0', '2024-03-14', 0, 1, NULL, NULL, '0', 495),
(277, '06:30:00', '15:15:00', '#ff0000', 30, 'test 1', '0', '2024-03-14', 0, 1, NULL, NULL, '0', 495),
(278, '06:30:00', '15:15:00', '#ff0000', 30, 'Test 2', '0', '2024-03-18', 0, 1, NULL, NULL, '0', 495),
(279, '06:30:00', '15:15:00', '#ff0000', 30, 'Test 2', '0', '2024-03-18', 0, 1, NULL, NULL, '0', 495),
(280, '06:30:00', '15:15:00', '#ff0000', 30, 'Test 2', '0', '2024-03-18', 0, 1, NULL, NULL, '0', 495),
(281, '06:30:00', '15:15:00', '#ff0000', 30, 'Test 2', '0', '2024-03-18', 0, 1, NULL, NULL, '0', 495),
(282, '06:30:00', '15:15:00', '#ff0000', 30, 'Test 2', '0', '2024-03-18', 0, 1, NULL, NULL, '0', 495),
(283, '06:30:00', '15:15:00', '#ff0000', 30, 'Test 2', '0', '2024-03-18', 0, 1, NULL, NULL, '0', 495),
(284, '06:30:00', '15:15:00', '#ff0000', 30, 'Test 2', '0', '2024-03-18', 0, 1, NULL, NULL, '0', 495),
(285, '06:30:00', '15:15:00', '#ff0000', 30, 'Test 2', '0', '2024-03-18', 0, 1, NULL, NULL, '0', 495),
(286, '06:30:00', '15:15:00', '#ff0000', 30, 'Test 2', '0', '2024-03-18', 0, 1, NULL, NULL, '0', 495),
(287, '06:30:00', '15:15:00', '#ff0000', 30, 'Test 2', '0', '2024-03-18', 0, 1, NULL, NULL, '0', 495),
(288, '06:30:00', '15:15:00', '#ff0000', 30, 'Test 2', '0', '2024-03-18', 0, 1, NULL, NULL, '0', 495),
(289, '06:30:00', '15:15:00', '#ff0000', 30, 'Test 2', '0', '2024-03-18', 0, 1, NULL, NULL, '0', 495),
(290, '06:30:00', '15:15:00', '#ff0000', 30, 'Test 2', '0', '2024-03-18', 0, 1, NULL, NULL, '0', 495),
(291, '06:30:00', '15:15:00', '#ff0000', 30, 'Test 2', '0', '2024-03-18', 0, 1, NULL, NULL, '0', 495),
(292, '06:30:00', '15:15:00', '#ff0000', 30, 'Test 2', '0', '2024-03-18', 0, 1, NULL, NULL, '0', 495),
(293, '06:30:00', '15:15:00', '#ff0000', 30, 'Test 2', '0', '2024-03-18', 0, 1, NULL, NULL, '0', 495),
(294, '06:30:00', '15:15:00', '#ff0000', 30, 'Test 2', '0', '2024-03-18', 0, 1, NULL, NULL, '0', 495),
(295, '06:30:00', '15:15:00', '#ff0000', 30, 'Test 2', '0', '2024-03-18', 0, 1, NULL, NULL, '0', 495),
(296, '06:30:00', '15:15:00', '#ff0000', 30, 'Test 2', '0', '2024-03-18', 0, 1, NULL, NULL, '0', 495),
(297, '06:30:00', '15:15:00', '#ff0000', 30, 'Test 2', '0', '2024-03-18', 0, 1, NULL, NULL, '0', 495),
(298, '06:30:00', '15:15:00', '#ff0000', 30, 'Test 2', '0', '2024-03-18', 0, 1, NULL, NULL, '0', 495),
(299, '06:30:00', '15:15:00', '#ff0000', 30, 'Test 2', '0', '2024-03-18', 0, 1, NULL, NULL, '0', 495),
(300, '06:30:00', '15:15:00', '#ff0000', 30, 'Test 2', '0', '2024-03-18', 0, 1, NULL, NULL, '0', 495),
(301, '06:30:00', '15:15:00', '#ff0000', 30, 'Test 2', '0', '2024-03-18', 0, 1, NULL, NULL, '0', 495),
(302, '06:30:00', '15:15:00', '#ff0000', 30, 'Test 2', '0', '2024-03-18', 0, 1, NULL, NULL, '0', 495),
(303, '06:30:00', '15:15:00', '#ff0000', 30, 'Test 2', '0', '2024-03-18', 0, 1, NULL, NULL, '0', 495),
(304, '06:30:00', '15:15:00', '#ff0000', 30, 'Test 2', '0', '2024-03-18', 0, 1, NULL, NULL, '0', 495),
(305, '06:30:00', '15:15:00', '#ff0000', 30, 'Test 2', '0', '2024-03-18', 0, 1, NULL, NULL, '0', 495),
(306, '06:30:00', '15:15:00', '#ff0000', 30, 'Test 2', '0', '2024-03-19', 0, 1, NULL, NULL, '0', 495),
(307, '06:30:00', '15:15:00', '#ff0000', 30, 'Test 2', '0', '2024-03-19', 0, 1, NULL, NULL, '0', 495),
(308, '06:30:00', '15:15:00', '#ff0000', 30, 'Test 2', '0', '2024-03-19', 0, 1, NULL, NULL, '0', 495),
(309, '06:30:00', '15:15:00', '#ff0000', 30, 'Test 2', '0', '2024-03-19', 0, 1, NULL, NULL, '0', 495),
(310, '06:30:00', '15:15:00', '#ff0000', 30, 'Test 2', '0', '2024-03-19', 0, 1, NULL, NULL, '0', 495),
(311, '06:30:00', '15:15:00', '#ff0000', 30, 'Test 2', '0', '2024-03-19', 0, 1, NULL, NULL, '0', 495),
(312, '06:30:00', '15:15:00', '#ff0000', 30, 'Test 2', '0', '2024-03-19', 0, 1, NULL, NULL, '0', 495),
(313, '06:30:00', '15:15:00', '#ff0000', 30, 'Test 2', '0', '2024-03-19', 0, 1, NULL, NULL, '0', 495),
(314, '06:30:00', '15:15:00', '#ff0000', 30, 'Test 2', '0', '2024-03-19', 0, 1, NULL, NULL, '0', 495),
(315, '06:30:00', '15:15:00', '#ff0000', 30, 'Test 2', '0', '2024-03-19', 0, 1, NULL, NULL, '0', 495),
(316, '06:30:00', '15:15:00', '#ff0000', 30, 'Test 2', '0', '2024-03-19', 0, 1, NULL, NULL, '0', 495),
(317, '06:30:00', '15:15:00', '#ff0000', 30, 'Test 2', '0', '2024-03-19', 0, 1, NULL, NULL, '0', 495),
(318, '06:30:00', '15:15:00', '#ff0000', 30, 'Test 2', '0', '2024-03-19', 0, 1, NULL, NULL, '0', 495),
(319, '06:30:00', '15:15:00', '#ff0000', 30, 'Test 2', '0', '2024-03-19', 0, 1, NULL, NULL, '0', 495),
(320, '06:30:00', '15:15:00', '#ff0000', 30, 'Test 2', '0', '2024-03-19', 0, 1, NULL, NULL, '0', 495),
(321, '06:30:00', '15:15:00', '#ff0000', 30, 'Test 2', '0', '2024-03-19', 0, 1, NULL, NULL, '0', 495),
(322, '06:30:00', '15:15:00', '#ff0000', 30, 'Test 2', '0', '2024-03-19', 0, 1, NULL, NULL, '0', 495),
(323, '06:30:00', '15:15:00', '#ff0000', 30, 'Test 2', '0', '2024-03-19', 0, 1, NULL, NULL, '0', 495),
(324, '06:30:00', '15:15:00', '#ff0000', 30, 'Test 2', '0', '2024-03-19', 0, 1, NULL, NULL, '0', 495),
(325, '06:30:00', '15:15:00', '#ff0000', 30, 'Test 2', '0', '2024-03-19', 0, 1, NULL, NULL, '0', 495),
(326, '06:30:00', '15:15:00', '#ff0000', 30, 'Test 2', '0', '2024-03-19', 0, 1, NULL, NULL, '0', 495),
(327, '06:30:00', '15:15:00', '#ff0000', 30, 'Test 2', '0', '2024-03-19', 0, 1, NULL, NULL, '0', 495),
(328, '06:30:00', '15:15:00', '#ff0000', 30, 'Test 2', '0', '2024-03-19', 0, 1, NULL, NULL, '0', 495),
(329, '06:30:00', '15:15:00', '#ff0000', 30, 'Test 2', '0', '2024-03-19', 0, 1, NULL, NULL, '0', 495),
(330, '06:30:00', '15:15:00', '#ff0000', 30, 'Test 2', '0', '2024-03-19', 0, 1, NULL, NULL, '0', 495),
(331, '06:30:00', '15:15:00', '#ff0000', 30, 'Test 2', '0', '2024-03-19', 0, 1, NULL, NULL, '0', 495),
(332, '06:30:00', '15:15:00', '#ff0000', 30, 'Test 2', '0', '2024-03-19', 0, 1, NULL, NULL, '0', 495),
(333, '06:30:00', '15:15:00', '#ff0000', 30, 'Test 2', '0', '2024-03-19', 0, 1, NULL, NULL, '0', 495),
(334, '06:30:00', '15:15:00', '#ff0000', 30, 'Test 2', '0', '2024-03-20', 0, 1, NULL, NULL, '0', 495),
(335, '06:30:00', '15:15:00', '#ff0000', 30, 'Test 2', '0', '2024-03-20', 0, 1, NULL, NULL, '0', 495),
(336, '06:30:00', '15:15:00', '#ff0000', 30, 'Test 2', '0', '2024-03-20', 0, 1, NULL, NULL, '0', 495),
(337, '06:30:00', '15:15:00', '#ff0000', 30, 'Test 2', '0', '2024-03-20', 0, 1, NULL, NULL, '0', 495),
(338, '06:30:00', '15:15:00', '#ff0000', 30, 'Test 2', '0', '2024-03-20', 0, 1, NULL, NULL, '0', 495),
(339, '06:30:00', '15:15:00', '#ff0000', 30, 'Test 2', '0', '2024-03-20', 0, 1, NULL, NULL, '0', 495),
(340, '06:30:00', '15:15:00', '#ff0000', 30, 'Test 2', '0', '2024-03-20', 0, 1, NULL, NULL, '0', 495),
(341, '06:30:00', '15:15:00', '#ff0000', 30, 'Test 2', '0', '2024-03-20', 0, 1, NULL, NULL, '0', 495),
(342, '06:30:00', '15:15:00', '#ff0000', 30, 'Test 2', '0', '2024-03-20', 0, 1, NULL, NULL, '0', 495),
(343, '06:30:00', '15:15:00', '#ff0000', 30, 'Test 2', '0', '2024-03-20', 0, 1, NULL, NULL, '0', 495),
(344, '06:30:00', '15:15:00', '#ff0000', 30, 'Test 2', '0', '2024-03-20', 0, 1, NULL, NULL, '0', 495),
(345, '06:30:00', '15:15:00', '#ff0000', 30, 'Test 2', '0', '2024-03-20', 0, 1, NULL, NULL, '0', 495),
(346, '06:30:00', '15:15:00', '#ff0000', 30, 'Test 2', '0', '2024-03-20', 0, 1, NULL, NULL, '0', 495),
(347, '06:30:00', '15:15:00', '#ff0000', 30, 'Test 2', '0', '2024-03-20', 0, 1, NULL, NULL, '0', 495),
(348, '06:30:00', '15:15:00', '#ff0000', 30, 'Test 2', '0', '2024-03-20', 0, 1, NULL, NULL, '0', 495),
(349, '06:30:00', '15:15:00', '#ff0000', 30, 'Test 2', '0', '2024-03-20', 0, 1, NULL, NULL, '0', 495),
(350, '06:30:00', '15:15:00', '#ff0000', 30, 'Test 2', '0', '2024-03-20', 0, 1, NULL, NULL, '0', 495),
(351, '06:30:00', '15:15:00', '#ff0000', 30, 'Test 2', '0', '2024-03-20', 0, 1, NULL, NULL, '0', 495),
(352, '06:30:00', '15:15:00', '#ff0000', 30, 'Test 2', '0', '2024-03-20', 0, 1, NULL, NULL, '0', 495),
(353, '06:30:00', '15:15:00', '#ff0000', 30, 'Test 2', '0', '2024-03-20', 0, 1, NULL, NULL, '0', 495),
(354, '06:30:00', '15:15:00', '#ff0000', 30, 'Test 2', '0', '2024-03-20', 0, 1, NULL, NULL, '0', 495),
(355, '06:30:00', '15:15:00', '#ff0000', 30, 'Test 2', '0', '2024-03-20', 0, 1, NULL, NULL, '0', 495),
(356, '06:30:00', '15:15:00', '#ff0000', 30, 'Test 2', '0', '2024-03-20', 0, 1, NULL, NULL, '0', 495),
(357, '06:30:00', '15:15:00', '#ff0000', 30, 'Test 2', '0', '2024-03-20', 0, 1, NULL, NULL, '0', 495),
(358, '06:30:00', '15:15:00', '#ff0000', 30, 'Test 2', '0', '2024-03-20', 0, 1, NULL, NULL, '0', 495),
(359, '06:30:00', '15:15:00', '#ff0000', 30, 'Test 2', '0', '2024-03-20', 0, 1, NULL, NULL, '0', 495),
(360, '06:30:00', '15:15:00', '#ff0000', 30, 'Test 2', '0', '2024-03-20', 0, 1, NULL, NULL, '0', 495),
(361, '06:30:00', '15:15:00', '#ff0000', 30, 'Test 2', '0', '2024-03-20', 0, 1, NULL, NULL, '0', 495),
(362, '06:30:00', '15:15:00', '#ff0000', 30, 'Test 2', '0', '2024-03-21', 0, 1, NULL, NULL, '0', 495),
(363, '06:30:00', '15:15:00', '#ff0000', 30, 'Test 2', '0', '2024-03-21', 0, 1, NULL, NULL, '0', 495),
(364, '06:30:00', '15:15:00', '#ff0000', 30, 'Test 2', '0', '2024-03-21', 0, 1, NULL, NULL, '0', 495),
(365, '06:30:00', '15:15:00', '#ff0000', 30, 'Test 2', '0', '2024-03-21', 0, 1, NULL, NULL, '0', 495),
(366, '06:30:00', '15:15:00', '#ff0000', 30, 'Test 2', '0', '2024-03-21', 0, 1, NULL, NULL, '0', 495),
(367, '06:30:00', '15:15:00', '#ff0000', 30, 'Test 2', '0', '2024-03-21', 0, 1, NULL, NULL, '0', 495),
(368, '06:30:00', '15:15:00', '#ff0000', 30, 'Test 2', '0', '2024-03-21', 0, 1, NULL, NULL, '0', 495),
(369, '06:30:00', '15:15:00', '#ff0000', 30, 'Test 2', '0', '2024-03-21', 0, 1, NULL, NULL, '0', 495),
(370, '06:30:00', '15:15:00', '#ff0000', 30, 'Test 2', '0', '2024-03-21', 0, 1, NULL, NULL, '0', 495),
(371, '06:30:00', '15:15:00', '#ff0000', 30, 'Test 2', '0', '2024-03-21', 0, 1, NULL, NULL, '0', 495),
(372, '06:30:00', '15:15:00', '#ff0000', 30, 'Test 2', '0', '2024-03-21', 0, 1, NULL, NULL, '0', 495),
(373, '06:30:00', '15:15:00', '#ff0000', 30, 'Test 2', '0', '2024-03-21', 0, 1, NULL, NULL, '0', 495),
(374, '06:30:00', '15:15:00', '#ff0000', 30, 'Test 2', '0', '2024-03-21', 0, 1, NULL, NULL, '0', 495),
(375, '06:30:00', '15:15:00', '#ff0000', 30, 'Test 2', '0', '2024-03-21', 0, 1, NULL, NULL, '0', 495),
(376, '06:30:00', '15:15:00', '#ff0000', 30, 'Test 2', '0', '2024-03-21', 0, 1, NULL, NULL, '0', 495),
(377, '06:30:00', '15:15:00', '#ff0000', 30, 'Test 2', '0', '2024-03-21', 0, 1, NULL, NULL, '0', 495),
(378, '06:30:00', '15:15:00', '#ff0000', 30, 'Test 2', '0', '2024-03-21', 0, 1, NULL, NULL, '0', 495),
(379, '06:30:00', '15:15:00', '#ff0000', 30, 'Test 2', '0', '2024-03-21', 0, 1, NULL, NULL, '0', 495),
(380, '06:30:00', '15:15:00', '#ff0000', 30, 'Test 2', '0', '2024-03-21', 0, 1, NULL, NULL, '0', 495),
(381, '06:30:00', '15:15:00', '#ff0000', 30, 'Test 2', '0', '2024-03-21', 0, 1, NULL, NULL, '0', 495),
(382, '06:30:00', '15:15:00', '#ff0000', 30, 'Test 2', '0', '2024-03-21', 0, 1, NULL, NULL, '0', 495),
(383, '06:30:00', '15:15:00', '#ff0000', 30, 'Test 2', '0', '2024-03-21', 0, 1, NULL, NULL, '0', 495),
(384, '06:30:00', '15:15:00', '#ff0000', 30, 'Test 2', '0', '2024-03-21', 0, 1, NULL, NULL, '0', 495),
(385, '06:30:00', '15:15:00', '#ff0000', 30, 'Test 2', '0', '2024-03-21', 0, 1, NULL, NULL, '0', 495),
(386, '06:30:00', '15:15:00', '#ff0000', 30, 'Test 2', '0', '2024-03-21', 0, 1, NULL, NULL, '0', 495),
(387, '06:30:00', '15:15:00', '#ff0000', 30, 'Test 2', '0', '2024-03-21', 0, 1, NULL, NULL, '0', 495),
(388, '06:30:00', '15:15:00', '#ff0000', 30, 'Test 2', '0', '2024-03-21', 0, 1, NULL, NULL, '0', 495),
(389, '06:30:00', '15:15:00', '#ff0000', 30, 'Test 2', '0', '2024-03-21', 0, 1, NULL, NULL, '0', 495),
(390, '06:30:00', '15:15:00', '#ff0000', 30, 'Test 2', '0', '2024-03-22', 0, 1, NULL, NULL, '0', 495),
(391, '06:30:00', '15:15:00', '#ff0000', 30, 'Test 2', '0', '2024-03-22', 0, 1, NULL, NULL, '0', 495),
(392, '06:30:00', '15:15:00', '#ff0000', 30, 'Test 2', '0', '2024-03-22', 0, 1, NULL, NULL, '0', 495),
(393, '06:30:00', '15:15:00', '#ff0000', 30, 'Test 2', '0', '2024-03-22', 0, 1, NULL, NULL, '0', 495),
(394, '06:30:00', '15:15:00', '#ff0000', 30, 'Test 2', '0', '2024-03-22', 0, 1, NULL, NULL, '0', 495),
(395, '06:30:00', '15:15:00', '#ff0000', 30, 'Test 2', '0', '2024-03-22', 0, 1, NULL, NULL, '0', 495),
(396, '06:30:00', '15:15:00', '#ff0000', 30, 'Test 2', '0', '2024-03-22', 0, 1, NULL, NULL, '0', 495),
(397, '06:30:00', '15:15:00', '#ff0000', 30, 'Test 2', '0', '2024-03-22', 0, 1, NULL, NULL, '0', 495),
(398, '06:30:00', '15:15:00', '#ff0000', 30, 'Test 2', '0', '2024-03-22', 0, 1, NULL, NULL, '0', 495),
(399, '06:30:00', '15:15:00', '#ff0000', 30, 'Test 2', '0', '2024-03-22', 0, 1, NULL, NULL, '0', 495),
(400, '06:30:00', '15:15:00', '#ff0000', 30, 'Test 2', '0', '2024-03-22', 0, 1, NULL, NULL, '0', 495),
(401, '06:30:00', '15:15:00', '#ff0000', 30, 'Test 2', '0', '2024-03-22', 0, 1, NULL, NULL, '0', 495),
(402, '06:30:00', '15:15:00', '#ff0000', 30, 'Test 2', '0', '2024-03-22', 0, 1, NULL, NULL, '0', 495),
(403, '06:30:00', '15:15:00', '#ff0000', 30, 'Test 2', '0', '2024-03-22', 0, 1, NULL, NULL, '0', 495),
(404, '06:30:00', '15:15:00', '#ff0000', 30, 'Test 2', '0', '2024-03-22', 0, 1, NULL, NULL, '0', 495),
(405, '06:30:00', '15:15:00', '#ff0000', 30, 'Test 2', '0', '2024-03-22', 0, 1, NULL, NULL, '0', 495),
(406, '06:30:00', '15:15:00', '#ff0000', 30, 'Test 2', '0', '2024-03-22', 0, 1, NULL, NULL, '0', 495),
(407, '06:30:00', '15:15:00', '#ff0000', 30, 'Test 2', '0', '2024-03-22', 0, 1, NULL, NULL, '0', 495),
(408, '06:30:00', '15:15:00', '#ff0000', 30, 'Test 2', '0', '2024-03-22', 0, 1, NULL, NULL, '0', 495),
(409, '06:30:00', '15:15:00', '#ff0000', 30, 'Test 2', '0', '2024-03-22', 0, 1, NULL, NULL, '0', 495),
(410, '06:30:00', '15:15:00', '#ff0000', 30, 'Test 2', '0', '2024-03-22', 0, 1, NULL, NULL, '0', 495),
(411, '06:30:00', '15:15:00', '#ff0000', 30, 'Test 2', '0', '2024-03-22', 0, 1, NULL, NULL, '0', 495),
(412, '06:30:00', '15:15:00', '#ff0000', 30, 'Test 2', '0', '2024-03-22', 0, 1, NULL, NULL, '0', 495),
(413, '06:30:00', '15:15:00', '#ff0000', 30, 'Test 2', '0', '2024-03-22', 0, 1, NULL, NULL, '0', 495),
(414, '06:30:00', '15:15:00', '#ff0000', 30, 'Test 2', '0', '2024-03-22', 0, 1, NULL, NULL, '0', 495),
(415, '06:30:00', '15:15:00', '#ff0000', 30, 'Test 2', '0', '2024-03-22', 0, 1, NULL, NULL, '0', 495),
(416, '06:30:00', '15:15:00', '#ff0000', 30, 'Test 2', '0', '2024-03-22', 0, 1, NULL, NULL, '0', 495),
(417, '06:30:00', '15:15:00', '#ff0000', 30, 'Test 2', '0', '2024-03-22', 0, 1, NULL, NULL, '0', 495),
(418, '08:38:00', '17:00:00', '#b2aeae', 0, 'test roster', '0', '2024-02-23', 0, 1, NULL, NULL, '', 502),
(419, '06:30:00', '15:15:00', '#ff0000', 0, 'Test5', '0', '2024-03-25', 0, 1, NULL, NULL, '0', 525),
(420, '06:30:00', '15:15:00', '#ff0000', 0, 'Test5', '0', '2024-03-25', 0, 1, NULL, NULL, '0', 525),
(421, '06:30:00', '15:15:00', '#ff0000', 0, 'Test5', '0', '2024-03-25', 0, 1, NULL, NULL, '0', 525),
(422, '06:30:00', '15:15:00', '#ff0000', 0, 'Test5', '0', '2024-03-25', 0, 1, NULL, NULL, '0', 525),
(423, '06:30:00', '15:15:00', '#ff0000', 0, 'Test5', '0', '2024-03-25', 0, 1, NULL, NULL, '0', 525),
(424, '06:30:00', '15:15:00', '#ff0000', 0, 'Test5', '0', '2024-03-25', 0, 1, NULL, NULL, '0', 525),
(425, '06:30:00', '15:15:00', '#ff0000', 0, 'Test5', '0', '2024-03-25', 0, 1, NULL, NULL, '0', 525),
(426, '06:30:00', '15:15:00', '#ff0000', 0, 'Test5', '0', '2024-03-25', 0, 1, NULL, NULL, '0', 525),
(427, '06:30:00', '15:15:00', '#ff0000', 0, 'Test5', '0', '2024-03-25', 0, 1, NULL, NULL, '0', 525),
(428, '06:30:00', '15:15:00', '#ff0000', 0, 'Test5', '0', '2024-03-25', 0, 1, NULL, NULL, '0', 525),
(429, '06:30:00', '15:15:00', '#ff0000', 0, 'Test5', '0', '2024-03-25', 0, 1, NULL, NULL, '0', 525),
(430, '06:30:00', '15:15:00', '#ff0000', 0, 'Test5', '0', '2024-03-25', 0, 1, NULL, NULL, '0', 525),
(431, '06:30:00', '15:15:00', '#ff0000', 0, 'Test5', '0', '2024-03-25', 0, 1, NULL, NULL, '0', 525),
(432, '06:30:00', '15:15:00', '#ff0000', 0, 'Test5', '0', '2024-03-25', 0, 1, NULL, NULL, '0', 525),
(433, '06:30:00', '15:15:00', '#ff0000', 0, 'Test5', '0', '2024-03-25', 0, 1, NULL, NULL, '0', 525),
(434, '06:30:00', '15:15:00', '#ff0000', 0, 'Test5', '0', '2024-03-25', 0, 1, NULL, NULL, '0', 525),
(435, '06:30:00', '15:15:00', '#ff0000', 0, 'Test5', '0', '2024-03-25', 0, 1, NULL, NULL, '0', 525),
(436, '06:30:00', '15:15:00', '#ff0000', 0, 'Test5', '0', '2024-03-25', 0, 1, NULL, NULL, '0', 525),
(437, '06:30:00', '15:15:00', '#ff0000', 0, 'Test5', '0', '2024-03-25', 0, 1, NULL, NULL, '0', 525),
(438, '06:30:00', '15:15:00', '#ff0000', 0, 'Test5', '0', '2024-03-25', 0, 1, NULL, NULL, '0', 525),
(439, '06:30:00', '15:15:00', '#ff0000', 0, 'Test5', '0', '2024-03-25', 0, 1, NULL, NULL, '0', 525),
(440, '06:30:00', '15:15:00', '#ff0000', 0, 'Test5', '0', '2024-03-25', 0, 1, NULL, NULL, '0', 525),
(441, '06:30:00', '15:15:00', '#ff0000', 0, 'Test5', '0', '2024-03-25', 0, 1, NULL, NULL, '0', 525),
(442, '06:30:00', '15:15:00', '#ff0000', 0, 'Test5', '0', '2024-03-25', 0, 1, NULL, NULL, '0', 525),
(443, '06:30:00', '15:15:00', '#ff0000', 0, 'Test5', '0', '2024-03-25', 0, 1, NULL, NULL, '0', 525),
(444, '06:30:00', '15:15:00', '#ff0000', 0, 'Test5', '0', '2024-03-25', 0, 1, NULL, NULL, '0', 525),
(445, '06:30:00', '15:15:00', '#ff0000', 0, 'Test5', '0', '2024-03-25', 0, 1, NULL, NULL, '0', 525),
(446, '06:30:00', '15:15:00', '#ff0000', 0, 'Test5', '0', '2024-03-25', 0, 1, NULL, NULL, '0', 525),
(447, '06:30:00', '15:15:00', '#ff0000', 0, 'Test5', '0', '2024-03-26', 0, 1, NULL, NULL, '0', 525),
(448, '06:30:00', '15:15:00', '#ff0000', 0, 'Test5', '0', '2024-03-26', 0, 1, NULL, NULL, '0', 525),
(449, '06:30:00', '15:15:00', '#ff0000', 0, 'Test5', '0', '2024-03-26', 0, 1, NULL, NULL, '0', 525),
(450, '06:30:00', '15:15:00', '#ff0000', 0, 'Test5', '0', '2024-03-26', 0, 1, NULL, NULL, '0', 525),
(451, '06:30:00', '15:15:00', '#ff0000', 0, 'Test5', '0', '2024-03-26', 0, 1, NULL, NULL, '0', 525),
(452, '06:30:00', '15:15:00', '#ff0000', 0, 'Test5', '0', '2024-03-26', 0, 1, NULL, NULL, '0', 525),
(453, '06:30:00', '15:15:00', '#ff0000', 0, 'Test5', '0', '2024-03-26', 0, 1, NULL, NULL, '0', 525),
(454, '06:30:00', '15:15:00', '#ff0000', 0, 'Test5', '0', '2024-03-26', 0, 1, NULL, NULL, '0', 525),
(455, '06:30:00', '15:15:00', '#ff0000', 0, 'Test5', '0', '2024-03-26', 0, 1, NULL, NULL, '0', 525),
(456, '06:30:00', '15:15:00', '#ff0000', 0, 'Test5', '0', '2024-03-26', 0, 1, NULL, NULL, '0', 525),
(457, '06:30:00', '15:15:00', '#ff0000', 0, 'Test5', '0', '2024-03-26', 0, 1, NULL, NULL, '0', 525),
(458, '06:30:00', '15:15:00', '#ff0000', 0, 'Test5', '0', '2024-03-26', 0, 1, NULL, NULL, '0', 525),
(459, '06:30:00', '15:15:00', '#ff0000', 0, 'Test5', '0', '2024-03-26', 0, 1, NULL, NULL, '0', 525),
(460, '06:30:00', '15:15:00', '#ff0000', 0, 'Test5', '0', '2024-03-26', 0, 1, NULL, NULL, '0', 525),
(461, '06:30:00', '15:15:00', '#ff0000', 0, 'Test5', '0', '2024-03-26', 0, 1, NULL, NULL, '0', 525),
(462, '06:30:00', '15:15:00', '#ff0000', 0, 'Test5', '0', '2024-03-26', 0, 1, NULL, NULL, '0', 525),
(463, '06:30:00', '15:15:00', '#ff0000', 0, 'Test5', '0', '2024-03-26', 0, 1, NULL, NULL, '0', 525),
(464, '06:30:00', '15:15:00', '#ff0000', 0, 'Test5', '0', '2024-03-26', 0, 1, NULL, NULL, '0', 525),
(465, '06:30:00', '15:15:00', '#ff0000', 0, 'Test5', '0', '2024-03-26', 0, 1, NULL, NULL, '0', 525),
(466, '06:30:00', '15:15:00', '#ff0000', 0, 'Test5', '0', '2024-03-26', 0, 1, NULL, NULL, '0', 525),
(467, '06:30:00', '15:15:00', '#ff0000', 0, 'Test5', '0', '2024-03-26', 0, 1, NULL, NULL, '0', 525),
(468, '06:30:00', '15:15:00', '#ff0000', 0, 'Test5', '0', '2024-03-26', 0, 1, NULL, NULL, '0', 525),
(469, '06:30:00', '15:15:00', '#ff0000', 0, 'Test5', '0', '2024-03-26', 0, 1, NULL, NULL, '0', 525),
(470, '06:30:00', '15:15:00', '#ff0000', 0, 'Test5', '0', '2024-03-26', 0, 1, NULL, NULL, '0', 525),
(471, '06:30:00', '15:15:00', '#ff0000', 0, 'Test5', '0', '2024-03-26', 0, 1, NULL, NULL, '0', 525),
(472, '06:30:00', '15:15:00', '#ff0000', 0, 'Test5', '0', '2024-03-26', 0, 1, NULL, NULL, '0', 525),
(473, '06:30:00', '15:15:00', '#ff0000', 0, 'Test5', '0', '2024-03-26', 0, 1, NULL, NULL, '0', 525),
(474, '06:30:00', '15:15:00', '#ff0000', 0, 'Test5', '0', '2024-03-26', 0, 1, NULL, NULL, '0', 525),
(475, '06:30:00', '15:15:00', '#ff0000', 0, 'Test5', '0', '2024-03-27', 0, 1, NULL, NULL, '0', 525),
(476, '06:30:00', '15:15:00', '#ff0000', 0, 'Test5', '0', '2024-03-27', 0, 1, NULL, NULL, '0', 525),
(477, '06:30:00', '15:15:00', '#ff0000', 0, 'Test5', '0', '2024-03-27', 0, 1, NULL, NULL, '0', 525),
(478, '06:30:00', '15:15:00', '#ff0000', 0, 'Test5', '0', '2024-03-27', 0, 1, NULL, NULL, '0', 525),
(479, '06:30:00', '15:15:00', '#ff0000', 0, 'Test5', '0', '2024-03-27', 0, 1, NULL, NULL, '0', 525),
(480, '06:30:00', '15:15:00', '#ff0000', 0, 'Test5', '0', '2024-03-27', 0, 1, NULL, NULL, '0', 525),
(481, '06:30:00', '15:15:00', '#ff0000', 0, 'Test5', '0', '2024-03-27', 0, 1, NULL, NULL, '0', 525),
(482, '06:30:00', '15:15:00', '#ff0000', 0, 'Test5', '0', '2024-03-27', 0, 1, NULL, NULL, '0', 525),
(483, '06:30:00', '15:15:00', '#ff0000', 0, 'Test5', '0', '2024-03-27', 0, 1, NULL, NULL, '0', 525),
(484, '06:30:00', '15:15:00', '#ff0000', 0, 'Test5', '0', '2024-03-27', 0, 1, NULL, NULL, '0', 525),
(485, '06:30:00', '15:15:00', '#ff0000', 0, 'Test5', '0', '2024-03-27', 0, 1, NULL, NULL, '0', 525),
(486, '06:30:00', '15:15:00', '#ff0000', 0, 'Test5', '0', '2024-03-27', 0, 1, NULL, NULL, '0', 525),
(487, '06:30:00', '15:15:00', '#ff0000', 0, 'Test5', '0', '2024-03-27', 0, 1, NULL, NULL, '0', 525),
(488, '06:30:00', '15:15:00', '#ff0000', 0, 'Test5', '0', '2024-03-27', 0, 1, NULL, NULL, '0', 525),
(489, '06:30:00', '15:15:00', '#ff0000', 0, 'Test5', '0', '2024-03-27', 0, 1, NULL, NULL, '0', 525),
(490, '06:30:00', '15:15:00', '#ff0000', 0, 'Test5', '0', '2024-03-27', 0, 1, NULL, NULL, '0', 525),
(491, '06:30:00', '15:15:00', '#ff0000', 0, 'Test5', '0', '2024-03-27', 0, 1, NULL, NULL, '0', 525);
INSERT INTO `roster_templates` (`id`, `start_time`, `end_time`, `color_code`, `break_minutes`, `shift_notes`, `repeat_shift`, `end_date`, `is_saved`, `created_by`, `created_at`, `updated_at`, `repeat_every`, `working_hours`) VALUES
(492, '06:30:00', '15:15:00', '#ff0000', 0, 'Test5', '0', '2024-03-27', 0, 1, NULL, NULL, '0', 525),
(493, '06:30:00', '15:15:00', '#ff0000', 0, 'Test5', '0', '2024-03-27', 0, 1, NULL, NULL, '0', 525),
(494, '06:30:00', '15:15:00', '#ff0000', 0, 'Test5', '0', '2024-03-27', 0, 1, NULL, NULL, '0', 525),
(495, '06:30:00', '15:15:00', '#ff0000', 0, 'Test5', '0', '2024-03-27', 0, 1, NULL, NULL, '0', 525),
(496, '06:30:00', '15:15:00', '#ff0000', 0, 'Test5', '0', '2024-03-27', 0, 1, NULL, NULL, '0', 525),
(497, '06:30:00', '15:15:00', '#ff0000', 0, 'Test5', '0', '2024-03-27', 0, 1, NULL, NULL, '0', 525),
(498, '06:30:00', '15:15:00', '#ff0000', 0, 'Test5', '0', '2024-03-27', 0, 1, NULL, NULL, '0', 525),
(499, '06:30:00', '15:15:00', '#ff0000', 0, 'Test5', '0', '2024-03-27', 0, 1, NULL, NULL, '0', 525),
(500, '06:30:00', '15:15:00', '#ff0000', 0, 'Test5', '0', '2024-03-27', 0, 1, NULL, NULL, '0', 525),
(501, '06:30:00', '15:15:00', '#ff0000', 0, 'Test5', '0', '2024-03-27', 0, 1, NULL, NULL, '0', 525),
(502, '06:30:00', '15:15:00', '#ff0000', 0, 'Test5', '0', '2024-03-27', 0, 1, NULL, NULL, '0', 525),
(503, '06:30:00', '15:15:00', '#ff0000', 0, 'Test5', '0', '2024-03-28', 0, 1, NULL, NULL, '0', 525),
(504, '06:30:00', '15:15:00', '#ff0000', 0, 'Test5', '0', '2024-03-28', 0, 1, NULL, NULL, '0', 525),
(505, '06:30:00', '15:15:00', '#ff0000', 0, 'Test5', '0', '2024-03-28', 0, 1, NULL, NULL, '0', 525),
(506, '06:30:00', '15:15:00', '#ff0000', 0, 'Test5', '0', '2024-03-28', 0, 1, NULL, NULL, '0', 525),
(507, '06:30:00', '15:15:00', '#ff0000', 0, 'Test5', '0', '2024-03-28', 0, 1, NULL, NULL, '0', 525),
(508, '06:30:00', '15:15:00', '#ff0000', 0, 'Test5', '0', '2024-03-28', 0, 1, NULL, NULL, '0', 525),
(509, '06:30:00', '15:15:00', '#ff0000', 0, 'Test5', '0', '2024-03-28', 0, 1, NULL, NULL, '0', 525),
(510, '06:30:00', '15:15:00', '#ff0000', 0, 'Test5', '0', '2024-03-28', 0, 1, NULL, NULL, '0', 525),
(511, '06:30:00', '15:15:00', '#ff0000', 0, 'Test5', '0', '2024-03-28', 0, 1, NULL, NULL, '0', 525),
(512, '06:30:00', '15:15:00', '#ff0000', 0, 'Test5', '0', '2024-03-28', 0, 1, NULL, NULL, '0', 525),
(513, '06:30:00', '15:15:00', '#ff0000', 0, 'Test5', '0', '2024-03-28', 0, 1, NULL, NULL, '0', 525),
(514, '06:30:00', '15:15:00', '#ff0000', 0, 'Test5', '0', '2024-03-28', 0, 1, NULL, NULL, '0', 525),
(515, '06:30:00', '15:15:00', '#ff0000', 0, 'Test5', '0', '2024-03-28', 0, 1, NULL, NULL, '0', 525),
(516, '06:30:00', '15:15:00', '#ff0000', 0, 'Test5', '0', '2024-03-28', 0, 1, NULL, NULL, '0', 525),
(517, '06:30:00', '15:15:00', '#ff0000', 0, 'Test5', '0', '2024-03-28', 0, 1, NULL, NULL, '0', 525),
(518, '06:30:00', '15:15:00', '#ff0000', 0, 'Test5', '0', '2024-03-28', 0, 1, NULL, NULL, '0', 525),
(519, '06:30:00', '15:15:00', '#ff0000', 0, 'Test5', '0', '2024-03-28', 0, 1, NULL, NULL, '0', 525),
(520, '06:30:00', '15:15:00', '#ff0000', 0, 'Test5', '0', '2024-03-28', 0, 1, NULL, NULL, '0', 525),
(521, '06:30:00', '15:15:00', '#ff0000', 0, 'Test5', '0', '2024-03-28', 0, 1, NULL, NULL, '0', 525),
(522, '06:30:00', '15:15:00', '#ff0000', 0, 'Test5', '0', '2024-03-28', 0, 1, NULL, NULL, '0', 525),
(523, '06:30:00', '15:15:00', '#ff0000', 0, 'Test5', '0', '2024-03-28', 0, 1, NULL, NULL, '0', 525),
(524, '06:30:00', '15:15:00', '#ff0000', 0, 'Test5', '0', '2024-03-28', 0, 1, NULL, NULL, '0', 525),
(525, '06:30:00', '15:15:00', '#ff0000', 0, 'Test5', '0', '2024-03-28', 0, 1, NULL, NULL, '0', 525),
(526, '06:30:00', '15:15:00', '#ff0000', 0, 'Test5', '0', '2024-03-28', 0, 1, NULL, NULL, '0', 525),
(527, '06:30:00', '15:15:00', '#ff0000', 0, 'Test5', '0', '2024-03-28', 0, 1, NULL, NULL, '0', 525),
(528, '06:30:00', '15:15:00', '#ff0000', 0, 'Test5', '0', '2024-03-28', 0, 1, NULL, NULL, '0', 525),
(529, '06:30:00', '15:15:00', '#ff0000', 0, 'Test5', '0', '2024-03-28', 0, 1, NULL, NULL, '0', 525),
(530, '06:30:00', '15:15:00', '#ff0000', 0, 'Test5', '0', '2024-03-28', 0, 1, NULL, NULL, '0', 525),
(531, '06:30:00', '15:15:00', '#ff0000', 0, 'Test5', '0', '2024-03-25', 0, 1, NULL, NULL, '', 525),
(532, '06:30:00', '15:15:00', '#ff0000', 0, 'test', '0', '2024-03-25', 1, 1, NULL, NULL, '', 525),
(533, '06:30:00', '15:15:00', '#ff0000', 0, 'test', '0', '2024-03-25', 0, 1, NULL, NULL, '', 525),
(534, '06:30:00', '15:15:00', '#ff0000', 0, 'test', '0', '2024-03-25', 0, 1, NULL, NULL, '', 525),
(535, '06:30:00', '15:15:00', '#ff0000', 0, 'test', '0', '2024-03-25', 0, 1, NULL, NULL, '', 525),
(536, '06:30:00', '15:15:00', '#ff0000', 0, 'test', '0', '2024-03-25', 0, 1, NULL, NULL, '', 525),
(537, '06:30:00', '15:15:00', '#ff0000', 0, 'test', '0', '2024-03-25', 0, 1, NULL, NULL, '', 525),
(538, '06:30:00', '15:15:00', '#ff0000', 0, 'test', '0', '2024-03-25', 0, 1, NULL, NULL, '', 525),
(539, '06:30:00', '15:15:00', '#ff0000', 0, 'test', '0', '2024-03-25', 0, 1, NULL, NULL, '', 525),
(540, '06:30:00', '15:15:00', '#ff0000', 0, 'test', '0', '2024-03-25', 0, 1, NULL, NULL, '', 525),
(541, '06:30:00', '15:15:00', '#ff0000', 0, 'test', '0', '2024-03-25', 0, 1, NULL, NULL, '', 525),
(542, '06:30:00', '15:15:00', '#ff0000', 0, 'test', '0', '2024-03-25', 0, 1, NULL, NULL, '', 525),
(543, '06:30:00', '15:15:00', '#ff0000', 0, 'test', '0', '2024-03-25', 0, 1, NULL, NULL, '', 525),
(544, '06:30:00', '15:15:00', '#ff0000', 0, 'test', '0', '2024-03-25', 0, 1, NULL, NULL, '', 525),
(545, '06:30:00', '15:15:00', '#ff0000', 0, 'test', '0', '2024-03-25', 0, 1, NULL, NULL, '', 525),
(546, '06:30:00', '15:15:00', '#ff0000', 0, 'test', '0', '2024-03-25', 0, 1, NULL, NULL, '', 525),
(547, '06:30:00', '15:15:00', '#ff0000', 0, 'test', '0', '2024-03-25', 0, 1, NULL, NULL, '', 525),
(548, '06:30:00', '15:15:00', '#ff0000', 0, 'test', '0', '2024-03-25', 0, 1, NULL, NULL, '', 525),
(549, '06:30:00', '15:15:00', '#ff0000', 0, 'test', '0', '2024-03-25', 0, 1, NULL, NULL, '', 525),
(550, '06:30:00', '15:15:00', '#ff0000', 0, 'test', '0', '2024-03-25', 0, 1, NULL, NULL, '', 525),
(551, '06:30:00', '15:15:00', '#ff0000', 0, 'test', '0', '2024-03-25', 0, 1, NULL, NULL, '', 525),
(552, '06:30:00', '15:15:00', '#ff0000', 0, 'Parramatta Job', '0', '2024-04-03', 0, 1, NULL, NULL, '0', 525),
(553, '06:30:00', '15:15:00', '#ff0000', 0, 'Parramatta Job', '0', '2024-04-03', 0, 1, NULL, NULL, '0', 525),
(554, '06:30:00', '15:15:00', '#ff0000', 0, 'Parramatta Job', '0', '2024-04-03', 0, 1, NULL, NULL, '0', 525),
(555, '06:30:00', '15:15:00', '#ff0000', 0, 'Parramatta Job', '0', '2024-04-03', 0, 1, NULL, NULL, '0', 525),
(556, '06:30:00', '15:15:00', '#ff0000', 0, 'Parramatta Job', '0', '2024-04-03', 0, 1, NULL, NULL, '0', 525),
(557, '06:30:00', '15:15:00', '#ff0000', 0, 'Parramatta Job', '0', '2024-04-03', 0, 1, NULL, NULL, '0', 525),
(558, '06:30:00', '15:15:00', '#ff0000', 0, 'Parramatta Job', '0', '2024-04-03', 0, 1, NULL, NULL, '0', 525),
(559, '06:30:00', '15:15:00', '#ff0000', 0, 'Parramatta Job', '0', '2024-04-03', 0, 1, NULL, NULL, '0', 525),
(560, '06:30:00', '15:15:00', '#ff0000', 0, 'Parramatta Job', '0', '2024-04-03', 0, 1, NULL, NULL, '0', 525),
(561, '06:30:00', '15:15:00', '#ff0000', 0, 'Parramatta Job', '0', '2024-04-03', 0, 1, NULL, NULL, '0', 525),
(562, '06:30:00', '15:15:00', '#ff0000', 0, 'Parramatta Job', '0', '2024-04-03', 0, 1, NULL, NULL, '0', 525),
(563, '06:30:00', '15:15:00', '#ff0000', 0, 'Parramatta Job', '0', '2024-04-03', 0, 1, NULL, NULL, '0', 525),
(564, '06:30:00', '15:15:00', '#ff0000', 0, 'Parramatta Job', '0', '2024-04-03', 0, 1, NULL, NULL, '0', 525),
(565, '06:30:00', '15:15:00', '#ff0000', 0, 'Parramatta Job', '0', '2024-04-03', 0, 1, NULL, NULL, '0', 525),
(566, '06:30:00', '15:15:00', '#ff0000', 0, 'Parramatta Job', '0', '2024-04-03', 0, 1, NULL, NULL, '0', 525),
(567, '06:30:00', '15:15:00', '#ff0000', 0, 'Parramatta Job', '0', '2024-04-03', 0, 1, NULL, NULL, '0', 525),
(568, '06:30:00', '15:15:00', '#ff0000', 0, 'Parramatta Job', '0', '2024-04-03', 0, 1, NULL, NULL, '0', 525),
(569, '06:30:00', '15:15:00', '#ff0000', 0, 'Parramatta Job', '0', '2024-04-03', 0, 1, NULL, NULL, '0', 525),
(570, '06:30:00', '15:15:00', '#ff0000', 0, 'Parramatta Job', '0', '2024-04-03', 0, 1, NULL, NULL, '0', 525),
(571, '06:30:00', '15:15:00', '#ff0000', 0, 'Parramatta Job', '0', '2024-04-03', 0, 1, NULL, NULL, '0', 525),
(572, '06:30:00', '15:15:00', '#ff0000', 0, 'Parramatta Job', '0', '2024-04-03', 0, 1, NULL, NULL, '0', 525),
(573, '06:30:00', '15:15:00', '#ff0000', 0, 'Parramatta Job', '0', '2024-04-03', 0, 1, NULL, NULL, '0', 525),
(574, '06:30:00', '15:15:00', '#ff0000', 0, 'Parramatta Job', '0', '2024-04-03', 0, 1, NULL, NULL, '0', 525),
(575, '06:30:00', '15:15:00', '#ff0000', 0, 'Parramatta Job', '0', '2024-04-03', 0, 1, NULL, NULL, '0', 525),
(576, '06:30:00', '15:15:00', '#ff0000', 0, 'Parramatta Job', '0', '2024-04-03', 0, 1, NULL, NULL, '0', 525),
(577, '06:30:00', '15:15:00', '#ff0000', 0, 'Parramatta Job', '0', '2024-04-03', 0, 1, NULL, NULL, '0', 525),
(578, '06:30:00', '15:15:00', '#ff0000', 0, 'Parramatta Job', '0', '2024-04-03', 0, 1, NULL, NULL, '0', 525),
(579, '06:30:00', '15:15:00', '#ff0000', 0, 'Parramatta Job', '0', '2024-04-03', 0, 1, NULL, NULL, '0', 525),
(580, '06:30:00', '15:15:00', '#ff0000', 0, 'Parramatta Job', '0', '2024-04-03', 0, 1, NULL, NULL, '0', 525),
(581, '06:30:00', '15:15:00', '#ff0000', 0, 'Parramatta Job', '0', '2024-04-03', 0, 1, NULL, NULL, '0', 525),
(582, '06:30:00', '15:15:00', '#ff0000', 0, 'Parramatta Job', '0', '2024-04-03', 0, 1, NULL, NULL, '0', 525),
(583, '06:30:00', '15:15:00', '#ff0000', 0, 'Parramatta Job', '0', '2024-04-03', 0, 1, NULL, NULL, '0', 525),
(584, '06:30:00', '15:15:00', '#ff0000', 0, 'Parramatta Job', '0', '2024-04-03', 0, 1, NULL, NULL, '0', 525),
(585, '06:30:00', '15:15:00', '#ff0000', 0, 'Parramatta Job', '0', '2024-04-04', 0, 1, NULL, NULL, '0', 525),
(586, '06:30:00', '15:15:00', '#ff0000', 0, 'Parramatta Job', '0', '2024-04-04', 0, 1, NULL, NULL, '0', 525),
(587, '06:30:00', '15:15:00', '#ff0000', 0, 'Parramatta Job', '0', '2024-04-04', 0, 1, NULL, NULL, '0', 525),
(588, '06:30:00', '15:15:00', '#ff0000', 0, 'Parramatta Job', '0', '2024-04-04', 0, 1, NULL, NULL, '0', 525),
(589, '06:30:00', '15:15:00', '#ff0000', 0, 'Parramatta Job', '0', '2024-04-04', 0, 1, NULL, NULL, '0', 525),
(590, '06:30:00', '15:15:00', '#ff0000', 0, 'Parramatta Job', '0', '2024-04-04', 0, 1, NULL, NULL, '0', 525),
(591, '06:30:00', '15:15:00', '#ff0000', 0, 'Parramatta Job', '0', '2024-04-04', 0, 1, NULL, NULL, '0', 525),
(592, '06:30:00', '15:15:00', '#ff0000', 0, 'Parramatta Job', '0', '2024-04-04', 0, 1, NULL, NULL, '0', 525),
(593, '06:30:00', '15:15:00', '#ff0000', 0, 'Parramatta Job', '0', '2024-04-04', 0, 1, NULL, NULL, '0', 525),
(594, '06:30:00', '15:15:00', '#ff0000', 0, 'Parramatta Job', '0', '2024-04-04', 0, 1, NULL, NULL, '0', 525),
(595, '06:30:00', '15:15:00', '#ff0000', 0, 'Parramatta Job', '0', '2024-04-04', 0, 1, NULL, NULL, '0', 525),
(596, '06:30:00', '15:15:00', '#ff0000', 0, 'Parramatta Job', '0', '2024-04-04', 0, 1, NULL, NULL, '0', 525),
(597, '06:30:00', '15:15:00', '#ff0000', 0, 'Parramatta Job', '0', '2024-04-04', 0, 1, NULL, NULL, '0', 525),
(598, '06:30:00', '15:15:00', '#ff0000', 0, 'Parramatta Job', '0', '2024-04-04', 0, 1, NULL, NULL, '0', 525),
(599, '06:30:00', '15:15:00', '#ff0000', 0, 'Parramatta Job', '0', '2024-04-04', 0, 1, NULL, NULL, '0', 525),
(600, '06:30:00', '15:15:00', '#ff0000', 0, 'Parramatta Job', '0', '2024-04-04', 0, 1, NULL, NULL, '0', 525),
(601, '06:30:00', '15:15:00', '#ff0000', 0, 'Parramatta Job', '0', '2024-04-04', 0, 1, NULL, NULL, '0', 525),
(602, '06:30:00', '15:15:00', '#ff0000', 0, 'Parramatta Job', '0', '2024-04-04', 0, 1, NULL, NULL, '0', 525),
(603, '06:30:00', '15:15:00', '#ff0000', 0, 'Parramatta Job', '0', '2024-04-04', 0, 1, NULL, NULL, '0', 525),
(604, '06:30:00', '15:15:00', '#ff0000', 0, 'Parramatta Job', '0', '2024-04-04', 0, 1, NULL, NULL, '0', 525),
(605, '06:30:00', '15:15:00', '#ff0000', 0, 'Parramatta Job', '0', '2024-04-04', 0, 1, NULL, NULL, '0', 525),
(606, '06:30:00', '15:15:00', '#ff0000', 0, 'Parramatta Job', '0', '2024-04-04', 0, 1, NULL, NULL, '0', 525),
(607, '06:30:00', '15:15:00', '#ff0000', 0, 'Parramatta Job', '0', '2024-04-04', 0, 1, NULL, NULL, '0', 525),
(608, '06:30:00', '15:15:00', '#ff0000', 0, 'Parramatta Job', '0', '2024-04-04', 0, 1, NULL, NULL, '0', 525),
(609, '06:30:00', '15:15:00', '#ff0000', 0, 'Parramatta Job', '0', '2024-04-04', 0, 1, NULL, NULL, '0', 525),
(610, '06:30:00', '15:15:00', '#ff0000', 0, 'Parramatta Job', '0', '2024-04-04', 0, 1, NULL, NULL, '0', 525),
(611, '06:30:00', '15:15:00', '#ff0000', 0, 'Parramatta Job', '0', '2024-04-04', 0, 1, NULL, NULL, '0', 525),
(612, '06:30:00', '15:15:00', '#ff0000', 0, 'Parramatta Job', '0', '2024-04-04', 0, 1, NULL, NULL, '0', 525),
(613, '06:30:00', '15:15:00', '#ff0000', 0, 'Parramatta Job', '0', '2024-04-04', 0, 1, NULL, NULL, '0', 525),
(614, '06:30:00', '15:15:00', '#ff0000', 0, 'Parramatta Job', '0', '2024-04-04', 0, 1, NULL, NULL, '0', 525),
(615, '06:30:00', '15:15:00', '#ff0000', 0, 'Parramatta Job', '0', '2024-04-04', 0, 1, NULL, NULL, '0', 525),
(616, '06:30:00', '15:15:00', '#ff0000', 0, 'Parramatta Job', '0', '2024-04-04', 0, 1, NULL, NULL, '0', 525),
(617, '06:30:00', '15:15:00', '#ff0000', 0, 'Parramatta Job', '0', '2024-04-04', 0, 1, NULL, NULL, '0', 525),
(618, '06:30:00', '15:15:00', '#ff0000', 0, 'Parramatta Job', '0', '2024-04-05', 0, 1, NULL, NULL, '0', 525),
(619, '06:30:00', '15:15:00', '#ff0000', 0, 'Parramatta Job', '0', '2024-04-05', 0, 1, NULL, NULL, '0', 525),
(620, '06:30:00', '15:15:00', '#ff0000', 0, 'Parramatta Job', '0', '2024-04-05', 0, 1, NULL, NULL, '0', 525),
(621, '06:30:00', '15:15:00', '#ff0000', 0, 'Parramatta Job', '0', '2024-04-05', 0, 1, NULL, NULL, '0', 525),
(622, '06:30:00', '15:15:00', '#ff0000', 0, 'Parramatta Job', '0', '2024-04-05', 0, 1, NULL, NULL, '0', 525),
(623, '06:30:00', '15:15:00', '#ff0000', 0, 'Parramatta Job', '0', '2024-04-05', 0, 1, NULL, NULL, '0', 525),
(624, '06:30:00', '15:15:00', '#ff0000', 0, 'Parramatta Job', '0', '2024-04-05', 0, 1, NULL, NULL, '0', 525),
(625, '06:30:00', '15:15:00', '#ff0000', 0, 'Parramatta Job', '0', '2024-04-05', 0, 1, NULL, NULL, '0', 525),
(626, '06:30:00', '15:15:00', '#ff0000', 0, 'Parramatta Job', '0', '2024-04-05', 0, 1, NULL, NULL, '0', 525),
(627, '06:30:00', '15:15:00', '#ff0000', 0, 'Parramatta Job', '0', '2024-04-05', 0, 1, NULL, NULL, '0', 525),
(628, '06:30:00', '15:15:00', '#ff0000', 0, 'Parramatta Job', '0', '2024-04-05', 0, 1, NULL, NULL, '0', 525),
(629, '06:30:00', '15:15:00', '#ff0000', 0, 'Parramatta Job', '0', '2024-04-05', 0, 1, NULL, NULL, '0', 525),
(630, '06:30:00', '15:15:00', '#ff0000', 0, 'Parramatta Job', '0', '2024-04-05', 0, 1, NULL, NULL, '0', 525),
(631, '06:30:00', '15:15:00', '#ff0000', 0, 'Parramatta Job', '0', '2024-04-05', 0, 1, NULL, NULL, '0', 525),
(632, '06:30:00', '15:15:00', '#ff0000', 0, 'Parramatta Job', '0', '2024-04-05', 0, 1, NULL, NULL, '0', 525),
(633, '06:30:00', '15:15:00', '#ff0000', 0, 'Parramatta Job', '0', '2024-04-05', 0, 1, NULL, NULL, '0', 525),
(634, '06:30:00', '15:15:00', '#ff0000', 0, 'Parramatta Job', '0', '2024-04-05', 0, 1, NULL, NULL, '0', 525),
(635, '06:30:00', '15:15:00', '#ff0000', 0, 'Parramatta Job', '0', '2024-04-05', 0, 1, NULL, NULL, '0', 525),
(636, '06:30:00', '15:15:00', '#ff0000', 0, 'Parramatta Job', '0', '2024-04-05', 0, 1, NULL, NULL, '0', 525),
(637, '06:30:00', '15:15:00', '#ff0000', 0, 'Parramatta Job', '0', '2024-04-05', 0, 1, NULL, NULL, '0', 525),
(638, '06:30:00', '15:15:00', '#ff0000', 0, 'Parramatta Job', '0', '2024-04-05', 0, 1, NULL, NULL, '0', 525),
(639, '06:30:00', '15:15:00', '#ff0000', 0, 'Parramatta Job', '0', '2024-04-05', 0, 1, NULL, NULL, '0', 525),
(640, '06:30:00', '15:15:00', '#ff0000', 0, 'Parramatta Job', '0', '2024-04-05', 0, 1, NULL, NULL, '0', 525),
(641, '06:30:00', '15:15:00', '#ff0000', 0, 'Parramatta Job', '0', '2024-04-05', 0, 1, NULL, NULL, '0', 525),
(642, '06:30:00', '15:15:00', '#ff0000', 0, 'Parramatta Job', '0', '2024-04-05', 0, 1, NULL, NULL, '0', 525),
(643, '06:30:00', '15:15:00', '#ff0000', 0, 'Parramatta Job', '0', '2024-04-05', 0, 1, NULL, NULL, '0', 525),
(644, '06:30:00', '15:15:00', '#ff0000', 0, 'Parramatta Job', '0', '2024-04-05', 0, 1, NULL, NULL, '0', 525),
(645, '06:30:00', '15:15:00', '#ff0000', 0, 'Parramatta Job', '0', '2024-04-05', 0, 1, NULL, NULL, '0', 525),
(646, '06:30:00', '15:15:00', '#ff0000', 0, 'Parramatta Job', '0', '2024-04-05', 0, 1, NULL, NULL, '0', 525),
(647, '06:30:00', '15:15:00', '#ff0000', 0, 'Parramatta Job', '0', '2024-04-05', 0, 1, NULL, NULL, '0', 525),
(648, '06:30:00', '15:15:00', '#ff0000', 0, 'Parramatta Job', '0', '2024-04-05', 0, 1, NULL, NULL, '0', 525),
(649, '06:30:00', '15:15:00', '#ff0000', 0, 'Parramatta Job', '0', '2024-04-05', 0, 1, NULL, NULL, '0', 525),
(650, '06:30:00', '15:15:00', '#ff0000', 0, 'Parramatta Job', '0', '2024-04-05', 0, 1, NULL, NULL, '0', 525),
(651, '06:30:00', '15:29:00', '#7300ff', 0, 'Parramatta', '0', '2024-04-02', 0, 1, NULL, NULL, '0', 539),
(652, '06:30:00', '15:29:00', '#7300ff', 0, 'Parramatta', '0', '2024-04-02', 0, 1, NULL, NULL, '0', 539),
(653, '06:30:00', '15:29:00', '#7300ff', 0, 'Parramatta', '0', '2024-04-02', 0, 1, NULL, NULL, '0', 539),
(654, '06:30:00', '15:29:00', '#7300ff', 0, 'Parramatta', '0', '2024-04-02', 0, 1, NULL, NULL, '0', 539),
(655, '06:30:00', '15:29:00', '#7300ff', 0, 'Parramatta', '0', '2024-04-02', 0, 1, NULL, NULL, '0', 539),
(656, '06:30:00', '15:29:00', '#7300ff', 0, 'Parramatta', '0', '2024-04-02', 0, 1, NULL, NULL, '0', 539),
(657, '06:30:00', '15:29:00', '#7300ff', 0, 'Parramatta', '0', '2024-04-02', 0, 1, NULL, NULL, '0', 539),
(658, '06:30:00', '15:29:00', '#7300ff', 0, 'Parramatta', '0', '2024-04-02', 0, 1, NULL, NULL, '0', 539),
(659, '06:30:00', '15:29:00', '#7300ff', 0, 'Parramatta', '0', '2024-04-02', 0, 1, NULL, NULL, '0', 539),
(660, '06:30:00', '15:29:00', '#7300ff', 0, 'Parramatta', '0', '2024-04-02', 0, 1, NULL, NULL, '0', 539),
(661, '06:30:00', '15:29:00', '#7300ff', 0, 'Parramatta', '0', '2024-04-02', 0, 1, NULL, NULL, '0', 539),
(662, '06:30:00', '15:29:00', '#7300ff', 0, 'Parramatta', '0', '2024-04-02', 0, 1, NULL, NULL, '0', 539),
(663, '06:30:00', '15:29:00', '#7300ff', 0, 'Parramatta', '0', '2024-04-02', 0, 1, NULL, NULL, '0', 539),
(664, '06:30:00', '15:29:00', '#7300ff', 0, 'Parramatta', '0', '2024-04-02', 0, 1, NULL, NULL, '0', 539),
(665, '06:30:00', '15:29:00', '#7300ff', 0, 'Parramatta', '0', '2024-04-02', 0, 1, NULL, NULL, '0', 539),
(666, '06:30:00', '15:29:00', '#7300ff', 0, 'Parramatta', '0', '2024-04-02', 0, 1, NULL, NULL, '0', 539),
(667, '06:30:00', '15:29:00', '#7300ff', 0, 'Parramatta', '0', '2024-04-02', 0, 1, NULL, NULL, '0', 539),
(668, '06:30:00', '15:29:00', '#7300ff', 0, 'Parramatta', '0', '2024-04-02', 0, 1, NULL, NULL, '0', 539),
(669, '06:30:00', '15:29:00', '#7300ff', 0, 'Parramatta', '0', '2024-04-02', 0, 1, NULL, NULL, '0', 539),
(670, '06:30:00', '15:29:00', '#7300ff', 0, 'Parramatta', '0', '2024-04-02', 0, 1, NULL, NULL, '0', 539),
(671, '06:30:00', '15:29:00', '#7300ff', 0, 'Parramatta', '0', '2024-04-02', 0, 1, NULL, NULL, '0', 539),
(672, '06:30:00', '15:29:00', '#7300ff', 0, 'Parramatta', '0', '2024-04-02', 0, 1, NULL, NULL, '0', 539),
(673, '06:30:00', '15:29:00', '#7300ff', 0, 'Parramatta', '0', '2024-04-02', 0, 1, NULL, NULL, '0', 539),
(674, '06:30:00', '15:29:00', '#7300ff', 0, 'Parramatta', '0', '2024-04-02', 0, 1, NULL, NULL, '0', 539),
(675, '06:30:00', '15:29:00', '#7300ff', 0, 'Parramatta', '0', '2024-04-02', 0, 1, NULL, NULL, '0', 539),
(676, '06:30:00', '15:29:00', '#7300ff', 0, 'Parramatta', '0', '2024-04-02', 0, 1, NULL, NULL, '0', 539),
(677, '06:30:00', '15:29:00', '#7300ff', 0, 'Parramatta', '0', '2024-04-02', 0, 1, NULL, NULL, '0', 539),
(678, '06:30:00', '15:29:00', '#7300ff', 0, 'Parramatta', '0', '2024-04-02', 0, 1, NULL, NULL, '0', 539),
(679, '06:30:00', '15:29:00', '#7300ff', 0, 'Parramatta', '0', '2024-04-02', 0, 1, NULL, NULL, '0', 539),
(680, '06:30:00', '15:29:00', '#7300ff', 0, 'Parramatta', '0', '2024-04-02', 0, 1, NULL, NULL, '0', 539),
(681, '06:30:00', '15:29:00', '#7300ff', 0, 'Parramatta', '0', '2024-04-02', 0, 1, NULL, NULL, '0', 539),
(682, '06:30:00', '15:29:00', '#7300ff', 0, 'Parramatta', '0', '2024-04-02', 0, 1, NULL, NULL, '0', 539),
(683, '06:30:00', '15:29:00', '#7300ff', 0, 'Parramatta', '0', '2024-04-02', 0, 1, NULL, NULL, '0', 539),
(684, '06:30:00', '15:29:00', '#7300ff', 0, 'Parramatta', '0', '2024-04-03', 0, 1, NULL, NULL, '0', 539),
(685, '06:30:00', '15:29:00', '#7300ff', 0, 'Parramatta', '0', '2024-04-03', 0, 1, NULL, NULL, '0', 539),
(686, '06:30:00', '15:29:00', '#7300ff', 0, 'Parramatta', '0', '2024-04-03', 0, 1, NULL, NULL, '0', 539),
(687, '06:30:00', '15:29:00', '#7300ff', 0, 'Parramatta', '0', '2024-04-03', 0, 1, NULL, NULL, '0', 539),
(688, '06:30:00', '15:29:00', '#7300ff', 0, 'Parramatta', '0', '2024-04-03', 0, 1, NULL, NULL, '0', 539),
(689, '06:30:00', '15:29:00', '#7300ff', 0, 'Parramatta', '0', '2024-04-03', 0, 1, NULL, NULL, '0', 539),
(690, '06:30:00', '15:29:00', '#7300ff', 0, 'Parramatta', '0', '2024-04-03', 0, 1, NULL, NULL, '0', 539),
(691, '06:30:00', '15:29:00', '#7300ff', 0, 'Parramatta', '0', '2024-04-03', 0, 1, NULL, NULL, '0', 539),
(692, '06:30:00', '15:29:00', '#7300ff', 0, 'Parramatta', '0', '2024-04-03', 0, 1, NULL, NULL, '0', 539),
(693, '06:30:00', '15:29:00', '#7300ff', 0, 'Parramatta', '0', '2024-04-03', 0, 1, NULL, NULL, '0', 539),
(694, '06:30:00', '15:29:00', '#7300ff', 0, 'Parramatta', '0', '2024-04-03', 0, 1, NULL, NULL, '0', 539),
(695, '06:30:00', '15:29:00', '#7300ff', 0, 'Parramatta', '0', '2024-04-03', 0, 1, NULL, NULL, '0', 539),
(696, '06:30:00', '15:29:00', '#7300ff', 0, 'Parramatta', '0', '2024-04-03', 0, 1, NULL, NULL, '0', 539),
(697, '06:30:00', '15:29:00', '#7300ff', 0, 'Parramatta', '0', '2024-04-03', 0, 1, NULL, NULL, '0', 539),
(698, '06:30:00', '15:29:00', '#7300ff', 0, 'Parramatta', '0', '2024-04-03', 0, 1, NULL, NULL, '0', 539),
(699, '06:30:00', '15:29:00', '#7300ff', 0, 'Parramatta', '0', '2024-04-03', 0, 1, NULL, NULL, '0', 539),
(700, '06:30:00', '15:29:00', '#7300ff', 0, 'Parramatta', '0', '2024-04-03', 0, 1, NULL, NULL, '0', 539),
(701, '06:30:00', '15:29:00', '#7300ff', 0, 'Parramatta', '0', '2024-04-03', 0, 1, NULL, NULL, '0', 539),
(702, '06:30:00', '15:29:00', '#7300ff', 0, 'Parramatta', '0', '2024-04-03', 0, 1, NULL, NULL, '0', 539),
(703, '06:30:00', '15:29:00', '#7300ff', 0, 'Parramatta', '0', '2024-04-03', 0, 1, NULL, NULL, '0', 539),
(704, '06:30:00', '15:29:00', '#7300ff', 0, 'Parramatta', '0', '2024-04-03', 0, 1, NULL, NULL, '0', 539),
(705, '06:30:00', '15:29:00', '#7300ff', 0, 'Parramatta', '0', '2024-04-03', 0, 1, NULL, NULL, '0', 539),
(706, '06:30:00', '15:29:00', '#7300ff', 0, 'Parramatta', '0', '2024-04-03', 0, 1, NULL, NULL, '0', 539),
(707, '06:30:00', '15:29:00', '#7300ff', 0, 'Parramatta', '0', '2024-04-03', 0, 1, NULL, NULL, '0', 539),
(708, '06:30:00', '15:29:00', '#7300ff', 0, 'Parramatta', '0', '2024-04-03', 0, 1, NULL, NULL, '0', 539),
(709, '06:30:00', '15:29:00', '#7300ff', 0, 'Parramatta', '0', '2024-04-03', 0, 1, NULL, NULL, '0', 539),
(710, '06:30:00', '15:29:00', '#7300ff', 0, 'Parramatta', '0', '2024-04-03', 0, 1, NULL, NULL, '0', 539),
(711, '06:30:00', '15:29:00', '#7300ff', 0, 'Parramatta', '0', '2024-04-03', 0, 1, NULL, NULL, '0', 539),
(712, '06:30:00', '15:29:00', '#7300ff', 0, 'Parramatta', '0', '2024-04-03', 0, 1, NULL, NULL, '0', 539),
(713, '06:30:00', '15:29:00', '#7300ff', 0, 'Parramatta', '0', '2024-04-03', 0, 1, NULL, NULL, '0', 539),
(714, '06:30:00', '15:29:00', '#7300ff', 0, 'Parramatta', '0', '2024-04-03', 0, 1, NULL, NULL, '0', 539),
(715, '06:30:00', '15:29:00', '#7300ff', 0, 'Parramatta', '0', '2024-04-03', 0, 1, NULL, NULL, '0', 539),
(716, '06:30:00', '15:29:00', '#7300ff', 0, 'Parramatta', '0', '2024-04-03', 0, 1, NULL, NULL, '0', 539),
(717, '06:30:00', '15:29:00', '#7300ff', 0, 'Parramatta', '0', '2024-04-04', 0, 1, NULL, NULL, '0', 539),
(718, '06:30:00', '15:29:00', '#7300ff', 0, 'Parramatta', '0', '2024-04-04', 0, 1, NULL, NULL, '0', 539),
(719, '06:30:00', '15:29:00', '#7300ff', 0, 'Parramatta', '0', '2024-04-04', 0, 1, NULL, NULL, '0', 539),
(720, '06:30:00', '15:29:00', '#7300ff', 0, 'Parramatta', '0', '2024-04-04', 0, 1, NULL, NULL, '0', 539),
(721, '06:30:00', '15:29:00', '#7300ff', 0, 'Parramatta', '0', '2024-04-04', 0, 1, NULL, NULL, '0', 539),
(722, '06:30:00', '15:29:00', '#7300ff', 0, 'Parramatta', '0', '2024-04-04', 0, 1, NULL, NULL, '0', 539),
(723, '06:30:00', '15:29:00', '#7300ff', 0, 'Parramatta', '0', '2024-04-04', 0, 1, NULL, NULL, '0', 539),
(724, '06:30:00', '15:29:00', '#7300ff', 0, 'Parramatta', '0', '2024-04-04', 0, 1, NULL, NULL, '0', 539),
(725, '06:30:00', '15:29:00', '#7300ff', 0, 'Parramatta', '0', '2024-04-04', 0, 1, NULL, NULL, '0', 539),
(726, '06:30:00', '15:29:00', '#7300ff', 0, 'Parramatta', '0', '2024-04-04', 0, 1, NULL, NULL, '0', 539),
(727, '06:30:00', '15:29:00', '#7300ff', 0, 'Parramatta', '0', '2024-04-04', 0, 1, NULL, NULL, '0', 539),
(728, '06:30:00', '15:29:00', '#7300ff', 0, 'Parramatta', '0', '2024-04-04', 0, 1, NULL, NULL, '0', 539),
(729, '06:30:00', '15:29:00', '#7300ff', 0, 'Parramatta', '0', '2024-04-04', 0, 1, NULL, NULL, '0', 539),
(730, '06:30:00', '15:29:00', '#7300ff', 0, 'Parramatta', '0', '2024-04-04', 0, 1, NULL, NULL, '0', 539),
(731, '06:30:00', '15:29:00', '#7300ff', 0, 'Parramatta', '0', '2024-04-04', 0, 1, NULL, NULL, '0', 539),
(732, '06:30:00', '15:29:00', '#7300ff', 0, 'Parramatta', '0', '2024-04-04', 0, 1, NULL, NULL, '0', 539),
(733, '06:30:00', '15:29:00', '#7300ff', 0, 'Parramatta', '0', '2024-04-04', 0, 1, NULL, NULL, '0', 539),
(734, '06:30:00', '15:29:00', '#7300ff', 0, 'Parramatta', '0', '2024-04-04', 0, 1, NULL, NULL, '0', 539),
(735, '06:30:00', '15:29:00', '#7300ff', 0, 'Parramatta', '0', '2024-04-04', 0, 1, NULL, NULL, '0', 539),
(736, '06:30:00', '15:29:00', '#7300ff', 0, 'Parramatta', '0', '2024-04-04', 0, 1, NULL, NULL, '0', 539),
(737, '06:30:00', '15:29:00', '#7300ff', 0, 'Parramatta', '0', '2024-04-04', 0, 1, NULL, NULL, '0', 539),
(738, '06:30:00', '15:29:00', '#7300ff', 0, 'Parramatta', '0', '2024-04-04', 0, 1, NULL, NULL, '0', 539),
(739, '06:30:00', '15:29:00', '#7300ff', 0, 'Parramatta', '0', '2024-04-04', 0, 1, NULL, NULL, '0', 539),
(740, '06:30:00', '15:29:00', '#7300ff', 0, 'Parramatta', '0', '2024-04-04', 0, 1, NULL, NULL, '0', 539),
(741, '06:30:00', '15:29:00', '#7300ff', 0, 'Parramatta', '0', '2024-04-04', 0, 1, NULL, NULL, '0', 539),
(742, '06:30:00', '15:29:00', '#7300ff', 0, 'Parramatta', '0', '2024-04-04', 0, 1, NULL, NULL, '0', 539),
(743, '06:30:00', '15:29:00', '#7300ff', 0, 'Parramatta', '0', '2024-04-04', 0, 1, NULL, NULL, '0', 539),
(744, '06:30:00', '15:29:00', '#7300ff', 0, 'Parramatta', '0', '2024-04-04', 0, 1, NULL, NULL, '0', 539),
(745, '06:30:00', '15:29:00', '#7300ff', 0, 'Parramatta', '0', '2024-04-04', 0, 1, NULL, NULL, '0', 539),
(746, '06:30:00', '15:29:00', '#7300ff', 0, 'Parramatta', '0', '2024-04-04', 0, 1, NULL, NULL, '0', 539),
(747, '06:30:00', '15:29:00', '#7300ff', 0, 'Parramatta', '0', '2024-04-04', 0, 1, NULL, NULL, '0', 539),
(748, '06:30:00', '15:29:00', '#7300ff', 0, 'Parramatta', '0', '2024-04-04', 0, 1, NULL, NULL, '0', 539),
(749, '06:30:00', '15:29:00', '#7300ff', 0, 'Parramatta', '0', '2024-04-04', 0, 1, NULL, NULL, '0', 539),
(750, '06:30:00', '15:29:00', '#7300ff', 0, 'Parramatta', '0', '2024-04-05', 0, 1, NULL, NULL, '0', 539),
(751, '06:30:00', '15:29:00', '#7300ff', 0, 'Parramatta', '0', '2024-04-05', 0, 1, NULL, NULL, '0', 539),
(752, '06:30:00', '15:29:00', '#7300ff', 0, 'Parramatta', '0', '2024-04-05', 0, 1, NULL, NULL, '0', 539),
(753, '06:30:00', '15:29:00', '#7300ff', 0, 'Parramatta', '0', '2024-04-05', 0, 1, NULL, NULL, '0', 539),
(754, '06:30:00', '15:29:00', '#7300ff', 0, 'Parramatta', '0', '2024-04-05', 0, 1, NULL, NULL, '0', 539),
(755, '06:30:00', '15:29:00', '#7300ff', 0, 'Parramatta', '0', '2024-04-05', 0, 1, NULL, NULL, '0', 539),
(756, '06:30:00', '15:29:00', '#7300ff', 0, 'Parramatta', '0', '2024-04-05', 0, 1, NULL, NULL, '0', 539),
(757, '06:30:00', '15:29:00', '#7300ff', 0, 'Parramatta', '0', '2024-04-05', 0, 1, NULL, NULL, '0', 539),
(758, '06:30:00', '15:29:00', '#7300ff', 0, 'Parramatta', '0', '2024-04-05', 0, 1, NULL, NULL, '0', 539),
(759, '06:30:00', '15:29:00', '#7300ff', 0, 'Parramatta', '0', '2024-04-05', 0, 1, NULL, NULL, '0', 539),
(760, '06:30:00', '15:29:00', '#7300ff', 0, 'Parramatta', '0', '2024-04-05', 0, 1, NULL, NULL, '0', 539),
(761, '06:30:00', '15:29:00', '#7300ff', 0, 'Parramatta', '0', '2024-04-05', 0, 1, NULL, NULL, '0', 539),
(762, '06:30:00', '15:29:00', '#7300ff', 0, 'Parramatta', '0', '2024-04-05', 0, 1, NULL, NULL, '0', 539),
(763, '06:30:00', '15:29:00', '#7300ff', 0, 'Parramatta', '0', '2024-04-05', 0, 1, NULL, NULL, '0', 539),
(764, '06:30:00', '15:29:00', '#7300ff', 0, 'Parramatta', '0', '2024-04-05', 0, 1, NULL, NULL, '0', 539),
(765, '06:30:00', '15:29:00', '#7300ff', 0, 'Parramatta', '0', '2024-04-05', 0, 1, NULL, NULL, '0', 539),
(766, '06:30:00', '15:29:00', '#7300ff', 0, 'Parramatta', '0', '2024-04-05', 0, 1, NULL, NULL, '0', 539),
(767, '06:30:00', '15:29:00', '#7300ff', 0, 'Parramatta', '0', '2024-04-05', 0, 1, NULL, NULL, '0', 539),
(768, '06:30:00', '15:29:00', '#7300ff', 0, 'Parramatta', '0', '2024-04-05', 0, 1, NULL, NULL, '0', 539),
(769, '06:30:00', '15:29:00', '#7300ff', 0, 'Parramatta', '0', '2024-04-05', 0, 1, NULL, NULL, '0', 539),
(770, '06:30:00', '15:29:00', '#7300ff', 0, 'Parramatta', '0', '2024-04-05', 0, 1, NULL, NULL, '0', 539),
(771, '06:30:00', '15:29:00', '#7300ff', 0, 'Parramatta', '0', '2024-04-05', 0, 1, NULL, NULL, '0', 539),
(772, '06:30:00', '15:29:00', '#7300ff', 0, 'Parramatta', '0', '2024-04-05', 0, 1, NULL, NULL, '0', 539),
(773, '06:30:00', '15:29:00', '#7300ff', 0, 'Parramatta', '0', '2024-04-05', 0, 1, NULL, NULL, '0', 539),
(774, '06:30:00', '15:29:00', '#7300ff', 0, 'Parramatta', '0', '2024-04-05', 0, 1, NULL, NULL, '0', 539),
(775, '06:30:00', '15:29:00', '#7300ff', 0, 'Parramatta', '0', '2024-04-05', 0, 1, NULL, NULL, '0', 539),
(776, '06:30:00', '15:29:00', '#7300ff', 0, 'Parramatta', '0', '2024-04-05', 0, 1, NULL, NULL, '0', 539),
(777, '06:30:00', '15:29:00', '#7300ff', 0, 'Parramatta', '0', '2024-04-05', 0, 1, NULL, NULL, '0', 539),
(778, '06:30:00', '15:29:00', '#7300ff', 0, 'Parramatta', '0', '2024-04-05', 0, 1, NULL, NULL, '0', 539),
(779, '06:30:00', '15:29:00', '#7300ff', 0, 'Parramatta', '0', '2024-04-05', 0, 1, NULL, NULL, '0', 539),
(780, '06:30:00', '15:29:00', '#7300ff', 0, 'Parramatta', '0', '2024-04-05', 0, 1, NULL, NULL, '0', 539),
(781, '06:30:00', '15:29:00', '#7300ff', 0, 'Parramatta', '0', '2024-04-05', 0, 1, NULL, NULL, '0', 539),
(782, '06:30:00', '15:29:00', '#7300ff', 0, 'Parramatta', '0', '2024-04-05', 0, 1, NULL, NULL, '0', 539),
(783, '06:30:00', '15:29:00', '#7300ff', 0, 'Parramatta', '0', '2024-04-06', 0, 1, NULL, NULL, '0', 539),
(784, '06:30:00', '15:29:00', '#7300ff', 0, 'Parramatta', '0', '2024-04-06', 0, 1, NULL, NULL, '0', 539),
(785, '06:30:00', '15:29:00', '#7300ff', 0, 'Parramatta', '0', '2024-04-06', 0, 1, NULL, NULL, '0', 539),
(786, '06:30:00', '15:29:00', '#7300ff', 0, 'Parramatta', '0', '2024-04-06', 0, 1, NULL, NULL, '0', 539),
(787, '06:30:00', '15:29:00', '#7300ff', 0, 'Parramatta', '0', '2024-04-06', 0, 1, NULL, NULL, '0', 539),
(788, '06:30:00', '15:29:00', '#7300ff', 0, 'Parramatta', '0', '2024-04-06', 0, 1, NULL, NULL, '0', 539),
(789, '06:30:00', '15:29:00', '#7300ff', 0, 'Parramatta', '0', '2024-04-06', 0, 1, NULL, NULL, '0', 539),
(790, '06:30:00', '15:29:00', '#7300ff', 0, 'Parramatta', '0', '2024-04-06', 0, 1, NULL, NULL, '0', 539),
(791, '06:30:00', '15:29:00', '#7300ff', 0, 'Parramatta', '0', '2024-04-06', 0, 1, NULL, NULL, '0', 539),
(792, '06:30:00', '15:29:00', '#7300ff', 0, 'Parramatta', '0', '2024-04-06', 0, 1, NULL, NULL, '0', 539),
(793, '06:30:00', '15:29:00', '#7300ff', 0, 'Parramatta', '0', '2024-04-06', 0, 1, NULL, NULL, '0', 539),
(794, '06:30:00', '15:29:00', '#7300ff', 0, 'Parramatta', '0', '2024-04-06', 0, 1, NULL, NULL, '0', 539),
(795, '06:30:00', '15:29:00', '#7300ff', 0, 'Parramatta', '0', '2024-04-06', 0, 1, NULL, NULL, '0', 539),
(796, '06:30:00', '15:29:00', '#7300ff', 0, 'Parramatta', '0', '2024-04-06', 0, 1, NULL, NULL, '0', 539),
(797, '06:30:00', '15:29:00', '#7300ff', 0, 'Parramatta', '0', '2024-04-06', 0, 1, NULL, NULL, '0', 539),
(798, '06:30:00', '15:29:00', '#7300ff', 0, 'Parramatta', '0', '2024-04-06', 0, 1, NULL, NULL, '0', 539),
(799, '06:30:00', '15:29:00', '#7300ff', 0, 'Parramatta', '0', '2024-04-06', 0, 1, NULL, NULL, '0', 539),
(800, '06:30:00', '15:29:00', '#7300ff', 0, 'Parramatta', '0', '2024-04-06', 0, 1, NULL, NULL, '0', 539),
(801, '06:30:00', '15:29:00', '#7300ff', 0, 'Parramatta', '0', '2024-04-06', 0, 1, NULL, NULL, '0', 539),
(802, '06:30:00', '15:29:00', '#7300ff', 0, 'Parramatta', '0', '2024-04-06', 0, 1, NULL, NULL, '0', 539),
(803, '06:30:00', '15:29:00', '#7300ff', 0, 'Parramatta', '0', '2024-04-06', 0, 1, NULL, NULL, '0', 539),
(804, '06:30:00', '15:29:00', '#7300ff', 0, 'Parramatta', '0', '2024-04-06', 0, 1, NULL, NULL, '0', 539),
(805, '06:30:00', '15:29:00', '#7300ff', 0, 'Parramatta', '0', '2024-04-06', 0, 1, NULL, NULL, '0', 539),
(806, '06:30:00', '15:29:00', '#7300ff', 0, 'Parramatta', '0', '2024-04-06', 0, 1, NULL, NULL, '0', 539),
(807, '06:30:00', '15:29:00', '#7300ff', 0, 'Parramatta', '0', '2024-04-06', 0, 1, NULL, NULL, '0', 539),
(808, '06:30:00', '15:29:00', '#7300ff', 0, 'Parramatta', '0', '2024-04-06', 0, 1, NULL, NULL, '0', 539),
(809, '06:30:00', '15:29:00', '#7300ff', 0, 'Parramatta', '0', '2024-04-06', 0, 1, NULL, NULL, '0', 539),
(810, '06:30:00', '15:29:00', '#7300ff', 0, 'Parramatta', '0', '2024-04-06', 0, 1, NULL, NULL, '0', 539),
(811, '06:30:00', '15:29:00', '#7300ff', 0, 'Parramatta', '0', '2024-04-06', 0, 1, NULL, NULL, '0', 539),
(812, '06:30:00', '15:29:00', '#7300ff', 0, 'Parramatta', '0', '2024-04-06', 0, 1, NULL, NULL, '0', 539),
(813, '06:30:00', '15:29:00', '#7300ff', 0, 'Parramatta', '0', '2024-04-06', 0, 1, NULL, NULL, '0', 539),
(814, '06:30:00', '15:29:00', '#7300ff', 0, 'Parramatta', '0', '2024-04-06', 0, 1, NULL, NULL, '0', 539),
(815, '06:30:00', '15:29:00', '#7300ff', 0, 'Parramatta', '0', '2024-04-06', 0, 1, NULL, NULL, '0', 539),
(816, '06:30:00', '15:15:00', '#ff0000', 0, 'test', '0', '2024-03-25', 0, 1, NULL, NULL, '', 525);

-- --------------------------------------------------------

--
-- Table structure for table `settings`
--

CREATE TABLE `settings` (
  `id` bigint(20) UNSIGNED NOT NULL,
  `option` varchar(255) COLLATE utf8mb4_unicode_ci NOT NULL,
  `value` varchar(255) COLLATE utf8mb4_unicode_ci NOT NULL,
  `created_at` timestamp NULL DEFAULT NULL,
  `updated_at` timestamp NULL DEFAULT NULL
) ENGINE=InnoDB DEFAULT CHARSET=utf8mb4 COLLATE=utf8mb4_unicode_ci;

--
-- Dumping data for table `settings`
--

INSERT INTO `settings` (`id`, `option`, `value`, `created_at`, `updated_at`) VALUES
(1, '_financial_year_end_date', '15', NULL, NULL),
(2, '_financial_year_start_date', '30', NULL, NULL),
(3, '_financial_year_end_month', 'April', NULL, NULL),
(4, '_financial_year_start_month', 'March', NULL, NULL),
(5, '_working_days', 'Monday,Tuesday,Wednesday,Thursday,Friday,Saturday', NULL, NULL),
(6, '_time_zone', '(GMT+10:00) Canberra, Melbourne, Sydney', NULL, NULL),
(7, '_web_logo', 'upload/images/1708317170.png', NULL, NULL);

-- --------------------------------------------------------

--
-- Table structure for table `sites`
--

CREATE TABLE `sites` (
  `id` bigint(20) UNSIGNED NOT NULL,
  `title` varchar(255) COLLATE utf8mb4_unicode_ci NOT NULL,
  `description` text COLLATE utf8mb4_unicode_ci,
  `longitude` varchar(255) COLLATE utf8mb4_unicode_ci NOT NULL,
  `latitude` varchar(255) COLLATE utf8mb4_unicode_ci NOT NULL,
  `area_radius` varchar(255) COLLATE utf8mb4_unicode_ci NOT NULL,
  `active` varchar(255) COLLATE utf8mb4_unicode_ci NOT NULL DEFAULT '1',
  `company_client` varchar(255) COLLATE utf8mb4_unicode_ci NOT NULL,
  `external_id` varchar(255) COLLATE utf8mb4_unicode_ci DEFAULT NULL,
  `project_id` varchar(255) COLLATE utf8mb4_unicode_ci DEFAULT NULL,
  `supervisor_id` varchar(255) COLLATE utf8mb4_unicode_ci NOT NULL,
  `site_state` varchar(255) COLLATE utf8mb4_unicode_ci NOT NULL,
  `street_address` varchar(255) COLLATE utf8mb4_unicode_ci NOT NULL,
  `created_by` varchar(255) COLLATE utf8mb4_unicode_ci NOT NULL,
  `del` varchar(255) COLLATE utf8mb4_unicode_ci NOT NULL DEFAULT '0',
  `created_at` timestamp NULL DEFAULT NULL,
  `updated_at` timestamp NULL DEFAULT NULL
) ENGINE=InnoDB DEFAULT CHARSET=utf8mb4 COLLATE=utf8mb4_unicode_ci;

--
-- Dumping data for table `sites`
--

INSERT INTO `sites` (`id`, `title`, `description`, `longitude`, `latitude`, `area_radius`, `active`, `company_client`, `external_id`, `project_id`, `supervisor_id`, `site_state`, `street_address`, `created_by`, `del`, `created_at`, `updated_at`) VALUES
(1, 'AIC', 'sdfsdf', '70.330878', '28.414409', '0.5', '1', '1', '242342323', NULL, '4', 'ryk', 'sdfdsf', '1', '0', '2024-02-21 03:57:06', '2024-02-21 03:57:06'),
(2, 'test site', 'test', '-123.099342', '49.250453', '0.1', '1', '2', '2', NULL, '4', 'South Australia', 'ryk', '1', '0', '2024-02-21 05:09:01', '2024-02-21 23:41:40'),
(3, '154 - Parkview Parramatta', 'Formwork Contractors', '151.008823', '-33.815566', '0.15', '1', '3', '154', NULL, '11', 'NSW', '5 charles Street Parramatta', '1', '0', '2024-02-22 19:08:26', '2024-04-01 21:06:36'),
(4, '152 - Viva City stage 2', 'Formwork', '151.060512', '-33.849026', '0.02', '1', '4', NULL, NULL, '4', 'Nsw', '5b Uhrig Rd, Sydney Olympic Park NSW 2127', '1', '0', '2024-02-22 21:30:22', '2024-04-01 21:05:53'),
(5, 'DHA 2', 'aSDF', '73.15574', '33.522814', '0.5', '1', '1', '123', NULL, '4', 'NSW', 'dha 2', '1', '0', '2024-02-23 00:01:04', '2024-02-23 00:01:04'),
(6, 'Fastform HQ', NULL, '150.886427', '-33.938303', '0.030', '1', '2', NULL, NULL, '11', 'NSW', '14 Enterprise Circuit', '1', '0', '2024-02-25 21:31:07', '2024-04-01 21:02:38'),
(7, 'Fastform HQ', NULL, '150.886471', '-33.938185', '0.04', '1', '2', NULL, NULL, '11', 'NSW', '14 Enterprise Circuit', '1', '0', '2024-02-25 21:31:07', '2024-04-02 17:46:44'),
(8, 'Deicorp HQ', NULL, '151.199656', '-33.892419', '0.1', '1', '2', NULL, NULL, '4', 'NSW', '161 Redfern Street,\r\nRedfern NSW 2016', '1', '0', '2024-02-27 16:11:53', '2024-02-27 16:11:53'),
(9, 'ICTech HQ', NULL, '151.044756', '-33.900338', '0.05', '1', '3', NULL, NULL, '4', 'NSW', '2B', '1', '0', '2024-02-27 16:29:44', '2024-02-27 16:29:44'),
(10, '157 Melrose Park', 'Melrose Park Stage 4', '151.068503', '-33.809385', '.05', '1', '3', '157', NULL, '47', 'NSW', '2 Appleroth Street Melrose Park 2114', '1', '0', '2024-04-04 16:47:51', '2024-04-07 19:22:48');

-- --------------------------------------------------------

--
-- Table structure for table `site_hisotry`
--

CREATE TABLE `site_hisotry` (
  `id` bigint(20) UNSIGNED NOT NULL,
  `site_id` varchar(255) COLLATE utf8mb4_unicode_ci NOT NULL,
  `description` varchar(255) COLLATE utf8mb4_unicode_ci NOT NULL,
  `updated_by` varchar(255) COLLATE utf8mb4_unicode_ci NOT NULL,
  `created_at` timestamp NULL DEFAULT NULL,
  `updated_at` timestamp NULL DEFAULT NULL
) ENGINE=InnoDB DEFAULT CHARSET=utf8mb4 COLLATE=utf8mb4_unicode_ci;

--
-- Dumping data for table `site_hisotry`
--

INSERT INTO `site_hisotry` (`id`, `site_id`, `description`, `updated_by`, `created_at`, `updated_at`) VALUES
(1, '3', '<a href=\'https://dev-fastform.gtechsol.au/user-profile/1\' style=\'text-transform: capitalize;\' role=\'button\' class=\'primary text-decoration-none\'> Main  Admin</a>  change the site detail: \'Home - Parkview\'.', '1', '2024-02-22 19:11:23', '2024-02-22 19:11:23'),
(2, '3', '<a href=\'https://dev-fastform.gtechsol.au/user-profile/1\' style=\'text-transform: capitalize;\' role=\'button\' class=\'primary text-decoration-none\'> Main  Admin</a>  change the site detail: \'Home - Parkview\'.', '1', '2024-02-22 19:14:27', '2024-02-22 19:14:27'),
(3, '4', '<a href=\'https://dev-fastform.gtechsol.au/user-profile/1\' style=\'text-transform: capitalize;\' role=\'button\' class=\'primary text-decoration-none\'> Main  Admin</a>  change the site detail: \'JQZ Viva City stage 2\'.', '1', '2024-02-26 14:31:20', '2024-02-26 14:31:20'),
(4, '4', '<a href=\'https://dev-fastform.gtechsol.au/user-profile/1\' style=\'text-transform: capitalize;\' role=\'button\' class=\'primary text-decoration-none\'> Main  Admin</a>  change the site detail: \'JQZ Viva City stage 2\'.', '1', '2024-02-26 14:34:47', '2024-02-26 14:34:47'),
(5, '3', '<a href=\'https://dev-fastform.gtechsol.au/user-profile/1\' style=\'text-transform: capitalize;\' role=\'button\' class=\'primary text-decoration-none\'> Main  Admin</a>  change the site detail: \'Home - Parkview\'.', '1', '2024-02-28 16:46:11', '2024-02-28 16:46:11'),
(6, '3', '<a href=\'https://dev-fastform.gtechsol.au/user-profile/1\' style=\'text-transform: capitalize;\' role=\'button\' class=\'primary text-decoration-none\'> Main  Admin</a>  change the site detail: \'Home - Parkview\'.', '1', '2024-03-05 14:27:51', '2024-03-05 14:27:51'),
(7, '3', '<a href=\'https://dev-fastform.gtechsol.au/user-profile/1\' style=\'text-transform: capitalize;\' role=\'button\' class=\'primary text-decoration-none\'> Main  Admin</a>  change the site detail: \'Home - Parkview\'.', '1', '2024-03-07 18:04:37', '2024-03-07 18:04:37'),
(8, '3', '<a href=\'https://dev-fastform.gtechsol.au/user-profile/1\' style=\'text-transform: capitalize;\' role=\'button\' class=\'primary text-decoration-none\'> Main  Admin</a>  change the site detail: \'Home - Parkview\'.', '1', '2024-03-07 19:03:49', '2024-03-07 19:03:49'),
(9, '3', '<a href=\'https://dev-fastform.gtechsol.au/user-profile/1\' style=\'text-transform: capitalize;\' role=\'button\' class=\'primary text-decoration-none\'> Main  Admin</a>  change the site detail: \'Home - Parkview\'.', '1', '2024-03-24 16:09:22', '2024-03-24 16:09:22'),
(10, '3', '<a href=\'https://dev-fastform.gtechsol.au/user-profile/1\' style=\'text-transform: capitalize;\' role=\'button\' class=\'primary text-decoration-none\'> Main  Admin</a>  change the site detail: \'Home - Parkview\'.', '1', '2024-03-24 16:16:13', '2024-03-24 16:16:13'),
(11, '3', '<a href=\'https://dev-fastform.gtechsol.au/user-profile/1\' style=\'text-transform: capitalize;\' role=\'button\' class=\'primary text-decoration-none\'> Main  Admin</a>  change the site detail: \'Home - Parkview\'.', '1', '2024-03-24 16:21:02', '2024-03-24 16:21:02'),
(12, '3', '<a href=\'https://dev-fastform.gtechsol.au/user-profile/1\' style=\'text-transform: capitalize;\' role=\'button\' class=\'primary text-decoration-none\'> Main  Admin</a>  change the site detail: \'Home - Parkview\'.', '1', '2024-03-24 19:33:40', '2024-03-24 19:33:40'),
(13, '3', '<a href=\'https://dev-fastform.gtechsol.au/user-profile/1\' style=\'text-transform: capitalize;\' role=\'button\' class=\'primary text-decoration-none\'> Main  Admin</a>  change the site detail: \'Home - Parkview\'.', '1', '2024-03-24 19:36:28', '2024-03-24 19:36:28'),
(14, '3', '<a href=\'https://dev-fastform.gtechsol.au/user-profile/1\' style=\'text-transform: capitalize;\' role=\'button\' class=\'primary text-decoration-none\'> Main  Admin</a>  change the site detail: \'Home - Parkview\'.', '1', '2024-03-24 19:37:29', '2024-03-24 19:37:29'),
(15, '3', '<a href=\'https://dev-fastform.gtechsol.au/user-profile/1\' style=\'text-transform: capitalize;\' role=\'button\' class=\'primary text-decoration-none\'> Main  Admin</a>  change the site detail: \'Home - Parkview\'.', '1', '2024-04-01 21:00:38', '2024-04-01 21:00:38'),
(16, '6', '<a href=\'https://dev-fastform.gtechsol.au/user-profile/1\' style=\'text-transform: capitalize;\' role=\'button\' class=\'primary text-decoration-none\'> Main  Admin</a>  change the site detail: \'Fastform HQ\'.', '1', '2024-04-01 21:02:38', '2024-04-01 21:02:38'),
(17, '3', '<a href=\'https://dev-fastform.gtechsol.au/user-profile/1\' style=\'text-transform: capitalize;\' role=\'button\' class=\'primary text-decoration-none\'> Main  Admin</a>  change the site detail: \'Parkview - 154\'.', '1', '2024-04-01 21:05:21', '2024-04-01 21:05:21'),
(18, '4', '<a href=\'https://dev-fastform.gtechsol.au/user-profile/1\' style=\'text-transform: capitalize;\' role=\'button\' class=\'primary text-decoration-none\'> Main  Admin</a>  change the site detail: \'152 - Viva City stage 2\'.', '1', '2024-04-01 21:05:53', '2024-04-01 21:05:53'),
(19, '3', '<a href=\'https://dev-fastform.gtechsol.au/user-profile/1\' style=\'text-transform: capitalize;\' role=\'button\' class=\'primary text-decoration-none\'> Main  Admin</a>  change the site detail: \'154 - Parkview Parramatta\'.', '1', '2024-04-01 21:06:36', '2024-04-01 21:06:36'),
(20, '7', '<a href=\'https://dev-fastform.gtechsol.au/user-profile/1\' style=\'text-transform: capitalize;\' role=\'button\' class=\'primary text-decoration-none\'> Main  Admin</a>  change the site detail: \'Fastform HQ\'.', '1', '2024-04-02 17:46:44', '2024-04-02 17:46:44'),
(21, '10', '<a href=\'https://dev-fastform.gtechsol.au/user-profile/1\' style=\'text-transform: capitalize;\' role=\'button\' class=\'primary text-decoration-none\'> Main  Admin</a>  change the site detail: \'157 Melrose Park\'.', '1', '2024-04-04 16:49:26', '2024-04-04 16:49:26'),
(22, '10', '<a href=\'https://dev-fastform.gtechsol.au/user-profile/1\' style=\'text-transform: capitalize;\' role=\'button\' class=\'primary text-decoration-none\'> Main  Admin</a>  change the site detail: \'157 Melrose Park\'.', '1', '2024-04-07 19:22:48', '2024-04-07 19:22:48');

-- --------------------------------------------------------

--
-- Table structure for table `team_histories`
--

CREATE TABLE `team_histories` (
  `id` bigint(20) UNSIGNED NOT NULL,
  `emp_id` varchar(255) COLLATE utf8mb4_unicode_ci NOT NULL,
  `team_id` varchar(255) COLLATE utf8mb4_unicode_ci NOT NULL,
  `description` varchar(255) COLLATE utf8mb4_unicode_ci NOT NULL,
  `del` varchar(255) COLLATE utf8mb4_unicode_ci NOT NULL DEFAULT '0',
  `created_at` timestamp NULL DEFAULT NULL,
  `updated_at` timestamp NULL DEFAULT NULL
) ENGINE=InnoDB DEFAULT CHARSET=utf8mb4 COLLATE=utf8mb4_unicode_ci;

--
-- Dumping data for table `team_histories`
--

INSERT INTO `team_histories` (`id`, `emp_id`, `team_id`, `description`, `del`, `created_at`, `updated_at`) VALUES
(49, '1', '1', '<a href=\'http://127.0.0.1:8000/user-profile/1\' style=\'text-transform: capitalize;\' role=\'button\' class=\'primary text-decoration-none\'> Main Admin</a> added the memeber: \'Main Admin\'  in  \'Admin\' team.', '0', '2023-12-05 12:32:53', '2023-12-05 12:32:53'),
(50, '3', '1', '<a href=\'https://dev-fastform.gtechsol.au/user-profile/1\' style=\'text-transform: capitalize;\' role=\'button\' class=\'primary text-decoration-none\'> Main  Admin</a> added the memeber: \'tester  qa\'  in  \'Admin\' team.', '0', '2024-02-21 03:17:52', '2024-02-21 03:17:52'),
(51, '2', '1', '<a href=\'https://dev-fastform.gtechsol.au/user-profile/1\' style=\'text-transform: capitalize;\' role=\'button\' class=\'primary text-decoration-none\'> Main  Admin</a> added the memeber: \'Umair  Azam\'  in  \'Admin\' team.', '0', '2024-02-21 03:36:21', '2024-02-21 03:36:21'),
(52, '4', '1', '<a href=\'https://dev-fastform.gtechsol.au/user-profile/1\' style=\'text-transform: capitalize;\' role=\'button\' class=\'primary text-decoration-none\'> Main  Admin</a> added the memeber: \'Mehtab  Ahmed\'  in  \'Admin\' team.', '0', '2024-02-21 03:55:14', '2024-02-21 03:55:14'),
(53, '5', '1', '<a href=\'https://dev-fastform.gtechsol.au/user-profile/1\' style=\'text-transform: capitalize;\' role=\'button\' class=\'primary text-decoration-none\'> Main  Admin</a> added the memeber: \'tester  qa\'  in  \'Admin\' team.', '0', '2024-02-21 04:15:11', '2024-02-21 04:15:11'),
(54, '7', '1', '<a href=\'https://dev-fastform.gtechsol.au/user-profile/1\' style=\'text-transform: capitalize;\' role=\'button\' class=\'primary text-decoration-none\'> Main  Admin</a> added the memeber: \'Abdul Rehman Khan\'  in  \'Admin\' team.', '0', '2024-02-21 23:33:52', '2024-02-21 23:33:52'),
(55, '3', '1', '<a href=\'https://dev-fastform.gtechsol.au/user-profile/1\' style=\'text-transform: capitalize;\' role=\'button\' class=\'primary text-decoration-none\'> Main  Admin</a> deleted the memeber: \'tester  samina\'  from  \'Admin\' team.', '0', '2024-02-22 04:00:04', '2024-02-22 04:00:04'),
(56, '8', '1', '<a href=\'https://dev-fastform.gtechsol.au/user-profile/1\' style=\'text-transform: capitalize;\' role=\'button\' class=\'primary text-decoration-none\'> Main  Admin</a> added the memeber: \'Haysam  ElBacha\'  in  \'Admin\' team.', '0', '2024-02-22 18:20:33', '2024-02-22 18:20:33'),
(57, '9', '1', '<a href=\'https://dev-fastform.gtechsol.au/user-profile/1\' style=\'text-transform: capitalize;\' role=\'button\' class=\'primary text-decoration-none\'> Main  Admin</a> added the memeber: \'Ahmad  Elsayed\'  in  \'Admin\' team.', '0', '2024-02-22 18:25:16', '2024-02-22 18:25:16'),
(58, '10', '1', '<a href=\'https://dev-fastform.gtechsol.au/user-profile/1\' style=\'text-transform: capitalize;\' role=\'button\' class=\'primary text-decoration-none\'> Main  Admin</a> added the memeber: \'Mahmoud  Massri\'  in  \'Admin\' team.', '0', '2024-02-22 18:48:56', '2024-02-22 18:48:56'),
(59, '12', '1', '<a href=\'https://dev-fastform.gtechsol.au/user-profile/1\' style=\'text-transform: capitalize;\' role=\'button\' class=\'primary text-decoration-none\'> Main  Admin</a> added the memeber: \'Khodr  HEJAZI\'  in  \'Admin\' team.', '0', '2024-02-22 19:28:34', '2024-02-22 19:28:34'),
(60, '11', '1', '<a href=\'https://dev-fastform.gtechsol.au/user-profile/1\' style=\'text-transform: capitalize;\' role=\'button\' class=\'primary text-decoration-none\'> Main  Admin</a> added the memeber: \'Kaled  Massri\'  in  \'Admin\' team.', '0', '2024-02-22 19:30:59', '2024-02-22 19:30:59'),
(61, '13', '1', '<a href=\'https://dev-fastform.gtechsol.au/user-profile/1\' style=\'text-transform: capitalize;\' role=\'button\' class=\'primary text-decoration-none\'> Main  Admin</a> added the memeber: \'Muhammad Saad Tanveer\'  in  \'Admin\' team.', '0', '2024-02-22 21:56:53', '2024-02-22 21:56:53'),
(62, '16', '1', '<a href=\'https://dev-fastform.gtechsol.au/user-profile/1\' style=\'text-transform: capitalize;\' role=\'button\' class=\'primary text-decoration-none\'> Main  Admin</a> added the memeber: \'Abdul  Rehman\'  in  \'Admin\' team.', '0', '2024-02-26 23:01:31', '2024-02-26 23:01:31'),
(63, '20', '1', '<a href=\'https://dev-fastform.gtechsol.au/user-profile/1\' style=\'text-transform: capitalize;\' role=\'button\' class=\'primary text-decoration-none\'> Main  Admin</a> added the memeber: \'Dev  Ops\'  in  \'Admin\' team.', '0', '2024-02-27 14:10:19', '2024-02-27 14:10:19'),
(64, '21', '1', '<a href=\'https://dev-fastform.gtechsol.au/user-profile/1\' style=\'text-transform: capitalize;\' role=\'button\' class=\'primary text-decoration-none\'> Main  Admin</a> added the memeber: \'Yonnas Kiros BERHEMELES\'  in  \'Admin\' team.', '0', '2024-02-28 17:32:34', '2024-02-28 17:32:34'),
(65, '22', '1', '<a href=\'https://dev-fastform.gtechsol.au/user-profile/1\' style=\'text-transform: capitalize;\' role=\'button\' class=\'primary text-decoration-none\'> Main  Admin</a> added the memeber: \'Abusaleh  SHEIKH\'  in  \'Admin\' team.', '0', '2024-02-28 17:55:26', '2024-02-28 17:55:26'),
(66, '23', '1', '<a href=\'https://dev-fastform.gtechsol.au/user-profile/1\' style=\'text-transform: capitalize;\' role=\'button\' class=\'primary text-decoration-none\'> Main  Admin</a> added the memeber: \'David  McSWEENEY\'  in  \'Admin\' team.', '0', '2024-02-28 18:09:47', '2024-02-28 18:09:47'),
(67, '24', '1', '<a href=\'https://dev-fastform.gtechsol.au/user-profile/1\' style=\'text-transform: capitalize;\' role=\'button\' class=\'primary text-decoration-none\'> Main  Admin</a> added the memeber: \'Ahmed  Doud\'  in  \'Admin\' team.', '0', '2024-02-28 18:18:17', '2024-02-28 18:18:17'),
(68, '25', '1', '<a href=\'https://dev-fastform.gtechsol.au/user-profile/1\' style=\'text-transform: capitalize;\' role=\'button\' class=\'primary text-decoration-none\'> Main  Admin</a> added the memeber: \'Jahid Hassan AKON\'  in  \'Admin\' team.', '0', '2024-02-28 18:26:12', '2024-02-28 18:26:12'),
(69, '26', '1', '<a href=\'https://dev-fastform.gtechsol.au/user-profile/1\' style=\'text-transform: capitalize;\' role=\'button\' class=\'primary text-decoration-none\'> Main  Admin</a> added the memeber: \'Yousif Abaker HARAN\'  in  \'Admin\' team.', '0', '2024-02-28 18:37:17', '2024-02-28 18:37:17'),
(70, '28', '1', '<a href=\'https://dev-fastform.gtechsol.au/user-profile/1\' style=\'text-transform: capitalize;\' role=\'button\' class=\'primary text-decoration-none\'> Main  Admin</a> added the memeber: \'Hamad  MOUBARAK\'  in  \'Admin\' team.', '0', '2024-02-28 18:50:20', '2024-02-28 18:50:20'),
(71, '27', '1', '<a href=\'https://dev-fastform.gtechsol.au/user-profile/1\' style=\'text-transform: capitalize;\' role=\'button\' class=\'primary text-decoration-none\'> Main  Admin</a> added the memeber: \'Mahmoud  Fachikh\'  in  \'Admin\' team.', '0', '2024-02-28 18:51:18', '2024-02-28 18:51:18'),
(72, '29', '1', '<a href=\'https://dev-fastform.gtechsol.au/user-profile/1\' style=\'text-transform: capitalize;\' role=\'button\' class=\'primary text-decoration-none\'> Main  Admin</a> added the memeber: \'Samoi  FATFAT\'  in  \'Admin\' team.', '0', '2024-02-28 19:17:56', '2024-02-28 19:17:56'),
(73, '30', '1', '<a href=\'https://dev-fastform.gtechsol.au/user-profile/1\' style=\'text-transform: capitalize;\' role=\'button\' class=\'primary text-decoration-none\'> Main  Admin</a> added the memeber: \'Akot Majok DUT\'  in  \'Admin\' team.', '0', '2024-02-28 19:27:45', '2024-02-28 19:27:45'),
(74, '31', '1', '<a href=\'https://dev-fastform.gtechsol.au/user-profile/1\' style=\'text-transform: capitalize;\' role=\'button\' class=\'primary text-decoration-none\'> Main  Admin</a> added the memeber: \'Mohamad  Fachikh\'  in  \'Admin\' team.', '0', '2024-02-28 19:31:12', '2024-02-28 19:31:12'),
(75, '32', '1', '<a href=\'https://dev-fastform.gtechsol.au/user-profile/1\' style=\'text-transform: capitalize;\' role=\'button\' class=\'primary text-decoration-none\'> Main  Admin</a> added the memeber: \'James Akot AKOT\'  in  \'Admin\' team.', '0', '2024-02-28 19:34:58', '2024-02-28 19:34:58'),
(76, '33', '1', '<a href=\'https://dev-fastform.gtechsol.au/user-profile/1\' style=\'text-transform: capitalize;\' role=\'button\' class=\'primary text-decoration-none\'> Main  Admin</a> added the memeber: \'Ahmed Yahya ADAM\'  in  \'Admin\' team.', '0', '2024-02-28 19:50:58', '2024-02-28 19:50:58'),
(77, '34', '1', '<a href=\'https://dev-fastform.gtechsol.au/user-profile/1\' style=\'text-transform: capitalize;\' role=\'button\' class=\'primary text-decoration-none\'> Main  Admin</a> added the memeber: \'Khon  Gai\'  in  \'Admin\' team.', '0', '2024-02-28 20:03:48', '2024-02-28 20:03:48'),
(78, '36', '1', '<a href=\'https://dev-fastform.gtechsol.au/user-profile/1\' style=\'text-transform: capitalize;\' role=\'button\' class=\'primary text-decoration-none\'> Main  Admin</a> added the memeber: \'Tarek  Massri\'  in  \'Admin\' team.', '0', '2024-02-28 20:59:25', '2024-02-28 20:59:25'),
(79, '39', '1', '<a href=\'https://dev-fastform.gtechsol.au/user-profile/1\' style=\'text-transform: capitalize;\' role=\'button\' class=\'primary text-decoration-none\'> Main  Admin</a> added the memeber: \'Umair Azam Tester\'  in  \'Admin\' team.', '0', '2024-02-29 23:29:35', '2024-02-29 23:29:35'),
(80, '41', '1', '<a href=\'https://dev-fastform.gtechsol.au/user-profile/1\' style=\'text-transform: capitalize;\' role=\'button\' class=\'primary text-decoration-none\'> Main  Admin</a> added the memeber: \'Mahmoud  Massri\'  in  \'Admin\' team.', '0', '2024-03-21 15:31:49', '2024-03-21 15:31:49'),
(81, '42', '1', '<a href=\'https://dev-fastform.gtechsol.au/user-profile/1\' style=\'text-transform: capitalize;\' role=\'button\' class=\'primary text-decoration-none\'> Main  Admin</a> added the memeber: \'Gerang  Bak\'  in  \'Admin\' team.', '0', '2024-03-24 14:36:52', '2024-03-24 14:36:52'),
(82, '43', '1', '<a href=\'https://dev-fastform.gtechsol.au/user-profile/1\' style=\'text-transform: capitalize;\' role=\'button\' class=\'primary text-decoration-none\'> Main  Admin</a> added the memeber: \'Laltu  Laltu\'  in  \'Admin\' team.', '0', '2024-03-24 17:37:23', '2024-03-24 17:37:23'),
(83, '44', '1', '<a href=\'https://dev-fastform.gtechsol.au/user-profile/1\' style=\'text-transform: capitalize;\' role=\'button\' class=\'primary text-decoration-none\'> Main  Admin</a> added the memeber: \'Hayssam  ElSayed\'  in  \'Admin\' team.', '0', '2024-03-24 19:22:11', '2024-03-24 19:22:11'),
(84, '45', '1', '<a href=\'https://dev-fastform.gtechsol.au/user-profile/1\' style=\'text-transform: capitalize;\' role=\'button\' class=\'primary text-decoration-none\'> Main  Admin</a> added the memeber: \'Md  Hosen\'  in  \'Admin\' team.', '0', '2024-03-24 20:04:33', '2024-03-24 20:04:33'),
(85, '35', '1', '<a href=\'https://dev-fastform.gtechsol.au/user-profile/1\' style=\'text-transform: capitalize;\' role=\'button\' class=\'primary text-decoration-none\'> Main  Admin</a> added the memeber: \'Ghassan  Khalil\'  in  \'Admin\' team.', '0', '2024-03-26 13:59:08', '2024-03-26 13:59:08'),
(86, '47', '3', '<a href=\'https://dev-fastform.gtechsol.au/user-profile/1\' style=\'text-transform: capitalize;\' role=\'button\' class=\'primary text-decoration-none\'> Main  Admin</a> added the memeber: \'Khalil  Charbaji\'  in  \'T I GROUP\' team.', '0', '2024-04-03 15:52:05', '2024-04-03 15:52:05'),
(87, '48', '6', '<a href=\'https://dev-fastform.gtechsol.au/user-profile/1\' style=\'text-transform: capitalize;\' role=\'button\' class=\'primary text-decoration-none\'> Main  Admin</a> added the memeber: \'Jamille  Nemra\'  in  \'Fastform Labour Pty Ltd Employees\' team.', '0', '2024-04-04 14:34:26', '2024-04-04 14:34:26'),
(88, '49', '3', '<a href=\'https://dev-fastform.gtechsol.au/user-profile/1\' style=\'text-transform: capitalize;\' role=\'button\' class=\'primary text-decoration-none\'> Main  Admin</a> added the memeber: \'Samer  Zaatar\'  in  \'T I GROUP\' team.', '0', '2024-04-04 15:22:46', '2024-04-04 15:22:46'),
(89, '50', '3', '<a href=\'https://dev-fastform.gtechsol.au/user-profile/1\' style=\'text-transform: capitalize;\' role=\'button\' class=\'primary text-decoration-none\'> Main  Admin</a> added the memeber: \'Samer  Zaatar\'  in  \'T I GROUP\' team.', '0', '2024-04-04 15:30:04', '2024-04-04 15:30:04'),
(90, '51', '4', '<a href=\'https://dev-fastform.gtechsol.au/user-profile/1\' style=\'text-transform: capitalize;\' role=\'button\' class=\'primary text-decoration-none\'> Main  Admin</a> added the memeber: \'STEPHEN  GABRIEL\'  in  \'KC NSW PTY LTD\' team.', '0', '2024-04-04 16:12:26', '2024-04-04 16:12:26'),
(91, '52', '6', '<a href=\'https://dev-fastform.gtechsol.au/user-profile/1\' style=\'text-transform: capitalize;\' role=\'button\' class=\'primary text-decoration-none\'> Main  Admin</a> added the memeber: \'Zakariyah  Nemra\'  in  \'Fastform Labour Pty Ltd Employees\' team.', '0', '2024-04-04 17:09:14', '2024-04-04 17:09:14'),
(92, '53', '6', '<a href=\'https://dev-fastform.gtechsol.au/user-profile/1\' style=\'text-transform: capitalize;\' role=\'button\' class=\'primary text-decoration-none\'> Main  Admin</a> added the memeber: \'mohamed  kataieh\'  in  \'Fastform Labour Pty Ltd Employees\' team.', '0', '2024-04-04 18:04:32', '2024-04-04 18:04:32'),
(93, '54', '4', '<a href=\'https://dev-fastform.gtechsol.au/user-profile/1\' style=\'text-transform: capitalize;\' role=\'button\' class=\'primary text-decoration-none\'> Main  Admin</a> added the memeber: \'Joma  Housayri\'  in  \'KC NSW PTY LTD\' team.', '0', '2024-04-07 16:35:49', '2024-04-07 16:35:49'),
(94, '55', '3', '<a href=\'https://dev-fastform.gtechsol.au/user-profile/1\' style=\'text-transform: capitalize;\' role=\'button\' class=\'primary text-decoration-none\'> Main  Admin</a> added the memeber: \'Khaled Ibrahim ElMasri\'  in  \'T I GROUP\' team.', '0', '2024-04-07 17:02:11', '2024-04-07 17:02:11'),
(95, '56', '4', '<a href=\'https://dev-fastform.gtechsol.au/user-profile/1\' style=\'text-transform: capitalize;\' role=\'button\' class=\'primary text-decoration-none\'> Main  Admin</a> added the memeber: \'Omar  Awwad\'  in  \'KC NSW PTY LTD\' team.', '0', '2024-04-07 17:24:01', '2024-04-07 17:24:01'),
(96, '57', '6', '<a href=\'https://dev-fastform.gtechsol.au/user-profile/1\' style=\'text-transform: capitalize;\' role=\'button\' class=\'primary text-decoration-none\'> Main  Admin</a> added the memeber: \'Nader  Derbas\'  in  \'Fastform Labour Pty Ltd Employees\' team.', '0', '2024-04-07 18:14:25', '2024-04-07 18:14:25'),
(97, '58', '5', '<a href=\'https://dev-fastform.gtechsol.au/user-profile/1\' style=\'text-transform: capitalize;\' role=\'button\' class=\'primary text-decoration-none\'> Main  Admin</a> added the memeber: \'Tarek  Nemra\'  in  \'Azer Pty Ltd Employees\' team.', '0', '2024-04-07 18:31:39', '2024-04-07 18:31:39'),
(98, '59', '4', '<a href=\'https://dev-fastform.gtechsol.au/user-profile/1\' style=\'text-transform: capitalize;\' role=\'button\' class=\'primary text-decoration-none\'> Main  Admin</a> added the memeber: \'Nader  ElLababaidi\'  in  \'KC NSW PTY LTD\' team.', '0', '2024-04-07 18:54:44', '2024-04-07 18:54:44'),
(99, '60', '4', '<a href=\'https://dev-fastform.gtechsol.au/user-profile/1\' style=\'text-transform: capitalize;\' role=\'button\' class=\'primary text-decoration-none\'> Main  Admin</a> added the memeber: \'Bilal  kataieh\'  in  \'KC NSW PTY LTD\' team.', '0', '2024-04-07 19:18:15', '2024-04-07 19:18:15'),
(100, '61', '3', '<a href=\'https://dev-fastform.gtechsol.au/user-profile/1\' style=\'text-transform: capitalize;\' role=\'button\' class=\'primary text-decoration-none\'> Main  Admin</a> added the memeber: \'Eisa Adam Ginawi\'  in  \'T I GROUP\' team.', '0', '2024-04-07 19:38:20', '2024-04-07 19:38:20'),
(101, '62', '5', '<a href=\'https://dev-fastform.gtechsol.au/user-profile/1\' style=\'text-transform: capitalize;\' role=\'button\' class=\'primary text-decoration-none\'> Main  Admin</a> added the memeber: \'Mohamad  ISSA\'  in  \'Azer Pty Ltd Employees\' team.', '0', '2024-04-07 20:51:17', '2024-04-07 20:51:17'),
(102, '63', '4', '<a href=\'https://dev-fastform.gtechsol.au/user-profile/1\' style=\'text-transform: capitalize;\' role=\'button\' class=\'primary text-decoration-none\'> Main  Admin</a> added the memeber: \'Nabilbankdetails NabilEDIT Dalla\'  in  \'KC NSW PTY LTD\' team.', '0', '2024-04-07 21:51:35', '2024-04-07 21:51:35'),
(103, '64', '5', '<a href=\'https://dev-fastform.gtechsol.au/user-profile/1\' style=\'text-transform: capitalize;\' role=\'button\' class=\'primary text-decoration-none\'> Main  Admin</a> added the memeber: \'Adam  Derbas\'  in  \'Azer Pty Ltd Employees\' team.', '0', '2024-04-07 22:19:35', '2024-04-07 22:19:35'),
(104, '65', '5', '<a href=\'https://dev-fastform.gtechsol.au/user-profile/1\' style=\'text-transform: capitalize;\' role=\'button\' class=\'primary text-decoration-none\'> Main  Admin</a> added the memeber: \'Tarek  ElMaghchouch\'  in  \'Azer Pty Ltd Employees\' team.', '0', '2024-04-07 22:34:20', '2024-04-07 22:34:20'),
(105, '66', '6', '<a href=\'https://dev-fastform.gtechsol.au/user-profile/1\' style=\'text-transform: capitalize;\' role=\'button\' class=\'primary text-decoration-none\'> Main  Admin</a> added the memeber: \'Hoang  Nguyen\'  in  \'Fastform Labour Pty Ltd Employees\' team.', '0', '2024-04-07 23:05:03', '2024-04-07 23:05:03'),
(106, '67', '5', '<a href=\'https://dev-fastform.gtechsol.au/user-profile/1\' style=\'text-transform: capitalize;\' role=\'button\' class=\'primary text-decoration-none\'> Main  Admin</a> added the memeber: \'Abdelmenim tax Osman\'  in  \'Azer Pty Ltd Employees\' team.', '0', '2024-04-07 23:31:05', '2024-04-07 23:31:05'),
(107, '68', '5', '<a href=\'https://dev-fastform.gtechsol.au/user-profile/1\' style=\'text-transform: capitalize;\' role=\'button\' class=\'primary text-decoration-none\'> Main  Admin</a> added the memeber: \'Abdelmenim tax Osman\'  in  \'Azer Pty Ltd Employees\' team.', '0', '2024-04-07 23:36:18', '2024-04-07 23:36:18');

-- --------------------------------------------------------

--
-- Table structure for table `tiers`
--

CREATE TABLE `tiers` (
  `id` bigint(20) UNSIGNED NOT NULL,
  `title` varchar(255) COLLATE utf8mb4_unicode_ci NOT NULL,
  `description` text COLLATE utf8mb4_unicode_ci,
  `created_at` timestamp NULL DEFAULT NULL,
  `updated_at` timestamp NULL DEFAULT NULL
) ENGINE=InnoDB DEFAULT CHARSET=utf8mb4 COLLATE=utf8mb4_unicode_ci;

--
-- Dumping data for table `tiers`
--

INSERT INTO `tiers` (`id`, `title`, `description`, `created_at`, `updated_at`) VALUES
(1, 'Tier 1  CFO COO', 'CFO COO', '2023-12-03 19:50:00', '2024-04-03 14:53:39'),
(2, 'Tier2 Payrol', 'Payroll', NULL, '2024-04-03 14:52:46'),
(4, 'Tier 3  Safety MNGR', 'Safety Manager and Office Management', NULL, '2024-04-03 14:52:23'),
(5, 'Tier 4 Site MNG', 'Site Managers', NULL, '2024-04-03 14:52:04'),
(6, 'Tier 5 SSO LH', 'Site Safety Officer and Leading Hand', NULL, '2024-04-03 14:51:44'),
(7, 'Tier 6 Worker', 'Workers', NULL, '2024-04-03 14:51:31');

-- --------------------------------------------------------

--
-- Table structure for table `tier_employees`
--

CREATE TABLE `tier_employees` (
  `id` bigint(20) UNSIGNED NOT NULL,
  `tier_id` int(11) NOT NULL,
  `employee_id` int(11) NOT NULL
) ENGINE=InnoDB DEFAULT CHARSET=utf8mb4 COLLATE=utf8mb4_unicode_ci;

-- --------------------------------------------------------

--
-- Table structure for table `tier_packages`
--

CREATE TABLE `tier_packages` (
  `id` bigint(20) UNSIGNED NOT NULL,
  `tier_id` int(11) NOT NULL,
  `allowance_package_id` int(11) DEFAULT NULL
) ENGINE=InnoDB DEFAULT CHARSET=utf8mb4 COLLATE=utf8mb4_unicode_ci;

--
-- Dumping data for table `tier_packages`
--

INSERT INTO `tier_packages` (`id`, `tier_id`, `allowance_package_id`) VALUES
(1, 1, 1),
(2, 2, NULL);

-- --------------------------------------------------------

--
-- Table structure for table `tier_permissions`
--

CREATE TABLE `tier_permissions` (
  `id` bigint(20) UNSIGNED NOT NULL,
  `tier_id` varchar(255) COLLATE utf8mb4_unicode_ci NOT NULL,
  `sub_module_id` varchar(255) COLLATE utf8mb4_unicode_ci NOT NULL,
  `view` varchar(255) COLLATE utf8mb4_unicode_ci NOT NULL,
  `maintain` varchar(255) COLLATE utf8mb4_unicode_ci NOT NULL,
  `del` varchar(255) COLLATE utf8mb4_unicode_ci NOT NULL DEFAULT '0',
  `created_at` timestamp NULL DEFAULT NULL,
  `updated_at` timestamp NULL DEFAULT NULL
) ENGINE=InnoDB DEFAULT CHARSET=utf8mb4 COLLATE=utf8mb4_unicode_ci;

--
-- Dumping data for table `tier_permissions`
--

INSERT INTO `tier_permissions` (`id`, `tier_id`, `sub_module_id`, `view`, `maintain`, `del`, `created_at`, `updated_at`) VALUES
(287, '1', '5', '1', '1', '0', NULL, NULL),
(288, '1', '1', '1', '1', '0', NULL, NULL),
(289, '1', '2', '1', '1', '0', NULL, NULL),
(290, '1', '3', '1', '1', '0', NULL, NULL),
(291, '1', '4', '1', '1', '0', NULL, NULL),
(292, '1', '6', '1', '1', '0', NULL, NULL),
(293, '1', '7', '1', '1', '0', NULL, NULL),
(294, '1', '8', '1', '1', '0', NULL, NULL),
(295, '1', '9', '1', '1', '0', NULL, NULL),
(296, '1', '10', '1', '1', '0', NULL, NULL),
(297, '1', '11', '1', '1', '0', NULL, NULL),
(298, '1', '12', '1', '1', '0', NULL, NULL),
(299, '1', '13', '1', '1', '0', NULL, NULL),
(300, '1', '14', '1', '1', '0', NULL, NULL),
(301, '1', '15', '1', '1', '0', NULL, NULL),
(302, '1', '16', '1', '1', '0', NULL, NULL),
(303, '1', '17', '1', '1', '0', NULL, NULL),
(304, '1', '18', '1', '1', '0', NULL, NULL),
(305, '1', '19', '1', '1', '0', NULL, NULL),
(306, '1', '20', '1', '1', '0', NULL, NULL),
(307, '1', '21', '1', '1', '0', NULL, NULL),
(308, '1', '22', '1', '1', '0', NULL, NULL),
(309, '1', '23', '1', '1', '0', NULL, NULL),
(333, '2', '5', '1', '1', '0', NULL, NULL),
(334, '2', '1', '1', '1', '0', NULL, NULL),
(335, '2', '2', '1', '1', '0', NULL, NULL),
(336, '2', '3', '1', '1', '0', NULL, NULL),
(337, '2', '4', '1', '1', '0', NULL, NULL),
(338, '2', '6', '1', '1', '0', NULL, NULL),
(339, '2', '7', '1', '1', '0', NULL, NULL),
(340, '2', '8', '1', '1', '0', NULL, NULL),
(341, '2', '9', '1', '1', '0', NULL, NULL),
(342, '2', '10', '1', '1', '0', NULL, NULL),
(343, '2', '11', '1', '1', '0', NULL, NULL),
(344, '2', '12', '1', '1', '0', NULL, NULL),
(345, '2', '13', '1', '1', '0', NULL, NULL),
(346, '2', '14', '1', '1', '0', NULL, NULL),
(347, '2', '15', '1', '1', '0', NULL, NULL),
(348, '2', '16', '1', '1', '0', NULL, NULL),
(349, '2', '17', '1', '1', '0', NULL, NULL),
(350, '2', '18', '1', '1', '0', NULL, NULL),
(351, '2', '19', '1', '1', '0', NULL, NULL),
(352, '2', '20', '1', '1', '0', NULL, NULL),
(353, '2', '21', '1', '1', '0', NULL, NULL),
(354, '2', '22', '1', '1', '0', NULL, NULL),
(355, '2', '23', '1', '1', '0', NULL, NULL),
(356, '4', '5', '1', '1', '0', NULL, NULL),
(357, '4', '1', '1', '1', '0', NULL, NULL),
(358, '4', '2', '1', '1', '0', NULL, NULL),
(359, '4', '3', '1', '1', '0', NULL, NULL),
(360, '4', '4', '1', '1', '0', NULL, NULL),
(361, '4', '6', '0', '0', '0', NULL, NULL),
(362, '4', '7', '0', '0', '0', NULL, NULL),
(363, '4', '8', '0', '0', '0', NULL, NULL),
(364, '4', '9', '0', '0', '0', NULL, NULL),
(365, '4', '10', '0', '0', '0', NULL, NULL),
(366, '4', '11', '0', '0', '0', NULL, NULL),
(367, '4', '12', '0', '0', '0', NULL, NULL),
(368, '4', '13', '0', '0', '0', NULL, NULL),
(369, '4', '14', '0', '0', '0', NULL, NULL),
(370, '4', '15', '0', '0', '0', NULL, NULL),
(371, '4', '16', '1', '1', '0', NULL, NULL),
(372, '4', '17', '1', '1', '0', NULL, NULL),
(373, '4', '18', '0', '0', '0', NULL, NULL),
(374, '4', '19', '1', '1', '0', NULL, NULL),
(375, '4', '20', '1', '1', '0', NULL, NULL),
(376, '4', '21', '0', '0', '0', NULL, NULL),
(377, '4', '22', '0', '0', '0', NULL, NULL),
(378, '4', '23', '0', '0', '0', NULL, NULL);

-- --------------------------------------------------------

--
-- Table structure for table `user_meta`
--

CREATE TABLE `user_meta` (
  `id` bigint(20) UNSIGNED NOT NULL,
  `emp_id` varchar(255) COLLATE utf8mb4_unicode_ci NOT NULL,
  `option` varchar(255) COLLATE utf8mb4_unicode_ci NOT NULL,
  `value` varchar(255) COLLATE utf8mb4_unicode_ci NOT NULL,
  `del` varchar(255) COLLATE utf8mb4_unicode_ci NOT NULL DEFAULT '0',
  `created_at` timestamp NULL DEFAULT NULL,
  `updated_at` timestamp NULL DEFAULT NULL
) ENGINE=InnoDB DEFAULT CHARSET=utf8mb4 COLLATE=utf8mb4_unicode_ci;

--
-- Dumping data for table `user_meta`
--

INSERT INTO `user_meta` (`id`, `emp_id`, `option`, `value`, `del`, `created_at`, `updated_at`) VALUES
(226, '3', 'account_title', 'gtech', '0', NULL, NULL),
(227, '3', 'account_number', '1414141414', '0', NULL, NULL),
(228, '3', 'bank_name', 'National Australia Bank', '0', NULL, NULL),
(249, '5', 'account_title', 'gtech', '0', NULL, NULL),
(250, '5', 'account_number', '1414141414', '0', NULL, NULL),
(251, '5', 'bank_name', 'National Australia Bank', '0', NULL, NULL),
(255, '7', 'account_title', 'Abdul Rehman Khan', '0', NULL, NULL),
(256, '7', 'account_number', '245151515', '0', NULL, NULL),
(257, '7', 'bank_name', 'Gbh', '0', NULL, NULL),
(271, '16', 'account_title', 'Abdul Rehman', '0', NULL, NULL),
(272, '16', 'account_number', '0034343437575858', '0', NULL, NULL),
(273, '16', 'bank_name', 'Al Baraka', '0', NULL, NULL),
(274, '2', 'account_title', 'Umair azam', '0', NULL, NULL),
(275, '2', 'account_number', '0033565535558', '0', NULL, NULL),
(276, '2', 'bank_name', 'Mcb', '0', NULL, NULL),
(277, '20', 'employee_payroll_or_external_id', '5454', '0', NULL, NULL),
(278, '13', 'employee_payroll_or_external_id', '12', '0', NULL, NULL),
(279, '21', 'employee_payroll_or_external_id', '43', '0', NULL, NULL),
(281, '22', 'employee_payroll_or_external_id', '118', '0', NULL, NULL),
(282, '25', 'employee_payroll_or_external_id', '390', '0', NULL, NULL),
(284, '26', 'employee_payroll_or_external_id', '576', '0', NULL, NULL),
(304, '37', 'employee_payroll_or_external_id', 'ddddd', '0', NULL, NULL),
(305, '38', 'employee_payroll_or_external_id', 'ddddd', '0', NULL, NULL),
(310, '6', 'account_title', 'Umair azam', '0', NULL, NULL),
(311, '6', 'account_number', '00043434616', '0', NULL, NULL),
(312, '6', 'bank_name', 'Hshsjsj', '0', NULL, NULL),
(316, '33', 'employee_payroll_or_external_id', '739', '0', NULL, NULL),
(317, '30', 'employee_payroll_or_external_id', '672', '0', NULL, NULL),
(320, '24', 'employee_payroll_or_external_id', '51', '0', NULL, NULL),
(321, '28', 'employee_payroll_or_external_id', '624', '0', NULL, NULL),
(322, '29', 'employee_payroll_or_external_id', '663', '0', NULL, NULL),
(323, '11', 'employee_payroll_or_external_id', '132', '0', NULL, NULL),
(325, '27', 'employee_payroll_or_external_id', '137', '0', NULL, NULL),
(326, '34', 'employee_payroll_or_external_id', '757', '0', NULL, NULL),
(337, '39', 'account_title', 'Hahabsh', '0', NULL, NULL),
(338, '39', 'account_number', '64646', '0', NULL, NULL),
(339, '39', 'bank_name', 'Hshshsh', '0', NULL, NULL),
(340, '39', 'employee_payroll_or_external_id', 'ddddd', '0', NULL, NULL),
(343, '41', 'employee_payroll_or_external_id', '305', '0', NULL, NULL),
(344, '32', 'employee_payroll_or_external_id', '703', '0', NULL, NULL),
(345, '42', 'employee_payroll_or_external_id', '9999', '0', NULL, NULL),
(346, '31', 'employee_payroll_or_external_id', '138', '0', NULL, NULL),
(348, '43', 'employee_payroll_or_external_id', '9999', '0', NULL, NULL),
(349, '44', 'employee_payroll_or_external_id', '9998', '0', NULL, NULL),
(350, '45', 'employee_payroll_or_external_id', '9999', '0', NULL, NULL),
(363, '46', 'employee_payroll_or_external_id', 'ddddd', '0', NULL, NULL),
(364, '46', 'account_title', 'uahah', '0', NULL, NULL),
(365, '46', 'account_number', '649494848', '0', NULL, NULL),
(366, '46', 'bank_name', 'hhh', '0', NULL, NULL),
(368, '35', 'employee_payroll_or_external_id', '760', '0', NULL, NULL),
(370, '40', 'employee_payroll_or_external_id', '32', '0', NULL, NULL),
(380, '12', 'employee_payroll_or_external_id', '476', '0', NULL, NULL),
(381, '12', 'account_title', 'Commonwealth Bank', '0', NULL, NULL),
(382, '12', 'account_number', '0101', '0', NULL, NULL),
(383, '12', 'bank_name', '0101', '0', NULL, NULL),
(386, '36', 'employee_payroll_or_external_id', '1001', '0', NULL, NULL),
(387, '47', 'employee_payroll_or_external_id', '543', '0', NULL, NULL),
(388, '47', 'account_title', 'unknown', '0', NULL, NULL),
(389, '48', 'employee_payroll_or_external_id', '144', '0', NULL, NULL),
(390, '49', 'employee_payroll_or_external_id', '146', '0', NULL, NULL),
(397, '49', 'account_title', 'Samer Zaatar', '0', NULL, NULL),
(398, '49', 'account_number', '10688540', '0', NULL, NULL),
(399, '49', 'bank_name', 'bsb 062424', '0', NULL, NULL),
(400, '50', 'employee_payroll_or_external_id', '146', '0', NULL, NULL),
(401, '50', 'account_title', 'Samer Zaatar', '0', NULL, NULL),
(402, '50', 'account_number', '10688540', '0', NULL, NULL),
(403, '50', 'bank_name', 'bsb 062424', '0', NULL, NULL),
(404, '51', 'employee_payroll_or_external_id', '641', '0', NULL, NULL),
(408, '51', 'account_title', 'stephen gabriel', '0', NULL, NULL),
(409, '51', 'account_number', '16949047', '0', NULL, NULL),
(410, '51', 'bank_name', 'BSB  No - 067167', '0', NULL, NULL),
(411, '52', 'employee_payroll_or_external_id', '724', '0', NULL, NULL),
(412, '52', 'account_title', 'Zakariyah Nemra', '0', NULL, NULL),
(413, '52', 'account_number', '155741305', '0', NULL, NULL),
(414, '52', 'bank_name', '012272 - BSB', '0', NULL, NULL),
(419, '53', 'employee_payroll_or_external_id', '591', '0', NULL, NULL),
(420, '53', 'account_title', 'mohamed kataieh', '0', NULL, NULL),
(421, '53', 'account_number', '1052 8245', '0', NULL, NULL),
(422, '53', 'bank_name', 'BSB - 062329', '0', NULL, NULL),
(428, '55', 'employee_payroll_or_external_id', '558', '0', NULL, NULL),
(429, '55', 'account_title', 'Khaled ElMasri', '0', NULL, NULL),
(430, '55', 'account_number', '10449360', '0', NULL, NULL),
(431, '55', 'bank_name', 'BSB - 062 329', '0', NULL, NULL),
(440, '56', 'employee_payroll_or_external_id', '40', '0', NULL, NULL),
(441, '56', 'account_title', 'Omar Awwad', '0', NULL, NULL),
(442, '56', 'account_number', '472038445', '0', NULL, NULL),
(443, '56', 'bank_name', 'BSB - 012226', '0', NULL, NULL),
(444, '57', 'employee_payroll_or_external_id', '133', '0', NULL, NULL),
(445, '57', 'account_title', 'Neder Derbas', '0', NULL, NULL),
(446, '57', 'account_number', '11083514', '0', NULL, NULL),
(447, '57', 'bank_name', 'BSB - 062334', '0', NULL, NULL),
(448, '58', 'employee_payroll_or_external_id', '9999', '0', NULL, NULL),
(449, '58', 'account_title', 'Tarek Nemra', '0', NULL, NULL),
(450, '58', 'account_number', '10507540', '0', NULL, NULL),
(451, '58', 'bank_name', 'BSB - 062329', '0', NULL, NULL),
(452, '59', 'employee_payroll_or_external_id', '813', '0', NULL, NULL),
(453, '59', 'account_title', 'Nader El-Lababaidi', '0', NULL, NULL),
(454, '59', 'account_number', '94 216 0737', '0', NULL, NULL),
(455, '59', 'bank_name', 'BSB 082-141', '0', NULL, NULL),
(456, '60', 'employee_payroll_or_external_id', '446', '0', NULL, NULL),
(457, '60', 'account_title', 'Bilal Kataieh', '0', NULL, NULL),
(458, '60', 'account_number', '10298091', '0', NULL, NULL),
(459, '60', 'bank_name', 'BSB - 062424', '0', NULL, NULL),
(464, '61', 'employee_payroll_or_external_id', '30', '0', NULL, NULL),
(465, '61', 'account_title', 'Eisa Ginawi', '0', NULL, NULL),
(466, '61', 'account_number', '10808733', '0', NULL, NULL),
(467, '61', 'bank_name', 'BSB  066 134', '0', NULL, NULL),
(468, '62', 'employee_payroll_or_external_id', '161', '0', NULL, NULL),
(469, '62', 'account_title', 'Mohamad ISSA', '0', NULL, NULL),
(470, '62', 'account_number', '10402485', '0', NULL, NULL),
(471, '62', 'bank_name', 'BSB 062 176', '0', NULL, NULL),
(481, '63', 'employee_payroll_or_external_id', '48', '0', NULL, NULL),
(482, '63', 'account_title', 'Nabil Dalla', '0', NULL, NULL),
(483, '63', 'account_number', '0123456789', '0', NULL, NULL),
(484, '63', 'bank_name', '0123456789', '0', NULL, NULL),
(485, '54', 'employee_payroll_or_external_id', '80', '0', NULL, NULL),
(486, '54', 'account_title', 'Joma Housayri', '0', NULL, NULL),
(487, '54', 'account_number', '11577559', '0', NULL, NULL),
(488, '54', 'bank_name', 'BSB - 062 265', '0', NULL, NULL),
(489, '64', 'employee_payroll_or_external_id', '777', '0', NULL, NULL),
(490, '64', 'account_title', 'Adam Derbas', '0', NULL, NULL),
(491, '64', 'account_number', '29913713', '0', NULL, NULL),
(492, '64', 'bank_name', 'BSB 062 948', '0', NULL, NULL),
(493, '65', 'employee_payroll_or_external_id', '57', '0', NULL, NULL),
(494, '65', 'account_title', 'Tarek ElMaghchouch', '0', NULL, NULL),
(495, '65', 'account_number', '10363033', '0', NULL, NULL),
(496, '65', 'bank_name', 'BSB 062 141', '0', NULL, NULL),
(497, '8', 'employee_payroll_or_external_id', '305', '0', NULL, NULL),
(498, '66', 'employee_payroll_or_external_id', '279', '0', NULL, NULL),
(499, '66', 'account_title', 'Hoang Nguyen', '0', NULL, NULL),
(500, '66', 'account_number', '213470217', '0', NULL, NULL),
(501, '66', 'bank_name', 'BSB 012292', '0', NULL, NULL),
(502, '67', 'employee_payroll_or_external_id', '669', '0', NULL, NULL),
(503, '67', 'account_title', 'Abdel Menin Osman', '0', NULL, NULL),
(504, '67', 'account_number', '2517291906149961', '0', NULL, NULL),
(505, '67', 'bank_name', '062-709', '0', NULL, NULL),
(506, '68', 'employee_payroll_or_external_id', '669', '0', NULL, NULL),
(507, '68', 'account_title', 'Abdel Menin Osman', '0', NULL, NULL),
(508, '68', 'account_number', '2517291906149961', '0', NULL, NULL),
(509, '68', 'bank_name', '062-709', '0', NULL, NULL);

--
-- Indexes for dumped tables
--

--
-- Indexes for table `all_notifications`
--
ALTER TABLE `all_notifications`
  ADD PRIMARY KEY (`id`);

--
-- Indexes for table `company`
--
ALTER TABLE `company`
  ADD PRIMARY KEY (`id`);

--
-- Indexes for table `company_documents`
--
ALTER TABLE `company_documents`
  ADD PRIMARY KEY (`id`);

--
-- Indexes for table `employee_attendances`
--
ALTER TABLE `employee_attendances`
  ADD PRIMARY KEY (`id`);

--
-- Indexes for table `employee_breaks`
--
ALTER TABLE `employee_breaks`
  ADD PRIMARY KEY (`id`);

--
-- Indexes for table `employee_signed_documents`
--
ALTER TABLE `employee_signed_documents`
  ADD PRIMARY KEY (`id`);

--
-- Indexes for table `emp_access`
--
ALTER TABLE `emp_access`
  ADD PRIMARY KEY (`id`);

--
-- Indexes for table `emp_company_details`
--
ALTER TABLE `emp_company_details`
  ADD PRIMARY KEY (`id`);

--
-- Indexes for table `emp_documents`
--
ALTER TABLE `emp_documents`
  ADD PRIMARY KEY (`id`);

--
-- Indexes for table `emp_emergency_contacts`
--
ALTER TABLE `emp_emergency_contacts`
  ADD PRIMARY KEY (`id`);

--
-- Indexes for table `emp_permits`
--
ALTER TABLE `emp_permits`
  ADD PRIMARY KEY (`id`);

--
-- Indexes for table `emp_personal_details`
--
ALTER TABLE `emp_personal_details`
  ADD PRIMARY KEY (`id`);

--
-- Indexes for table `emp_teams`
--
ALTER TABLE `emp_teams`
  ADD PRIMARY KEY (`id`);

--
-- Indexes for table `emp_teams_members`
--
ALTER TABLE `emp_teams_members`
  ADD PRIMARY KEY (`id`);

--
-- Indexes for table `emp_types`
--
ALTER TABLE `emp_types`
  ADD PRIMARY KEY (`id`);

--
-- Indexes for table `failed_jobs`
--
ALTER TABLE `failed_jobs`
  ADD PRIMARY KEY (`id`),
  ADD UNIQUE KEY `failed_jobs_uuid_unique` (`uuid`);

--
-- Indexes for table `funds`
--
ALTER TABLE `funds`
  ADD PRIMARY KEY (`id`);

--
-- Indexes for table `funds_meta`
--
ALTER TABLE `funds_meta`
  ADD PRIMARY KEY (`id`);

--
-- Indexes for table `jobs`
--
ALTER TABLE `jobs`
  ADD PRIMARY KEY (`id`),
  ADD KEY `jobs_queue_index` (`queue`);

--
-- Indexes for table `leave_packages`
--
ALTER TABLE `leave_packages`
  ADD PRIMARY KEY (`id`);

--
-- Indexes for table `leave_requests`
--
ALTER TABLE `leave_requests`
  ADD PRIMARY KEY (`id`);

--
-- Indexes for table `leave_types`
--
ALTER TABLE `leave_types`
  ADD PRIMARY KEY (`id`);

--
-- Indexes for table `meetings`
--
ALTER TABLE `meetings`
  ADD PRIMARY KEY (`id`);

--
-- Indexes for table `meeting_attendances`
--
ALTER TABLE `meeting_attendances`
  ADD PRIMARY KEY (`id`);

--
-- Indexes for table `meeting_documents`
--
ALTER TABLE `meeting_documents`
  ADD PRIMARY KEY (`id`);

--
-- Indexes for table `meeting_guest_users`
--
ALTER TABLE `meeting_guest_users`
  ADD PRIMARY KEY (`id`);

--
-- Indexes for table `meeting_histories`
--
ALTER TABLE `meeting_histories`
  ADD PRIMARY KEY (`id`);

--
-- Indexes for table `meeting_organisers`
--
ALTER TABLE `meeting_organisers`
  ADD PRIMARY KEY (`id`);

--
-- Indexes for table `meeting_users`
--
ALTER TABLE `meeting_users`
  ADD PRIMARY KEY (`id`);

--
-- Indexes for table `migrations`
--
ALTER TABLE `migrations`
  ADD PRIMARY KEY (`id`);

--
-- Indexes for table `notifications`
--
ALTER TABLE `notifications`
  ADD PRIMARY KEY (`id`);

--
-- Indexes for table `password_resets`
--
ALTER TABLE `password_resets`
  ADD KEY `password_resets_email_index` (`email`);

--
-- Indexes for table `permissions_modules`
--
ALTER TABLE `permissions_modules`
  ADD PRIMARY KEY (`id`);

--
-- Indexes for table `permissions_sub_modules`
--
ALTER TABLE `permissions_sub_modules`
  ADD PRIMARY KEY (`id`);

--
-- Indexes for table `personal_access_tokens`
--
ALTER TABLE `personal_access_tokens`
  ADD PRIMARY KEY (`id`),
  ADD UNIQUE KEY `personal_access_tokens_token_unique` (`token`),
  ADD KEY `personal_access_tokens_tokenable_type_tokenable_id_index` (`tokenable_type`,`tokenable_id`);

--
-- Indexes for table `porfile_submitted_logs`
--
ALTER TABLE `porfile_submitted_logs`
  ADD PRIMARY KEY (`id`);

--
-- Indexes for table `projects`
--
ALTER TABLE `projects`
  ADD PRIMARY KEY (`id`);

--
-- Indexes for table `projects_meta`
--
ALTER TABLE `projects_meta`
  ADD PRIMARY KEY (`id`);

--
-- Indexes for table `project_documents`
--
ALTER TABLE `project_documents`
  ADD PRIMARY KEY (`id`);

--
-- Indexes for table `project_document_history`
--
ALTER TABLE `project_document_history`
  ADD PRIMARY KEY (`id`);

--
-- Indexes for table `project_history`
--
ALTER TABLE `project_history`
  ADD PRIMARY KEY (`id`);

--
-- Indexes for table `project_sites`
--
ALTER TABLE `project_sites`
  ADD PRIMARY KEY (`id`);

--
-- Indexes for table `public_holidays`
--
ALTER TABLE `public_holidays`
  ADD PRIMARY KEY (`id`);

--
-- Indexes for table `required_documents`
--
ALTER TABLE `required_documents`
  ADD PRIMARY KEY (`id`);

--
-- Indexes for table `roles`
--
ALTER TABLE `roles`
  ADD PRIMARY KEY (`id`);

--
-- Indexes for table `roles_history`
--
ALTER TABLE `roles_history`
  ADD PRIMARY KEY (`id`);

--
-- Indexes for table `role_history`
--
ALTER TABLE `role_history`
  ADD PRIMARY KEY (`id`);

--
-- Indexes for table `role_permissions`
--
ALTER TABLE `role_permissions`
  ADD PRIMARY KEY (`id`);

--
-- Indexes for table `roster_assigns`
--
ALTER TABLE `roster_assigns`
  ADD PRIMARY KEY (`id`);

--
-- Indexes for table `roster_histories`
--
ALTER TABLE `roster_histories`
  ADD PRIMARY KEY (`id`);

--
-- Indexes for table `roster_templates`
--
ALTER TABLE `roster_templates`
  ADD PRIMARY KEY (`id`);

--
-- Indexes for table `settings`
--
ALTER TABLE `settings`
  ADD PRIMARY KEY (`id`);

--
-- Indexes for table `sites`
--
ALTER TABLE `sites`
  ADD PRIMARY KEY (`id`);

--
-- Indexes for table `site_hisotry`
--
ALTER TABLE `site_hisotry`
  ADD PRIMARY KEY (`id`);

--
-- Indexes for table `team_histories`
--
ALTER TABLE `team_histories`
  ADD PRIMARY KEY (`id`);

--
-- Indexes for table `tiers`
--
ALTER TABLE `tiers`
  ADD PRIMARY KEY (`id`);

--
-- Indexes for table `tier_employees`
--
ALTER TABLE `tier_employees`
  ADD PRIMARY KEY (`id`);

--
-- Indexes for table `tier_packages`
--
ALTER TABLE `tier_packages`
  ADD PRIMARY KEY (`id`);

--
-- Indexes for table `tier_permissions`
--
ALTER TABLE `tier_permissions`
  ADD PRIMARY KEY (`id`);

--
-- Indexes for table `user_meta`
--
ALTER TABLE `user_meta`
  ADD PRIMARY KEY (`id`);

--
-- AUTO_INCREMENT for dumped tables
--

--
-- AUTO_INCREMENT for table `all_notifications`
--
ALTER TABLE `all_notifications`
  MODIFY `id` bigint(20) UNSIGNED NOT NULL AUTO_INCREMENT, AUTO_INCREMENT=189;

--
-- AUTO_INCREMENT for table `company`
--
ALTER TABLE `company`
  MODIFY `id` bigint(20) UNSIGNED NOT NULL AUTO_INCREMENT, AUTO_INCREMENT=7;

--
-- AUTO_INCREMENT for table `company_documents`
--
ALTER TABLE `company_documents`
  MODIFY `id` bigint(20) UNSIGNED NOT NULL AUTO_INCREMENT, AUTO_INCREMENT=2;

--
-- AUTO_INCREMENT for table `employee_attendances`
--
ALTER TABLE `employee_attendances`
  MODIFY `id` bigint(20) UNSIGNED NOT NULL AUTO_INCREMENT, AUTO_INCREMENT=198;

--
-- AUTO_INCREMENT for table `employee_breaks`
--
ALTER TABLE `employee_breaks`
  MODIFY `id` bigint(20) UNSIGNED NOT NULL AUTO_INCREMENT, AUTO_INCREMENT=27;

--
-- AUTO_INCREMENT for table `employee_signed_documents`
--
ALTER TABLE `employee_signed_documents`
  MODIFY `id` bigint(20) UNSIGNED NOT NULL AUTO_INCREMENT, AUTO_INCREMENT=16;

--
-- AUTO_INCREMENT for table `emp_access`
--
ALTER TABLE `emp_access`
  MODIFY `id` bigint(20) UNSIGNED NOT NULL AUTO_INCREMENT, AUTO_INCREMENT=74;

--
-- AUTO_INCREMENT for table `emp_company_details`
--
ALTER TABLE `emp_company_details`
  MODIFY `id` bigint(20) UNSIGNED NOT NULL AUTO_INCREMENT, AUTO_INCREMENT=69;

--
-- AUTO_INCREMENT for table `emp_documents`
--
ALTER TABLE `emp_documents`
  MODIFY `id` bigint(20) UNSIGNED NOT NULL AUTO_INCREMENT, AUTO_INCREMENT=477;

--
-- AUTO_INCREMENT for table `emp_emergency_contacts`
--
ALTER TABLE `emp_emergency_contacts`
  MODIFY `id` bigint(20) UNSIGNED NOT NULL AUTO_INCREMENT, AUTO_INCREMENT=71;

--
-- AUTO_INCREMENT for table `emp_permits`
--
ALTER TABLE `emp_permits`
  MODIFY `id` bigint(20) UNSIGNED NOT NULL AUTO_INCREMENT, AUTO_INCREMENT=5;

--
-- AUTO_INCREMENT for table `emp_personal_details`
--
ALTER TABLE `emp_personal_details`
  MODIFY `id` bigint(20) UNSIGNED NOT NULL AUTO_INCREMENT, AUTO_INCREMENT=63;

--
-- AUTO_INCREMENT for table `emp_teams`
--
ALTER TABLE `emp_teams`
  MODIFY `id` bigint(20) UNSIGNED NOT NULL AUTO_INCREMENT, AUTO_INCREMENT=14;

--
-- AUTO_INCREMENT for table `emp_teams_members`
--
ALTER TABLE `emp_teams_members`
  MODIFY `id` bigint(20) UNSIGNED NOT NULL AUTO_INCREMENT, AUTO_INCREMENT=215;

--
-- AUTO_INCREMENT for table `emp_types`
--
ALTER TABLE `emp_types`
  MODIFY `id` bigint(20) UNSIGNED NOT NULL AUTO_INCREMENT, AUTO_INCREMENT=4;

--
-- AUTO_INCREMENT for table `failed_jobs`
--
ALTER TABLE `failed_jobs`
  MODIFY `id` bigint(20) UNSIGNED NOT NULL AUTO_INCREMENT;

--
-- AUTO_INCREMENT for table `funds`
--
ALTER TABLE `funds`
  MODIFY `id` bigint(20) UNSIGNED NOT NULL AUTO_INCREMENT, AUTO_INCREMENT=4;

--
-- AUTO_INCREMENT for table `funds_meta`
--
ALTER TABLE `funds_meta`
  MODIFY `id` bigint(20) UNSIGNED NOT NULL AUTO_INCREMENT, AUTO_INCREMENT=78;

--
-- AUTO_INCREMENT for table `jobs`
--
ALTER TABLE `jobs`
  MODIFY `id` bigint(20) UNSIGNED NOT NULL AUTO_INCREMENT;

--
-- AUTO_INCREMENT for table `leave_packages`
--
ALTER TABLE `leave_packages`
  MODIFY `id` bigint(20) UNSIGNED NOT NULL AUTO_INCREMENT, AUTO_INCREMENT=4;

--
-- AUTO_INCREMENT for table `leave_requests`
--
ALTER TABLE `leave_requests`
  MODIFY `id` bigint(20) UNSIGNED NOT NULL AUTO_INCREMENT, AUTO_INCREMENT=20;

--
-- AUTO_INCREMENT for table `leave_types`
--
ALTER TABLE `leave_types`
  MODIFY `id` bigint(20) UNSIGNED NOT NULL AUTO_INCREMENT, AUTO_INCREMENT=3;

--
-- AUTO_INCREMENT for table `meetings`
--
ALTER TABLE `meetings`
  MODIFY `id` bigint(20) UNSIGNED NOT NULL AUTO_INCREMENT, AUTO_INCREMENT=126;

--
-- AUTO_INCREMENT for table `meeting_attendances`
--
ALTER TABLE `meeting_attendances`
  MODIFY `id` bigint(20) UNSIGNED NOT NULL AUTO_INCREMENT, AUTO_INCREMENT=136;

--
-- AUTO_INCREMENT for table `meeting_documents`
--
ALTER TABLE `meeting_documents`
  MODIFY `id` bigint(20) UNSIGNED NOT NULL AUTO_INCREMENT, AUTO_INCREMENT=27;

--
-- AUTO_INCREMENT for table `meeting_guest_users`
--
ALTER TABLE `meeting_guest_users`
  MODIFY `id` bigint(20) UNSIGNED NOT NULL AUTO_INCREMENT, AUTO_INCREMENT=6;

--
-- AUTO_INCREMENT for table `meeting_histories`
--
ALTER TABLE `meeting_histories`
  MODIFY `id` bigint(20) UNSIGNED NOT NULL AUTO_INCREMENT, AUTO_INCREMENT=172;

--
-- AUTO_INCREMENT for table `meeting_organisers`
--
ALTER TABLE `meeting_organisers`
  MODIFY `id` bigint(20) UNSIGNED NOT NULL AUTO_INCREMENT, AUTO_INCREMENT=137;

--
-- AUTO_INCREMENT for table `meeting_users`
--
ALTER TABLE `meeting_users`
  MODIFY `id` bigint(20) UNSIGNED NOT NULL AUTO_INCREMENT, AUTO_INCREMENT=35;

--
-- AUTO_INCREMENT for table `migrations`
--
ALTER TABLE `migrations`
  MODIFY `id` int(10) UNSIGNED NOT NULL AUTO_INCREMENT, AUTO_INCREMENT=174;

--
-- AUTO_INCREMENT for table `notifications`
--
ALTER TABLE `notifications`
  MODIFY `id` bigint(20) UNSIGNED NOT NULL AUTO_INCREMENT;

--
-- AUTO_INCREMENT for table `permissions_modules`
--
ALTER TABLE `permissions_modules`
  MODIFY `id` bigint(20) UNSIGNED NOT NULL AUTO_INCREMENT, AUTO_INCREMENT=14;

--
-- AUTO_INCREMENT for table `permissions_sub_modules`
--
ALTER TABLE `permissions_sub_modules`
  MODIFY `id` bigint(20) UNSIGNED NOT NULL AUTO_INCREMENT, AUTO_INCREMENT=24;

--
-- AUTO_INCREMENT for table `personal_access_tokens`
--
ALTER TABLE `personal_access_tokens`
  MODIFY `id` bigint(20) UNSIGNED NOT NULL AUTO_INCREMENT, AUTO_INCREMENT=539;

--
-- AUTO_INCREMENT for table `porfile_submitted_logs`
--
ALTER TABLE `porfile_submitted_logs`
  MODIFY `id` bigint(20) UNSIGNED NOT NULL AUTO_INCREMENT, AUTO_INCREMENT=3;

--
-- AUTO_INCREMENT for table `projects`
--
ALTER TABLE `projects`
  MODIFY `id` bigint(20) UNSIGNED NOT NULL AUTO_INCREMENT, AUTO_INCREMENT=4;

--
-- AUTO_INCREMENT for table `projects_meta`
--
ALTER TABLE `projects_meta`
  MODIFY `id` bigint(20) UNSIGNED NOT NULL AUTO_INCREMENT, AUTO_INCREMENT=13;

--
-- AUTO_INCREMENT for table `project_documents`
--
ALTER TABLE `project_documents`
  MODIFY `id` bigint(20) UNSIGNED NOT NULL AUTO_INCREMENT, AUTO_INCREMENT=3;

--
-- AUTO_INCREMENT for table `project_document_history`
--
ALTER TABLE `project_document_history`
  MODIFY `id` bigint(20) UNSIGNED NOT NULL AUTO_INCREMENT, AUTO_INCREMENT=4;

--
-- AUTO_INCREMENT for table `project_history`
--
ALTER TABLE `project_history`
  MODIFY `id` bigint(20) UNSIGNED NOT NULL AUTO_INCREMENT, AUTO_INCREMENT=2;

--
-- AUTO_INCREMENT for table `project_sites`
--
ALTER TABLE `project_sites`
  MODIFY `id` bigint(20) UNSIGNED NOT NULL AUTO_INCREMENT, AUTO_INCREMENT=8;

--
-- AUTO_INCREMENT for table `public_holidays`
--
ALTER TABLE `public_holidays`
  MODIFY `id` bigint(20) UNSIGNED NOT NULL AUTO_INCREMENT, AUTO_INCREMENT=3;

--
-- AUTO_INCREMENT for table `required_documents`
--
ALTER TABLE `required_documents`
  MODIFY `id` bigint(20) UNSIGNED NOT NULL AUTO_INCREMENT, AUTO_INCREMENT=19;

--
-- AUTO_INCREMENT for table `roles`
--
ALTER TABLE `roles`
  MODIFY `id` bigint(20) UNSIGNED NOT NULL AUTO_INCREMENT, AUTO_INCREMENT=345;

--
-- AUTO_INCREMENT for table `roles_history`
--
ALTER TABLE `roles_history`
  MODIFY `id` bigint(20) UNSIGNED NOT NULL AUTO_INCREMENT;

--
-- AUTO_INCREMENT for table `role_history`
--
ALTER TABLE `role_history`
  MODIFY `id` bigint(20) UNSIGNED NOT NULL AUTO_INCREMENT;

--
-- AUTO_INCREMENT for table `role_permissions`
--
ALTER TABLE `role_permissions`
  MODIFY `id` bigint(20) UNSIGNED NOT NULL AUTO_INCREMENT, AUTO_INCREMENT=333;

--
-- AUTO_INCREMENT for table `roster_assigns`
--
ALTER TABLE `roster_assigns`
  MODIFY `id` bigint(20) UNSIGNED NOT NULL AUTO_INCREMENT, AUTO_INCREMENT=810;

--
-- AUTO_INCREMENT for table `roster_histories`
--
ALTER TABLE `roster_histories`
  MODIFY `id` bigint(20) UNSIGNED NOT NULL AUTO_INCREMENT, AUTO_INCREMENT=121;

--
-- AUTO_INCREMENT for table `roster_templates`
--
ALTER TABLE `roster_templates`
  MODIFY `id` bigint(20) UNSIGNED NOT NULL AUTO_INCREMENT, AUTO_INCREMENT=817;

--
-- AUTO_INCREMENT for table `settings`
--
ALTER TABLE `settings`
  MODIFY `id` bigint(20) UNSIGNED NOT NULL AUTO_INCREMENT, AUTO_INCREMENT=8;

--
-- AUTO_INCREMENT for table `sites`
--
ALTER TABLE `sites`
  MODIFY `id` bigint(20) UNSIGNED NOT NULL AUTO_INCREMENT, AUTO_INCREMENT=11;

--
-- AUTO_INCREMENT for table `site_hisotry`
--
ALTER TABLE `site_hisotry`
  MODIFY `id` bigint(20) UNSIGNED NOT NULL AUTO_INCREMENT, AUTO_INCREMENT=23;

--
-- AUTO_INCREMENT for table `team_histories`
--
ALTER TABLE `team_histories`
  MODIFY `id` bigint(20) UNSIGNED NOT NULL AUTO_INCREMENT, AUTO_INCREMENT=108;

--
-- AUTO_INCREMENT for table `tiers`
--
ALTER TABLE `tiers`
  MODIFY `id` bigint(20) UNSIGNED NOT NULL AUTO_INCREMENT, AUTO_INCREMENT=8;

--
-- AUTO_INCREMENT for table `tier_employees`
--
ALTER TABLE `tier_employees`
  MODIFY `id` bigint(20) UNSIGNED NOT NULL AUTO_INCREMENT;

--
-- AUTO_INCREMENT for table `tier_packages`
--
ALTER TABLE `tier_packages`
  MODIFY `id` bigint(20) UNSIGNED NOT NULL AUTO_INCREMENT, AUTO_INCREMENT=3;

--
-- AUTO_INCREMENT for table `tier_permissions`
--
ALTER TABLE `tier_permissions`
  MODIFY `id` bigint(20) UNSIGNED NOT NULL AUTO_INCREMENT, AUTO_INCREMENT=379;

--
-- AUTO_INCREMENT for table `user_meta`
--
ALTER TABLE `user_meta`
  MODIFY `id` bigint(20) UNSIGNED NOT NULL AUTO_INCREMENT, AUTO_INCREMENT=510;
COMMIT;

