-- https://www.phpmyadmin.net/
--

START TRANSACTION;



--
-- Database: `digitalopinion1_devfastform`
--

-- --------------------------------------------------------

--
-- Table structure for table `all_notifications`
--

CREATE TABLE `all_notifications` (
  `id` bigint(20) UNSIGNED NOT NULL,
  `title` varchar(255) COLLATE utf8mb4_unicode_ci DEFAULT NULL,
  `short_description` varchar(255) COLLATE utf8mb4_unicode_ci DEFAULT NULL,
  `sender_id` varchar(255) COLLATE utf8mb4_unicode_ci DEFAULT NULL,
  `receiver_id` varchar(255) COLLATE utf8mb4_unicode_ci DEFAULT NULL,
  `type` varchar(255) COLLATE utf8mb4_unicode_ci DEFAULT NULL,
  `read` varchar(255) COLLATE utf8mb4_unicode_ci DEFAULT NULL,
  `created_at` timestamp NULL DEFAULT NULL,
  `updated_at` timestamp NULL DEFAULT NULL
) ENGINE=InnoDB DEFAULT CHARSET=utf8mb4 COLLATE=utf8mb4_unicode_ci;

--
-- Dumping data for table `all_notifications`
--

INSERT INTO `all_notifications` (`id`, `title`, `short_description`, `sender_id`, `receiver_id`, `type`, `read`, `created_at`, `updated_at`) VALUES
(1, 'New Meeting', '<b>Meeting module review</b><br> Main  Admin created a One Time meeting on 21/02/24', '1', '2', 'new_meeting', '0', '2024-02-21 03:57:49', '2024-02-21 03:57:49'),
(2, 'New Meeting', '<b>Pre joinMeeting  review</b><br> Main  Admin created a One Time meeting on 21/02/24', '1', '2', 'new_meeting', '0', '2024-02-21 04:31:47', '2024-02-21 04:31:47'),
(3, 'New Meeting', '<b>joinMeeting  review</b><br> Main  Admin created a One Time meeting on 21/02/24', '1', '2', 'new_meeting', '0', '2024-02-21 04:32:33', '2024-02-21 04:32:33'),
(4, 'New Meeting', '<b>Meeting join</b><br> Main  Admin created a One Time meeting on 21/02/24', '1', '2', 'new_meeting', '0', '2024-02-21 04:33:08', '2024-02-21 04:33:08'),
(5, 'New Meeting', '<b>Meeting join Duel doc</b><br> Main  Admin created a One Time meeting on 21/02/24', '1', '2', 'new_meeting', '0', '2024-02-21 04:34:59', '2024-02-21 04:34:59'),
(6, 'New Meeting', '<b>whs</b><br> Main  Admin created a Recurring meeting on 21/02/24', '1', '3', 'new_meeting', '0', '2024-02-21 04:51:35', '2024-02-21 04:51:35'),
(7, 'New Meeting', '<b>whs2</b><br> Main  Admin created a Recurring meeting on 21/02/24', '1', '3', 'new_meeting', '0', '2024-02-21 04:52:46', '2024-02-21 04:52:46'),
(8, 'New Meeting', '<b>whs2</b><br> Main  Admin created a Recurring meeting on 21/02/24', '1', '2', 'new_meeting', '0', '2024-02-21 04:52:46', '2024-02-21 04:52:46'),
(9, 'New Meeting', '<b>whs2</b><br> Main  Admin created a Recurring meeting on 21/02/24', '1', '3', 'new_meeting', '0', '2024-02-21 04:52:46', '2024-02-21 04:52:46'),
(10, 'Scheduler Notification', 'Shift Assigned To You', '1', '3', 'publish_roster_notification', '0', '2024-02-21 23:55:16', '2024-02-21 23:55:16'),
(11, 'Scheduler Notification', 'Shift Assigned To You', '1', '7', 'publish_roster_notification', '0', '2024-02-21 23:55:16', '2024-02-21 23:55:16'),
(12, 'New Meeting', '<b>WHS test</b><br> Main  Admin created a One Time meeting on 22/02/24', '1', '3', 'new_meeting', '0', '2024-02-22 01:22:16', '2024-02-22 01:22:16'),
(13, 'New Meeting', '<b>WHS test</b><br> Main  Admin created a One Time meeting on 22/02/24', '1', '3', 'new_meeting', '0', '2024-02-22 01:22:16', '2024-02-22 01:22:16'),
(14, 'New Meeting', '<b>WHS test</b><br> Main  Admin created a One Time meeting on 22/02/24', '1', '3', 'new_meeting', '0', '2024-02-22 01:52:19', '2024-02-22 01:52:19'),
(15, 'New Meeting', '<b>WHS test</b><br> Main  Admin created a One Time meeting on 22/02/24', '1', '3', 'new_meeting', '0', '2024-02-22 01:52:19', '2024-02-22 01:52:19'),
(16, 'New Meeting', '<b>WHS test</b><br> Main  Admin created a One Time meeting on 23/02/24', '1', '3', 'new_meeting', '0', '2024-02-22 01:52:55', '2024-02-22 01:52:55'),
(17, 'New Meeting', '<b>WHS test</b><br> Main  Admin created a One Time meeting on 23/02/24', '1', '3', 'new_meeting', '0', '2024-02-22 01:52:55', '2024-02-22 01:52:55'),
(18, 'New Meeting', '<b>WHS test</b><br> Main  Admin created a One Time meeting on 23/02/24', '1', '3', 'new_meeting', '0', '2024-02-22 01:56:11', '2024-02-22 01:56:11'),
(19, 'New Meeting', '<b>WHS test</b><br> Main  Admin created a One Time meeting on 23/02/24', '1', '3', 'new_meeting', '0', '2024-02-22 01:56:11', '2024-02-22 01:56:11'),
(20, 'New Meeting', '<b>WHS</b><br> Main  Admin created a One Time meeting on 22/02/24', '1', '5', 'new_meeting', '0', '2024-02-22 05:13:13', '2024-02-22 05:13:13'),
(21, 'New Meeting', '<b>WHS</b><br> Main  Admin created a One Time meeting on 22/02/24', '1', '2', 'new_meeting', '0', '2024-02-22 05:13:13', '2024-02-22 05:13:13'),
(22, 'Update Meeting', '<b>whs</b><br>Main  Admin updated a Recurring meeting on 21/02/24', '1', '3', 'update_meeting', '0', '2024-02-22 05:16:14', '2024-02-22 05:16:14'),
(23, 'Update Meeting', '<b>whs</b><br>Main  Admin updated a Recurring meeting on 21/02/24', '1', '5', 'update_meeting', '0', '2024-02-22 05:16:14', '2024-02-22 05:16:14'),
(24, 'Update Meeting', '<b>whs</b><br>Main  Admin updated a Recurring meeting on 21/02/24', '1', '3', 'update_meeting', '0', '2024-02-22 05:21:40', '2024-02-22 05:21:40'),
(25, 'Update Meeting', '<b>whs</b><br>Main  Admin updated a Recurring meeting on 21/02/24', '1', '5', 'update_meeting', '0', '2024-02-22 05:21:40', '2024-02-22 05:21:40'),
(26, 'New Meeting', '<b>WHS vv</b><br> Main  Admin created a One Time meeting on 22/02/24', '1', '2', 'new_meeting', '0', '2024-02-22 05:25:00', '2024-02-22 05:25:00'),
(27, 'New Meeting', '<b>WHS vv</b><br> Main  Admin created a One Time meeting on 22/02/24', '1', '2', 'new_meeting', '0', '2024-02-22 05:25:00', '2024-02-22 05:25:00'),
(28, 'New Meeting', '<b>Nam voluptatum disti</b><br> Main  Admin created a Recurring meeting on 22/02/24', '1', '1', 'new_meeting', '1', '2024-02-22 06:25:41', '2024-02-23 01:14:53'),
(29, 'Scheduler Notification', 'Shift Assigned To You', '1', '5', 'publish_roster_notification', '0', '2024-02-22 21:38:58', '2024-02-22 21:38:58'),
(30, 'New Meeting', '<b>Main ERP</b><br> Main  Admin created a One Time meeting on 23/02/24', '1', '3', 'new_meeting', '0', '2024-02-22 22:46:47', '2024-02-22 22:46:47'),
(31, 'New Meeting', '<b>Main ERP</b><br> Main  Admin created a One Time meeting on 23/02/24', '1', '3', 'new_meeting', '0', '2024-02-22 22:46:47', '2024-02-22 22:46:47'),
(32, 'New Meeting', '<b>Main ERP</b><br> Main  Admin created a One Time meeting on 23/02/24', '1', '6', 'new_meeting', '0', '2024-02-22 22:46:47', '2024-02-22 22:46:47'),
(33, 'Update Meeting', '<b>Main ERP</b><br>Main  Admin updated a Recurring meeting on 23/02/24', '1', '3', 'update_meeting', '0', '2024-02-22 22:50:01', '2024-02-22 22:50:01'),
(34, 'Update Meeting', '<b>Main ERP</b><br>Main  Admin updated a Recurring meeting on 23/02/24', '1', '3', 'update_meeting', '0', '2024-02-22 22:50:01', '2024-02-22 22:50:01'),
(35, 'Update Meeting', '<b>Main ERP</b><br>Main  Admin updated a Recurring meeting on 23/02/24', '1', '6', 'update_meeting', '0', '2024-02-22 22:50:01', '2024-02-22 22:50:01'),
(36, 'Update Meeting', '<b>whs</b><br>Main  Admin updated a Recurring meeting on 21/02/24', '1', '3', 'update_meeting', '0', '2024-02-22 22:52:56', '2024-02-22 22:52:56'),
(37, 'Update Meeting', '<b>whs</b><br>Main  Admin updated a Recurring meeting on 21/02/24', '1', '5', 'update_meeting', '0', '2024-02-22 22:52:56', '2024-02-22 22:52:56'),
(38, 'New Meeting', '<b>HOF</b><br> Main  Admin created a One Time meeting on 23/02/24', '1', '3', 'new_meeting', '0', '2024-02-22 22:57:53', '2024-02-22 22:57:53'),
(39, 'New Meeting', '<b>HOF</b><br> Main  Admin created a One Time meeting on 23/02/24', '1', '3', 'new_meeting', '0', '2024-02-22 22:57:53', '2024-02-22 22:57:53'),
(40, 'New Meeting', '<b>HOF</b><br> Main  Admin created a One Time meeting on 23/02/24', '1', '5', 'new_meeting', '0', '2024-02-22 22:57:53', '2024-02-22 22:57:53'),
(41, 'Update Meeting', '<b>HOF</b><br>Main  Admin updated a One Time meeting on 23/02/24', '1', '3', 'update_meeting', '0', '2024-02-22 23:08:49', '2024-02-22 23:08:49'),
(42, 'Update Meeting', '<b>HOF</b><br>Main  Admin updated a One Time meeting on 23/02/24', '1', '3', 'update_meeting', '0', '2024-02-22 23:08:49', '2024-02-22 23:08:49'),
(43, 'Update Meeting', '<b>HOF</b><br>Main  Admin updated a One Time meeting on 23/02/24', '1', '5', 'update_meeting', '0', '2024-02-22 23:08:49', '2024-02-22 23:08:49'),
(44, 'Scheduler Notification', 'Shift Assigned To You', '1', '2', 'publish_roster_notification', '0', '2024-02-22 23:51:47', '2024-02-22 23:51:47'),
(45, 'Scheduler Notification', 'Shift Assigned To You', '1', '9', 'publish_roster_notification', '0', '2024-02-22 23:58:36', '2024-02-22 23:58:36'),
(46, 'New Meeting', '<b>Tool Box Meeting</b><br> Main  Admin created a One Time meeting on 23/02/24', '1', '2', 'new_meeting', '0', '2024-02-23 00:03:58', '2024-02-23 00:03:58'),
(47, 'Scheduler Notification', 'Shift Assigned To You', '1', '3', 'publish_roster_notification', '0', '2024-02-25 21:26:39', '2024-02-25 21:26:39'),
(48, 'Scheduler Notification', 'Shift Assigned To You', '1', '2', 'publish_roster_notification', '0', '2024-02-25 21:26:40', '2024-02-25 21:26:40'),
(49, 'Scheduler Notification', 'Shift Assigned To You', '1', '4', 'publish_roster_notification', '0', '2024-02-25 21:26:41', '2024-02-25 21:26:41'),
(50, 'Scheduler Notification', 'Shift Assigned To You', '1', '5', 'publish_roster_notification', '0', '2024-02-25 21:26:42', '2024-02-25 21:26:42'),
(51, 'Scheduler Notification', 'Shift Assigned To You', '1', '7', 'publish_roster_notification', '0', '2024-02-25 21:26:42', '2024-02-25 21:26:42'),
(52, 'Scheduler Notification', 'Shift Assigned To You', '1', '8', 'publish_roster_notification', '0', '2024-02-25 21:26:43', '2024-02-25 21:26:43'),
(53, 'Scheduler Notification', 'Shift Assigned To You', '1', '9', 'publish_roster_notification', '0', '2024-02-25 21:26:44', '2024-02-25 21:26:44'),
(54, 'Scheduler Notification', 'Shift Assigned To You', '1', '10', 'publish_roster_notification', '0', '2024-02-25 21:26:44', '2024-02-25 21:26:44'),
(55, 'Scheduler Notification', 'Shift Assigned To You', '1', '11', 'publish_roster_notification', '0', '2024-02-25 21:26:45', '2024-02-25 21:26:45'),
(56, 'Scheduler Notification', 'Shift Assigned To You', '1', '12', 'publish_roster_notification', '0', '2024-02-25 21:26:46', '2024-02-25 21:26:46'),
(57, 'Scheduler Notification', 'Shift Assigned To You', '1', '13', 'publish_roster_notification', '0', '2024-02-25 21:26:47', '2024-02-25 21:26:47'),
(58, 'New Meeting', '<b>Deicorp HQ Sign In</b><br> Main  Admin created a One Time meeting on 28/02/24', '1', '4', 'new_meeting', '0', '2024-02-27 16:20:05', '2024-02-27 16:20:05'),
(59, 'New Meeting', '<b>ICTech Induction</b><br> Main  Admin created a One Time meeting on 28/02/24', '1', '4', 'new_meeting', '0', '2024-02-27 16:35:19', '2024-02-27 16:35:19'),
(60, 'New Meeting', '<b>Deicorp</b><br> Main  Admin created a One Time meeting on 28/02/24', '1', '4', 'new_meeting', '0', '2024-02-27 18:38:20', '2024-02-27 18:38:20'),
(61, 'Update Meeting', '<b>Deicorp</b><br>Main  Admin updated a One Time meeting on 28/02/24', '1', '4', 'update_meeting', '0', '2024-02-27 18:39:03', '2024-02-27 18:39:03'),
(62, 'New Meeting', '<b>Deicorp</b><br> Main  Admin created a One Time meeting on 28/02/24', '1', '4', 'new_meeting', '0', '2024-02-27 18:40:46', '2024-02-27 18:40:46'),
(63, 'New Meeting', '<b>LETS START</b><br> Main  Admin created a Recurring meeting on 29/02/24', '1', '8', 'new_meeting', '0', '2024-02-28 20:44:25', '2024-02-28 20:44:25'),
(64, 'New Meeting', '<b>LETS START</b><br> Main  Admin created a Recurring meeting on 29/02/24', '1', '9', 'new_meeting', '0', '2024-02-28 20:44:25', '2024-02-28 20:44:25'),
(65, 'New Meeting', '<b>LETS START</b><br> Main  Admin created a Recurring meeting on 29/02/24', '1', '11', 'new_meeting', '0', '2024-02-28 20:44:25', '2024-02-28 20:44:25'),
(66, 'New Meeting', '<b>Meeting module review</b><br> Main  Admin created a One Time meeting on 01/03/24', '1', '2', 'new_meeting', '0', '2024-02-29 23:50:36', '2024-02-29 23:50:36'),
(67, 'New Meeting', '<b>Meeting module review</b><br> Main  Admin created a One Time meeting on 01/03/24', '1', '32', 'new_meeting', '0', '2024-02-29 23:50:36', '2024-02-29 23:50:36'),
(68, 'New Meeting', '<b>Scrum</b><br> Main  Admin created a One Time meeting on 01/03/24', '1', '2', 'new_meeting', '0', '2024-02-29 23:51:34', '2024-02-29 23:51:34'),
(69, 'New Meeting', '<b>Scrum</b><br> Main  Admin created a One Time meeting on 01/03/24', '1', '32', 'new_meeting', '0', '2024-02-29 23:51:34', '2024-02-29 23:51:34'),
(70, 'New Meeting', '<b>Meeting module review AFTER JOIN</b><br> Main  Admin created a One Time meeting on 01/03/24', '1', '2', 'new_meeting', '0', '2024-03-01 00:06:37', '2024-03-01 00:06:37'),
(71, 'New Meeting', '<b>Meeting module review AFTER JOIN</b><br> Main  Admin created a One Time meeting on 01/03/24', '1', '32', 'new_meeting', '0', '2024-03-01 00:06:37', '2024-03-01 00:06:37'),
(72, 'New Meeting', '<b>Meeting module review no doc</b><br> Main  Admin created a One Time meeting on 01/03/24', '1', '2', 'new_meeting', '0', '2024-03-01 00:08:00', '2024-03-01 00:08:00'),
(73, 'New Meeting', '<b>Meeting module review no doc</b><br> Main  Admin created a One Time meeting on 01/03/24', '1', '32', 'new_meeting', '0', '2024-03-01 00:08:00', '2024-03-01 00:08:00'),
(74, 'New Meeting', '<b>Meeting module review</b><br> Main  Admin created a One Time meeting on 04/03/24', '1', '2', 'new_meeting', '0', '2024-03-03 23:11:49', '2024-03-03 23:11:49'),
(75, 'New Meeting', '<b>Meeting module review</b><br> Main  Admin created a One Time meeting on 04/03/24', '1', '32', 'new_meeting', '0', '2024-03-03 23:11:49', '2024-03-03 23:11:49'),
(76, 'Update Meeting', '<b>Meeting module review</b><br>Main  Admin updated a One Time meeting on 04/03/24', '1', '2', 'update_meeting', '0', '2024-03-03 23:12:40', '2024-03-03 23:12:40'),
(77, 'Update Meeting', '<b>Meeting module review</b><br>Main  Admin updated a One Time meeting on 04/03/24', '1', '32', 'update_meeting', '0', '2024-03-03 23:12:40', '2024-03-03 23:12:40'),
(78, 'New Meeting', '<b>Medical Oragizer</b><br> Main  Admin created a One Time meeting on 04/03/24', '1', '32', 'new_meeting', '0', '2024-03-04 04:05:25', '2024-03-04 04:05:25'),
(79, 'Scheduler Notification', 'Shift Assigned To You', '1', '2', 'publish_roster_notification', '0', '2024-03-08 01:09:36', '2024-03-08 01:09:36'),
(80, 'New Meeting', '<b>Meeting module review</b><br> Main  Admin created a One Time meeting on 12/03/24', '1', '32', 'new_meeting', '0', '2024-03-12 02:04:48', '2024-03-12 02:04:48'),
(81, 'New Meeting', '<b>Meeting module review</b><br> Main  Admin created a One Time meeting on 12/03/24', '1', '32', 'new_meeting', '0', '2024-03-12 02:04:48', '2024-03-12 02:04:48'),
(82, 'New Meeting', '<b>Meeting module review</b><br> Main  Admin created a One Time meeting on 12/03/24', '1', '32', 'new_meeting', '0', '2024-03-12 02:51:09', '2024-03-12 02:51:09'),
(83, 'New Meeting', '<b>Meeting module review</b><br> Main  Admin created a One Time meeting on 12/03/24', '1', '32', 'new_meeting', '0', '2024-03-12 02:51:09', '2024-03-12 02:51:09'),
(84, 'New Meeting', '<b>Meeting module review</b><br> Main  Admin created a One Time meeting on 12/03/24', '1', '32', 'new_meeting', '0', '2024-03-12 03:02:12', '2024-03-12 03:02:12'),
(85, 'New Meeting', '<b>Meeting module review</b><br> Main  Admin created a One Time meeting on 12/03/24', '1', '32', 'new_meeting', '0', '2024-03-12 03:02:12', '2024-03-12 03:02:12'),
(86, 'New Meeting', '<b>Meeting module review</b><br> Main  Admin created a One Time meeting on 12/03/24', '1', '32', 'new_meeting', '0', '2024-03-12 03:13:51', '2024-03-12 03:13:51'),
(87, 'New Meeting', '<b>Meeting module review</b><br> Main  Admin created a One Time meeting on 12/03/24', '1', '32', 'new_meeting', '0', '2024-03-12 03:13:51', '2024-03-12 03:13:51'),
(88, 'New Meeting', '<b>Meeting module review</b><br> Main  Admin created a One Time meeting on 13/03/24', '1', '32', 'new_meeting', '0', '2024-03-12 03:28:31', '2024-03-12 03:28:31'),
(89, 'Update Meeting', '<b>Meeting module review</b><br>Main  Admin updated a One Time meeting on 12/03/24', '1', '32', 'update_meeting', '0', '2024-03-12 03:29:34', '2024-03-12 03:29:34'),
(90, 'Update Meeting', '<b>Meeting module review</b><br>Main  Admin updated a One Time meeting on 12/03/24', '1', '32', 'update_meeting', '0', '2024-03-12 03:33:53', '2024-03-12 03:33:53'),
(91, 'New Meeting', '<b>Meeting module review</b><br> Main  Admin created a One Time meeting on 12/03/24', '1', '2', 'new_meeting', '0', '2024-03-12 03:34:51', '2024-03-12 03:34:51'),
(92, 'New Meeting', '<b>Pre joinMeeting  review</b><br> Main  Admin created a One Time meeting on 12/03/24', '1', '2', 'new_meeting', '0', '2024-03-12 03:49:19', '2024-03-12 03:49:19'),
(93, 'New Meeting', '<b>MOB PRE REVIEW</b><br> Main  Admin created a One Time meeting on 15/03/24', '1', '2', 'new_meeting', '0', '2024-03-13 22:33:25', '2024-03-13 22:33:25'),
(94, 'Update Meeting', '<b>MOB PRE REVIEW</b><br>Main  Admin updated a One Time meeting on 15/03/24', '1', '14', 'update_meeting', '0', '2024-03-13 22:33:55', '2024-03-13 22:33:55'),
(95, 'New Meeting', '<b>Mob Team Doc</b><br> Main  Admin created a One Time meeting on 15/03/24', '1', '2', 'new_meeting', '0', '2024-03-13 22:35:16', '2024-03-13 22:35:16'),
(96, 'Update Meeting', '<b>Mob Team Doc</b><br>Main  Admin updated a One Time meeting on 14/03/24', '1', '2', 'update_meeting', '0', '2024-03-13 22:36:54', '2024-03-13 22:36:54'),
(97, 'New Meeting', '<b>Mob Team</b><br> Main  Admin created a One Time meeting on 14/03/24', '1', '2', 'new_meeting', '0', '2024-03-13 22:42:14', '2024-03-13 22:42:14'),
(98, 'New Meeting', '<b>After Shift Start</b><br> Main  Admin created a One Time meeting on 14/03/24', '1', '2', 'new_meeting', '0', '2024-03-13 23:17:34', '2024-03-13 23:17:34'),
(99, 'New Meeting', '<b>After Shift</b><br> Main  Admin created a One Time meeting on 14/03/24', '1', '2', 'new_meeting', '0', '2024-03-13 23:32:57', '2024-03-13 23:32:57'),
(100, 'New Meeting', '<b>Mob Team</b><br> Main  Admin created a One Time meeting on 14/03/24', '1', '2', 'new_meeting', '0', '2024-03-14 01:42:40', '2024-03-14 01:42:40'),
(101, 'New Meeting', '<b>Mob Team</b><br> Main  Admin created a One Time meeting on 14/03/24', '1', '2', 'new_meeting', '0', '2024-03-14 03:24:38', '2024-03-14 03:24:38'),
(102, 'New Meeting', '<b>Mob Team</b><br> Main  Admin created a One Time meeting on 14/03/24', '1', '2', 'new_meeting', '0', '2024-03-14 03:27:57', '2024-03-14 03:27:57'),
(103, 'New Meeting', '<b>Pre Join 2</b><br> Main  Admin created a One Time meeting on 14/03/24', '1', '2', 'new_meeting', '0', '2024-03-14 03:31:04', '2024-03-14 03:31:04'),
(104, 'New Meeting', '<b>Pre Join 2</b><br> Main  Admin created a One Time meeting on 14/03/24', '1', '2', 'new_meeting', '0', '2024-03-14 03:32:52', '2024-03-14 03:32:52'),
(105, 'New Meeting', '<b>Meeting module review</b><br> Main  Admin created a One Time meeting on 14/03/24', '1', '2', 'new_meeting', '0', '2024-03-14 03:40:24', '2024-03-14 03:40:24'),
(106, 'New Meeting', '<b>Scrum</b><br> Main  Admin created a One Time meeting on 14/03/24', '1', '2', 'new_meeting', '0', '2024-03-14 03:41:03', '2024-03-14 03:41:03'),
(107, 'New Meeting', '<b>Mob Team</b><br> Main  Admin created a One Time meeting on 14/03/24', '1', '2', 'new_meeting', '0', '2024-03-14 04:11:32', '2024-03-14 04:11:32'),
(108, 'New Meeting', '<b>Mob Team</b><br> Main  Admin created a One Time meeting on 14/03/24', '1', '2', 'new_meeting', '0', '2024-03-14 04:24:07', '2024-03-14 04:24:07'),
(109, 'New Meeting', '<b>Pre Join 2</b><br> Main  Admin created a One Time meeting on 14/03/24', '1', '2', 'new_meeting', '0', '2024-03-14 04:31:42', '2024-03-14 04:31:42'),
(110, 'New Meeting', '<b>Mob Team</b><br> Main  Admin created a One Time meeting on 15/03/24', '1', '2', 'new_meeting', '0', '2024-03-14 20:36:44', '2024-03-14 20:36:44'),
(111, 'New Meeting', '<b>Mob Team</b><br> Main  Admin created a One Time meeting on 15/03/24', '1', '2', 'new_meeting', '0', '2024-03-14 20:55:08', '2024-03-14 20:55:08'),
(112, 'New Meeting', '<b>Mob Team</b><br> Main  Admin created a One Time meeting on 15/03/24', '1', '2', 'new_meeting', '0', '2024-03-14 21:13:25', '2024-03-14 21:13:25'),
(113, 'New Meeting', '<b>Mob Team</b><br> Main  Admin created a One Time meeting on 15/03/24', '1', '2', 'new_meeting', '0', '2024-03-14 21:16:37', '2024-03-14 21:16:37'),
(114, 'New Meeting', '<b>Mob Team</b><br> Main  Admin created a One Time meeting on 15/03/24', '1', '2', 'new_meeting', '0', '2024-03-14 21:18:39', '2024-03-14 21:18:39'),
(115, 'New Meeting', '<b>Mob Team</b><br> Main  Admin created a One Time meeting on 15/03/24', '1', '32', 'new_meeting', '0', '2024-03-14 21:18:39', '2024-03-14 21:18:39'),
(116, 'New Meeting', '<b>Mob Team</b><br> Main  Admin created a One Time meeting on 15/03/24', '1', '2', 'new_meeting', '0', '2024-03-14 21:20:28', '2024-03-14 21:20:28'),
(117, 'New Meeting', '<b>Mob Team</b><br> Main  Admin created a One Time meeting on 15/03/24', '1', '2', 'new_meeting', '0', '2024-03-14 21:27:55', '2024-03-14 21:27:55'),
(118, 'New Meeting', '<b>Mob Team</b><br> Main  Admin created a One Time meeting on 15/03/24', '1', '2', 'new_meeting', '0', '2024-03-14 21:33:19', '2024-03-14 21:33:19'),
(119, 'New Meeting', '<b>Mob Team</b><br> Main  Admin created a One Time meeting on 15/03/24', '1', '2', 'new_meeting', '0', '2024-03-14 21:40:00', '2024-03-14 21:40:00'),
(120, 'New Meeting', '<b>Mob Team</b><br> Main  Admin created a One Time meeting on 15/03/24', '1', '2', 'new_meeting', '0', '2024-03-14 21:57:15', '2024-03-14 21:57:15'),
(121, 'New Meeting', '<b>Mob Team</b><br> Main  Admin created a One Time meeting on 15/03/24', '1', '2', 'new_meeting', '0', '2024-03-14 22:10:15', '2024-03-14 22:10:15'),
(122, 'New Meeting', '<b>Mob Team</b><br> Main  Admin created a One Time meeting on 15/03/24', '1', '2', 'new_meeting', '0', '2024-03-14 22:35:31', '2024-03-14 22:35:31'),
(123, 'New Meeting', '<b>Mob Team</b><br> Main  Admin created a One Time meeting on 15/03/24', '1', '2', 'new_meeting', '0', '2024-03-14 22:46:32', '2024-03-14 22:46:32'),
(124, 'New Meeting', '<b>Mob Team</b><br> Main  Admin created a One Time meeting on 15/03/24', '1', '2', 'new_meeting', '0', '2024-03-14 22:59:30', '2024-03-14 22:59:30'),
(125, 'New Meeting', '<b>Mob Team</b><br> Main  Admin created a One Time meeting on 15/03/24', '1', '2', 'new_meeting', '0', '2024-03-15 01:19:35', '2024-03-15 01:19:35'),
(126, 'New Meeting', '<b>Mob Team Doc</b><br> Main  Admin created a One Time meeting on 15/03/24', '1', '2', 'new_meeting', '0', '2024-03-15 01:20:04', '2024-03-15 01:20:04'),
(127, 'New Meeting', '<b>Mob Team</b><br> Main  Admin created a One Time meeting on 15/03/24', '1', '2', 'new_meeting', '0', '2024-03-15 01:25:14', '2024-03-15 01:25:14'),
(128, 'New Meeting', '<b>Mob Team Doc</b><br> Main  Admin created a One Time meeting on 15/03/24', '1', '2', 'new_meeting', '0', '2024-03-15 01:25:43', '2024-03-15 01:25:43'),
(129, 'New Meeting', '<b>After Shift Start</b><br> Main  Admin created a One Time meeting on 15/03/24', '1', '2', 'new_meeting', '0', '2024-03-15 01:33:01', '2024-03-15 01:33:01'),
(130, 'New Meeting', '<b>Mob Team</b><br> Main  Admin created a One Time meeting on 15/03/24', '1', '2', 'new_meeting', '0', '2024-03-15 01:35:37', '2024-03-15 01:35:37'),
(131, 'New Meeting', '<b>After Shift Start</b><br> Main  Admin created a One Time meeting on 15/03/24', '1', '2', 'new_meeting', '0', '2024-03-15 01:38:26', '2024-03-15 01:38:26'),
(132, 'New Meeting', '<b>After Shift Start</b><br> Main  Admin created a One Time meeting on 15/03/24', '1', '2', 'new_meeting', '0', '2024-03-15 01:38:57', '2024-03-15 01:38:57'),
(133, 'New Meeting', '<b>Mob Team</b><br> Main  Admin created a One Time meeting on 15/03/24', '1', '2', 'new_meeting', '0', '2024-03-15 01:40:44', '2024-03-15 01:40:44'),
(134, 'New Meeting', '<b>Mob Team Doc</b><br> Main  Admin created a One Time meeting on 15/03/24', '1', '2', 'new_meeting', '0', '2024-03-15 01:41:22', '2024-03-15 01:41:22'),
(135, 'New Meeting', '<b>After Shift Start</b><br> Main  Admin created a One Time meeting on 15/03/24', '1', '2', 'new_meeting', '0', '2024-03-15 01:41:56', '2024-03-15 01:41:56'),
(136, 'New Meeting', '<b>Mob Team Doc</b><br> Main  Admin created a One Time meeting on 15/03/24', '1', '2', 'new_meeting', '0', '2024-03-15 01:47:40', '2024-03-15 01:47:40'),
(137, 'New Meeting', '<b>After Shift Start</b><br> Main  Admin created a One Time meeting on 15/03/24', '1', '2', 'new_meeting', '0', '2024-03-15 01:48:10', '2024-03-15 01:48:10'),
(138, 'New Meeting', '<b>Meeting Joined timer</b><br> Main  Admin created a One Time meeting on 15/03/24', '1', '2', 'new_meeting', '0', '2024-03-15 01:48:35', '2024-03-15 01:48:35'),
(139, 'New Meeting', '<b>After Shift Start</b><br> Main  Admin created a One Time meeting on 15/03/24', '1', '2', 'new_meeting', '0', '2024-03-15 01:48:58', '2024-03-15 01:48:58'),
(140, 'New Meeting', '<b>Meeting Joined timer</b><br> Main  Admin created a One Time meeting on 15/03/24', '1', '2', 'new_meeting', '0', '2024-03-15 01:52:51', '2024-03-15 01:52:51'),
(141, 'New Meeting', '<b>After Shift Start</b><br> Main  Admin created a One Time meeting on 15/03/24', '1', '2', 'new_meeting', '0', '2024-03-15 03:01:37', '2024-03-15 03:01:37'),
(142, 'New Meeting', '<b>After Shift Start</b><br> Main  Admin created a One Time meeting on 15/03/24', '1', '2', 'new_meeting', '0', '2024-03-15 03:02:05', '2024-03-15 03:02:05'),
(143, 'New Meeting', '<b>After Shift Start</b><br> Main  Admin created a One Time meeting on 15/03/24', '1', '2', 'new_meeting', '0', '2024-03-15 03:02:35', '2024-03-15 03:02:35'),
(144, 'New Meeting', '<b>After Shift Start</b><br> Main  Admin created a One Time meeting on 15/03/24', '1', '2', 'new_meeting', '0', '2024-03-15 03:03:00', '2024-03-15 03:03:00'),
(145, 'New Meeting', '<b>Meeting Joined timer</b><br> Main  Admin created a One Time meeting on 15/03/24', '1', '2', 'new_meeting', '0', '2024-03-15 03:09:05', '2024-03-15 03:09:05'),
(146, 'New Meeting', '<b>Meeting Joined timer</b><br> Main  Admin created a One Time meeting on 15/03/24', '1', '2', 'new_meeting', '0', '2024-03-15 03:09:31', '2024-03-15 03:09:31'),
(147, 'New Meeting', '<b>After Shift Start</b><br> Main  Admin created a One Time meeting on 15/03/24', '1', '2', 'new_meeting', '0', '2024-03-15 03:10:00', '2024-03-15 03:10:00'),
(148, 'New Meeting', '<b>After Shift Start</b><br> Main  Admin created a One Time meeting on 15/03/24', '1', '2', 'new_meeting', '0', '2024-03-15 03:10:24', '2024-03-15 03:10:24'),
(149, 'New Meeting', '<b>After Shift Start</b><br> Main  Admin created a One Time meeting on 15/03/24', '1', '2', 'new_meeting', '0', '2024-03-15 03:16:38', '2024-03-15 03:16:38'),
(150, 'New Meeting', '<b>After Shift Start</b><br> Main  Admin created a One Time meeting on 15/03/24', '1', '2', 'new_meeting', '0', '2024-03-15 03:17:02', '2024-03-15 03:17:02'),
(151, 'New Meeting', '<b>After Shift Start</b><br> Main  Admin created a One Time meeting on 15/03/24', '1', '2', 'new_meeting', '0', '2024-03-15 03:17:23', '2024-03-15 03:17:23'),
(152, 'New Meeting', '<b>After Shift Start</b><br> Main  Admin created a One Time meeting on 15/03/24', '1', '2', 'new_meeting', '0', '2024-03-15 03:17:46', '2024-03-15 03:17:46'),
(153, 'New Meeting', '<b>After Shift Start</b><br> Main  Admin created a One Time meeting on 15/03/24', '1', '2', 'new_meeting', '0', '2024-03-15 03:25:49', '2024-03-15 03:25:49'),
(154, 'New Meeting', '<b>After Shift Start</b><br> Main  Admin created a One Time meeting on 15/03/24', '1', '2', 'new_meeting', '0', '2024-03-15 03:26:10', '2024-03-15 03:26:10'),
(155, 'New Meeting', '<b>After Shift Start</b><br> Main  Admin created a One Time meeting on 15/03/24', '1', '2', 'new_meeting', '0', '2024-03-15 03:26:34', '2024-03-15 03:26:34'),
(156, 'New Meeting', '<b>After Shift Start</b><br> Main  Admin created a One Time meeting on 15/03/24', '1', '2', 'new_meeting', '0', '2024-03-15 03:27:02', '2024-03-15 03:27:02'),
(157, 'New Meeting', '<b>After Shift Start</b><br> Main  Admin created a One Time meeting on 15/03/24', '1', '2', 'new_meeting', '0', '2024-03-15 03:42:00', '2024-03-15 03:42:00'),
(158, 'New Meeting', '<b>After Shift Start</b><br> Main  Admin created a One Time meeting on 15/03/24', '1', '2', 'new_meeting', '0', '2024-03-15 03:42:22', '2024-03-15 03:42:22'),
(159, 'New Meeting', '<b>After Shift Start</b><br> Main  Admin created a One Time meeting on 15/03/24', '1', '2', 'new_meeting', '0', '2024-03-15 03:42:45', '2024-03-15 03:42:45'),
(160, 'New Meeting', '<b>After Shift Start</b><br> Main  Admin created a One Time meeting on 15/03/24', '1', '2', 'new_meeting', '0', '2024-03-15 03:43:12', '2024-03-15 03:43:12'),
(161, 'New Meeting', '<b>After Shift Start</b><br> Main  Admin created a One Time meeting on 15/03/24', '1', '2', 'new_meeting', '0', '2024-03-15 04:11:56', '2024-03-15 04:11:56'),
(162, 'New Meeting', '<b>After Shift Start</b><br> Main  Admin created a One Time meeting on 15/03/24', '1', '2', 'new_meeting', '0', '2024-03-15 04:12:20', '2024-03-15 04:12:20'),
(163, 'New Meeting', '<b>After Shift Start</b><br> Main  Admin created a One Time meeting on 15/03/24', '1', '2', 'new_meeting', '0', '2024-03-15 04:12:39', '2024-03-15 04:12:39'),
(164, 'New Meeting', '<b>After Shift Start</b><br> Main  Admin created a One Time meeting on 15/03/24', '1', '2', 'new_meeting', '0', '2024-03-15 04:13:01', '2024-03-15 04:13:01'),
(165, 'New Meeting', '<b>After Shift Start</b><br> Main  Admin created a One Time meeting on 15/03/24', '1', '2', 'new_meeting', '0', '2024-03-15 04:13:34', '2024-03-15 04:13:34'),
(166, 'New Meeting', '<b>After Shift Start</b><br> Main  Admin created a One Time meeting on 15/03/24', '1', '2', 'new_meeting', '0', '2024-03-15 04:22:46', '2024-03-15 04:22:46'),
(167, 'New Meeting', '<b>After Shift Start</b><br> Main  Admin created a One Time meeting on 15/03/24', '1', '2', 'new_meeting', '0', '2024-03-15 04:25:19', '2024-03-15 04:25:19'),
(168, 'New Meeting', '<b>After Shift Start</b><br> Main  Admin created a One Time meeting on 15/03/24', '1', '2', 'new_meeting', '0', '2024-03-15 04:25:42', '2024-03-15 04:25:42'),
(169, 'New Meeting', '<b>After Shift Start</b><br> Main  Admin created a One Time meeting on 15/03/24', '1', '2', 'new_meeting', '0', '2024-03-15 04:26:05', '2024-03-15 04:26:05'),
(170, 'New Meeting', '<b>After Shift Start</b><br> Main  Admin created a One Time meeting on 15/03/24', '1', '2', 'new_meeting', '0', '2024-03-15 04:33:20', '2024-03-15 04:33:20'),
(171, 'New Meeting', '<b>After Shift Start</b><br> Main  Admin created a One Time meeting on 15/03/24', '1', '2', 'new_meeting', '0', '2024-03-15 04:33:43', '2024-03-15 04:33:43'),
(172, 'New Meeting', '<b>After Shift Start</b><br> Main  Admin created a One Time meeting on 15/03/24', '1', '2', 'new_meeting', '0', '2024-03-15 04:34:14', '2024-03-15 04:34:14'),
(173, 'New Meeting', '<b>After Shift Start</b><br> Main  Admin created a One Time meeting on 15/03/24', '1', '2', 'new_meeting', '0', '2024-03-15 04:34:38', '2024-03-15 04:34:38'),
(174, 'New Meeting', '<b>After Shift Start</b><br> Main  Admin created a One Time meeting on 18/03/24', '1', '2', 'new_meeting', '0', '2024-03-17 20:28:02', '2024-03-17 20:28:02'),
(175, 'New Meeting', '<b>After Shift Start</b><br> Main  Admin created a One Time meeting on 18/03/24', '1', '2', 'new_meeting', '0', '2024-03-17 20:28:25', '2024-03-17 20:28:25'),
(176, 'New Meeting', '<b>After Shift Start</b><br> Main  Admin created a One Time meeting on 18/03/24', '1', '2', 'new_meeting', '0', '2024-03-17 20:29:51', '2024-03-17 20:29:51'),
(177, 'New Meeting', '<b>After Shift Start</b><br> Main  Admin created a One Time meeting on 18/03/24', '1', '2', 'new_meeting', '0', '2024-03-17 20:30:14', '2024-03-17 20:30:14'),
(178, 'New Meeting', '<b>After Shift Start</b><br> Main  Admin created a One Time meeting on 18/03/24', '1', '2', 'new_meeting', '0', '2024-03-17 21:37:57', '2024-03-17 21:37:57'),
(179, 'New Meeting', '<b>After Shift Start</b><br> Main  Admin created a One Time meeting on 18/03/24', '1', '2', 'new_meeting', '0', '2024-03-17 21:38:35', '2024-03-17 21:38:35'),
(180, 'New Meeting', '<b>After Shift Start</b><br> Main  Admin created a One Time meeting on 18/03/24', '1', '2', 'new_meeting', '0', '2024-03-17 21:39:11', '2024-03-17 21:39:11'),
(181, 'New Meeting', '<b>After Shift Start</b><br> Main  Admin created a One Time meeting on 18/03/24', '1', '2', 'new_meeting', '0', '2024-03-17 21:39:36', '2024-03-17 21:39:36'),
(182, 'New Meeting', '<b>After Shift Start</b><br> Main  Admin created a One Time meeting on 18/03/24', '1', '2', 'new_meeting', '0', '2024-03-17 21:40:09', '2024-03-17 21:40:09'),
(183, 'New Meeting', '<b>Pre Join 2</b><br> Main  Admin created a One Time meeting on 18/03/24', '1', '2', 'new_meeting', '0', '2024-03-17 21:41:42', '2024-03-17 21:41:42'),
(184, 'Scheduler Notification', 'Shift Assigned To You', '1', '43', 'publish_roster_notification', '0', '2024-03-24 17:53:25', '2024-03-24 17:53:25'),
(185, 'New Meeting', '<b>Safety 1</b><br> Main  Admin created a One Time meeting on 03/04/24', '1', '8', 'new_meeting', '0', '2024-04-01 23:01:27', '2024-04-01 23:01:27'),
(186, 'New Meeting', '<b>Safety 1</b><br> Main  Admin created a One Time meeting on 03/04/24', '1', '8', 'new_meeting', '0', '2024-04-01 23:01:27', '2024-04-01 23:01:27'),
(187, 'New Meeting', '<b>Safety 1</b><br> Main  Admin created a One Time meeting on 03/04/24', '1', '9', 'new_meeting', '0', '2024-04-01 23:01:27', '2024-04-01 23:01:27'),
(188, 'New Meeting', '<b>Safety 1</b><br> Main  Admin created a One Time meeting on 03/04/24', '1', '11', 'new_meeting', '0', '2024-04-01 23:01:27', '2024-04-01 23:01:27');

-- --------------------------------------------------------

--
-- Table structure for table `company`
--

CREATE TABLE `company` (
  `id` bigint(20) UNSIGNED NOT NULL,
  `fname` varchar(255) COLLATE utf8mb4_unicode_ci NOT NULL,
  `mname` varchar(255) COLLATE utf8mb4_unicode_ci DEFAULT NULL,
  `lname` varchar(255) COLLATE utf8mb4_unicode_ci NOT NULL,
  `mobile` varchar(255) COLLATE utf8mb4_unicode_ci NOT NULL,
  `phone` varchar(255) COLLATE utf8mb4_unicode_ci NOT NULL,
  `email` varchar(255) COLLATE utf8mb4_unicode_ci NOT NULL,
  `doc_1` varchar(255) COLLATE utf8mb4_unicode_ci DEFAULT NULL,
  `doc_2` varchar(255) COLLATE utf8mb4_unicode_ci DEFAULT NULL,
  `doc_3` varchar(255) COLLATE utf8mb4_unicode_ci DEFAULT NULL,
  `logo_img` varchar(255) COLLATE utf8mb4_unicode_ci NOT NULL,
  `active` varchar(255) COLLATE utf8mb4_unicode_ci NOT NULL DEFAULT '1',
  `del` varchar(255) COLLATE utf8mb4_unicode_ci NOT NULL DEFAULT '0',
  `created_at` timestamp NULL DEFAULT NULL,
  `updated_at` timestamp NULL DEFAULT NULL
) ENGINE=InnoDB DEFAULT CHARSET=utf8mb4 COLLATE=utf8mb4_unicode_ci;

--
-- Dumping data for table `company`
--

INSERT INTO `company` (`id`, `fname`, `mname`, `lname`, `mobile`, `phone`, `email`, `doc_1`, `doc_2`, `doc_3`, `logo_img`, `active`, `del`, `created_at`, `updated_at`) VALUES
(1, 'Samina', NULL, 'Khan', '03056546435', '03056546435', 'samina@gmail.com', NULL, NULL, NULL, 'assets/img/upload-image.png', '1', '0', '2024-02-21 03:55:50', '2024-02-21 03:55:50'),
(2, 'Deicorp', NULL, 'HQ', '12345', '12345', 'jfarrugia@deicorp.com.au', NULL, NULL, NULL, 'upload/images/1709071800_logo_img.png', '1', '0', '2024-02-21 04:34:56', '2024-02-27 16:10:00'),
(3, 'Parkview', NULL, 'Construction', '0428 821 774', '123456789', 'jim.touma@parkview.com.au', NULL, NULL, NULL, 'upload/images/1708650186_logo_img.jpeg', '1', '0', '2024-02-22 19:03:06', '2024-02-22 19:03:06'),
(4, 'Daniel', NULL, 'X', '0451 851 847', '12345678', 'Daniel.yan.xia@theconstructions.com.au', NULL, NULL, NULL, 'upload/images/1708658661_logo_img.jpeg', '1', '0', '2024-02-22 21:24:21', '2024-02-22 21:24:21'),
(5, 'Daniel', NULL, 'X', '0451 851 847', '12345678', 'Daniel.yan.xia@theconstructions.com.au', NULL, NULL, NULL, 'upload/images/1708658715_logo_img.jpeg', '1', '0', '2024-02-22 21:25:15', '2024-02-22 21:25:15'),
(6, 'Jason', NULL, 'Farrugia', '0423634461', '0423634461', 'jfarrugia@deicorp.com.au', NULL, NULL, NULL, 'upload/images/1709071471_logo_img.png', '1', '1', '2024-02-27 16:02:13', '2024-02-27 16:10:08'),
(7, 'Coronation', NULL, 'MN Builder', '0402747496', '0404354544', 'helbacha@fastform.net.au', NULL, NULL, NULL, 'assets/img/upload-image.png', '1', '0', '2024-04-08 21:22:48', '2024-04-08 21:22:48');

-- --------------------------------------------------------

--
-- Table structure for table `company_documents`
--

CREATE TABLE `company_documents` (
  `id` bigint(20) UNSIGNED NOT NULL,
  `c_id` int(11) NOT NULL,
  `title` varchar(255) COLLATE utf8mb4_unicode_ci NOT NULL,
  `document` varchar(255) COLLATE utf8mb4_unicode_ci DEFAULT NULL,
  `uploaded_by` varchar(255) COLLATE utf8mb4_unicode_ci NOT NULL,
  `created_at` timestamp NULL DEFAULT NULL,
  `updated_at` timestamp NULL DEFAULT NULL
) ENGINE=InnoDB DEFAULT CHARSET=utf8mb4 COLLATE=utf8mb4_unicode_ci;

-- --------------------------------------------------------

--
-- Table structure for table `employee_attendances`
--

CREATE TABLE `employee_attendances` (
  `id` bigint(20) UNSIGNED NOT NULL,
  `employee_id` int(11) NOT NULL,
  `site_id` int(11) NOT NULL,
  `added_by` int(11) DEFAULT NULL,
  `status` int(11) NOT NULL DEFAULT '0',
  `approved_by` varchar(255) COLLATE utf8mb4_unicode_ci DEFAULT NULL,
  `check_in` varchar(255) COLLATE utf8mb4_unicode_ci DEFAULT NULL,
  `check_out` varchar(255) COLLATE utf8mb4_unicode_ci DEFAULT NULL,
  `date` varchar(255) COLLATE utf8mb4_unicode_ci DEFAULT NULL,
  `working_hours` varchar(255) COLLATE utf8mb4_unicode_ci DEFAULT NULL,
  `created_at` timestamp NULL DEFAULT NULL,
  `updated_at` timestamp NULL DEFAULT NULL,
  `image` varchar(222) COLLATE utf8mb4_unicode_ci DEFAULT NULL
) ENGINE=InnoDB DEFAULT CHARSET=utf8mb4 COLLATE=utf8mb4_unicode_ci;

--
-- Dumping data for table `employee_attendances`
--

INSERT INTO `employee_attendances` (`id`, `employee_id`, `site_id`, `added_by`, `status`, `approved_by`, `check_in`, `check_out`, `date`, `working_hours`, `created_at`, `updated_at`, `image`) VALUES
(1, 2, 1, 2, 1, NULL, '14:58', '14:59', '2024-02-21', '1', '2024-02-21 03:58:06', '2024-02-21 03:59:26', NULL),
(2, 2, 1, 2, 1, NULL, '14:59', '15:00', '2024-02-21', '1', '2024-02-21 03:59:34', '2024-02-21 04:00:07', NULL),
(3, 2, 1, 2, 1, NULL, '15:02', '15:03', '2024-02-21', '1', '2024-02-21 04:02:02', '2024-02-21 04:03:30', NULL),
(5, 2, 1, 2, 1, NULL, '15:27', '15:28', '2024-02-21', '1', '2024-02-21 04:27:56', '2024-02-21 04:28:43', NULL),
(6, 2, 1, 2, 1, NULL, '15:33', '15:37', '2024-02-21', '4', '2024-02-21 04:33:59', '2024-02-21 04:37:22', NULL),
(7, 3, 2, 1, 1, NULL, '10:49', '17:50', '2024-02-22', '421', '2024-02-21 23:49:22', '2024-02-21 23:56:05', NULL),
(9, 7, 2, 1, 1, NULL, '11:05', '17:00', '2024-02-22', '355', '2024-02-22 00:05:38', '2024-02-22 00:06:29', NULL),
(10, 7, 1, 1, 0, NULL, '11:32', '18:32', '2024-02-22', '420', '2024-02-22 00:32:25', '2024-02-22 00:32:25', NULL),
(11, 5, 1, 5, 1, NULL, '15:56', '15:57', '2024-02-22', '1', '2024-02-22 04:56:20', '2024-02-22 04:57:02', NULL),
(12, 5, 1, 5, 1, NULL, '15:57', '16:08', '2024-02-22', '11', '2024-02-22 04:57:27', '2024-02-22 05:08:42', NULL),
(13, 5, 1, 5, 1, NULL, '16:11', '16:13', '2024-02-22', '2', '2024-02-22 05:11:46', '2024-02-22 05:13:34', NULL),
(14, 5, 1, 5, 1, NULL, '16:14', '16:18', '2024-02-22', '4', '2024-02-22 05:14:29', '2024-02-22 05:18:11', NULL),
(15, 5, 1, 5, 1, NULL, '16:20', '16:26', '2024-02-22', '6', '2024-02-22 05:20:08', '2024-02-22 05:26:42', NULL),
(16, 5, 1, 5, 1, NULL, '16:27', '16:28', '2024-02-22', '1', '2024-02-22 05:27:19', '2024-02-22 05:28:04', NULL),
(17, 5, 1, 5, 1, NULL, '16:29', '16:31', '2024-02-22', '2', '2024-02-22 05:29:27', '2024-02-22 05:31:48', NULL),
(18, 5, 1, 5, 1, NULL, '09:45', '09:59', '2024-02-23', '10', '2024-02-22 22:45:31', '2024-02-22 22:59:43', NULL),
(19, 5, 1, 5, 1, NULL, '09:59', '10:04', '2024-02-23', '4', '2024-02-22 22:59:56', '2024-02-22 23:04:03', NULL),
(20, 5, 1, 5, 1, NULL, '10:04', '10:15', '2024-02-23', '11', '2024-02-22 23:04:33', '2024-02-22 23:15:19', NULL),
(21, 4, 3, 1, 1, NULL, '10:29', '15:29', '2024-02-23', '300', '2024-02-22 23:29:15', '2024-02-22 23:30:08', NULL),
(22, 5, 1, 5, 1, NULL, '14:52', '14:53', '2024-02-23', '1', '2024-02-23 03:52:51', '2024-02-23 03:53:02', NULL),
(23, 9, 6, 1, 1, NULL, '14:31', '15:00', '2024-02-26', '29', '2024-02-25 21:31:16', '2024-03-19 21:11:05', NULL),
(24, 13, 9, 13, 1, NULL, '09:36', '09:37', '2024-02-28', '1', '2024-02-27 16:36:37', '2024-02-27 16:37:11', NULL),
(25, 13, 9, 13, 1, NULL, '09:39', '09:41', '2024-02-28', '2', '2024-02-27 16:39:09', '2024-02-27 16:40:59', NULL),
(26, 13, 8, 13, 1, NULL, '11:38', '11:39', '2024-02-28', '1', '2024-02-27 18:38:44', '2024-02-27 18:39:09', NULL),
(54, 39, 1, 39, 1, NULL, '12:04', '12:06', '2024-03-05', '2', '2024-03-05 01:04:11', '2024-03-05 01:06:39', ''),
(56, 39, 1, 39, 1, NULL, '16:24', '16:26', '2024-03-05', '2', '2024-03-05 05:24:21', '2024-03-05 05:26:57', 'upload/images/391709637861.png'),
(58, 13, 5, 13, 1, NULL, '09:29', '09:30', '2024-03-08', '1', '2024-03-07 22:29:32', '2024-03-07 22:30:09', ''),
(59, 2, 1, 1, 0, NULL, '12:12', '12:12', '2024-03-08', '', '2024-03-08 01:12:07', '2024-03-08 01:13:02', NULL),
(61, 39, 1, 39, 1, NULL, '14:02', '15:20', '2024-03-08', '1464', '2024-03-08 03:02:44', '2024-03-08 04:20:01', ''),
(62, 39, 1, 39, 1, NULL, '14:27', '15:20', '2024-03-08', '1444', '2024-03-08 03:27:14', '2024-03-08 04:20:01', ''),
(63, 39, 1, 39, 1, NULL, '14:33', '14:41', '2024-03-09', '8', '2024-03-08 03:33:10', '2024-03-08 03:41:07', ''),
(64, 39, 1, 39, 1, NULL, '14:41', '15:20', '2024-03-08', '1444', '2024-03-08 03:41:29', '2024-03-08 04:20:01', ''),
(65, 39, 1, 39, 1, NULL, '14:49', '15:20', '2024-03-08', NULL, '2024-03-08 03:49:56', '2024-03-08 04:20:01', ''),
(66, 39, 1, 39, 1, NULL, '16:13', '16:14', '2024-03-08', '1', '2024-03-08 05:13:34', '2024-03-08 05:14:11', ''),
(67, 39, 1, 39, 1, NULL, '16:15', '16:18', '2024-03-09', '3', '2024-03-08 05:15:08', '2024-03-08 05:18:56', ''),
(68, 39, 1, 39, 1, NULL, '16:19', '16:21', '2024-03-08', '1442', '2024-03-08 05:19:38', '2024-03-08 05:21:50', ''),
(69, 39, 1, 39, 1, NULL, '16:26', '16:27', '2024-03-09', '1', '2024-03-08 05:26:37', '2024-03-08 05:27:27', ''),
(70, 39, 1, 39, 1, NULL, '16:30', '16:32', '2024-03-08', '1442', '2024-03-08 05:30:37', '2024-03-08 05:33:01', ''),
(71, 39, 1, 39, 1, NULL, '16:36', '16:39', '2024-03-08', '1443', '2024-03-08 05:36:56', '2024-03-08 05:39:54', ''),
(72, 39, 1, 39, 1, NULL, '10:38', '10:41', '2024-03-12', '1443', '2024-03-11 23:38:51', '2024-03-11 23:42:07', ''),
(73, 39, 1, 39, 1, NULL, '10:41', '10:42', '2024-03-13', '1', '2024-03-11 23:42:15', '2024-03-11 23:42:46', ''),
(74, 39, 1, 39, 1, NULL, '10:42', '10:43', '2024-03-13', '1', '2024-03-11 23:43:05', '2024-03-11 23:43:52', ''),
(75, 39, 1, 39, 1, NULL, '10:43', '10:44', '2024-03-13', '1', '2024-03-11 23:44:01', '2024-03-11 23:44:42', ''),
(76, 39, 1, 39, 1, NULL, '11:03', '11:04', '2024-03-13', '1', '2024-03-12 00:04:04', '2024-03-12 00:04:44', ''),
(77, 39, 1, 39, 1, NULL, '11:04', '11:05', '2024-03-12', '1', '2024-03-12 00:05:49', '2024-03-12 00:06:33', ''),
(78, 39, 1, 39, 1, NULL, '11:05', '11:06', '2024-03-12', '1', '2024-03-12 00:07:04', '2024-03-12 00:07:45', ''),
(79, 39, 1, 39, 1, NULL, '11:07', '11:22', '2024-03-12', '15', '2024-03-12 00:08:40', '2024-03-12 00:23:55', ''),
(80, 39, 1, 39, 1, NULL, '11:23', '11:24', '2024-03-12', '1', '2024-03-12 00:24:15', '2024-03-12 00:25:26', ''),
(81, 39, 1, 39, 1, NULL, '11:24', '11:25', '2024-03-12', '1', '2024-03-12 00:25:40', '2024-03-12 00:26:37', ''),
(82, 39, 1, 39, 1, NULL, '11:26', '11:39', '2024-03-12', '13', '2024-03-12 00:27:17', '2024-03-12 00:41:07', ''),
(83, 39, 1, 39, 1, NULL, '11:40', '11:41', '2024-03-13', '1', '2024-03-12 00:41:48', '2024-03-12 00:42:48', ''),
(84, 39, 1, 39, 1, NULL, '11:41', '11:41', '2024-03-12', '1440', '2024-03-12 00:43:22', '2024-03-12 00:44:19', ''),
(85, 39, 1, 39, 1, NULL, '11:42', '11:42', '2024-03-12', '1440', '2024-03-12 00:45:23', '2024-03-12 00:46:10', ''),
(86, 39, 1, 39, 1, NULL, '11:42', '11:43', '2024-03-13', '1', '2024-03-12 00:46:22', '2024-03-12 00:47:14', ''),
(87, 39, 1, 39, 1, NULL, '12:02', '12:04', '2024-03-12', '2', '2024-03-12 01:06:54', '2024-03-12 01:08:40', ''),
(88, 39, 1, 39, 1, NULL, '12:04', '12:05', '2024-03-12', '1', '2024-03-12 01:08:54', '2024-03-12 01:09:17', ''),
(89, 39, 1, 39, 1, NULL, '12:05', '12:11', '2024-03-12', '6', '2024-03-12 01:09:29', '2024-03-12 01:11:53', ''),
(90, 39, 1, 39, 1, NULL, '12:16', '12:11', '2024-03-12', '1435', '2024-03-12 01:16:13', '2024-03-12 01:16:27', ''),
(91, 39, 1, 39, 1, NULL, '12:25', '12:26', '2024-03-13', '1', '2024-03-12 01:25:57', '2024-03-12 01:26:29', ''),
(92, 39, 1, 39, 1, NULL, '12:27', '12:28', '2024-03-12', '1', '2024-03-12 01:27:15', '2024-03-12 01:28:11', ''),
(93, 39, 1, 39, 1, NULL, '12:28', '12:29', '2024-03-12', '1', '2024-03-12 01:28:21', '2024-03-12 01:29:33', ''),
(94, 39, 1, 39, 1, NULL, '12:30', '12:31', '2024-03-12', '1441', '2024-03-12 01:30:10', '2024-03-12 01:31:40', ''),
(95, 39, 1, 39, 1, NULL, '12:32', '12:35', '2024-03-13', '3', '2024-03-12 01:32:01', '2024-03-12 01:35:27', ''),
(96, 39, 1, 39, 1, NULL, '12:39', '14:28', '2024-03-12', '109', '2024-03-12 01:39:31', '2024-03-12 03:28:57', ''),
(97, 39, 1, 39, 1, NULL, '14:29', '14:30', '2024-03-12', '1', '2024-03-12 03:29:05', '2024-03-12 03:30:07', ''),
(98, 39, 1, 39, 1, NULL, '14:30', '15:48', '2024-03-12', '78', '2024-03-12 03:30:59', '2024-03-12 04:48:06', ''),
(99, 39, 1, 39, 1, NULL, '15:48', '15:49', '2024-03-12', '1441', '2024-03-12 04:48:16', '2024-03-12 04:49:27', ''),
(100, 39, 1, 39, 1, NULL, '15:50', '15:55', '2024-03-12', '1445', '2024-03-12 04:50:30', '2024-03-12 04:55:01', ''),
(101, 39, 1, 39, 1, NULL, '15:55', '15:56', '2024-03-12', '1441', '2024-03-12 04:55:39', '2024-03-12 04:56:22', ''),
(102, 39, 1, 39, 1, NULL, '12:17', '12:47', '2024-03-13', '30', '2024-03-13 01:17:39', '2024-03-13 01:47:27', ''),
(103, 39, 1, 39, 1, NULL, '12:53', '12:54', '2024-03-13', '1', '2024-03-13 01:53:27', '2024-03-13 01:54:18', ''),
(104, 39, 1, 39, 1, NULL, '13:01', '13:08', '2024-03-13', '7', '2024-03-13 02:02:17', '2024-03-13 02:08:07', ''),
(105, 39, 1, 39, 1, NULL, '14:00', '14:01', '2024-03-13', '1', '2024-03-13 03:00:59', '2024-03-13 03:01:13', ''),
(106, 39, 1, 39, 1, NULL, '14:06', '14:07', '2024-03-13', '1', '2024-03-13 03:06:04', '2024-03-13 03:07:02', ''),
(107, 39, 1, 39, 1, NULL, '14:06', '22:54', '2024-03-14', '10', '2024-03-13 03:06:36', '2024-03-14 11:54:01', ''),
(108, 39, 1, 39, 1, NULL, '14:16', '22:54', '2024-03-14', '9', '2024-03-13 03:16:32', '2024-03-14 11:54:01', ''),
(109, 39, 1, 39, 1, NULL, '14:25', '14:26', '2024-03-13', '1', '2024-03-13 03:25:37', '2024-03-13 03:26:16', ''),
(110, 39, 1, 39, 1, NULL, '14:26', '14:28', '2024-03-13', '1442', '2024-03-13 03:26:36', '2024-03-13 03:28:57', ''),
(111, 39, 1, 39, 1, NULL, '14:29', '22:54', '2024-03-14', '1', '2024-03-13 03:29:21', '2024-03-14 11:54:01', ''),
(112, 39, 1, 1, 1, NULL, '16:13', '22:54', '2024-03-14', '164', '2024-03-13 05:15:25', '2024-03-14 11:54:01', ''),
(113, 39, 1, 39, 1, NULL, '07:59', '22:54', '2024-03-14', '1513', '2024-03-13 20:59:53', '2024-03-14 11:54:01', ''),
(114, 25, 3, 25, 1, NULL, '14:52', '14:59', '2024-03-14', '7', '2024-03-13 21:52:17', '2024-03-13 21:59:15', ''),
(115, 39, 1, 39, 1, NULL, '09:16', '17:00', '2024-03-15', '19', '2024-03-13 22:16:12', '2024-03-15 06:00:02', ''),
(116, 39, 1, 39, 1, NULL, '09:36', '17:00', '2024-03-15', '180', '2024-03-13 22:36:13', '2024-03-15 06:00:02', ''),
(117, 39, 1, 39, 1, NULL, '14:37', '22:54', '2024-03-14', '26', '2024-03-14 03:37:52', '2024-03-14 11:54:01', ''),
(118, 39, 1, 39, 1, NULL, '15:04', '22:54', '2024-03-14', NULL, '2024-03-14 04:04:37', '2024-03-14 11:54:01', ''),
(119, 39, 1, 39, 1, NULL, '09:43', '10:37', '2024-03-16', '54', '2024-03-14 22:44:29', '2024-03-14 23:37:38', ''),
(120, 39, 1, 39, 1, NULL, '12:18', '17:00', '2024-03-15', NULL, '2024-03-15 01:18:22', '2024-03-15 06:00:02', ''),
(121, 39, 1, 39, 1, NULL, '07:26', '07:36', '2024-03-18', '10', '2024-03-17 20:26:58', '2024-03-17 20:36:41', ''),
(122, 39, 1, 39, 1, NULL, '08:36', '08:54', '2024-03-18', '18', '2024-03-17 21:36:34', '2024-03-17 21:54:56', ''),
(123, 13, 5, 13, 1, NULL, '08:54', '08:55', '2024-03-18', '0', '2024-03-17 21:54:33', '2024-03-17 21:55:08', ''),
(124, 39, 1, 39, 1, NULL, '08:55', '11:19', '2024-03-18', '144', '2024-03-17 21:55:05', '2024-03-18 00:19:07', ''),
(125, 39, 1, 39, 1, NULL, '09:12', '15:15', '2024-03-20', '12', '2024-03-19 22:12:47', '2024-03-20 04:15:02', ''),
(127, 39, 1, 39, 1, NULL, '09:33', '15:15', '2024-03-20', '2', '2024-03-19 22:34:50', '2024-03-20 04:15:02', ''),
(132, 39, 1, 39, 1, NULL, '09:47', '15:15', '2024-03-20', '13', '2024-03-19 22:48:39', '2024-03-20 04:15:02', ''),
(133, 39, 1, 39, 1, NULL, '10:00', '15:15', '2024-03-20', '2', '2024-03-19 23:00:15', '2024-03-20 04:15:02', ''),
(134, 39, 1, 39, 1, NULL, '10:05', '15:15', '2024-03-20', '1', '2024-03-19 23:05:14', '2024-03-20 04:15:02', ''),
(135, 39, 1, 39, 1, NULL, '10:07', '15:15', '2024-03-20', '3', '2024-03-19 23:07:33', '2024-03-20 04:15:02', ''),
(136, 39, 1, 39, 1, NULL, '10:27', '15:15', '2024-03-20', '6', '2024-03-19 23:27:17', '2024-03-20 04:15:02', ''),
(137, 39, 1, 39, 1, NULL, '10:33', '15:15', '2024-03-20', '60', '2024-03-19 23:33:17', '2024-03-20 04:15:02', ''),
(139, 39, 1, 39, 1, NULL, '10:43', '15:15', '2024-03-20', '7', '2024-03-19 23:43:27', '2024-03-20 04:15:02', ''),
(140, 39, 1, 39, 1, NULL, '10:58', '15:15', '2024-03-20', '3', '2024-03-19 23:58:22', '2024-03-20 04:15:02', ''),
(141, 39, 1, 39, 1, NULL, '11:37', '15:15', '2024-03-20', '1440', '2024-03-20 00:37:33', '2024-03-20 04:15:02', ''),
(142, 39, 1, 39, 1, NULL, '11:44', '15:15', '2024-03-20', '9', '2024-03-20 00:44:50', '2024-03-20 04:15:02', ''),
(143, 39, 1, 39, 1, NULL, '11:55', '15:15', '2024-03-20', '2', '2024-03-20 00:55:38', '2024-03-20 04:15:02', ''),
(144, 39, 1, 39, 1, NULL, '12:15', '15:15', '2024-03-20', '3', '2024-03-20 01:15:33', '2024-03-20 04:15:02', ''),
(145, 39, 1, 39, 1, NULL, '12:19', '15:15', '2024-03-20', NULL, '2024-03-20 01:19:09', '2024-03-20 04:15:02', ''),
(146, 39, 1, 39, 1, NULL, '10:51', '15:15', '2024-03-21', NULL, '2024-03-20 23:51:54', '2024-03-21 04:15:02', ''),
(147, 9, 3, 9, 1, NULL, '07:45', '15:15', '2024-03-22', NULL, '2024-03-21 14:45:16', '2024-03-22 04:15:02', ''),
(148, 8, 3, 8, 1, NULL, '07:45', '15:15', '2024-03-22', NULL, '2024-03-21 14:45:36', '2024-03-22 04:15:02', ''),
(149, 11, 3, 11, 1, NULL, '07:58', '15:15', '2024-03-22', NULL, '2024-03-21 14:58:31', '2024-03-22 04:15:02', ''),
(150, 28, 3, 28, 1, NULL, '10:44', '15:15', '2024-03-22', NULL, '2024-03-21 17:44:20', '2024-03-22 04:15:02', ''),
(151, 8, 3, 8, 1, NULL, '06:44', '15:15', '2024-03-25', '244', '2024-03-24 13:44:03', '2024-03-25 04:15:02', ''),
(152, 33, 3, 33, 1, NULL, '06:44', '06:45', '2024-03-25', '1', '2024-03-24 13:44:34', '2024-03-24 13:45:28', ''),
(153, 12, 3, 12, 1, NULL, '06:46', '14:57', '2024-03-25', '491', '2024-03-24 13:46:00', '2024-03-24 21:57:51', ''),
(154, 25, 3, 25, 1, NULL, '06:49', '15:05', '2024-03-25', '496', '2024-03-24 13:49:31', '2024-03-24 22:05:05', ''),
(155, 26, 3, 26, 1, NULL, '06:50', '06:51', '2024-03-25', '1', '2024-03-24 13:50:55', '2024-03-24 13:51:37', ''),
(156, 33, 3, 33, 1, NULL, '09:22', '15:03', '2024-03-25', '341', '2024-03-24 16:22:10', '2024-03-24 22:03:37', ''),
(157, 21, 3, 21, 1, NULL, '09:23', '15:15', '2024-03-25', NULL, '2024-03-24 16:23:30', '2024-03-25 04:15:02', ''),
(158, 34, 3, 34, 1, NULL, '09:29', '15:15', '2024-03-25', NULL, '2024-03-24 16:29:42', '2024-03-25 04:15:02', ''),
(159, 24, 3, 24, 1, NULL, '09:42', '15:01', '2024-03-25', '319', '2024-03-24 16:42:04', '2024-03-24 22:01:46', ''),
(160, 43, 3, 43, 1, NULL, '10:54', '15:15', '2024-03-25', NULL, '2024-03-24 17:54:19', '2024-03-25 04:15:02', ''),
(161, 44, 3, 44, 1, NULL, '12:26', '15:15', '2024-03-25', '12', '2024-03-24 19:27:00', '2024-03-25 04:15:02', ''),
(162, 8, 3, 8, 1, NULL, '12:30', '15:15', '2024-03-25', '7', '2024-03-24 19:30:15', '2024-03-25 04:15:02', ''),
(163, 8, 3, 8, 1, NULL, '12:38', '15:15', '2024-03-25', NULL, '2024-03-24 19:38:14', '2024-03-25 04:15:02', ''),
(164, 45, 3, 45, 1, NULL, '13:10', '15:15', '2024-03-25', '1', '2024-03-24 20:10:56', '2024-03-25 04:15:02', ''),
(165, 45, 3, 45, 1, NULL, '13:11', '15:15', '2024-03-25', NULL, '2024-03-24 20:11:24', '2024-03-25 04:15:02', ''),
(166, 44, 3, 44, 1, NULL, '15:02', '15:15', '2024-03-25', NULL, '2024-03-24 22:02:16', '2024-03-25 04:15:02', ''),
(167, 21, 3, 21, 1, NULL, '06:32', '15:15', '2024-03-26', NULL, '2024-03-25 13:32:15', '2024-03-26 04:15:03', ''),
(168, 25, 3, 25, 1, NULL, '06:32', '15:15', '2024-03-26', NULL, '2024-03-25 13:32:40', '2024-03-26 04:15:03', ''),
(169, 45, 3, 45, 1, NULL, '06:41', '15:15', '2024-03-26', NULL, '2024-03-25 13:41:03', '2024-03-26 04:15:03', ''),
(170, 23, 3, 23, 1, NULL, '06:47', '15:15', '2024-03-26', NULL, '2024-03-25 13:47:28', '2024-03-26 04:15:03', ''),
(171, 12, 3, 12, 1, NULL, '06:58', '14:56', '2024-03-26', '478', '2024-03-25 13:58:25', '2024-03-25 21:56:17', ''),
(172, 8, 3, 8, 1, NULL, '06:34', '15:15', '2024-03-27', NULL, '2024-03-26 13:34:01', '2024-03-27 04:15:03', ''),
(173, 45, 3, 45, 1, NULL, '06:40', '15:15', '2024-03-27', NULL, '2024-03-26 13:40:31', '2024-03-27 04:15:03', ''),
(174, 26, 3, 26, 1, NULL, '06:41', '15:00', '2024-03-27', '499', '2024-03-26 13:41:57', '2024-03-26 22:00:32', ''),
(175, 34, 3, 34, 1, NULL, '06:49', '15:15', '2024-03-27', NULL, '2024-03-26 13:49:54', '2024-03-27 04:15:03', ''),
(176, 23, 3, 23, 1, NULL, '06:52', '15:15', '2024-03-27', NULL, '2024-03-26 13:52:59', '2024-03-27 04:15:03', ''),
(177, 12, 3, 12, 1, NULL, '06:56', '15:15', '2024-03-27', NULL, '2024-03-26 13:56:44', '2024-03-27 04:15:03', ''),
(178, 35, 3, 35, 1, NULL, '07:01', '14:58', '2024-03-27', '477', '2024-03-26 14:01:34', '2024-03-26 21:58:04', ''),
(179, 35, 3, 35, 1, NULL, '06:38', '15:15', '2024-03-28', NULL, '2024-03-27 13:38:27', '2024-03-28 04:15:02', ''),
(180, 26, 3, 26, 1, NULL, '06:39', '15:15', '2024-03-28', NULL, '2024-03-27 13:39:17', '2024-03-28 04:15:02', ''),
(181, 21, 3, 21, 1, NULL, '08:01', '14:56', '2024-03-28', '415', '2024-03-27 15:01:47', '2024-03-27 21:56:12', ''),
(182, 8, 6, 8, 1, NULL, '14:03', '14:08', '2024-04-02', '5', '2024-04-01 21:03:02', '2024-04-01 21:08:05', ''),
(183, 21, 3, 21, 1, NULL, '06:32', '15:01', '2024-04-03', '509', '2024-04-02 13:32:44', '2024-04-02 22:01:08', ''),
(184, 23, 3, 23, 1, NULL, '06:45', '15:15', '2024-04-03', NULL, '2024-04-02 13:45:54', '2024-04-03 04:15:02', ''),
(185, 8, 3, 8, 1, NULL, '06:50', '15:15', '2024-04-03', NULL, '2024-04-02 13:50:30', '2024-04-03 04:15:02', ''),
(186, 34, 3, 34, 1, NULL, '06:51', '15:15', '2024-04-03', NULL, '2024-04-02 13:51:48', '2024-04-03 04:15:02', ''),
(187, 12, 3, 12, 1, NULL, '06:51', '15:15', '2024-04-03', NULL, '2024-04-02 13:51:50', '2024-04-03 04:15:02', ''),
(188, 9, 3, 9, 1, NULL, '06:52', '15:15', '2024-04-03', NULL, '2024-04-02 13:52:05', '2024-04-03 04:15:02', ''),
(189, 34, 3, 34, 1, NULL, '06:37', '15:00', '2024-04-04', '503', '2024-04-03 13:37:56', '2024-04-03 22:00:18', ''),
(190, 23, 3, 23, 1, NULL, '06:47', '15:15', '2024-04-04', NULL, '2024-04-03 13:47:34', '2024-04-04 04:15:02', ''),
(191, 35, 3, 35, 1, NULL, '06:49', '15:15', '2024-04-04', NULL, '2024-04-03 13:49:02', '2024-04-04 04:15:02', ''),
(192, 21, 3, 21, 1, NULL, '06:50', '15:15', '2024-04-04', NULL, '2024-04-03 13:50:07', '2024-04-04 04:15:02', ''),
(193, 34, 3, 34, 1, NULL, '06:39', '15:15', '2024-04-05', NULL, '2024-04-04 13:39:19', '2024-04-05 04:15:02', ''),
(194, 23, 3, 23, 1, NULL, '06:40', '15:15', '2024-04-05', NULL, '2024-04-04 13:40:52', '2024-04-05 04:15:02', ''),
(195, 35, 3, 35, 1, NULL, '06:50', '15:12', '2024-04-05', '502', '2024-04-04 13:50:48', '2024-04-04 22:12:09', ''),
(196, 8, 10, 8, 1, NULL, '09:49', '15:15', '2024-04-05', NULL, '2024-04-04 16:49:49', '2024-04-05 04:15:02', ''),
(197, 53, 10, 53, 1, NULL, '11:26', '15:15', '2024-04-05', NULL, '2024-04-04 18:26:39', '2024-04-05 04:15:02', ''),
(198, 8, 11, 8, 1, NULL, '12:27', '15:15', '2024-04-09', NULL, '2024-04-08 21:27:48', '2024-04-09 05:15:02', ''),
(199, 80, 11, 80, 1, NULL, '12:29', '15:15', '2024-04-09', NULL, '2024-04-08 21:29:09', '2024-04-09 05:15:02', ''),
(200, 83, 11, 83, 1, NULL, '13:40', '15:15', '2024-04-09', NULL, '2024-04-08 22:40:57', '2024-04-09 05:15:02', ''),
(201, 33, 10, 33, 1, NULL, '11:12', '11:13', '2024-04-11', '1', '2024-04-10 20:12:22', '2024-04-10 20:13:12', ''),
(202, 8, 10, 8, 1, NULL, '07:37', '15:15', '2024-04-12', NULL, '2024-04-11 16:37:29', '2024-04-12 05:15:03', ''),
(203, 23, 3, 23, 1, NULL, '06:52', NULL, '2024-04-15', NULL, '2024-04-14 15:52:19', '2024-04-14 15:52:19', '');

-- --------------------------------------------------------

--
-- Table structure for table `employee_breaks`
--

CREATE TABLE `employee_breaks` (
  `id` bigint(20) UNSIGNED NOT NULL,
  `emp_attendance_id` int(11) NOT NULL,
  `break_in` varchar(255) COLLATE utf8mb4_unicode_ci NOT NULL,
  `break_out` varchar(255) COLLATE utf8mb4_unicode_ci DEFAULT NULL,
  `date` varchar(255) COLLATE utf8mb4_unicode_ci DEFAULT NULL,
  `created_at` timestamp NULL DEFAULT NULL,
  `updated_at` timestamp NULL DEFAULT NULL
) ENGINE=InnoDB DEFAULT CHARSET=utf8mb4 COLLATE=utf8mb4_unicode_ci;

--
-- Dumping data for table `employee_breaks`
--

INSERT INTO `employee_breaks` (`id`, `emp_attendance_id`, `break_in`, `break_out`, `date`, `created_at`, `updated_at`) VALUES
(1, 5, '15:28', '15:28', '2024-02-21', '2024-02-21 04:28:02', '2024-02-21 04:28:41'),
(2, 12, '15:57', '15:57', '2024-02-22', '2024-02-22 04:57:46', '2024-02-22 04:58:00'),
(3, 17, '16:30', '16:30', '2024-02-22', '2024-02-22 05:30:35', '2024-02-22 05:30:58'),
(4, 18, '09:49', '09:53', '2024-02-23', '2024-02-22 22:49:05', '2024-02-22 22:53:23'),
(5, 19, '10:03', '10:04', '2024-02-23', '2024-02-22 23:03:05', '2024-02-22 23:04:01'),
(8, 58, '09:29', '09:29', '2024-03-08', '2024-03-07 22:29:40', '2024-03-07 22:29:43'),
(9, 77, '11:05', '11:05', '2024-03-12', '2024-03-12 00:06:23', '2024-03-12 00:06:29'),
(10, 108, '14:25', NULL, '2024-03-13', '2024-03-13 03:25:34', '2024-03-13 03:25:34'),
(11, 113, '08:10', '08:10', '2024-03-14', '2024-03-13 21:10:21', '2024-03-13 21:10:35'),
(12, 113, '08:22', '08:22', '2024-03-15', '2024-03-13 21:22:19', '2024-03-13 21:23:02'),
(13, 115, '09:29', '09:29', '2024-03-15', '2024-03-13 22:29:19', '2024-03-13 22:29:30'),
(14, 123, '08:54', '08:55', '2024-03-18', '2024-03-17 21:54:46', '2024-03-17 21:55:04'),
(15, 133, '10:00', '10:01', '2024-03-20', '2024-03-19 23:00:42', '2024-03-19 23:01:20'),
(16, 148, '08:12', NULL, '2024-03-22', '2024-03-21 15:12:33', '2024-03-21 15:12:33'),
(17, 151, '09:02', '09:02', '2024-03-25', '2024-03-24 16:02:06', '2024-03-24 16:02:09'),
(18, 151, '09:02', '10:44', '2024-03-25', '2024-03-24 16:02:12', '2024-03-24 17:44:58'),
(19, 151, '12:29', '12:29', '2024-03-25', '2024-03-24 19:29:03', '2024-03-24 19:29:22'),
(20, 163, '12:38', NULL, '2024-03-25', '2024-03-24 19:38:16', '2024-03-24 19:38:16'),
(21, 158, '06:05', NULL, '2024-03-26', '2024-03-25 13:05:52', '2024-03-25 13:05:52'),
(22, 169, '06:41', NULL, '2024-03-26', '2024-03-25 13:41:19', '2024-03-25 13:41:19'),
(23, 173, '06:40', NULL, '2024-03-27', '2024-03-26 13:40:43', '2024-03-26 13:40:43'),
(24, 170, '06:52', NULL, '2024-03-27', '2024-03-26 13:52:53', '2024-03-26 13:52:53'),
(25, 176, '06:53', NULL, '2024-03-27', '2024-03-26 13:53:14', '2024-03-26 13:53:14'),
(26, 192, '15:00', NULL, '2024-04-04', '2024-04-03 22:00:03', '2024-04-03 22:00:03'),
(27, 201, '11:13', '11:13', '2024-04-11', '2024-04-10 20:13:06', '2024-04-10 20:13:10');

-- --------------------------------------------------------

--
-- Table structure for table `employee_signed_documents`
--

CREATE TABLE `employee_signed_documents` (
  `id` bigint(20) UNSIGNED NOT NULL,
  `meeting_id` int(11) NOT NULL,
  `employee_id` int(11) NOT NULL,
  `document_id` int(11) NOT NULL,
  `signed` int(11) NOT NULL,
  `date` date DEFAULT NULL,
  `document` varchar(255) COLLATE utf8mb4_unicode_ci DEFAULT NULL,
  `created_at` timestamp NULL DEFAULT NULL,
  `updated_at` timestamp NULL DEFAULT NULL
) ENGINE=InnoDB DEFAULT CHARSET=utf8mb4 COLLATE=utf8mb4_unicode_ci;

--
-- Dumping data for table `employee_signed_documents`
--

INSERT INTO `employee_signed_documents` (`id`, `meeting_id`, `employee_id`, `document_id`, `signed`, `date`, `document`, `created_at`, `updated_at`) VALUES
(1, 2, 2, 1, 1, '2024-02-21', 'upload/documents/1708511633.png', '2024-02-21 04:33:53', '2024-02-21 04:33:53'),
(2, 3, 2, 3, 1, '2024-02-21', 'upload/documents/1708511680.png', '2024-02-21 04:34:40', '2024-02-21 04:34:40'),
(3, 5, 2, 4, 1, '2024-02-21', 'upload/documents/1708511786.png', '2024-02-21 04:36:26', '2024-02-21 04:36:26'),
(4, 5, 2, 5, 1, '2024-02-21', 'upload/documents/1708511795.png', '2024-02-21 04:36:35', '2024-02-21 04:36:35'),
(5, 5, 2, 6, 1, '2024-02-21', 'upload/documents/1708511817.png', '2024-02-21 04:36:57', '2024-02-21 04:36:57'),
(6, 5, 2, 7, 1, '2024-02-21', 'upload/documents/1708511825.png', '2024-02-21 04:37:05', '2024-02-21 04:37:05'),
(7, 13, 5, 12, 1, '2024-02-22', 'upload/documents/1708601171.png', '2024-02-22 05:26:11', '2024-02-22 05:26:11'),
(8, 17, 5, 14, 1, '2024-02-23', 'upload/documents/1708665076.png', '2024-02-22 23:11:16', '2024-02-22 23:11:16'),
(9, 18, 13, 15, 1, '2024-02-23', 'upload/documents/1708668351.png', '2024-02-23 00:05:51', '2024-02-23 00:05:51'),
(10, 20, 13, 17, 1, '2024-02-28', 'upload/documents/1709073390.png', '2024-02-27 16:36:30', '2024-02-27 16:36:30'),
(11, 24, 39, 21, 1, '2024-03-01', 'upload/documents/1709272317.png', '2024-02-29 23:51:57', '2024-02-29 23:51:57'),
(12, 26, 39, 22, 1, '2024-03-01', 'upload/documents/1709273323.png', '2024-03-01 00:08:43', '2024-03-01 00:08:43'),
(13, 28, 39, 23, 1, '2024-03-04', 'upload/documents/1709529171.png', '2024-03-03 23:12:51', '2024-03-03 23:12:51'),
(14, 29, 39, 24, 1, '2024-03-04', 'upload/documents/1709546857.png', '2024-03-04 04:07:37', '2024-03-04 04:07:37'),
(15, 123, 39, 25, 1, '2024-03-18', 'upload/documents/1710733356.png', '2024-03-17 21:42:36', '2024-03-17 21:42:36');

-- --------------------------------------------------------

--
-- Table structure for table `emp_access`
--

CREATE TABLE `emp_access` (
  `id` bigint(20) UNSIGNED NOT NULL,
  `emp_id` varchar(255) COLLATE utf8mb4_unicode_ci NOT NULL,
  `web_app` varchar(255) COLLATE utf8mb4_unicode_ci NOT NULL DEFAULT '0',
  `mobile_app` varchar(255) COLLATE utf8mb4_unicode_ci NOT NULL DEFAULT '0',
  `attendance` varchar(255) COLLATE utf8mb4_unicode_ci NOT NULL DEFAULT '0',
  `timesheet_reminders` varchar(255) COLLATE utf8mb4_unicode_ci NOT NULL DEFAULT '0',
  `email` varchar(255) COLLATE utf8mb4_unicode_ci NOT NULL DEFAULT '0',
  `timesheet` varchar(255) COLLATE utf8mb4_unicode_ci NOT NULL DEFAULT '0',
  `del` varchar(255) COLLATE utf8mb4_unicode_ci NOT NULL DEFAULT '0',
  `created_at` timestamp NULL DEFAULT NULL,
  `updated_at` timestamp NULL DEFAULT NULL
) ENGINE=InnoDB DEFAULT CHARSET=utf8mb4 COLLATE=utf8mb4_unicode_ci;

--
-- Dumping data for table `emp_access`
--

INSERT INTO `emp_access` (`id`, `emp_id`, `web_app`, `mobile_app`, `attendance`, `timesheet_reminders`, `email`, `timesheet`, `del`, `created_at`, `updated_at`) VALUES
(1, '1', '1', '1', '1', '1', '1', '1', '1', NULL, NULL),
(2, '3', '0', '0', '0', '0', '0', '0', '0', NULL, NULL),
(3, '2', '0', '0', '0', '0', '0', '0', '0', NULL, NULL),
(4, '4', '0', '0', '0', '0', '0', '0', '0', NULL, NULL),
(6, '5', '0', '0', '0', '0', '0', '0', '0', NULL, NULL),
(7, '3change', '0', '0', '0', '0', '0', '0', '0', NULL, NULL),
(9, '8', '1', '1', '1', '1', '1', '1', '0', NULL, NULL),
(11, '9', '1', '1', '1', '1', '1', '1', '0', NULL, NULL),
(12, '10', '1', '1', '1', '1', '1', '1', '0', NULL, NULL),
(14, '11', '1', '1', '1', '1', '1', '1', '0', NULL, NULL),
(16, '13', '1', '1', '1', '1', '1', '1', '0', NULL, NULL),
(17, '7', '0', '0', '0', '0', '0', '0', '0', NULL, NULL),
(18, '16', '0', '0', '0', '0', '0', '0', '0', NULL, NULL),
(19, '20', '1', '1', '1', '1', '1', '1', '0', NULL, NULL),
(20, '21', '0', '1', '1', '0', '0', '0', '0', NULL, NULL),
(22, '22', '0', '1', '1', '0', '0', '0', '0', NULL, NULL),
(23, '23', '0', '1', '1', '0', '0', '0', '0', NULL, NULL),
(25, '24', '0', '1', '1', '0', '0', '0', '0', NULL, NULL),
(26, '25', '0', '1', '1', '0', '0', '0', '0', NULL, NULL),
(28, '28', '0', '1', '1', '0', '0', '0', '0', NULL, NULL),
(29, '27', '0', '1', '1', '0', '0', '0', '0', NULL, NULL),
(30, '12', '0', '1', '1', '0', '0', '0', '0', NULL, NULL),
(31, '29', '0', '1', '1', '0', '0', '0', '0', NULL, NULL),
(32, '30', '0', '1', '1', '0', '0', '0', '0', NULL, NULL),
(33, '31', '0', '1', '1', '0', '0', '0', '0', NULL, NULL),
(35, '33', '0', '1', '1', '0', '0', '0', '0', NULL, NULL),
(36, '34', '0', '1', '1', '0', '0', '0', '0', NULL, NULL),
(37, '36', '1', '1', '1', '1', '1', '1', '0', NULL, NULL),
(40, '39', '0', '0', '0', '0', '0', '0', '0', NULL, NULL),
(41, '41', '1', '1', '1', '1', '1', '1', '0', NULL, NULL),
(43, '26', '0', '1', '1', '0', '0', '0', '0', NULL, NULL),
(44, '32', '0', '1', '1', '0', '0', '0', '0', NULL, NULL),
(45, '42', '0', '1', '1', '0', '0', '0', '0', NULL, NULL),
(47, '43', '0', '1', '1', '0', '0', '0', '0', NULL, NULL),
(48, '44', '0', '1', '1', '0', '0', '0', '0', NULL, NULL),
(49, '45', '0', '1', '1', '0', '0', '0', '0', NULL, NULL),
(50, '35', '0', '1', '1', '0', '0', '0', '0', NULL, NULL),
(51, '47', '0', '1', '1', '0', '0', '0', '0', NULL, NULL),
(52, '48', '0', '1', '1', '0', '0', '0', '0', NULL, NULL),
(53, '49', '0', '1', '1', '0', '0', '0', '0', NULL, NULL),
(54, '50', '0', '1', '1', '0', '0', '0', '0', NULL, NULL),
(55, '51', '0', '1', '1', '0', '0', '0', '0', NULL, NULL),
(56, '52', '0', '1', '1', '0', '0', '0', '0', NULL, NULL),
(58, '53', '0', '1', '1', '0', '0', '0', '0', NULL, NULL),
(59, '54', '0', '1', '1', '0', '0', '0', '0', NULL, NULL),
(60, '55', '0', '1', '1', '0', '0', '0', '0', NULL, NULL),
(61, '56', '0', '1', '1', '0', '0', '0', '0', NULL, NULL),
(62, '57', '0', '1', '1', '0', '0', '0', '0', NULL, NULL),
(63, '58', '0', '1', '1', '0', '0', '0', '0', NULL, NULL),
(64, '59', '0', '1', '1', '0', '0', '0', '0', NULL, NULL),
(65, '60', '0', '1', '1', '0', '0', '0', '0', NULL, NULL),
(66, '61', '0', '1', '1', '0', '0', '0', '0', NULL, NULL),
(67, '62', '0', '1', '1', '0', '0', '0', '0', NULL, NULL),
(68, '63', '0', '1', '1', '0', '0', '0', '0', NULL, NULL),
(69, '64', '0', '1', '1', '0', '0', '0', '0', NULL, NULL),
(70, '65', '0', '1', '1', '0', '0', '0', '0', NULL, NULL),
(71, '66', '0', '1', '1', '0', '0', '0', '0', NULL, NULL),
(72, '67', '0', '1', '1', '0', '0', '0', '0', NULL, NULL),
(73, '68', '0', '1', '1', '0', '0', '0', '0', NULL, NULL),
(74, '69', '0', '1', '1', '0', '0', '0', '0', NULL, NULL),
(76, '71', '0', '1', '1', '0', '0', '0', '0', NULL, NULL),
(77, '70', '0', '1', '1', '0', '0', '0', '0', NULL, NULL),
(78, '72', '0', '1', '1', '0', '0', '0', '0', NULL, NULL),
(79, '73', '0', '1', '1', '0', '0', '0', '0', NULL, NULL),
(80, '74', '0', '1', '1', '0', '0', '0', '0', NULL, NULL),
(81, '75', '0', '1', '1', '0', '0', '0', '0', NULL, NULL),
(82, '76', '0', '1', '1', '0', '0', '0', '0', NULL, NULL),
(83, '77', '0', '1', '1', '0', '0', '0', '0', NULL, NULL),
(84, '78', '0', '1', '1', '0', '0', '0', '0', NULL, NULL),
(86, '80', '0', '1', '1', '0', '0', '0', '0', NULL, NULL),
(88, '81', '0', '1', '1', '0', '0', '0', '0', NULL, NULL),
(89, '79', '0', '1', '1', '0', '0', '0', '0', NULL, NULL),
(90, '82', '0', '1', '1', '0', '0', '0', '0', NULL, NULL),
(91, '83', '0', '1', '1', '0', '0', '0', '0', NULL, NULL),
(92, '84', '0', '1', '1', '0', '0', '0', '0', NULL, NULL),
(93, '85', '0', '1', '1', '0', '0', '0', '0', NULL, NULL),
(94, '86', '0', '1', '1', '0', '0', '0', '0', NULL, NULL),
(96, '88', '0', '1', '1', '0', '0', '0', '0', NULL, NULL),
(97, '89', '0', '1', '1', '0', '0', '0', '0', NULL, NULL),
(99, '87', '0', '1', '1', '0', '0', '0', '0', NULL, NULL);

-- --------------------------------------------------------

--
-- Table structure for table `emp_documents`
--

CREATE TABLE `emp_documents` (
  `id` bigint(20) UNSIGNED NOT NULL,
  `emp_id` varchar(255) COLLATE utf8mb4_unicode_ci NOT NULL,
  `required_document` varchar(255) COLLATE utf8mb4_unicode_ci DEFAULT NULL,
  `text` varchar(255) COLLATE utf8mb4_unicode_ci DEFAULT NULL,
  `file` varchar(255) COLLATE utf8mb4_unicode_ci DEFAULT NULL,
  `del` varchar(255) COLLATE utf8mb4_unicode_ci NOT NULL DEFAULT '0',
  `created_at` timestamp NULL DEFAULT NULL,
  `updated_at` timestamp NULL DEFAULT NULL
) ENGINE=InnoDB DEFAULT CHARSET=utf8mb4 COLLATE=utf8mb4_unicode_ci;

--
-- Dumping data for table `emp_documents`
--

INSERT INTO `emp_documents` (`id`, `emp_id`, `required_document`, `text`, `file`, `del`, `created_at`, `updated_at`) VALUES
(1, '46', '1', '2134646', 'upload/documents/11705922137.png', '0', '2023-11-22 11:12:01', '2024-03-25 00:53:19'),
(2, '46', '2', '34616', 'upload/documents/11705922137.png', '0', '2023-11-22 11:12:01', '2024-03-25 00:53:19'),
(3, '46', '3', '34646', 'upload/documents/21708506579.png', '0', NULL, '2024-03-25 00:53:19'),
(4, '46', '4', '64646', 'upload/documents/01708507042.pdf', '0', NULL, '2024-03-25 00:53:19'),
(5, '46', '5', '64646', 'upload/documents/11708507042.pdf', '0', NULL, '2024-03-25 00:53:19'),
(6, '3', '3', '12323', 'upload/documents/21708507042.pdf', '0', NULL, '2024-02-21 03:54:02'),
(7, '4', '1', '45445', 'upload/documents/01708509292.png', '0', NULL, NULL),
(8, '4', '2', '454554', 'upload/documents/11708509292.png', '0', NULL, NULL),
(9, '4', '3', '454554', 'upload/documents/21708509292.pdf', '0', NULL, NULL),
(10, '5', '1', '233', 'upload/documents/01708510367.pdf', '0', NULL, '2024-02-22 22:03:41'),
(11, '5', '2', '123', 'upload/documents/11708510367.pdf', '0', NULL, '2024-02-22 22:03:41'),
(12, '5', '3', '12323', 'upload/documents/21708510367.pdf', '0', NULL, '2024-02-22 22:03:41'),
(13, '8', '1', '123456', 'upload/documents/01708647600.pdf', '0', NULL, '2024-04-07 22:45:52'),
(14, '8', '2', '123456', 'upload/documents/11708647601.pdf', '0', NULL, '2024-04-07 22:45:52'),
(15, '8', '3', '123456', 'upload/documents/21708647601.pdf', '0', NULL, '2024-04-07 22:45:52'),
(16, '9', '1', '123456', 'upload/documents/01708647900.pdf', '0', NULL, '2024-02-22 18:45:11'),
(17, '9', '2', '123456', 'upload/documents/11708647900.pdf', '0', NULL, '2024-02-22 18:45:11'),
(18, '9', '3', '123456', 'upload/documents/21708647900.pdf', '0', NULL, '2024-02-22 18:45:11'),
(19, '10', '1', '123456', 'upload/documents/01708649321.pdf', '0', NULL, NULL),
(20, '10', '2', '123456', 'upload/documents/11708649321.pdf', '0', NULL, NULL),
(21, '10', '3', '123456', 'upload/documents/21708649321.pdf', '0', NULL, NULL),
(22, '12', '1', '570 866 211', 'upload/documents/01708651539.jpeg', '0', NULL, '2024-02-28 21:34:31'),
(23, '12', '2', '22322485', 'upload/documents/11708651539.jpeg', '0', NULL, '2024-02-28 21:34:31'),
(24, '12', '3', 'cgi1460177seq01', 'upload/documents/21708651539.png', '0', NULL, '2024-02-28 21:34:31'),
(25, '11', '1', '123456789', 'upload/documents/01708651740.jpg', '0', NULL, NULL),
(26, '11', '2', '122344', 'upload/documents/11708651740.jpeg', '0', NULL, NULL),
(27, '11', '3', '1234566', 'upload/documents/21708651740.jpeg', '0', NULL, NULL),
(28, '13', '1', '12312312', 'upload/documents/01708660568.png', '0', NULL, NULL),
(29, '13', '2', '12312312', 'upload/documents/11708660568.png', '0', NULL, NULL),
(30, '13', '3', '2123123123', 'upload/documents/21708660568.png', '0', NULL, NULL),
(31, '7', '1', '48379743', 'upload/documents/01708663954.PNG', '0', NULL, '2024-02-22 22:53:01'),
(32, '7', '2', '489903', 'upload/documents/11708663954.PNG', '0', NULL, '2024-02-22 22:53:01'),
(33, '7', '3', '9834274923', 'upload/documents/21708663954.PNG', '0', NULL, '2024-02-22 22:53:01'),
(34, '17', '1', '12334', 'upload/documents/01708917724.pdf', '0', NULL, NULL),
(35, '17', '2', '12', 'upload/documents/11708917724.pdf', '0', NULL, NULL),
(36, '17', '3', '1232', 'upload/documents/21708917724.pdf', '0', NULL, NULL),
(37, '20', '1', '345345', 'upload/documents/01709064577.png', '0', NULL, NULL),
(38, '20', '2', '345345', 'upload/documents/11709064577.png', '0', NULL, NULL),
(39, '20', '3', '3453453', 'upload/documents/21709064577.png', '0', NULL, NULL),
(40, '21', '1', '385466404', 'upload/documents/01709163000.jpeg', '0', NULL, NULL),
(41, '21', '2', '19774239', 'upload/documents/11709163000.jpeg', '0', NULL, NULL),
(42, '21', '3', 'CGI1014657SEQ01', 'upload/documents/21709163000.jpeg', '0', NULL, NULL),
(43, '21', '4', 'N/A', 'upload/documents/31709163000.jpeg', '0', NULL, NULL),
(44, '22', '1', '455132165', 'upload/documents/01709164471.jpeg', '0', NULL, '2024-02-28 17:56:09'),
(45, '22', '2', '23209504', 'upload/documents/11709164471.jpeg', '0', NULL, '2024-02-28 17:56:09'),
(46, '22', '3', '1026909', 'upload/documents/21709164471.jpeg', '0', NULL, '2024-02-28 17:56:09'),
(47, '22', '4', 'N/A', 'upload/documents/31709164471.jpeg', '0', NULL, '2024-02-28 17:56:09'),
(48, '23', '1', '392073632', 'upload/documents/01709165337.jpeg', '0', NULL, NULL),
(49, '23', '2', '13571971', 'upload/documents/11709165337.jpeg', '0', NULL, NULL),
(50, '23', '3', 'CGI00763091SEQ1', 'upload/documents/21709165337.jpeg', '0', NULL, NULL),
(51, '23', '4', 'N/A', 'upload/documents/31709165337.jpeg', '0', NULL, NULL),
(52, '24', '1', '959 873 353', 'upload/documents/01709165547.jpeg', '0', NULL, '2024-02-28 18:20:07'),
(53, '24', '2', '23673410', 'upload/documents/11709165547.jpeg', '0', NULL, '2024-02-28 18:20:08'),
(54, '24', '3', 'CG10363038SEQ01', 'upload/documents/21709165547.jpeg', '0', NULL, '2024-02-28 18:20:08'),
(55, '24', '4', 'NA', 'upload/documents/31709165547.jpeg', '0', NULL, '2024-02-28 18:20:08'),
(56, '25', '1', '969075988', 'upload/documents/01709166259.jpeg', '0', NULL, NULL),
(57, '25', '2', '2051028420', 'upload/documents/11709166259.jpeg', '0', NULL, NULL),
(58, '25', '3', 'CGI0364317SEQ01', 'upload/documents/21709166259.jpeg', '0', NULL, NULL),
(59, '25', '4', 'N/A', 'upload/documents/31709166259.jpeg', '0', NULL, NULL),
(60, '26', '1', '989693168', 'upload/documents/01709166879.jpeg', '0', NULL, NULL),
(61, '26', '2', '22189318', 'upload/documents/11709166879.jpeg', '0', NULL, NULL),
(62, '26', '3', 'CGI1425220SEQ01', 'upload/documents/21709166879.jpeg', '0', NULL, NULL),
(63, '26', '4', 'N/A', 'upload/documents/31709166879.jpeg', '0', NULL, NULL),
(64, '27', '1', '966 294 381', 'upload/documents/01709167588.jpeg', '0', NULL, NULL),
(65, '27', '2', '0127954824', 'upload/documents/11709167588.jpeg', '0', NULL, NULL),
(66, '27', '3', 'CG10342020SEQ01', 'upload/documents/21709167588.jpeg', '0', NULL, NULL),
(67, '27', '4', '01', 'upload/documents/31709167588.jpeg', '0', NULL, NULL),
(68, '28', '1', '646896865', 'upload/documents/01709167678.jpeg', '0', NULL, NULL),
(69, '28', '2', '23793917', 'upload/documents/11709167678.jpeg', '0', NULL, NULL),
(70, '28', '3', 'CGI1741960SEQ1', 'upload/documents/21709167678.jpeg', '0', NULL, NULL),
(71, '28', '4', 'N/A', 'upload/documents/31709167678.jpeg', '0', NULL, NULL),
(72, '12', '4', '01', 'upload/documents/31709168376.jpeg', '0', NULL, '2024-02-28 21:34:31'),
(73, '29', '1', '445165140', 'upload/documents/01709169258.jpeg', '0', NULL, NULL),
(74, '29', '2', '2053408516', 'upload/documents/11709169258.jpeg', '0', NULL, NULL),
(75, '29', '3', 'CGI1802814SEQ01', 'upload/documents/21709169258.jpeg', '0', NULL, NULL),
(76, '29', '4', 'N/A', 'upload/documents/31709169258.jpeg', '0', NULL, NULL),
(77, '30', '1', '840977865', 'upload/documents/01709169870.jpeg', '0', NULL, NULL),
(78, '30', '2', '2053844982', 'upload/documents/11709169870.jpeg', '0', NULL, NULL),
(79, '30', '3', 'CGI0306924SEQ01', 'upload/documents/21709169870.jpeg', '0', NULL, NULL),
(80, '30', '4', 'n/a', 'upload/documents/31709169870.jpeg', '0', NULL, NULL),
(81, '31', '1', '839 408 843', 'upload/documents/01709170083.jpeg', '0', NULL, NULL),
(82, '31', '2', '0116928698', 'upload/documents/11709170083.jpeg', '0', NULL, NULL),
(83, '31', '3', 'CG100796506SEQ01', 'upload/documents/21709170083.jpeg', '0', NULL, NULL),
(84, '31', '4', '01', 'upload/documents/31709170083.jpeg', '0', NULL, NULL),
(85, '32', '1', '811974061', 'upload/documents/01709170444.jpeg', '0', NULL, '2024-03-24 14:16:03'),
(86, '32', '2', '14985308', 'upload/documents/11709170444.jpeg', '0', NULL, '2024-03-24 14:16:03'),
(87, '32', '3', 'CGI00716635', 'upload/documents/21709170444.jpeg', '0', NULL, '2024-03-24 14:16:03'),
(88, '32', '4', 'N/A', 'upload/documents/31709170444.jpeg', '0', NULL, '2024-03-24 14:16:03'),
(89, '33', '1', '578519891', 'upload/documents/01709171384.jpeg', '0', NULL, NULL),
(90, '33', '2', '23508535', 'upload/documents/11709171384.jpeg', '0', NULL, NULL),
(91, '33', '3', 'CGI1615774SEQ01', 'upload/documents/21709171384.jpeg', '0', NULL, NULL),
(92, '33', '4', 'N/A', 'upload/documents/31709171384.jpeg', '0', NULL, NULL),
(93, '34', '1', '834 484 559', 'upload/documents/01709171774.jpeg', '0', NULL, NULL),
(94, '34', '2', '5170694', 'upload/documents/11709171774.jpeg', '0', NULL, NULL),
(95, '34', '3', 'CG10360518SEQ02', 'upload/documents/21709171774.jpeg', '0', NULL, NULL),
(96, '34', '4', '01', 'upload/documents/31709171774.jpeg', '0', NULL, NULL),
(97, '36', '1', '111111111', 'upload/documents/01709175496.jpeg', '0', NULL, NULL),
(98, '36', '2', '444444444', 'upload/documents/11709175496.jpeg', '0', NULL, NULL),
(99, '36', '3', 'CGI100000000SEQ01', 'upload/documents/21709175496.jpeg', '0', NULL, NULL),
(100, '36', '4', 'n/a', 'upload/documents/31709175496.jpeg', '0', NULL, NULL),
(101, '32', '5', 'N/A', 'upload/documents/41709600856.jpeg', '0', NULL, '2024-03-24 14:16:03'),
(102, '40', '1', '6387', '', '0', NULL, '2024-03-29 03:29:41'),
(103, '40', '2', '876786', '', '0', NULL, '2024-03-29 03:29:41'),
(104, '40', '3', '87786786', '', '0', NULL, '2024-03-29 03:29:41'),
(105, '40', '4', '786786', '', '0', NULL, '2024-03-29 03:29:41'),
(106, '40', '5', '786786', '', '0', NULL, '2024-03-29 03:29:41'),
(107, '41', '1', '12334', '', '0', NULL, NULL),
(108, '41', '2', '12', '', '0', NULL, NULL),
(109, '41', '3', '1232', '', '0', NULL, NULL),
(110, '41', '4', '45132', '', '0', NULL, NULL),
(111, '41', '5', '151654', '', '0', NULL, NULL),
(112, '42', '1', '123465789', '', '0', NULL, NULL),
(113, '42', '2', '23673410', '', '0', NULL, NULL),
(114, '42', '3', '123789465', '', '0', NULL, NULL),
(115, '42', '4', '02', '', '0', NULL, NULL),
(116, '42', '5', '02', '', '0', NULL, NULL),
(117, '43', '1', '12312356', '', '0', NULL, '2024-03-24 17:46:54'),
(118, '43', '2', '12345646', '', '0', NULL, '2024-03-24 17:46:54'),
(119, '43', '3', '123789123', '', '0', NULL, '2024-03-24 17:46:54'),
(120, '43', '4', '12378554', '', '0', NULL, '2024-03-24 17:46:54'),
(121, '43', '5', '132645', '', '0', NULL, '2024-03-24 17:46:54'),
(122, '44', '1', '12312356', '', '0', NULL, NULL),
(123, '44', '2', '12345646', '', '0', NULL, NULL),
(124, '44', '3', '123', '', '0', NULL, NULL),
(125, '44', '4', '12378554', '', '0', NULL, NULL),
(126, '44', '5', '132645', '', '0', NULL, NULL),
(127, '45', '1', '12312356', '', '0', NULL, NULL),
(128, '45', '2', '12345646', '', '0', NULL, NULL),
(129, '45', '3', '123', '', '0', NULL, NULL),
(130, '45', '4', '12378554', '', '0', NULL, NULL),
(131, '45', '5', '132645', '', '0', NULL, NULL),
(132, '35', '1', '12312356', '', '0', NULL, NULL),
(133, '35', '2', '12345646', '', '0', NULL, NULL),
(134, '35', '3', '123', '', '0', NULL, NULL),
(135, '35', '4', '12378554', '', '0', NULL, NULL),
(136, '35', '5', '132645', '', '0', NULL, NULL),
(137, '47', '1', '821386949', 'upload/documents/01712180937.jpg', '0', NULL, NULL),
(138, '47', '2', '15378214', 'upload/documents/11712180937.jpg', '0', NULL, NULL),
(139, '47', '3', 'CGI00560490SEQ1', 'upload/documents/21712180937.jpg', '0', NULL, NULL),
(140, '47', '4', '', 'upload/documents/31712180937.jpeg', '0', NULL, NULL),
(141, '47', '5', '', 'upload/documents/41712180937.jpeg', '0', NULL, NULL),
(142, '47', '6', '', 'upload/documents/51712180937.jpeg', '0', NULL, NULL),
(143, '47', '7', '', 'upload/documents/61712180937.jpeg', '0', NULL, NULL),
(144, '47', '8', '', '', '0', NULL, NULL),
(145, '47', '9', '', '', '0', NULL, NULL),
(146, '47', '10', '', '', '0', NULL, NULL),
(147, '47', '11', '', '', '0', NULL, NULL),
(148, '48', '1', '375 436 415', 'upload/documents/01712262748.jpg', '0', NULL, NULL),
(149, '48', '2', '20728509', 'upload/documents/11712262748.jpg', '0', NULL, NULL),
(150, '48', '3', 'CGI0283254SEQ01', 'upload/documents/21712262748.jpg', '0', NULL, NULL),
(151, '48', '4', '', '', '0', NULL, NULL),
(152, '48', '5', '', '', '0', NULL, NULL),
(153, '48', '6', '', '', '0', NULL, NULL),
(154, '48', '7', '', '', '0', NULL, NULL),
(155, '48', '8', '', '', '0', NULL, NULL),
(156, '48', '9', '', '', '0', NULL, NULL),
(157, '48', '10', '', '', '0', NULL, NULL),
(158, '48', '11', '', '', '0', NULL, NULL),
(159, '49', '1', '379 841 113 change pic', 'upload/documents/01712265626.jpg', '0', NULL, NULL),
(160, '49', '2', '24181430', 'upload/documents/11712265626.jpg', '0', NULL, NULL),
(161, '49', '3', 'CGI0322658SEQ02', 'upload/documents/21712265626.jpg', '0', NULL, NULL),
(162, '49', '4', '', '', '0', NULL, NULL),
(163, '49', '5', '', '', '0', NULL, NULL),
(164, '49', '6', '', '', '0', NULL, NULL),
(165, '49', '7', '', '', '0', NULL, NULL),
(166, '49', '8', '', 'upload/documents/71712265626.jpg', '0', NULL, NULL),
(167, '49', '9', '', 'upload/documents/81712265626.jpg', '0', NULL, NULL),
(168, '49', '10', '', '', '0', NULL, NULL),
(169, '49', '11', '', 'upload/documents/101712265626.jpg', '0', NULL, NULL),
(170, '49', '12', '', 'upload/documents/111712265626.jpg', '0', NULL, NULL),
(171, '49', '13', '', '', '0', NULL, NULL),
(172, '50', '1', '379 841 113 change pic', 'upload/documents/01712266174.jpg', '0', NULL, NULL),
(173, '50', '2', '24181430', 'upload/documents/11712266174.jpg', '0', NULL, NULL),
(174, '50', '3', 'CGI0322658SEQ02', 'upload/documents/21712266174.jpg', '0', NULL, NULL),
(175, '50', '4', '', '', '0', NULL, NULL),
(176, '50', '5', '', '', '0', NULL, NULL),
(177, '50', '6', '', '', '0', NULL, NULL),
(178, '50', '7', '', '', '0', NULL, NULL),
(179, '50', '8', '', 'upload/documents/71712266174.jpg', '0', NULL, NULL),
(180, '50', '9', '', 'upload/documents/81712266174.jpg', '0', NULL, NULL),
(181, '50', '10', '', '', '0', NULL, NULL),
(182, '50', '11', '', 'upload/documents/101712266174.jpg', '0', NULL, NULL),
(183, '50', '12', '', 'upload/documents/111712266174.jpg', '0', NULL, NULL),
(184, '50', '13', '', '', '0', NULL, NULL),
(185, '51', '1', '140884952', 'upload/documents/01712268661.jpg', '0', NULL, NULL),
(186, '51', '2', '3358BG', 'upload/documents/11712268661.jpg', '0', NULL, NULL),
(187, '51', '3', 'CGI1686913SEQ01', 'upload/documents/21712268661.jpg', '0', NULL, NULL),
(188, '51', '4', '', '', '0', NULL, NULL),
(189, '51', '5', '', '', '0', NULL, NULL),
(190, '51', '6', '', '', '0', NULL, NULL),
(191, '51', '7', '', 'upload/documents/61712268661.jpg', '0', NULL, NULL),
(192, '51', '8', '', 'upload/documents/71712268661.jpg', '0', NULL, NULL),
(193, '51', '9', '', '', '0', NULL, NULL),
(194, '51', '10', '', '', '0', NULL, NULL),
(195, '51', '11', '', '', '0', NULL, NULL),
(196, '51', '12', '', '', '0', NULL, NULL),
(197, '51', '13', '', '', '0', NULL, NULL),
(198, '52', '1', '605331558', 'upload/documents/01712272097.jpg', '0', NULL, NULL),
(199, '52', '2', 'PA5600210', 'upload/documents/11712272097.jpg', '0', NULL, NULL),
(200, '52', '3', 'CGI1888469SEQ01', 'upload/documents/21712272097.jpg', '0', NULL, NULL),
(201, '52', '4', '', '', '0', NULL, NULL),
(202, '52', '5', '', '', '0', NULL, NULL),
(203, '52', '6', '', '', '0', NULL, NULL),
(204, '52', '7', '', '', '0', NULL, NULL),
(205, '52', '8', '', '', '0', NULL, NULL),
(206, '52', '9', '', '', '0', NULL, NULL),
(207, '52', '10', '', '', '0', NULL, NULL),
(208, '52', '11', '', '', '0', NULL, NULL),
(209, '52', '12', '', '', '0', NULL, NULL),
(210, '52', '13', '', '', '0', NULL, NULL),
(211, '53', '1', '899726865', '', '0', NULL, '2024-04-04 18:17:50'),
(212, '53', '2', '19792761', 'upload/documents/11712275396.jpg', '0', NULL, '2024-04-04 18:17:50'),
(213, '53', '3', 'CGI1420817SEQ01', 'upload/documents/21712275396.jpg', '0', NULL, '2024-04-04 18:17:50'),
(214, '53', '4', '', '', '0', NULL, '2024-04-04 18:17:50'),
(215, '53', '5', '', '', '0', NULL, '2024-04-04 18:17:50'),
(216, '53', '6', '', '', '0', NULL, '2024-04-04 18:17:50'),
(217, '53', '7', '', 'upload/documents/61712275396.jpg', '0', NULL, '2024-04-04 18:17:50'),
(218, '53', '8', '', 'upload/documents/71712275396.jpg', '0', NULL, '2024-04-04 18:17:50'),
(219, '53', '9', '', '', '0', NULL, '2024-04-04 18:17:50'),
(220, '53', '10', '', '', '0', NULL, '2024-04-04 18:17:50'),
(221, '53', '11', '', '', '0', NULL, '2024-04-04 18:17:50'),
(222, '53', '12', '', 'upload/documents/111712275396.jpg', '0', NULL, '2024-04-04 18:17:50'),
(223, '54', '1', '346 596 524', '', '0', NULL, NULL),
(224, '54', '2', '20921434', 'upload/documents/11712525615.jpg', '0', NULL, NULL),
(225, '54', '3', 'CGI0168626SEQ01', 'upload/documents/21712525615.jpg', '0', NULL, NULL),
(226, '54', '4', '', '', '0', NULL, NULL),
(227, '54', '5', '', '', '0', NULL, NULL),
(228, '54', '6', '', '', '0', NULL, NULL),
(229, '54', '7', '', '', '0', NULL, NULL),
(230, '54', '8', '', '', '0', NULL, NULL),
(231, '54', '9', '', '', '0', NULL, NULL),
(232, '54', '10', '', '', '0', NULL, NULL),
(233, '54', '11', '', '', '0', NULL, NULL),
(234, '54', '12', '', '', '0', NULL, NULL),
(235, '55', '1', '960 318 680', '', '0', NULL, NULL),
(236, '55', '2', '21856429', 'upload/documents/11712527277.jpg', '0', NULL, NULL),
(237, '55', '3', '1874428', 'upload/documents/21712527277.jpg', '0', NULL, NULL),
(238, '55', '4', '', '', '0', NULL, NULL),
(239, '55', '5', 'HRW865901     exp:06072025', 'upload/documents/41712527277.jpg', '0', NULL, NULL),
(240, '55', '6', '', '', '0', NULL, NULL),
(241, '55', '7', '', '', '0', NULL, NULL),
(242, '55', '8', '', '', '0', NULL, NULL),
(243, '55', '9', 'GC909424   exp 02072025', 'upload/documents/81712527277.jpg', '0', NULL, NULL),
(244, '55', '10', '', '', '0', NULL, NULL),
(245, '55', '11', 'GC909424   exp 02072025', 'upload/documents/101712527277.jpg', '0', NULL, NULL),
(246, '55', '12', '', '', '0', NULL, NULL),
(247, '55', '14', 'HRW865901     exp:06072025', 'upload/documents/121712527277.jpg', '0', NULL, NULL),
(248, '55', '15', 'YC870884    exp:19032025', 'upload/documents/131712527277.jpg', '0', NULL, NULL),
(249, '55', '16', 'YC870884    exp:19032025', 'upload/documents/141712527277.jpg', '0', NULL, NULL),
(250, '56', '1', '389 417 714', '', '0', NULL, '2024-04-07 17:23:48'),
(251, '56', '2', '21704837', 'upload/documents/11712528468.jpg', '0', NULL, '2024-04-07 17:23:48'),
(252, '56', '3', 'CGI1565794SEQ01', 'upload/documents/21712528468.jpg', '0', NULL, '2024-04-07 17:23:48'),
(253, '56', '4', '', '', '0', NULL, '2024-04-07 17:23:48'),
(254, '56', '5', '', '', '0', NULL, '2024-04-07 17:23:48'),
(255, '56', '6', '', '', '0', NULL, '2024-04-07 17:23:48'),
(256, '56', '7', '', '', '0', NULL, '2024-04-07 17:23:48'),
(257, '56', '8', '', '', '0', NULL, '2024-04-07 17:23:48'),
(258, '56', '9', '', '', '0', NULL, '2024-04-07 17:23:48'),
(259, '56', '10', '', '', '0', NULL, '2024-04-07 17:23:48'),
(260, '56', '11', '', '', '0', NULL, '2024-04-07 17:23:48'),
(261, '56', '12', '', '', '0', NULL, '2024-04-07 17:23:48'),
(262, '56', '14', '', '', '0', NULL, '2024-04-07 17:23:48'),
(263, '56', '15', '', '', '0', NULL, '2024-04-07 17:23:48'),
(264, '56', '16', '', '', '0', NULL, '2024-04-07 17:23:48'),
(265, '57', '1', '349 076 828', '', '0', NULL, NULL),
(266, '57', '2', '21395215', 'upload/documents/11712531626.jpg', '0', NULL, NULL),
(267, '57', '3', 'CGI0278369SEQ01', 'upload/documents/21712531626.jpg', '0', NULL, NULL),
(268, '57', '4', 'HRW827633  EXP 05042024', 'upload/documents/31712531626.jpg', '0', NULL, NULL),
(269, '57', '5', '', '', '0', NULL, NULL),
(270, '57', '6', 'HRW827633  EXP 05042024', 'upload/documents/51712531626.jpg', '0', NULL, NULL),
(271, '57', '7', '', '', '0', NULL, NULL),
(272, '57', '8', '', '', '0', NULL, NULL),
(273, '57', '9', '', '', '0', NULL, NULL),
(274, '57', '10', '', '', '0', NULL, NULL),
(275, '57', '11', '', '', '0', NULL, NULL),
(276, '57', '12', '', '', '0', NULL, NULL),
(277, '57', '14', '', '', '0', NULL, NULL),
(278, '57', '15', '', '', '0', NULL, NULL),
(279, '57', '16', '', '', '0', NULL, NULL),
(280, '57', '17', '', 'upload/documents/151712531626.jpg', '0', NULL, NULL),
(281, '58', '1', '605335147', '', '0', NULL, NULL),
(282, '58', '2', '24086180', 'upload/documents/11712532670.jpg', '0', NULL, NULL),
(283, '58', '3', 'CGI1684416SEQ01', 'upload/documents/21712532670.jpg', '0', NULL, NULL),
(284, '58', '4', '', '', '0', NULL, NULL),
(285, '58', '5', '', '', '0', NULL, NULL),
(286, '58', '6', '', '', '0', NULL, NULL),
(287, '58', '7', '', '', '0', NULL, NULL),
(288, '58', '8', '', '', '0', NULL, NULL),
(289, '58', '9', '', '', '0', NULL, NULL),
(290, '58', '10', '', '', '0', NULL, NULL),
(291, '58', '11', '', '', '0', NULL, NULL),
(292, '58', '12', '', '', '0', NULL, NULL),
(293, '58', '14', '', '', '0', NULL, NULL),
(294, '58', '15', '', '', '0', NULL, NULL),
(295, '58', '16', '', '', '0', NULL, NULL),
(296, '58', '17', '', '', '0', NULL, NULL),
(297, '59', '1', '352 474 062', '', '0', NULL, NULL),
(298, '59', '2', '13380383', 'upload/documents/11712533912.jpg', '0', NULL, NULL),
(299, '59', '3', 'CGI00989813SEQ1', 'upload/documents/21712533912.jpg', '0', NULL, NULL),
(300, '59', '4', '', '', '0', NULL, NULL),
(301, '59', '5', '', '', '0', NULL, NULL),
(302, '59', '6', '', '', '0', NULL, NULL),
(303, '59', '7', '', '', '0', NULL, NULL),
(304, '59', '8', '', '', '0', NULL, NULL),
(305, '59', '9', '', '', '0', NULL, NULL),
(306, '59', '10', '', '', '0', NULL, NULL),
(307, '59', '11', '', '', '0', NULL, NULL),
(308, '59', '12', '', '', '0', NULL, NULL),
(309, '59', '14', '', '', '0', NULL, NULL),
(310, '59', '15', '', '', '0', NULL, NULL),
(311, '59', '16', '', '', '0', NULL, NULL),
(312, '59', '17', '', '', '0', NULL, NULL),
(313, '60', '1', '827 220 921', '', '0', NULL, NULL),
(314, '60', '2', '15246881', 'upload/documents/11712535390.jpg', '0', NULL, NULL),
(315, '60', '3', 'CGI00751039SEQ1', 'upload/documents/21712535390.jpg', '0', NULL, NULL),
(316, '60', '4', '', '', '0', NULL, NULL),
(317, '60', '5', '', '', '0', NULL, NULL),
(318, '60', '6', '', '', '0', NULL, NULL),
(319, '60', '7', '', '', '0', NULL, NULL),
(320, '60', '8', '', '', '0', NULL, NULL),
(321, '60', '9', '', '', '0', NULL, NULL),
(322, '60', '10', '', '', '0', NULL, NULL),
(323, '60', '11', '', '', '0', NULL, NULL),
(324, '60', '12', '', '', '0', NULL, NULL),
(325, '60', '14', '', '', '0', NULL, NULL),
(326, '60', '15', '', '', '0', NULL, NULL),
(327, '60', '16', '', '', '0', NULL, NULL),
(328, '60', '17', '', '', '0', NULL, NULL),
(329, '61', '1', '967 179 890', '', '0', NULL, '2024-04-07 19:47:03'),
(330, '61', '2', '22264401', 'upload/documents/11712536595.jpg', '0', NULL, '2024-04-07 19:47:03'),
(331, '61', '3', 'CGI1608513SEQ01', 'upload/documents/21712536595.jpg', '0', NULL, '2024-04-07 19:47:03'),
(332, '61', '4', '', '', '0', NULL, '2024-04-07 19:47:03'),
(333, '61', '5', '', '', '0', NULL, '2024-04-07 19:47:03'),
(334, '61', '6', '', '', '0', NULL, '2024-04-07 19:47:03'),
(335, '61', '7', '', '', '0', NULL, '2024-04-07 19:47:03'),
(336, '61', '8', '', '', '0', NULL, '2024-04-07 19:47:03'),
(337, '61', '9', '', '', '0', NULL, '2024-04-07 19:47:03'),
(338, '61', '10', '', '', '0', NULL, '2024-04-07 19:47:03'),
(339, '61', '11', '', '', '0', NULL, '2024-04-07 19:47:03'),
(340, '61', '12', '', '', '0', NULL, '2024-04-07 19:47:03'),
(341, '61', '14', '', '', '0', NULL, '2024-04-07 19:47:03'),
(342, '61', '15', '', '', '0', NULL, '2024-04-07 19:47:03'),
(343, '61', '16', '', '', '0', NULL, '2024-04-07 19:47:03'),
(344, '61', '17', '', '', '0', NULL, '2024-04-07 19:47:03'),
(345, '62', '1', '496 672 643', '', '0', NULL, NULL),
(346, '62', '2', '22914526', 'upload/documents/11712541013.jpg', '0', NULL, NULL),
(347, '62', '3', '994642', 'upload/documents/21712541013.jpg', '0', NULL, NULL),
(348, '62', '4', '', '', '0', NULL, NULL),
(349, '62', '5', '', '', '0', NULL, NULL),
(350, '62', '6', '', '', '0', NULL, NULL),
(351, '62', '7', '', '', '0', NULL, NULL),
(352, '62', '8', '', '', '0', NULL, NULL),
(353, '62', '9', '', '', '0', NULL, NULL),
(354, '62', '10', '', '', '0', NULL, NULL),
(355, '62', '11', '', '', '0', NULL, NULL),
(356, '62', '12', '', '', '0', NULL, NULL),
(357, '62', '14', '', '', '0', NULL, NULL),
(358, '62', '15', '', '', '0', NULL, NULL),
(359, '62', '16', '', '', '0', NULL, NULL),
(360, '62', '17', '', '', '0', NULL, NULL),
(361, '63', '1', '345 031 680', '', '0', NULL, NULL),
(362, '63', '2', '18913483', 'upload/documents/11712544548.jpg', '0', NULL, NULL),
(363, '63', '3', 'CGI01327734SEQ1', 'upload/documents/21712544548.jpg', '0', NULL, NULL),
(364, '63', '4', '', '', '0', NULL, NULL),
(365, '63', '5', '', '', '0', NULL, NULL),
(366, '63', '6', '', '', '0', NULL, NULL),
(367, '63', '7', '', '', '0', NULL, NULL),
(368, '63', '8', '', '', '0', NULL, NULL),
(369, '63', '9', '', '', '0', NULL, NULL),
(370, '63', '10', '', '', '0', NULL, NULL),
(371, '63', '11', '', '', '0', NULL, NULL),
(372, '63', '12', '', '', '0', NULL, NULL),
(373, '63', '14', '', '', '0', NULL, NULL),
(374, '63', '15', '', '', '0', NULL, NULL),
(375, '63', '16', '', '', '0', NULL, NULL),
(376, '63', '17', '', '', '0', NULL, NULL),
(377, '63', '18', '', 'upload/documents/161712544548.jpg', '0', NULL, NULL),
(378, '64', '1', '446 872 881', '', '0', NULL, NULL),
(379, '64', '2', '24658157', 'upload/documents/11712546327.jpg', '0', NULL, NULL),
(380, '64', '3', 'CGI1702174SEQ01', 'upload/documents/21712546327.jpg', '0', NULL, NULL),
(381, '64', '4', '', '', '0', NULL, NULL),
(382, '64', '5', '', '', '0', NULL, NULL),
(383, '64', '6', '', '', '0', NULL, NULL),
(384, '64', '7', '', '', '0', NULL, NULL),
(385, '64', '8', '', '', '0', NULL, NULL),
(386, '64', '9', '', '', '0', NULL, NULL),
(387, '64', '10', '', '', '0', NULL, NULL),
(388, '64', '11', '', '', '0', NULL, NULL),
(389, '64', '12', '', '', '0', NULL, NULL),
(390, '64', '14', '', '', '0', NULL, NULL),
(391, '64', '15', '', '', '0', NULL, NULL),
(392, '64', '16', '', '', '0', NULL, NULL),
(393, '64', '17', '', '', '0', NULL, NULL),
(394, '64', '18', '', 'upload/documents/161712546328.jpg', '0', NULL, NULL),
(395, '65', '1', '368 373 515', '', '0', NULL, NULL),
(396, '65', '2', '21673258', 'upload/documents/11712547190.jpg', '0', NULL, NULL),
(397, '65', '3', 'CGI0368271SEQ01', 'upload/documents/21712547190.jpg', '0', NULL, NULL),
(398, '65', '4', '', '', '0', NULL, NULL),
(399, '65', '5', '', '', '0', NULL, NULL),
(400, '65', '6', '', '', '0', NULL, NULL),
(401, '65', '7', '', '', '0', NULL, NULL),
(402, '65', '8', '', '', '0', NULL, NULL),
(403, '65', '9', '', '', '0', NULL, NULL),
(404, '65', '10', '', '', '0', NULL, NULL),
(405, '65', '11', '', '', '0', NULL, NULL),
(406, '65', '12', '', '', '0', NULL, NULL),
(407, '65', '14', '', '', '0', NULL, NULL),
(408, '65', '15', '', '', '0', NULL, NULL),
(409, '65', '16', '', '', '0', NULL, NULL),
(410, '65', '17', '', '', '0', NULL, NULL),
(411, '65', '18', '', '', '0', NULL, NULL),
(412, '8', '4', '', '', '0', NULL, NULL),
(413, '8', '5', '', '', '0', NULL, NULL),
(414, '8', '6', '', '', '0', NULL, NULL),
(415, '8', '7', '', '', '0', NULL, NULL),
(416, '8', '8', '', '', '0', NULL, NULL),
(417, '8', '9', '', '', '0', NULL, NULL),
(418, '8', '10', '', '', '0', NULL, NULL),
(419, '8', '11', '', '', '0', NULL, NULL),
(420, '8', '12', '', '', '0', NULL, NULL),
(421, '8', '14', '', '', '0', NULL, NULL),
(422, '8', '15', '', '', '0', NULL, NULL),
(423, '8', '16', '', '', '0', NULL, NULL),
(424, '8', '17', '', '', '0', NULL, NULL),
(425, '8', '18', '', '', '0', NULL, NULL),
(426, '66', '1', '404 330 217', '', '0', NULL, NULL),
(427, '66', '2', '14929725', 'upload/documents/11712549041.jpg', '0', NULL, NULL),
(428, '66', '3', '2427443', 'upload/documents/21712549041.jpg', '0', NULL, NULL),
(429, '66', '4', '', '', '0', NULL, NULL),
(430, '66', '5', '', '', '0', NULL, NULL),
(431, '66', '6', '', '', '0', NULL, NULL),
(432, '66', '7', '', '', '0', NULL, NULL),
(433, '66', '8', '', '', '0', NULL, NULL),
(434, '66', '9', '', '', '0', NULL, NULL),
(435, '66', '10', '', '', '0', NULL, NULL),
(436, '66', '11', '', '', '0', NULL, NULL),
(437, '66', '12', '', 'upload/documents/111712549041.pdf', '0', NULL, NULL),
(438, '66', '14', '', '', '0', NULL, NULL),
(439, '66', '15', '', '', '0', NULL, NULL),
(440, '66', '16', '', '', '0', NULL, NULL),
(441, '66', '17', '', '', '0', NULL, NULL),
(442, '66', '18', '', '', '0', NULL, NULL),
(443, '67', '1', '123456678', '', '0', NULL, NULL),
(444, '67', '2', '0139250393', 'upload/documents/11712550600.jpg', '0', NULL, NULL),
(445, '67', '3', 'CGI1817528SEQ01', 'upload/documents/21712550600.jpg', '0', NULL, NULL),
(446, '67', '4', '', '', '0', NULL, NULL),
(447, '67', '5', '', '', '0', NULL, NULL),
(448, '67', '6', '', '', '0', NULL, NULL),
(449, '67', '7', '', '', '0', NULL, NULL),
(450, '67', '8', '', '', '0', NULL, NULL),
(451, '67', '9', '', '', '0', NULL, NULL),
(452, '67', '10', '', '', '0', NULL, NULL),
(453, '67', '11', '', '', '0', NULL, NULL),
(454, '67', '12', '', '', '0', NULL, NULL),
(455, '67', '14', '', '', '0', NULL, NULL),
(456, '67', '15', '', '', '0', NULL, NULL),
(457, '67', '16', '', '', '0', NULL, NULL),
(458, '67', '17', '', '', '0', NULL, NULL),
(459, '67', '18', '', '', '0', NULL, NULL),
(460, '68', '1', '123456789', '', '0', NULL, NULL),
(461, '68', '2', '0139250393', 'upload/documents/11712550950.jpg', '0', NULL, NULL),
(462, '68', '3', 'CGI1817528SEQ01', 'upload/documents/21712550950.jpg', '0', NULL, NULL),
(463, '68', '4', '', '', '0', NULL, NULL),
(464, '68', '5', '', '', '0', NULL, NULL),
(465, '68', '6', '', '', '0', NULL, NULL),
(466, '68', '7', '', '', '0', NULL, NULL),
(467, '68', '8', '', '', '0', NULL, NULL),
(468, '68', '9', '', '', '0', NULL, NULL),
(469, '68', '10', '', '', '0', NULL, NULL),
(470, '68', '11', '', '', '0', NULL, NULL),
(471, '68', '12', '', '', '0', NULL, NULL),
(472, '68', '14', '', '', '0', NULL, NULL),
(473, '68', '15', '', '', '0', NULL, NULL),
(474, '68', '16', '', '', '0', NULL, NULL),
(475, '68', '17', '', '', '0', NULL, NULL),
(476, '68', '18', '', '', '0', NULL, NULL),
(477, '69', '1', '220 431 877', '', '0', NULL, NULL),
(478, '69', '2', '22871209', 'upload/documents/11712611390.jpg', '0', NULL, NULL),
(479, '69', '3', '2223862', 'upload/documents/21712611390.jpg', '0', NULL, NULL),
(480, '69', '4', '', '', '0', NULL, NULL),
(481, '69', '5', '', '', '0', NULL, NULL),
(482, '69', '6', '', '', '0', NULL, NULL),
(483, '69', '7', '', '', '0', NULL, NULL),
(484, '69', '8', '', '', '0', NULL, NULL),
(485, '69', '9', '', '', '0', NULL, NULL),
(486, '69', '10', '', '', '0', NULL, NULL),
(487, '69', '11', '', '', '0', NULL, NULL),
(488, '69', '12', '', '', '0', NULL, NULL),
(489, '69', '14', '', '', '0', NULL, NULL),
(490, '69', '15', '', '', '0', NULL, NULL),
(491, '69', '16', '', '', '0', NULL, NULL),
(492, '69', '17', '', '', '0', NULL, NULL),
(493, '69', '18', '', '', '0', NULL, NULL),
(494, '70', '1', '426 934 138', '', '0', NULL, '2024-04-08 17:44:01'),
(495, '70', '2', '21036238', 'upload/documents/11712616221.jpg', '0', NULL, '2024-04-08 17:44:01'),
(496, '70', '3', 'CGI0222708SEQ01', 'upload/documents/21712613985.jpg', '0', NULL, '2024-04-08 17:44:01'),
(497, '70', '4', '', '', '0', NULL, '2024-04-08 17:44:01'),
(498, '70', '5', '', '', '0', NULL, '2024-04-08 17:44:01'),
(499, '70', '6', '', '', '0', NULL, '2024-04-08 17:44:01'),
(500, '70', '7', '', '', '0', NULL, '2024-04-08 17:44:01'),
(501, '70', '8', '', '', '0', NULL, '2024-04-08 17:44:01'),
(502, '70', '9', '', '', '0', NULL, '2024-04-08 17:44:01'),
(503, '70', '10', '', '', '0', NULL, '2024-04-08 17:44:01'),
(504, '70', '11', '', '', '0', NULL, '2024-04-08 17:44:01'),
(505, '70', '12', '', '', '0', NULL, '2024-04-08 17:44:01'),
(506, '70', '14', '', '', '0', NULL, '2024-04-08 17:44:01'),
(507, '70', '15', '', '', '0', NULL, '2024-04-08 17:44:01'),
(508, '70', '16', '', '', '0', NULL, '2024-04-08 17:44:01'),
(509, '70', '17', '', '', '0', NULL, '2024-04-08 17:44:01'),
(510, '70', '18', '', '', '0', NULL, '2024-04-08 17:44:01'),
(511, '71', '1', '368680785', '', '0', NULL, '2024-04-08 17:50:00'),
(512, '71', '2', '21823495', 'upload/documents/11712615383.jpg', '0', NULL, '2024-04-08 17:50:00'),
(513, '71', '3', '1867334', 'upload/documents/21712615383.jpg', '0', NULL, '2024-04-08 17:50:00'),
(514, '71', '4', '', '', '0', NULL, '2024-04-08 17:50:00'),
(515, '71', '5', '', '', '0', NULL, '2024-04-08 17:50:00'),
(516, '71', '6', '', '', '0', NULL, '2024-04-08 17:50:00'),
(517, '71', '7', '', '', '0', NULL, '2024-04-08 17:50:00'),
(518, '71', '8', '', '', '0', NULL, '2024-04-08 17:50:00'),
(519, '71', '9', '', '', '0', NULL, '2024-04-08 17:50:00'),
(520, '71', '10', '', '', '0', NULL, '2024-04-08 17:50:00'),
(521, '71', '11', '', '', '0', NULL, '2024-04-08 17:50:00'),
(522, '71', '12', '', '', '0', NULL, '2024-04-08 17:50:00'),
(523, '71', '14', '', '', '0', NULL, '2024-04-08 17:50:00'),
(524, '71', '15', '', '', '0', NULL, '2024-04-08 17:50:00'),
(525, '71', '16', '', '', '0', NULL, '2024-04-08 17:50:00'),
(526, '71', '17', '', '', '0', NULL, '2024-04-08 17:50:00'),
(527, '71', '18', '', '', '0', NULL, '2024-04-08 17:50:00'),
(528, '72', '1', '359207452', '', '0', NULL, NULL),
(529, '72', '2', '22034500', 'upload/documents/11712616917.jpg', '0', NULL, NULL),
(530, '72', '3', 'CGI0367255SEQ01', 'upload/documents/21712616917.jpg', '0', NULL, NULL),
(531, '72', '4', '', '', '0', NULL, NULL),
(532, '72', '5', '', '', '0', NULL, NULL),
(533, '72', '6', '', '', '0', NULL, NULL),
(534, '72', '7', '', '', '0', NULL, NULL),
(535, '72', '8', '', '', '0', NULL, NULL),
(536, '72', '9', '', '', '0', NULL, NULL),
(537, '72', '10', '', '', '0', NULL, NULL),
(538, '72', '11', '', '', '0', NULL, NULL),
(539, '72', '12', '', '', '0', NULL, NULL),
(540, '72', '14', '', '', '0', NULL, NULL),
(541, '72', '15', '', '', '0', NULL, NULL),
(542, '72', '16', '', '', '0', NULL, NULL),
(543, '72', '17', '', '', '0', NULL, NULL),
(544, '72', '18', '', '', '0', NULL, NULL),
(545, '73', '1', '530256683', '', '0', NULL, NULL),
(546, '73', '2', '0140608050', 'upload/documents/11712618672.jpg', '0', NULL, NULL),
(547, '73', '3', 'CGI1894250SEQ01', 'upload/documents/21712618672.jpg', '0', NULL, NULL),
(548, '73', '4', '', '', '0', NULL, NULL),
(549, '73', '5', '', '', '0', NULL, NULL),
(550, '73', '6', '', '', '0', NULL, NULL),
(551, '73', '7', '', '', '0', NULL, NULL),
(552, '73', '8', '', '', '0', NULL, NULL),
(553, '73', '9', '', '', '0', NULL, NULL),
(554, '73', '10', '', '', '0', NULL, NULL),
(555, '73', '11', '', '', '0', NULL, NULL),
(556, '73', '12', '', '', '0', NULL, NULL),
(557, '73', '14', '', '', '0', NULL, NULL),
(558, '73', '15', '', '', '0', NULL, NULL),
(559, '73', '16', '', '', '0', NULL, NULL),
(560, '73', '17', '', '', '0', NULL, NULL),
(561, '73', '18', '', '', '0', NULL, NULL),
(562, '74', '1', '508035957', '', '0', NULL, NULL),
(563, '74', '2', '23683643', 'upload/documents/11712620295.jpg', '0', NULL, NULL),
(564, '74', '3', 'CGI1550823SEQ03', 'upload/documents/21712620295.jpg', '0', NULL, NULL),
(565, '74', '4', '', '', '0', NULL, NULL),
(566, '74', '5', '', '', '0', NULL, NULL),
(567, '74', '6', '', '', '0', NULL, NULL),
(568, '74', '7', '', '', '0', NULL, NULL),
(569, '74', '8', '', '', '0', NULL, NULL),
(570, '74', '9', '', '', '0', NULL, NULL),
(571, '74', '10', '', '', '0', NULL, NULL),
(572, '74', '11', '', '', '0', NULL, NULL),
(573, '74', '12', '', '', '0', NULL, NULL),
(574, '74', '14', '', '', '0', NULL, NULL),
(575, '74', '15', '', '', '0', NULL, NULL),
(576, '74', '16', '', '', '0', NULL, NULL),
(577, '74', '17', '', '', '0', NULL, NULL),
(578, '74', '18', '', '', '0', NULL, NULL),
(579, '75', '1', '967128011', '', '0', NULL, '2024-04-14 19:44:17'),
(580, '75', '2', '22244482', 'upload/documents/11712621644.jpg', '0', NULL, '2024-04-14 19:44:17'),
(581, '75', '3', 'CGI1478028SEQ01', 'upload/documents/21712621644.jpg', '0', NULL, '2024-04-14 19:44:17'),
(582, '75', '4', '', '', '0', NULL, '2024-04-14 19:44:17'),
(583, '75', '5', '', '', '0', NULL, '2024-04-14 19:44:17'),
(584, '75', '6', '', '', '0', NULL, '2024-04-14 19:44:17'),
(585, '75', '7', '', '', '0', NULL, '2024-04-14 19:44:17'),
(586, '75', '8', '', '', '0', NULL, '2024-04-14 19:44:17'),
(587, '75', '9', '', '', '0', NULL, '2024-04-14 19:44:17'),
(588, '75', '10', '', '', '0', NULL, '2024-04-14 19:44:17'),
(589, '75', '11', '', '', '0', NULL, '2024-04-14 19:44:17'),
(590, '75', '12', '', '', '0', NULL, '2024-04-14 19:44:17'),
(591, '75', '14', '', '', '0', NULL, '2024-04-14 19:44:17'),
(592, '75', '15', '', '', '0', NULL, '2024-04-14 19:44:17'),
(593, '75', '16', '', '', '0', NULL, '2024-04-14 19:44:17'),
(594, '75', '17', '', '', '0', NULL, '2024-04-14 19:44:17'),
(595, '75', '18', '', '', '0', NULL, '2024-04-14 19:44:17'),
(596, '76', '1', '664373821', '', '0', NULL, NULL),
(597, '76', '2', '0140822929', 'upload/documents/11712622832.jpg', '0', NULL, NULL),
(598, '76', '3', 'CGI1913768SEQ01', 'upload/documents/21712622832.jpg', '0', NULL, NULL),
(599, '76', '4', '', '', '0', NULL, NULL),
(600, '76', '5', '', '', '0', NULL, NULL),
(601, '76', '6', '', '', '0', NULL, NULL),
(602, '76', '7', '', '', '0', NULL, NULL),
(603, '76', '8', '', '', '0', NULL, NULL),
(604, '76', '9', '', '', '0', NULL, NULL),
(605, '76', '10', '', '', '0', NULL, NULL),
(606, '76', '11', '', '', '0', NULL, NULL),
(607, '76', '12', '', '', '0', NULL, NULL),
(608, '76', '14', '', '', '0', NULL, NULL),
(609, '76', '15', '', '', '0', NULL, NULL),
(610, '76', '16', '', '', '0', NULL, NULL),
(611, '76', '17', '', '', '0', NULL, NULL),
(612, '76', '18', '', '', '0', NULL, NULL),
(613, '77', '1', '878 652 524', '', '0', NULL, NULL),
(614, '77', '2', '14917212', 'upload/documents/11712623286.jpg', '0', NULL, NULL),
(615, '77', '3', 'CGI694523SEQ02', 'upload/documents/21712623286.jpg', '0', NULL, NULL),
(616, '77', '4', '', '', '0', NULL, NULL),
(617, '77', '5', '', '', '0', NULL, NULL),
(618, '77', '6', '', '', '0', NULL, NULL),
(619, '77', '7', '', '', '0', NULL, NULL),
(620, '77', '8', '', '', '0', NULL, NULL),
(621, '77', '9', '', '', '0', NULL, NULL),
(622, '77', '10', '', '', '0', NULL, NULL),
(623, '77', '11', '', '', '0', NULL, NULL),
(624, '77', '12', '', '', '0', NULL, NULL),
(625, '77', '14', '', '', '0', NULL, NULL),
(626, '77', '15', '', '', '0', NULL, NULL),
(627, '77', '16', '', '', '0', NULL, NULL),
(628, '77', '17', '', '', '0', NULL, NULL),
(629, '77', '18', '', '', '0', NULL, NULL),
(630, '78', '1', '376901515', '', '0', NULL, NULL),
(631, '78', '2', '2086580', 'upload/documents/11712624623.jpg', '0', NULL, NULL),
(632, '78', '3', 'CGI0221775SEQ01', 'upload/documents/21712624623.jpg', '0', NULL, NULL),
(633, '78', '4', '', '', '0', NULL, NULL),
(634, '78', '5', '', '', '0', NULL, NULL),
(635, '78', '6', '', '', '0', NULL, NULL),
(636, '78', '7', '', '', '0', NULL, NULL),
(637, '78', '8', '', '', '0', NULL, NULL),
(638, '78', '9', '', '', '0', NULL, NULL),
(639, '78', '10', '', '', '0', NULL, NULL),
(640, '78', '11', '', '', '0', NULL, NULL),
(641, '78', '12', '', '', '0', NULL, NULL),
(642, '78', '14', '', '', '0', NULL, NULL),
(643, '78', '15', '', '', '0', NULL, NULL),
(644, '78', '16', '', '', '0', NULL, NULL),
(645, '78', '17', '', '', '0', NULL, NULL),
(646, '78', '18', '', '', '0', NULL, NULL),
(647, '79', '1', '966604449', '', '0', NULL, '2024-04-08 22:00:10'),
(648, '79', '2', '22062105', 'upload/documents/11712625587.jpg', '0', NULL, '2024-04-08 22:00:10'),
(649, '79', '3', 'CGI0388695SEQ02', 'upload/documents/21712625587.jpg', '0', NULL, '2024-04-08 22:00:10'),
(650, '79', '4', '', '', '0', NULL, '2024-04-08 22:00:10'),
(651, '79', '5', '', '', '0', NULL, '2024-04-08 22:00:10'),
(652, '79', '6', '', '', '0', NULL, '2024-04-08 22:00:10'),
(653, '79', '7', '', '', '0', NULL, '2024-04-08 22:00:10'),
(654, '79', '8', '', '', '0', NULL, '2024-04-08 22:00:10'),
(655, '79', '9', '', '', '0', NULL, '2024-04-08 22:00:10'),
(656, '79', '10', '', '', '0', NULL, '2024-04-08 22:00:10'),
(657, '79', '11', '', '', '0', NULL, '2024-04-08 22:00:10'),
(658, '79', '12', '', '', '0', NULL, '2024-04-08 22:00:10'),
(659, '79', '14', '', '', '0', NULL, '2024-04-08 22:00:10'),
(660, '79', '15', '', '', '0', NULL, '2024-04-08 22:00:10'),
(661, '79', '16', '', '', '0', NULL, '2024-04-08 22:00:10'),
(662, '79', '17', '', '', '0', NULL, '2024-04-08 22:00:10'),
(663, '79', '18', '', '', '0', NULL, '2024-04-08 22:00:10'),
(664, '80', '1', '424 989 813', '', '0', NULL, NULL),
(665, '80', '2', '2056129245', 'upload/documents/11712628873.jpg', '0', NULL, NULL),
(666, '80', '3', 'cgi0280294seq01', 'upload/documents/21712628873.jpg', '0', NULL, NULL),
(667, '80', '4', '', '', '0', NULL, NULL),
(668, '80', '5', '', '', '0', NULL, NULL),
(669, '80', '6', '', '', '0', NULL, NULL),
(670, '80', '7', '', 'upload/documents/61712628873.jpg', '0', NULL, NULL),
(671, '80', '8', '', '', '0', NULL, NULL),
(672, '80', '9', '', '', '0', NULL, NULL),
(673, '80', '10', '', '', '0', NULL, NULL),
(674, '80', '11', '', '', '0', NULL, NULL),
(675, '80', '12', '', 'upload/documents/111712628873.jpg', '0', NULL, NULL),
(676, '80', '14', '', '', '0', NULL, NULL),
(677, '80', '15', '', '', '0', NULL, NULL),
(678, '80', '16', '', '', '0', NULL, NULL),
(679, '80', '17', '', '', '0', NULL, NULL),
(680, '80', '18', '', '', '0', NULL, NULL),
(681, '81', '1', '966585115', '', '0', NULL, '2024-04-08 21:59:04'),
(682, '81', '2', '21339355', 'upload/documents/11712630918.jpg', '0', NULL, '2024-04-08 21:59:04'),
(683, '81', '3', 'CGO0279370SEQ01', 'upload/documents/21712630918.jpg', '0', NULL, '2024-04-08 21:59:04'),
(684, '81', '4', '', '', '0', NULL, '2024-04-08 21:59:04'),
(685, '81', '5', '', '', '0', NULL, '2024-04-08 21:59:04'),
(686, '81', '6', '', '', '0', NULL, '2024-04-08 21:59:04'),
(687, '81', '7', '', '', '0', NULL, '2024-04-08 21:59:04'),
(688, '81', '8', '', '', '0', NULL, '2024-04-08 21:59:04'),
(689, '81', '9', '', '', '0', NULL, '2024-04-08 21:59:04'),
(690, '81', '10', '', '', '0', NULL, '2024-04-08 21:59:04'),
(691, '81', '11', '', '', '0', NULL, '2024-04-08 21:59:04'),
(692, '81', '12', '', '', '0', NULL, '2024-04-08 21:59:04'),
(693, '81', '14', '', '', '0', NULL, '2024-04-08 21:59:04'),
(694, '81', '15', '', '', '0', NULL, '2024-04-08 21:59:04'),
(695, '81', '16', '', '', '0', NULL, '2024-04-08 21:59:04'),
(696, '81', '17', '', '', '0', NULL, '2024-04-08 21:59:04'),
(697, '81', '18', '', '', '0', NULL, '2024-04-08 21:59:04'),
(698, '82', '1', '854 635 691', '', '0', NULL, NULL),
(699, '82', '2', '15553583', 'upload/documents/11712633010.jpg', '0', NULL, NULL),
(700, '82', '3', 'CGI01166178SEQ1', 'upload/documents/21712633010.jpg', '0', NULL, NULL),
(701, '82', '4', '', '', '0', NULL, NULL),
(702, '82', '5', '', '', '0', NULL, NULL),
(703, '82', '6', 'HRW828157', 'upload/documents/51712633010.jpg', '0', NULL, NULL),
(704, '82', '7', '', '', '0', NULL, NULL),
(705, '82', '8', '', '', '0', NULL, NULL),
(706, '82', '9', '', '', '0', NULL, NULL),
(707, '82', '10', '', '', '0', NULL, NULL),
(708, '82', '11', '', '', '0', NULL, NULL),
(709, '82', '12', '', 'upload/documents/111712633010.jpg', '0', NULL, NULL),
(710, '82', '14', '', '', '0', NULL, NULL),
(711, '82', '15', '', '', '0', NULL, NULL),
(712, '82', '16', '', '', '0', NULL, NULL),
(713, '82', '17', '', '', '0', NULL, NULL),
(714, '82', '18', '', '', '0', NULL, NULL),
(715, '83', '1', '557 596 478', '', '0', NULL, NULL),
(716, '83', '2', '23486599', 'upload/documents/11712633735.jpg', '0', NULL, NULL),
(717, '83', '3', 'CGI1587868SEQ01', 'upload/documents/21712633735.jpg', '0', NULL, NULL),
(718, '83', '4', '', '', '0', NULL, NULL),
(719, '83', '5', '', '', '0', NULL, NULL),
(720, '83', '6', '', '', '0', NULL, NULL),
(721, '83', '7', '', '', '0', NULL, NULL),
(722, '83', '8', '', '', '0', NULL, NULL),
(723, '83', '9', '', '', '0', NULL, NULL),
(724, '83', '10', '', '', '0', NULL, NULL),
(725, '83', '11', '', '', '0', NULL, NULL),
(726, '83', '12', '', 'upload/documents/111712633735.jpg', '0', NULL, NULL),
(727, '83', '14', '', '', '0', NULL, NULL),
(728, '83', '15', '', '', '0', NULL, NULL),
(729, '83', '16', '', '', '0', NULL, NULL),
(730, '83', '17', '', '', '0', NULL, NULL),
(731, '83', '18', '', '', '0', NULL, NULL),
(732, '84', '1', '584607997', '', '0', NULL, '2024-04-08 23:17:58'),
(733, '84', '2', '24748455', 'upload/documents/11712636231.jpg', '0', NULL, '2024-04-08 23:17:58'),
(734, '84', '3', 'CGI1849199SEQ01', 'upload/documents/21712636231.jpg', '0', NULL, '2024-04-08 23:17:58'),
(735, '84', '4', '', '', '0', NULL, '2024-04-08 23:17:58'),
(736, '84', '5', '', '', '0', NULL, '2024-04-08 23:17:58'),
(737, '84', '6', '', '', '0', NULL, '2024-04-08 23:17:58'),
(738, '84', '7', '', '', '0', NULL, '2024-04-08 23:17:58'),
(739, '84', '8', '', '', '0', NULL, '2024-04-08 23:17:58'),
(740, '84', '9', '', '', '0', NULL, '2024-04-08 23:17:58'),
(741, '84', '10', '', '', '0', NULL, '2024-04-08 23:17:58'),
(742, '84', '11', '', '', '0', NULL, '2024-04-08 23:17:58'),
(743, '84', '12', '', '', '0', NULL, '2024-04-08 23:17:58'),
(744, '84', '14', '', '', '0', NULL, '2024-04-08 23:17:58'),
(745, '84', '15', '', '', '0', NULL, '2024-04-08 23:17:58'),
(746, '84', '16', '', '', '0', NULL, '2024-04-08 23:17:58'),
(747, '84', '17', '', '', '0', NULL, '2024-04-08 23:17:58'),
(748, '84', '18', '', '', '0', NULL, '2024-04-08 23:17:58'),
(749, '85', '1', '962169762', '', '0', NULL, NULL),
(750, '85', '2', '23235362', 'upload/documents/11712870862.jpg', '0', NULL, NULL),
(751, '85', '3', 'CGI1504631SEQ01', 'upload/documents/21712870862.jpg', '0', NULL, NULL),
(752, '85', '4', '', '', '0', NULL, NULL),
(753, '85', '5', '', '', '0', NULL, NULL),
(754, '85', '6', '', '', '0', NULL, NULL),
(755, '85', '7', '', '', '0', NULL, NULL),
(756, '85', '8', '', '', '0', NULL, NULL),
(757, '85', '9', '', '', '0', NULL, NULL),
(758, '85', '10', '', '', '0', NULL, NULL),
(759, '85', '11', '', '', '0', NULL, NULL),
(760, '85', '12', '', '', '0', NULL, NULL),
(761, '85', '14', '', '', '0', NULL, NULL),
(762, '85', '15', '', '', '0', NULL, NULL),
(763, '85', '16', '', '', '0', NULL, NULL),
(764, '85', '17', '', '', '0', NULL, NULL),
(765, '85', '18', '', '', '0', NULL, NULL),
(766, '86', '1', '347738298', '', '0', NULL, NULL),
(767, '86', '2', '23250170', 'upload/documents/11712872622.jpg', '0', NULL, NULL),
(768, '86', '3', '1054048', 'upload/documents/21712872622.jpg', '0', NULL, NULL),
(769, '86', '4', '', '', '0', NULL, NULL),
(770, '86', '5', '', '', '0', NULL, NULL),
(771, '86', '6', '', '', '0', NULL, NULL),
(772, '86', '7', '', '', '0', NULL, NULL),
(773, '86', '8', '', '', '0', NULL, NULL),
(774, '86', '9', '', '', '0', NULL, NULL),
(775, '86', '10', '', '', '0', NULL, NULL),
(776, '86', '11', '', '', '0', NULL, NULL),
(777, '86', '12', '', '', '0', NULL, NULL),
(778, '86', '14', '', '', '0', NULL, NULL),
(779, '86', '15', '', '', '0', NULL, NULL),
(780, '86', '16', '', '', '0', NULL, NULL),
(781, '86', '17', '', '', '0', NULL, NULL),
(782, '86', '18', '', '', '0', NULL, NULL),
(783, '87', '1', '508870732', '', '0', NULL, '2024-04-14 19:39:28'),
(784, '87', '2', '22538195', 'upload/documents/11713137423.jpg', '0', NULL, '2024-04-14 19:39:28'),
(785, '87', '3', 'CGI1504283EQ02', 'upload/documents/21713137423.jpg', '0', NULL, '2024-04-14 19:39:28'),
(786, '87', '4', '', '', '0', NULL, '2024-04-14 19:39:28'),
(787, '87', '5', '', '', '0', NULL, '2024-04-14 19:39:28'),
(788, '87', '6', '', '', '0', NULL, '2024-04-14 19:39:28'),
(789, '87', '7', '', '', '0', NULL, '2024-04-14 19:39:28'),
(790, '87', '8', '', '', '0', NULL, '2024-04-14 19:39:28'),
(791, '87', '9', '', '', '0', NULL, '2024-04-14 19:39:28'),
(792, '87', '10', '', '', '0', NULL, '2024-04-14 19:39:28'),
(793, '87', '11', '', '', '0', NULL, '2024-04-14 19:39:28'),
(794, '87', '12', '', '', '0', NULL, '2024-04-14 19:39:28'),
(795, '87', '14', '', '', '0', NULL, '2024-04-14 19:39:28'),
(796, '87', '15', '', '', '0', NULL, '2024-04-14 19:39:28'),
(797, '87', '16', '', '', '0', NULL, '2024-04-14 19:39:28'),
(798, '87', '17', '', '', '0', NULL, '2024-04-14 19:39:28'),
(799, '87', '18', '', '', '0', NULL, '2024-04-14 19:39:28'),
(800, '88', '1', '957667309', '', '0', NULL, '2024-04-14 17:17:33'),
(801, '88', '2', '23234764', 'upload/documents/11712874536.jpg', '0', NULL, '2024-04-14 17:17:33'),
(802, '88', '3', 'CGI1504071SEQ02', 'upload/documents/21712874536.jpg', '0', NULL, '2024-04-14 17:17:33'),
(803, '88', '4', '', '', '0', NULL, '2024-04-14 17:17:33'),
(804, '88', '5', '', '', '0', NULL, '2024-04-14 17:17:33'),
(805, '88', '6', '', '', '0', NULL, '2024-04-14 17:17:33'),
(806, '88', '7', '', '', '0', NULL, '2024-04-14 17:17:33'),
(807, '88', '8', '', '', '0', NULL, '2024-04-14 17:17:33'),
(808, '88', '9', '', '', '0', NULL, '2024-04-14 17:17:33'),
(809, '88', '10', '', '', '0', NULL, '2024-04-14 17:17:33'),
(810, '88', '11', '', '', '0', NULL, '2024-04-14 17:17:33'),
(811, '88', '12', '', '', '0', NULL, '2024-04-14 17:17:33'),
(812, '88', '14', '', '', '0', NULL, '2024-04-14 17:17:33'),
(813, '88', '15', '', '', '0', NULL, '2024-04-14 17:17:33'),
(814, '88', '16', '', '', '0', NULL, '2024-04-14 17:17:33'),
(815, '88', '17', '', '', '0', NULL, '2024-04-14 17:17:33'),
(816, '88', '18', '', '', '0', NULL, '2024-04-14 17:17:33'),
(817, '89', '1', '972 426 749', '', '0', NULL, NULL),
(818, '89', '2', '21901997', 'upload/documents/11713130071.jpg', '0', NULL, NULL),
(819, '89', '3', 'CGI0312251SEQ01', 'upload/documents/21713130071.jpg', '0', NULL, NULL),
(820, '89', '4', '', '', '0', NULL, NULL),
(821, '89', '5', '', '', '0', NULL, NULL),
(822, '89', '6', '', '', '0', NULL, NULL),
(823, '89', '7', '', '', '0', NULL, NULL),
(824, '89', '8', '', '', '0', NULL, NULL),
(825, '89', '9', '', '', '0', NULL, NULL),
(826, '89', '10', '', '', '0', NULL, NULL),
(827, '89', '11', '', '', '0', NULL, NULL),
(828, '89', '12', '', '', '0', NULL, NULL),
(829, '89', '14', '', '', '0', NULL, NULL),
(830, '89', '15', '', '', '0', NULL, NULL),
(831, '89', '16', '', '', '0', NULL, NULL),
(832, '89', '17', '', '', '0', NULL, NULL),
(833, '89', '18', '', '', '0', NULL, NULL);

-- --------------------------------------------------------

--
-- Table structure for table `emp_emergency_contacts`
--

CREATE TABLE `emp_emergency_contacts` (
  `id` bigint(20) UNSIGNED NOT NULL,
  `emp_id` varchar(255) COLLATE utf8mb4_unicode_ci NOT NULL,
  `name` varchar(255) COLLATE utf8mb4_unicode_ci NOT NULL,
  `relation` varchar(255) COLLATE utf8mb4_unicode_ci NOT NULL,
  `phone` varchar(255) COLLATE utf8mb4_unicode_ci NOT NULL,
  `address` varchar(255) COLLATE utf8mb4_unicode_ci DEFAULT NULL,
  `email` varchar(255) COLLATE utf8mb4_unicode_ci DEFAULT NULL,
  `created_by` varchar(255) COLLATE utf8mb4_unicode_ci NOT NULL,
  `del` varchar(255) COLLATE utf8mb4_unicode_ci NOT NULL DEFAULT '0',
  `created_at` timestamp NULL DEFAULT NULL,
  `updated_at` timestamp NULL DEFAULT NULL
) ENGINE=InnoDB DEFAULT CHARSET=utf8mb4 COLLATE=utf8mb4_unicode_ci;

--
-- Dumping data for table `emp_emergency_contacts`
--

INSERT INTO `emp_emergency_contacts` (`id`, `emp_id`, `name`, `relation`, `phone`, `address`, `email`, `created_by`, `del`, `created_at`, `updated_at`) VALUES
(9, '1', 'Jack', 'Brother', '+61412345693', 'Rookwood Rd, Sydney New South Wales', 'jack@gmali.com', '1', '0', NULL, NULL),
(10, '2', 'Umait', 'Mother', '258', 'Tfcf', 'umairazam1212@gmail.com', '2', '0', NULL, NULL),
(11, '2', 'Uhf', 'Mother', '8085', 'Gccv', 'umairazam1212@gmail.com', '2', '0', NULL, '2024-02-21 02:58:32'),
(12, '3', 'tester qa', 'Brother', '12345', 'sydney', 'testffga@sharklasers.com', '1', '0', NULL, NULL),
(13, '4', 'abdul rehman', 'Son', '03056546435', 'ryk', 'ali@gmail.com', '1', '0', NULL, NULL),
(14, '5', 'tester qa', 'Brother', '12345', 'sydney', 'testffga@sharklasers.com', '1', '0', NULL, '2024-02-21 04:16:51'),
(15, '7', 'Ahmad', 'Brother', '0000000000', '44 ydfu vuv', 'ahmad@gmail.com', '7', '0', NULL, '2024-02-22 22:50:58'),
(16, '6', 'Umair azam', 'Brother', '5424548454', 'Hsusnsshsusj', 'shskajj@gmail.com', '6', '0', NULL, NULL),
(17, '8', 'mahmoud', 'Other', '0404995880', 'Brunker Road', 'mahmoud@ictechnology.com.au', '1', '0', NULL, NULL),
(18, '9', 'mahmoud', 'Other', '0404995880', 'Brunker Road', 'mahmoud@ictechnology.com.au', '1', '0', NULL, NULL),
(19, '10', 'mahmoud', 'Father', '0404995880', 'Brunker Road', 'mahmoud@ictechnology.com.au', '1', '0', NULL, NULL),
(20, '12', 'Walid hijazi', 'Father', '0403811040', 'test@hotmail.com', 'test@hotmail.com', '1', '0', NULL, '2024-02-28 19:00:35'),
(21, '11', 'Sam bacha', 'Spouse', '0402858552', '29 Kenny street wollongong', 'helbacha@fastform.net', '1', '0', NULL, NULL),
(22, '13', 'Mahmoud', 'Brother', '23423423', 'ICTechnology', 'mahmoud@ictechnology.com.au', '1', '0', NULL, NULL),
(23, '16', 'Ali', 'Brother', '0000000000', '44uvuuvuv', 'ali@gmail.com', '16', '0', NULL, NULL),
(24, '20', 'Dev', 'Other', '23423423', 'NSW', 'devops@ictechnology.com.au', '1', '0', NULL, NULL),
(25, '21', 'Yonnas B', 'Mother', '0411000000', '123 steve street liverpool', 'abc@gmail.com', '1', '0', NULL, NULL),
(26, '22', 'test', 'Mother', '0000000000', '123 test road liverpool', 'test@gmail.com', '1', '0', NULL, NULL),
(27, '23', 'test', 'Mother', '0000000000', '123 test road liverpool', 'test@gmail.com', '1', '0', NULL, NULL),
(28, '24', 'Eisa Ganawi', 'Other', '0401069140', 'test@hotmail.com', 'test@hotmail.com', '1', '0', NULL, NULL),
(29, '25', 'Parvez', 'Other', '0470 253 441', '123 test road liverpool', 'test@gmail.com', '1', '0', NULL, NULL),
(30, '26', 'Khodar', 'Other', '0416565707', '123 test road liverpool', 'khodar65@gmail.com', '1', '0', NULL, NULL),
(31, '28', 'Nada', 'Mother', '0420708546', '123 test road liverpool', 'test@gmail.com', '1', '0', NULL, NULL),
(32, '27', 'Rami Houmeissi', 'Son', '0475757576', 'test@hotmail.com', 'test@hotmail.com', '1', '0', NULL, NULL),
(33, '29', 'Souhail', 'Other', '0416479797', '123 test road liverpool', 'test@gmail.com', '1', '0', NULL, NULL),
(34, '30', 'Adel', 'Other', '0432880913', '123 test road liverpool', 'test@gmail.com', '1', '0', NULL, NULL),
(35, '31', 'Rami Houmeissi', 'Son', '0475757576', 'test@hotmail.com', 'test@hotmail.com', '1', '0', NULL, NULL),
(36, '32', 'Angyer kon', 'Other', '0432820040', '123 test road liverpool', 'test@gmail.com', '1', '0', NULL, NULL),
(37, '33', 'Younas', 'Other', '0431624992', '123 test road liverpool', 'test@gmail.com', '1', '0', NULL, NULL),
(38, '34', 'tONG', 'Other', '0422869404', 'test@hotmail.com', 'test@hotmail.com', '1', '0', NULL, NULL),
(39, '36', 'Isam', 'Brother', '0400005686', '5 Mckell Avenue Casula NSW 2170', 'test@gmail.com', '1', '0', NULL, NULL),
(40, '39', 'Ujjff', 'Mother', '5885', 'Ccc', 'bbb@gmail.com', '39', '0', NULL, NULL),
(41, '40', 'TRURT', 'Son', '45645645645', NULL, NULL, '1', '0', NULL, NULL),
(42, '41', 'Mahmoud Massri', 'Father', '+61291356640', 'Brunker Rd, Chullora New South Wales 2190', 'mahmoud@ictechnology.com.au', '1', '0', NULL, NULL),
(43, '42', 'Deng', 'Other', '0432489532', NULL, NULL, '1', '0', NULL, NULL),
(44, '43', 'Khodar Walid HiJAZI', 'Other', '0416565707', NULL, NULL, '1', '0', NULL, NULL),
(45, '44', 'Khodar Walid HiJAZI', 'Other', '0416565707', NULL, NULL, '1', '0', NULL, '2024-03-24 19:21:59'),
(46, '45', 'Hayssam ElSayed', 'Sister', '0426199726', '133 Penshurst St, Penshurst New South Wales 2222', NULL, '1', '0', NULL, NULL),
(47, '46', 'umair', 'Partner', '64646', 'hahwh', 'umairazam1212@gmail.com', '46', '0', NULL, '2024-03-25 00:54:35'),
(48, '35', 'Khodar Walid HiJAZI', 'Sister', '0416565707', '12 James Av, Lurnea New South Wales 2170', NULL, '1', '0', NULL, NULL),
(49, '47', 'Tarek Massri', 'Friend', '0409094298', NULL, NULL, '1', '0', NULL, NULL),
(50, '48', 'melissa nemra', 'Mother', '0433411636', NULL, NULL, '1', '0', NULL, NULL),
(51, '49', 'eman bakr', 'Spouse', '0401010401', NULL, NULL, '1', '0', NULL, NULL),
(52, '50', 'eman bakr', 'Spouse', '0401010401', NULL, NULL, '1', '0', NULL, NULL),
(53, '51', 'fay gabriel', 'Mother', '96470549', NULL, NULL, '1', '0', NULL, NULL),
(54, '52', 'Melissa Nemra', 'Mother', '0433411636', NULL, NULL, '1', '0', NULL, NULL),
(55, '53', 'elizabeth kataieh', 'Mother', '0425309643', NULL, NULL, '1', '0', NULL, NULL),
(56, '54', 'Givara Housayri', 'Son', '0450976605', NULL, NULL, '1', '0', NULL, NULL),
(57, '55', 'Amani', 'Spouse', '0434398022', NULL, NULL, '1', '0', NULL, NULL),
(58, '56', 'Ghada Massri', 'Spouse', '0410706702', NULL, NULL, '1', '0', NULL, NULL),
(59, '57', 'Ahmed Derbas', 'Father', '0451183855', NULL, NULL, '1', '0', NULL, NULL),
(60, '58', 'Melissa Nemra', 'Mother', '0433411636', NULL, NULL, '1', '0', NULL, NULL),
(61, '59', 'Malek ELLABABIDI', 'Son', '0451696062', NULL, NULL, '1', '0', NULL, NULL),
(62, '60', 'Nicole Herber', 'Spouse', '0432266774', NULL, NULL, '1', '0', NULL, NULL),
(63, '61', 'Moneir Adris', 'Friend', '0499921559', NULL, NULL, '1', '0', NULL, NULL),
(64, '62', 'Amani  ISSA', 'Spouse', '0416470606', NULL, NULL, '1', '0', NULL, NULL),
(65, '63', 'Yousif Dalla', 'Son', '0487842754', NULL, NULL, '1', '0', NULL, NULL),
(66, '64', 'Ahmed Derbas', 'Father', '0451183855', NULL, NULL, '1', '0', NULL, NULL),
(67, '65', 'Mohamed Danawi', 'Friend', '0487991131', NULL, NULL, '1', '0', NULL, NULL),
(68, '66', 'Cindy Phan', 'Spouse', '0431123083', NULL, NULL, '1', '0', NULL, NULL),
(69, '67', 'Omar Osman', 'Brother', '0426298983', NULL, NULL, '1', '0', NULL, NULL),
(70, '68', 'Omar Osman', 'Brother', '0426298983', NULL, NULL, '1', '0', NULL, NULL),
(71, '69', 'Mona', 'Spouse', '0421172110', NULL, NULL, '1', '0', NULL, NULL),
(72, '70', 'Abir', 'Spouse', '0433903003', NULL, NULL, '1', '0', NULL, NULL),
(73, '71', 'Khodar', 'Brother', '0405555177', NULL, NULL, '1', '0', NULL, NULL),
(74, '72', 'Hayat', 'Spouse', '0410904989', NULL, NULL, '1', '0', NULL, NULL),
(75, '73', 'hany', 'Friend', '0466052574', NULL, NULL, '1', '0', NULL, NULL),
(76, '74', 'Zaynab', 'Spouse', '0460534938', NULL, NULL, '1', '0', NULL, NULL),
(77, '75', 'Adam', 'Friend', '0470622371', NULL, NULL, '1', '0', NULL, NULL),
(78, '76', 'Ahmad', 'Friend', '0499500047', NULL, NULL, '1', '0', NULL, NULL),
(79, '77', 'Mona', 'Sister', '0425854341', NULL, NULL, '1', '0', NULL, NULL),
(80, '78', 'Muhammad', 'Other', '0422447950', NULL, NULL, '1', '0', NULL, NULL),
(81, '79', 'Rania', 'Spouse', '0433177979', NULL, NULL, '1', '0', NULL, NULL),
(82, '80', 'sibel', 'Partner', '0435844512', NULL, NULL, '1', '0', NULL, NULL),
(83, '81', 'Mehdi', 'Friend', '0406661023', NULL, NULL, '1', '0', NULL, NULL),
(84, '82', 'Tarek Massri', 'Uncle', '0409094298', NULL, NULL, '1', '0', NULL, NULL),
(85, '83', 'zena kattar', 'Spouse', '0449041674', NULL, NULL, '1', '0', NULL, NULL),
(86, '84', 'Nusayba', 'Spouse', '0423261240', NULL, NULL, '1', '0', NULL, NULL),
(87, '85', 'issa', 'Friend', '0401069140', NULL, NULL, '1', '0', NULL, NULL),
(88, '86', 'sayed', 'Friend', '0483830437', NULL, NULL, '1', '0', NULL, NULL),
(89, '87', 'Bereha', 'Mother', '0421136736', NULL, NULL, '1', '0', NULL, NULL),
(90, '88', 'RAMZEY', 'Friend', '0402470604', NULL, NULL, '1', '0', NULL, NULL),
(91, '89', 'Shoiddd Atai', 'Friend', '0426732082', NULL, NULL, '1', '0', NULL, NULL);

-- --------------------------------------------------------

--
-- Table structure for table `emp_permits`
--

CREATE TABLE `emp_permits` (
  `id` bigint(20) UNSIGNED NOT NULL,
  `title` varchar(255) COLLATE utf8mb4_unicode_ci NOT NULL,
  `created_by` varchar(255) COLLATE utf8mb4_unicode_ci NOT NULL,
  `del` varchar(255) COLLATE utf8mb4_unicode_ci NOT NULL DEFAULT '0',
  `created_at` timestamp NULL DEFAULT NULL,
  `updated_at` timestamp NULL DEFAULT NULL
) ENGINE=InnoDB DEFAULT CHARSET=utf8mb4 COLLATE=utf8mb4_unicode_ci;

--
-- Dumping data for table `emp_permits`
--

INSERT INTO `emp_permits` (`id`, `title`, `created_by`, `del`, `created_at`, `updated_at`) VALUES
(1, 'Citizen', '1', '0', '2023-11-07 12:43:01', '2023-11-07 12:43:01'),
(2, 'Student     saad ( upload  visa  file or photo  )', '1', '0', NULL, '2024-04-02 21:14:57'),
(3, 'Permanent', '1', '0', NULL, NULL),
(4, 'Visa  saad ( upload  visa  file or photo  )', '1', '0', NULL, '2024-04-02 21:14:39');

-- --------------------------------------------------------

--
-- Table structure for table `emp_personal_details`
--

CREATE TABLE `emp_personal_details` (
  `id` bigint(20) UNSIGNED NOT NULL,
  `emp_id` varchar(255) COLLATE utf8mb4_unicode_ci NOT NULL,
  `first_name` varchar(255) COLLATE utf8mb4_unicode_ci NOT NULL,
  `middle_name` varchar(255) COLLATE utf8mb4_unicode_ci DEFAULT NULL,
  `last_name` varchar(255) COLLATE utf8mb4_unicode_ci DEFAULT NULL,
  `mobile` varchar(255) COLLATE utf8mb4_unicode_ci NOT NULL,
  `streat_address` varchar(255) COLLATE utf8mb4_unicode_ci NOT NULL,
  `suburb` varchar(255) COLLATE utf8mb4_unicode_ci NOT NULL,
  `state` varchar(255) COLLATE utf8mb4_unicode_ci NOT NULL,
  `postcode` varchar(255) COLLATE utf8mb4_unicode_ci NOT NULL,
  `image` varchar(255) COLLATE utf8mb4_unicode_ci NOT NULL DEFAULT 'upload/images/default.png',
  `date_of_birth` varchar(255) COLLATE utf8mb4_unicode_ci NOT NULL,
  `blood_group` varchar(255) COLLATE utf8mb4_unicode_ci DEFAULT NULL,
  `created_by` varchar(255) COLLATE utf8mb4_unicode_ci NOT NULL,
  `del` varchar(255) COLLATE utf8mb4_unicode_ci NOT NULL DEFAULT '0',
  `created_at` timestamp NULL DEFAULT NULL,
  `updated_at` timestamp NULL DEFAULT NULL
) ENGINE=InnoDB DEFAULT CHARSET=utf8mb4 COLLATE=utf8mb4_unicode_ci;

--
-- Dumping data for table `emp_personal_details`
--

INSERT INTO `emp_personal_details` (`id`, `emp_id`, `first_name`, `middle_name`, `last_name`, `mobile`, `streat_address`, `suburb`, `state`, `postcode`, `image`, `date_of_birth`, `blood_group`, `created_by`, `del`, `created_at`, `updated_at`) VALUES
(1, '1', 'Main', NULL, 'Admin', '+61412345678', '54 Main Street Suburbville', 'Sydney', 'NSW', '2000', 'upload/images/default.png', '1998-11-30', 'A+', '1', '0', '2023-11-30 14:48:49', '2024-02-28 23:21:54'),
(2, '2', 'Umair', NULL, 'Azam', '0333333333', '100 chack', 'Ryk', 'Punjab', '64200', 'upload/images/1709031295.jpeg', '2003-01-20', 'A+', '2', '0', NULL, '2024-02-27 04:54:55'),
(3, '3', 'tester', NULL, 'samina', '12345', 'sydney', 'ryk', 'South Australia', '2000', 'upload/images/default.png', '2001-01-01', 'A+', '1', '0', NULL, '2024-02-21 23:48:39'),
(4, '4', 'Mehtab', NULL, 'Ahmed', '03056546435', 'ryk', 'ryk', 'ryk', '2095', 'upload/images/default.png', '2000-02-02', 'A-', '1', '0', NULL, NULL),
(5, '5', 'samina', NULL, 'Tester', '12345', 'sydney', 'ryk', 'South Australia', '2000', 'upload/images/default.png', '1998-12-31', 'B-', '1', '0', NULL, '2024-02-22 22:03:34'),
(6, '7', 'Abdul', 'Rehman', 'Khan', '4438373835', '11', 'Yahah', 'Hahah', '5454851551', 'upload/images/1708576907.png', '2006-01-20', 'B+', '7', '0', NULL, '2024-02-22 22:52:03'),
(7, '6', 'Umair', NULL, 'Azam', '0343466464', 'Hdhsjs', 'Zbjsjsj', 'Hsehwj', '24546464', 'upload/images/1709285953.png', '2006-01-20', 'A+', '6', '0', NULL, '2024-03-01 03:39:13'),
(8, '8', 'Sam', NULL, 'Bacha', '0402858552', '14 Enterprise Circuit', 'Prestons', 'NSW', '2170', 'upload/images/1712289292.jpeg', '1982-07-12', 'A+', '1', '0', NULL, '2024-04-07 22:45:38'),
(9, '9', 'Ahmed', NULL, 'ElSayed', '0449537047', '14 Enterprise Circuit', 'Prestons', 'NSW', '2170', 'upload/images/default.png', '1999-01-01', 'A-', '1', '0', NULL, '2024-02-25 21:24:02'),
(10, '10', 'Mahmoud', NULL, 'Massri', '+61291356640', 'Brunker Rd, Chullora', 'Chullora', 'New South Wales', '2190', 'upload/images/default.png', '1999-01-01', 'A+', '1', '0', NULL, NULL),
(11, '12', 'Khodar', 'Walid', 'HiJAZI', '0416565707', '12 James Av, Lurnea New South Wales 2170', 'Lurnea', 'Nsw', '2170', 'upload/images/default.png', '2000-07-16', 'unknown', '1', '0', NULL, '2024-04-02 18:57:49'),
(12, '11', 'Kaled', NULL, 'Massri', '0401487954', '1 John St, Cronulla New South Wales 2230', 'Cronulla', 'Nsw', '2234', 'upload/images/1708651615.jpeg', '1975-02-23', 'B+', '1', '0', NULL, NULL),
(13, '13', 'Muhammad', 'Saad', 'Tanveer', '03335559996', 'DHA 2', 'NSW', 'NSW', '45700', 'upload/images/default.png', '1992-10-29', 'O+', '1', '0', NULL, '2024-02-27 18:26:32'),
(14, '16', 'Abdul', NULL, 'Rehman', '0157272767', '44 Home', 'Jfufdyd', 'Urufu', '835646464', 'upload/images/1709009814.png', '2001-06-20', 'B+', '16', '0', NULL, '2024-02-26 23:01:12'),
(15, '17', 'f', 'forKiama', 'Site', '+61291356640', 'Brunker Rd, Chullora', 'Chullora', 'New South Wales', '2190', 'upload/images/default.png', '1111-01-01', 'A+', '1', '0', NULL, NULL),
(16, '20', 'Dev', NULL, 'Ops', '23423423423', 'NSW', 'Sydney', 'NSW', '2000', 'upload/images/default.png', '1987-02-19', 'B-', '1', '0', NULL, NULL),
(17, '21', 'Yonnas', 'Kiros', 'BERHEMELES', '0401395881', '27 Castlereagh St, Liverpool New South Wales 2170', 'Liverpool', 'NSW', '2170', 'upload/images/default.png', '1985-01-01', 'unknown', '1', '0', NULL, NULL),
(18, '22', 'Abusaleh', NULL, 'SHEIKH', '0414079335', 'Unit 9, 37 MacDonald St, Lakemba New South Wales 2195', 'Lakemba', 'NSW', '2195', 'upload/images/default.png', '1988-02-01', 'unknown', '1', '0', NULL, '2024-02-28 17:56:06'),
(19, '23', 'David', NULL, 'McSWEENEY', '0416114298', '32 oconnell Road', 'Oyster Bay', 'NSW', '2225', 'upload/images/default.png', '1972-01-07', 'unknown', '1', '0', NULL, NULL),
(20, '24', 'Ahmed', NULL, 'Doud', '0417874837', '168/68-70 dartbrook road', 'Auburn', 'NSW', '2144', 'upload/images/default.png', '1979-10-01', 'unknown', '1', '0', NULL, '2024-02-28 18:20:01'),
(21, '25', 'Jahid', 'Hassan', 'AKON', '0402357752', 'Unit 10, 15-17 Queen Street', 'Auburn', 'NSW', '2144', 'upload/images/default.png', '1981-07-23', 'unknown', '1', '0', NULL, '2024-02-28 18:21:17'),
(22, '26', 'Yousif', 'Abaker', 'HARAN', '0435077339', '20 Ramilly Place', 'Ambarvale', 'NSW', '2560', 'upload/images/default.png', '1982-01-01', 'unknown', '1', '0', NULL, NULL),
(23, '27', 'Mahmoud', NULL, 'Fachikh', '0405844450', '41 Wynyard Avenue', 'Rossmore', 'Nsw', '2557', 'upload/images/default.png', '1971-10-30', 'unknown', '1', '0', NULL, NULL),
(24, '28', 'Hamad', NULL, 'MOUBARAK', '0451735400', '23 Wych Avenue', 'Lurnea', 'NSW', '2170', 'upload/images/default.png', '2004-07-06', 'unknown', '1', '0', NULL, NULL),
(25, '29', 'Sami', NULL, 'FATFAT', '0421112467', 'Unit 2, 36-38 Passefield Street', 'Liverpool', 'NSW', '2170', 'upload/images/default.png', '1998-03-13', 'unknown', '1', '0', NULL, '2024-03-04 19:11:24'),
(26, '30', 'Akot', 'Majok', 'DUT', '0412832235', 'Unit 14, 16 Oxford Street', 'Blacktown', 'NSW', '2148', 'upload/images/default.png', '1987-02-11', 'unknown', '1', '0', NULL, NULL),
(27, '31', 'Mohamad', NULL, 'Fachikh', '0450710510', '41 Wynyard Avenue', 'Rossmore', 'Nsw', '2557', 'upload/images/default.png', '1970-05-20', 'unknown', '1', '0', NULL, NULL),
(28, '32', 'James', 'Akot', 'AKOT', '0401076102', '82 Buckwell Dr, Hassall Grove New South Wales 2761', 'Hassall Grove', 'NSW', '2761', 'upload/images/default.png', '1968-01-01', 'unknown', '1', '0', NULL, '2024-03-24 14:15:54'),
(29, '33', 'Ahmed', 'Yahya', 'ADAM', '0401190042', 'Unit 104, 34 Ironbark Avenue', 'Casula', 'NSW', '2170', 'upload/images/default.png', '1996-01-01', 'unknown', '1', '0', NULL, NULL),
(30, '34', 'Khon', NULL, 'Gai', '0449586106', '17/11 Blaxcell St, Granville New South Wales 2142', 'Granville', 'NSW', '2142', 'upload/images/default.png', '1975-01-01', 'unknown', '1', '0', NULL, NULL),
(31, '36', 'Tarek', NULL, 'Massri', '0409094298', '100 Jacaranda Crescent', 'Casula', 'NSW', '2170', 'upload/images/default.png', '1985-11-07', 'unknown', '1', '0', NULL, '2024-04-03 15:17:28'),
(32, '39', 'Umair', 'Azam', 'Tester', '3194949', '2b Brunker Rd, Greenacre New South Wales 2190', 'Hshah', 'Hshsh', '6464946', 'upload/images/1709270719.png', '2005-01-01', 'A+', '39', '0', NULL, '2024-03-07 00:14:18'),
(33, '40', 'Hello', NULL, 'Tyy', '0402121223', '103 Great Western Hwy, Kingswood New South Wales 2747', 'Nsw', 'Nsw', '1234', 'upload/images/default.png', '1993-03-04', NULL, '1', '0', NULL, '2024-03-29 03:29:37'),
(34, '41', 'Mahmoud', NULL, 'Massri', '+61291356640', 'Brunker Rd, Chullora New South Wales 2190', 'Chullora', 'New South Wales', '2190', 'upload/images/default.png', '1990-02-08', 'A+', '1', '0', NULL, NULL),
(35, '42', 'Gerang', NULL, 'Bak', '0401204313', '14/16 Oxford St, Blacktown New South Wales 2148', 'blacktown', 'nsw', '2148', 'upload/images/default.png', '1985-05-04', NULL, '1', '0', NULL, '2024-03-24 14:32:11'),
(36, '43', 'Laltu', NULL, 'Laltu', '0420354868', '6 Fairmount St, Lakemba New South Wales 2195', 'lekemba', 'NSW', '2195', 'upload/images/default.png', '1988-09-01', NULL, '1', '0', NULL, '2024-03-24 17:46:35'),
(37, '44', 'Hayssam', NULL, 'ElSayed', '0426199726', '133 Penshurst St, Penshurst New South Wales 2222', 'Penshurst', 'nsw', '2209', 'upload/images/default.png', '1982-03-09', 'unknown', '1', '0', NULL, NULL),
(38, '45', 'Md', NULL, 'Hosen', '0401310521', '133 Penshurst St, Penshurst New South Wales 2222', 'Penshurst', 'nsw', '2209', 'upload/images/default.png', '1982-01-01', NULL, '1', '0', NULL, NULL),
(39, '46', 'm', 'umair', 'tester', '9794949', 'hahahah street', 'town', 'statr', '64949', 'upload/images/1711349663.png', '2001-06-20', 'A+', '46', '0', NULL, '2024-03-25 00:54:23'),
(40, '35', 'Ghassan', NULL, 'Khalil', '0406819656', '14/16 Oxford St, Blacktown New South Wales 2148', 'blacktown', 'nsw', '2148', 'upload/images/default.png', '1982-05-12', NULL, '1', '0', NULL, NULL),
(41, '47', 'Khalil', NULL, 'Charbaji', '0410494119', '10 Gunsynd Av, Casula New South Wales 2170', 'casula', 'nsw', '2170', 'upload/images/1712180329.jpg', '1990-03-06', 'unknown', '1', '0', NULL, NULL),
(42, '48', 'Jamille', NULL, 'Nemra', '0420207755', '34 Shortland Av, Lurnea New South Wales 2170', 'lurnea', 'NSW', '2170', 'upload/images/1712262542.jpg', '1995-01-01', 'unknown', '1', '0', NULL, NULL),
(43, '49', 'Samer', NULL, 'Zaatar', '0410179797', '9 Glenshee Pl, St Andrews New South Wales 2566', 'St Andrews', 'NSW', '2566', 'upload/images/1712264779.jpg', '1987-11-15', 'O+', '1', '0', NULL, '2024-04-04 15:16:53'),
(44, '50', 'Samer', NULL, 'Zaatar', '0410179797', '9 Glenshee Pl, St Andrews New South Wales 2566', 'St Andrews', 'NSW', '2566', 'upload/images/1712266082.jpg', '1987-11-15', 'O+', '1', '0', NULL, NULL),
(45, '51', 'STEPHEN', NULL, 'GABRIEL', '0432413828', '17 blenheim street', 'croydon', 'nsw', '2133', 'upload/images/1712268286.jpg', '1967-03-15', 'unknown', '1', '0', NULL, '2024-04-04 16:06:00'),
(46, '52', 'Zakariyah', NULL, 'Nemra', '0424794494', '34 Shortland Av, Lurnea New South Wales 2170', 'lurnea', 'NSW', '2170', 'upload/images/1712272004.jpg', '2007-07-18', 'unknown', '1', '0', NULL, NULL),
(47, '53', 'mohamed', NULL, 'kataieh', '0404354503', '24 Drues Av, Edmondson Park New South Wales 2174', 'edmondson park', 'NSW', '2174', 'upload/images/1712275124.jpg', '1993-03-22', 'unknown', '1', '0', NULL, '2024-04-04 18:17:36'),
(48, '54', 'Joma', 'OLDPHONE', 'Housayri', '0490803344', '57/2 Boronia street', 'wentworthville', 'nsw', '2145', 'upload/images/1712525315.jpg', '1966-06-09', 'unknown', '1', '0', NULL, '2024-04-07 21:58:38'),
(49, '55', 'Khaled', 'Ibrahim', 'ElMasri', '0450505007', '214 Roberts Rd, Greenacre New South Wales 2190', 'greenacre', 'nsw', '2190', 'upload/images/1712526845.jpg', '1993-02-18', 'unknown', '1', '0', NULL, NULL),
(50, '56', 'Omar', NULL, 'Awwad', '0424465461', '127 Helen St, Sefton New South Wales 2162', 'Sefton', 'nsw', '2162', 'upload/images/1712528889.jpg', '1990-02-20', 'unknown', '1', '0', NULL, '2024-04-07 17:28:09'),
(51, '57', 'Nader', NULL, 'Derbas', '0423156078', '109 Rawson Rd, Greenacre New South Wales 2190', 'greenacre', 'nsw', '2190', 'upload/images/1712531221.jpg', '1997-11-25', 'unknown', '1', '0', NULL, NULL),
(52, '58', 'Tarek', NULL, 'Nemra', '0450922075', '34 Shortland Av, Lurnea New South Wales 2170', 'lurnea', 'NSW', '2170', 'upload/images/default.png', '2005-03-24', 'unknown', '1', '0', NULL, NULL),
(53, '59', 'Nader', NULL, 'ElLababaidi', '0451878878', '32 Palmer St, Sefton New South Wales 2162', 'sefton', 'nsw', '2162', 'upload/images/1712533829.jpg', '1974-09-01', 'unknown', '1', '0', NULL, NULL),
(54, '60', 'Bilal', NULL, 'kataieh', '0403413537', '11 Bird Av, Lurnea New South Wales 2170', 'lurea', 'NSW', '2170', 'upload/images/1712535254.jpg', '1989-04-11', 'unknown', '1', '0', NULL, NULL),
(55, '61', 'Eisa', 'Adam', 'Ginawi', '0401069140', '1/58 Kihilla Rd, Auburn New South Wales 2144', 'Auburn', 'nsw', '2144', 'upload/images/1712536482.jpg', '1988-08-22', 'unknown', '1', '0', NULL, '2024-04-07 19:46:54'),
(56, '62', 'Mohamad', NULL, 'ISSA', '0452326660', '44 Springfield St, Old Guildford New South Wales 2161', 'old guildford', 'nsw', '2161', 'upload/images/1712540885.jpg', '1995-02-15', 'unknown', '1', '0', NULL, NULL),
(57, '63', 'Nabil', 'BANKDETAILS', 'Dalla', '0452619141', '22 Cullens Rd, Punchbowl New South Wales 2196', 'punchbowl', 'nsw', '2196', 'upload/images/1712544469.jpg', '1985-09-01', 'unknown', '1', '0', NULL, '2024-04-07 21:58:05'),
(58, '64', 'Adam', NULL, 'Derbas', '0424154834', '109 Rawson Rd, Greenacre New South Wales 2190', 'greenacre', 'nsw', '2190', 'upload/images/1712546008.jpg', '2006-10-10', 'unknown', '1', '0', NULL, NULL),
(59, '65', 'Tarek', NULL, 'ElMaghchouch', '0452198792', '16/37-39 Rose Street, Sefton, NSW 2162', 'sefton', 'nsw', '2162', 'upload/images/1712547086.jpg', '1987-04-20', 'unknown', '1', '0', NULL, NULL),
(60, '66', 'Hoang', NULL, 'Nguyen', '0426489646', '38a Hillview Pde, Lurnea New South Wales 2170', 'lurnea', 'NSW', '2170', 'upload/images/1712548611.jpg', '1986-09-01', 'unknown', '1', '0', NULL, NULL),
(61, '67', 'Abdelmenim', 'tax', 'Osman', '0428791955', '35a Wynyard Av, Rossmore New South Wales 2557', 'rossmore', 'NSW', '2557', 'upload/images/1712550447.jpg', '2000-05-22', 'unknown', '1', '0', NULL, NULL),
(62, '68', 'Abdelmenim', 'tax', 'Osman', '0428791955', '35a Wynyard Av, Rossmore New South Wales 2557', 'rossmore', 'NSW', '2557', 'upload/images/1712550902.jpg', '2000-05-22', NULL, '1', '0', NULL, NULL),
(63, '69', 'Hamze', 'startdate', 'Elmoubayed', '0480579595', '1/2 Dowding St, Panania New South Wales 2213', 'panania', 'NSW', '2213', 'upload/images/1712611302.jpg', '1991-01-01', 'unknown', '1', '0', NULL, NULL),
(64, '70', 'Mohammad', NULL, 'Saraifie', '0412722326', '15 Haslewood Pl, Hinchinbrook New South Wales 2168', 'hinchinbrook', 'NSW', '2168', 'upload/images/1712613779.jpg', '1995-05-03', 'unknown', '1', '0', NULL, '2024-04-08 17:43:55'),
(65, '71', 'Mostafa', NULL, 'ElSayed', '0410000775', '57 Webster Rd, Lurnea New South Wales 2170', 'Lurnea', 'NSW', '2170', 'upload/images/1712615245.jpg', '1998-11-23', 'unknown', '1', '0', NULL, '2024-04-08 17:49:43'),
(66, '72', 'Youssef', NULL, 'BouMerhi', '0414669861', '43 Coffs Harbour Av, Hoxton Park New South Wales 2171', 'Hoxton Park', 'NSW', '2171', 'upload/images/1712616772.jpg', '1999-09-12', 'unknown', '1', '0', NULL, NULL),
(67, '73', 'Sameh', 'Abdelghani', 'Asar', '0426407499', '38 Marshall St, Bankstown New South Wales 2200', 'Bankstown', 'NSW', '2200', 'upload/images/1712618610.jpg', '2003-06-12', 'unknown', '1', '0', NULL, NULL),
(68, '74', 'Adam', 'Yehia', 'Elmir', '0483380602', '56 Napier Av, Lurnea New South Wales 2170', 'Lurnea', 'NSW', '2170', 'upload/images/1712620227.jpg', '2004-02-22', 'unknown', '1', '0', NULL, NULL),
(69, '75', 'Ali', NULL, 'Youqoup', '0434223967', '126 Warwick Rd, Merrylands New South Wales 2160', 'merrylands', 'NSW', '2160', 'upload/images/1712621582.jpg', '1983-01-01', 'unknown', '1', '0', NULL, '2024-04-14 19:51:11'),
(70, '76', 'Hani', 'Abdelhamid', 'Hammouda', '0466052574', '40 Anderson St, Belmore New South Wales 2192', 'Belmore', 'NSW', '2192', 'upload/images/1712622758.jpg', '2002-09-29', 'unknown', '1', '0', NULL, NULL),
(71, '77', 'Ahmad', NULL, 'Hawchar', '0415070800', '90 Henry St, Guildford New South Wales 2161', 'guildford', 'nsw', '2161', 'upload/images/1712623092.jpg', '1986-10-26', 'AB+', '1', '0', NULL, NULL),
(72, '78', 'Saud', 'Abdullah', 'Aljorani', '0450277431', '1b Dale Av, Liverpool New South Wales 2170', 'Liverpool', 'NSW', '2170', 'upload/images/1712624521.jpg', '1979-06-25', 'unknown', '1', '0', NULL, NULL),
(73, '79', 'Mehdi', NULL, 'Heydari', '0406661023', '4/95 Sherwood Rd, Merrylands West New South Wales', 'merrylamds', 'NSW', '2160', 'upload/images/1712625530.jpg', '1982-06-05', 'unknown', '1', '0', NULL, '2024-04-08 22:48:07'),
(74, '80', 'Nabil', NULL, 'Zainal', '0439565770', '172 mcdonald rd', 'edmondson park', 'NSW', '2174', 'upload/images/1712628681.jpg', '1993-09-07', 'unknown', '1', '0', NULL, NULL),
(75, '81', 'Hamed', 'Gholam', 'Hosseini', '0469647220', '203/98 Railway Tce, Merrylands New South Wales 2160', 'Merrylands', 'NSW', '2160', 'upload/images/1712630738.jpg', '1985-01-28', 'unknown', '1', '0', NULL, '2024-04-08 21:58:52'),
(76, '82', 'Isam', NULL, 'Massri', '0400005686', '9 McKell Av, Casula New South Wales 2170', 'casula', 'nsw', '2170', 'upload/images/1712632525.jpg', '1990-09-15', 'O+', '1', '0', NULL, NULL),
(77, '83', 'Khoder', NULL, 'khoderkattar', '0424680470', '32 O\'Neill St, Guildford New South Wales 2161', 'guildford', 'NSW', '2161', 'upload/images/1712633570.jpg', '1991-01-13', 'B+', '1', '0', NULL, NULL),
(78, '84', 'Ehab', 'Gadban', 'Koudi', '0469083942', '17/342 Woodstock Av, Mount Druitt New South Wales 2770', 'mount druitt', 'NSW', '2770', 'upload/images/1712636059.jpg', '1994-11-10', 'unknown', '1', '0', NULL, '2024-04-08 23:17:54'),
(79, '85', 'Abdulrahman', 'Alisalem', 'Hamed', '0481113718', '71 Lisgar St, Merrylands New South Wales 2160', 'Merryland', 'NSW', '2160', 'upload/images/1712870769.jpg', '1989-01-01', 'unknown', '1', '0', NULL, NULL),
(80, '86', 'Boshor', NULL, 'Nor', '0469166418', '18 Garrong Rd, Lakemba New South Wales 2195', 'Lakemba', 'NSW', '2195', 'upload/images/1712872520.jpg', '1989-01-01', 'unknown', '1', '0', NULL, NULL),
(81, '87', 'mousa', NULL, 'warwar', '0478890773', '35 Wilson Rd, Bonnyrigg Heights New South Wales 2177', 'Bonnyrigg Heights', 'NSW', '2177', 'upload/images/1712873487.jpg', '2000-11-06', 'unknown', '1', '0', NULL, '2024-04-14 19:39:15'),
(82, '88', 'Fares', 'WC', 'Angelo', '0421106070', '10 Raupach St, Dean Park New South Wales 2761', 'Dean park', 'NSW', '2761', 'upload/images/1712874337.jpg', '1990-02-15', 'unknown', '1', '0', NULL, '2024-04-14 17:17:02'),
(83, '89', 'Hamid', NULL, 'Ullah', '0470257791', '5/277 Lakemba St, Sydney New South Wales 2195', 'lakemba', 'NSW', '2195', 'upload/images/1713129956.jpg', '1996-04-08', 'unknown', '1', '0', NULL, NULL);

-- --------------------------------------------------------

--
-- Table structure for table `emp_teams`
--

CREATE TABLE `emp_teams` (
  `id` bigint(20) UNSIGNED NOT NULL,
  `title` varchar(255) COLLATE utf8mb4_unicode_ci NOT NULL,
  `supervisor` varchar(255) COLLATE utf8mb4_unicode_ci NOT NULL,
  `description` varchar(255) COLLATE utf8mb4_unicode_ci NOT NULL,
  `created_by` varchar(255) COLLATE utf8mb4_unicode_ci DEFAULT NULL,
  `del` varchar(255) COLLATE utf8mb4_unicode_ci NOT NULL DEFAULT '0',
  `created_at` timestamp NULL DEFAULT NULL,
  `updated_at` timestamp NULL DEFAULT NULL
) ENGINE=InnoDB DEFAULT CHARSET=utf8mb4 COLLATE=utf8mb4_unicode_ci;

--
-- Dumping data for table `emp_teams`
--

INSERT INTO `emp_teams` (`id`, `title`, `supervisor`, `description`, `created_by`, `del`, `created_at`, `updated_at`) VALUES
(1, 'Admin / Change from ICT', 'null', 'Admin team', '1', '0', '2023-12-03 19:50:00', '2024-04-03 15:23:13'),
(2, 'Fastform Group Australia', '36', 'Worker', '1', '0', NULL, NULL),
(3, 'T I GROUP', '36', 'Worker', '1', '0', NULL, NULL),
(4, 'KC NSW PTY LTD', '36', 'Worker', '1', '0', NULL, NULL),
(5, 'Azer Pty Ltd Employees', '36', 'Worker', '1', '0', NULL, NULL),
(6, 'Fastform Labour Pty Ltd Employees', '36', 'Fastform Labour Pty Ltd Employees', '1', '0', NULL, NULL),
(7, 'HK NSW Pty Ltd Employees', '36', 'Worker', '1', '0', NULL, '2024-04-03 16:07:49'),
(8, 'Workforce Sydney Services Pty Ltd Employees', '36', 'Worker', '1', '0', NULL, NULL),
(9, 'Chahoud Subcontractor', '36', 'Worker', '1', '0', NULL, '2024-04-03 15:58:43'),
(10, 'Abdul Hijazi Subcontractor', '36', 'Worker', '1', '0', NULL, NULL),
(11, 'MS.W FORMWORK PTY LTD  ( Waleed Subcontractor )', '36', 'MS.W FORMWORK PTY LTD', '1', '0', NULL, '2024-04-03 16:09:08'),
(12, 'MAZ Group ( Assaf Subcontractor )', '36', 'ASSAF', '1', '0', NULL, NULL),
(13, 'Planet Build Pty Ltd / Ali CHKAIYDEM  Subcontractor', '36', 'Planet Build Pty Ltd / Ali CHKAIYDEM', '1', '0', NULL, NULL);

-- --------------------------------------------------------

--
-- Table structure for table `emp_teams_members`
--

CREATE TABLE `emp_teams_members` (
  `id` bigint(20) UNSIGNED NOT NULL,
  `emp_id` varchar(255) COLLATE utf8mb4_unicode_ci NOT NULL,
  `team_id` varchar(255) COLLATE utf8mb4_unicode_ci NOT NULL,
  `del` varchar(255) COLLATE utf8mb4_unicode_ci NOT NULL DEFAULT '0',
  `created_at` timestamp NULL DEFAULT NULL,
  `updated_at` timestamp NULL DEFAULT NULL,
  `applied` int(11) NOT NULL DEFAULT '0'
) ENGINE=InnoDB DEFAULT CHARSET=utf8mb4 COLLATE=utf8mb4_unicode_ci;

--
-- Dumping data for table `emp_teams_members`
--

INSERT INTO `emp_teams_members` (`id`, `emp_id`, `team_id`, `del`, `created_at`, `updated_at`, `applied`) VALUES
(1, '1', '1', '0', '2023-11-26 13:02:31', '2023-11-26 13:02:31', 1),
(17, '6', '1', '0', NULL, NULL, 0),
(35, '10', '1', '0', NULL, NULL, 1),
(46, '5', '1', '0', NULL, NULL, 0),
(47, '7', '1', '0', NULL, NULL, 0),
(48, '14', '1', '0', NULL, NULL, 0),
(49, '15', '1', '0', NULL, NULL, 0),
(53, '4', '1', '0', NULL, NULL, 0),
(55, '17', '1', '0', NULL, NULL, 0),
(56, '9', '1', '0', NULL, NULL, 0),
(59, '16', '1', '0', NULL, NULL, 1),
(60, '18', '1', '0', NULL, NULL, 0),
(61, '19', '1', '0', NULL, NULL, 0),
(62, '2', '1', '0', NULL, NULL, 0),
(64, '20', '1', '0', NULL, NULL, 1),
(66, '13', '1', '0', NULL, NULL, 0),
(68, '21', '1', '0', NULL, NULL, 1),
(72, '22', '1', '0', NULL, NULL, 0),
(75, '23', '1', '0', NULL, NULL, 1),
(79, '25', '1', '0', NULL, NULL, 1),
(81, '26', '1', '0', NULL, NULL, 1),
(105, '37', '1', '0', NULL, NULL, 0),
(106, '38', '1', '0', NULL, NULL, 0),
(112, '33', '1', '0', NULL, NULL, 0),
(113, '30', '1', '0', NULL, NULL, 0),
(116, '24', '1', '0', NULL, NULL, 0),
(117, '28', '1', '0', NULL, NULL, 0),
(118, '29', '1', '0', NULL, NULL, 0),
(119, '11', '1', '0', NULL, NULL, 0),
(121, '27', '1', '0', NULL, NULL, 0),
(122, '34', '1', '0', NULL, NULL, 0),
(127, '39', '1', '0', NULL, NULL, 0),
(131, '41', '1', '0', NULL, NULL, 1),
(132, '32', '1', '0', NULL, NULL, 0),
(134, '42', '1', '0', NULL, NULL, 1),
(135, '31', '1', '0', NULL, NULL, 0),
(138, '43', '1', '0', NULL, NULL, 0),
(140, '44', '1', '0', NULL, NULL, 1),
(142, '45', '1', '0', NULL, NULL, 1),
(146, '46', '1', '0', NULL, NULL, 0),
(149, '35', '1', '0', NULL, NULL, 1),
(151, '40', '1', '0', NULL, NULL, 0),
(155, '12', '1', '0', NULL, NULL, 0),
(158, '36', '1', '0', NULL, NULL, 0),
(160, '47', '3', '0', NULL, NULL, 1),
(162, '48', '6', '0', NULL, NULL, 1),
(164, '49', '3', '0', NULL, NULL, 1),
(166, '50', '3', '0', NULL, NULL, 1),
(168, '51', '4', '0', NULL, NULL, 1),
(170, '52', '6', '0', NULL, NULL, 1),
(173, '53', '6', '0', NULL, NULL, 0),
(179, '55', '3', '0', NULL, NULL, 1),
(183, '56', '4', '0', NULL, NULL, 0),
(185, '57', '6', '0', NULL, NULL, 1),
(187, '58', '5', '0', NULL, NULL, 1),
(189, '59', '4', '0', NULL, NULL, 1),
(191, '60', '4', '0', NULL, NULL, 1),
(194, '61', '3', '0', NULL, NULL, 0),
(196, '62', '5', '0', NULL, NULL, 1),
(201, '63', '4', '0', NULL, NULL, 0),
(202, '54', '4', '0', NULL, NULL, 0),
(204, '64', '5', '0', NULL, NULL, 1),
(206, '65', '5', '0', NULL, NULL, 1),
(207, '8', '1', '0', NULL, NULL, 0),
(208, '8', '2', '0', NULL, NULL, 0),
(210, '66', '6', '0', NULL, NULL, 1),
(212, '67', '5', '0', NULL, NULL, 1),
(214, '68', '5', '0', NULL, NULL, 1),
(216, '69', '3', '0', NULL, NULL, 1),
(221, '70', '3', '0', NULL, NULL, 0),
(223, '71', '5', '0', NULL, NULL, 0),
(224, '72', '5', '0', NULL, NULL, 1),
(226, '73', '4', '0', NULL, NULL, 1),
(228, '74', '5', '0', NULL, NULL, 1),
(232, '76', '5', '0', NULL, NULL, 1),
(234, '77', '8', '0', NULL, NULL, 1),
(236, '78', '3', '0', NULL, NULL, 1),
(240, '80', '6', '0', NULL, NULL, 1),
(244, '81', '3', '0', NULL, NULL, 0),
(247, '82', '6', '0', NULL, NULL, 1),
(249, '83', '3', '0', NULL, NULL, 1),
(250, '79', '3', '0', NULL, NULL, 0),
(253, '84', '5', '0', NULL, NULL, 1),
(255, '85', '3', '0', NULL, NULL, 1),
(257, '86', '8', '0', NULL, NULL, 1),
(264, '89', '4', '0', NULL, NULL, 1),
(265, '89', '8', '0', NULL, NULL, 1),
(266, '88', '8', '0', NULL, NULL, 0),
(269, '87', '5', '0', NULL, NULL, 0),
(271, '75', '4', '0', NULL, NULL, 0);

-- --------------------------------------------------------

--
-- Table structure for table `emp_types`
--

CREATE TABLE `emp_types` (
  `id` bigint(20) UNSIGNED NOT NULL,
  `title` varchar(255) COLLATE utf8mb4_unicode_ci NOT NULL,
  `created_by` varchar(255) COLLATE utf8mb4_unicode_ci NOT NULL,
  `del` varchar(255) COLLATE utf8mb4_unicode_ci NOT NULL DEFAULT '0',
  `created_at` timestamp NULL DEFAULT NULL,
  `updated_at` timestamp NULL DEFAULT NULL
) ENGINE=InnoDB DEFAULT CHARSET=utf8mb4 COLLATE=utf8mb4_unicode_ci;

--
-- Dumping data for table `emp_types`
--

INSERT INTO `emp_types` (`id`, `title`, `created_by`, `del`, `created_at`, `updated_at`) VALUES
(1, 'Full Time', '1', '0', '2023-11-07 12:58:29', '2023-11-07 12:58:29'),
(2, 'Casual', '1', '0', NULL, NULL),
(3, 'Subcontractor', '1', '0', NULL, NULL);

-- --------------------------------------------------------

--
-- Table structure for table `failed_jobs`
--

CREATE TABLE `failed_jobs` (
  `id` bigint(20) UNSIGNED NOT NULL,
  `uuid` varchar(255) COLLATE utf8mb4_unicode_ci NOT NULL,
  `connection` text COLLATE utf8mb4_unicode_ci NOT NULL,
  `queue` text COLLATE utf8mb4_unicode_ci NOT NULL,
  `payload` longtext COLLATE utf8mb4_unicode_ci NOT NULL,
  `exception` longtext COLLATE utf8mb4_unicode_ci NOT NULL,
  `failed_at` timestamp NOT NULL DEFAULT CURRENT_TIMESTAMP
) ENGINE=InnoDB DEFAULT CHARSET=utf8mb4 COLLATE=utf8mb4_unicode_ci;

-- --------------------------------------------------------

--
-- Table structure for table `funds`
--

CREATE TABLE `funds` (
  `id` bigint(20) UNSIGNED NOT NULL,
  `title` varchar(255) COLLATE utf8mb4_unicode_ci NOT NULL,
  `percentage` int(11) NOT NULL,
  `usi` int(11) NOT NULL DEFAULT '0',
  `usi_number` varchar(255) COLLATE utf8mb4_unicode_ci DEFAULT NULL,
  `del` int(11) NOT NULL DEFAULT '0',
  `created_at` timestamp NULL DEFAULT NULL,
  `updated_at` timestamp NULL DEFAULT NULL
) ENGINE=InnoDB DEFAULT CHARSET=utf8mb4 COLLATE=utf8mb4_unicode_ci;

--
-- Dumping data for table `funds`
--

INSERT INTO `funds` (`id`, `title`, `percentage`, `usi`, `usi_number`, `del`, `created_at`, `updated_at`) VALUES
(1, 'EOBI', 20, 0, '', 0, '2023-11-07 12:43:01', '2023-11-07 12:43:01'),
(2, 'ree', 34, 1, '3434', 0, NULL, NULL),
(3, 'education', 30, 1, '4623878', 0, NULL, NULL);

-- --------------------------------------------------------

--
-- Table structure for table `funds_meta`
--

CREATE TABLE `funds_meta` (
  `id` bigint(20) UNSIGNED NOT NULL,
  `emp_id` varchar(255) COLLATE utf8mb4_unicode_ci DEFAULT NULL,
  `fund_id` varchar(255) COLLATE utf8mb4_unicode_ci DEFAULT NULL,
  `usi_number` varchar(255) COLLATE utf8mb4_unicode_ci DEFAULT NULL,
  `created_at` timestamp NULL DEFAULT NULL,
  `updated_at` timestamp NULL DEFAULT NULL
) ENGINE=InnoDB DEFAULT CHARSET=utf8mb4 COLLATE=utf8mb4_unicode_ci;

--
-- Dumping data for table `funds_meta`
--

INSERT INTO `funds_meta` (`id`, `emp_id`, `fund_id`, `usi_number`, `created_at`, `updated_at`) VALUES
(60, '3', '1', '123', NULL, NULL),
(65, '7', '1', '582828', NULL, NULL),
(68, '1', '1', '54345', NULL, NULL),
(70, '6', '1', '52252522255585255889', NULL, NULL),
(73, '39', '1', '6464646', NULL, NULL),
(77, '12', '1', '464771', NULL, NULL);

-- --------------------------------------------------------

--
-- Table structure for table `jobs`
--

CREATE TABLE `jobs` (
  `id` bigint(20) UNSIGNED NOT NULL,
  `queue` varchar(255) COLLATE utf8mb4_unicode_ci NOT NULL,
  `payload` longtext COLLATE utf8mb4_unicode_ci NOT NULL,
  `attempts` tinyint(3) UNSIGNED NOT NULL,
  `reserved_at` int(10) UNSIGNED DEFAULT NULL,
  `available_at` int(10) UNSIGNED NOT NULL,
  `created_at` int(10) UNSIGNED NOT NULL
) ENGINE=InnoDB DEFAULT CHARSET=utf8mb4 COLLATE=utf8mb4_unicode_ci;

-- --------------------------------------------------------

--
-- Table structure for table `leave_packages`
--

CREATE TABLE `leave_packages` (
  `id` bigint(20) UNSIGNED NOT NULL,
  `title` varchar(255) COLLATE utf8mb4_unicode_ci NOT NULL,
  `leave_type_id` int(11) NOT NULL,
  `leave_number` int(11) DEFAULT NULL,
  `is_paid` int(11) DEFAULT NULL,
  `color_code` varchar(255) COLLATE utf8mb4_unicode_ci DEFAULT NULL,
  `renew_on` date DEFAULT NULL,
  `employee_roles` varchar(255) COLLATE utf8mb4_unicode_ci DEFAULT NULL,
  `created_at` timestamp NULL DEFAULT NULL,
  `updated_at` timestamp NULL DEFAULT NULL
) ENGINE=InnoDB DEFAULT CHARSET=utf8mb4 COLLATE=utf8mb4_unicode_ci;

--
-- Dumping data for table `leave_packages`
--

INSERT INTO `leave_packages` (`id`, `title`, `leave_type_id`, `leave_number`, `is_paid`, `color_code`, `renew_on`, `employee_roles`, `created_at`, `updated_at`) VALUES
(1, 'Leave Package', 1, 5, 1, '#43128c', '2023-12-29', '330,332', '2023-12-03 19:50:00', '2024-02-21 04:04:32'),
(2, 'Casual Leaves', 1, 5, NULL, '#563d7c', '2025-01-01', '332', NULL, NULL),
(3, 'Sick Leave', 1, 5, NULL, '#563d7c', '2025-01-01', '332', NULL, NULL);

-- --------------------------------------------------------

--
-- Table structure for table `leave_requests`
--

CREATE TABLE `leave_requests` (
  `id` bigint(20) UNSIGNED NOT NULL,
  `employee_id` int(11) NOT NULL,
  `leave_package_id` int(11) NOT NULL,
  `from` date NOT NULL,
  `to` date NOT NULL,
  `reason` text COLLATE utf8mb4_unicode_ci NOT NULL,
  `applied_by` int(11) DEFAULT NULL,
  `status` int(11) NOT NULL DEFAULT '0',
  `approved_by` int(11) DEFAULT NULL,
  `created_at` timestamp NULL DEFAULT NULL,
  `updated_at` timestamp NULL DEFAULT NULL,
  `full_day` varchar(255) COLLATE utf8mb4_unicode_ci NOT NULL DEFAULT '0',
  `start_time` time DEFAULT NULL,
  `end_time` time DEFAULT NULL
) ENGINE=InnoDB DEFAULT CHARSET=utf8mb4 COLLATE=utf8mb4_unicode_ci;

--
-- Dumping data for table `leave_requests`
--

INSERT INTO `leave_requests` (`id`, `employee_id`, `leave_package_id`, `from`, `to`, `reason`, `applied_by`, `status`, `approved_by`, `created_at`, `updated_at`, `full_day`, `start_time`, `end_time`) VALUES
(2, 2, 3, '2024-02-21', '2024-02-22', 'Sick', NULL, 1, 1, '2024-02-21 04:27:49', '2024-02-21 04:30:07', '0', NULL, NULL),
(3, 2, 2, '2024-02-21', '2024-02-22', 'Hshsjsjs', NULL, 2, 1, '2024-02-21 04:30:23', '2024-02-21 04:30:39', '0', NULL, NULL),
(4, 7, 3, '2024-02-22', '2024-02-22', 'Sick', NULL, 1, 1, '2024-02-21 23:35:49', '2024-02-22 00:22:53', '0', NULL, NULL),
(5, 3, 1, '2024-02-22', '2024-02-22', 'tygftvy', 1, 1, 1, '2024-02-22 00:22:23', '2024-02-22 00:31:33', '0', '09:00:00', '17:00:00'),
(6, 7, 2, '2024-02-22', '2024-02-22', 'Casual......', NULL, 3, NULL, '2024-02-22 00:50:04', '2024-02-22 07:00:03', '0', NULL, NULL),
(7, 5, 3, '2024-02-23', '2024-02-22', 'health not well', NULL, 3, NULL, '2024-02-22 05:32:52', '2024-02-22 07:00:03', '0', NULL, NULL),
(9, 5, 2, '2024-02-24', '2024-02-24', 'Abc', NULL, 1, 1, '2024-02-22 23:17:00', '2024-02-22 23:18:20', '0', NULL, NULL),
(10, 4, 1, '2024-02-23', '2024-02-25', 'gfdsg', 1, 1, 1, '2024-02-22 23:27:47', '2024-02-22 23:27:56', '0', NULL, NULL),
(11, 2, 3, '2024-02-23', '2024-02-23', 'health not well', 1, 1, 1, '2024-02-22 23:53:28', '2024-02-22 23:54:57', '1', '09:00:00', '17:00:00'),
(12, 5, 2, '2024-02-24', '2024-02-24', 'Abc', NULL, 2, 1, '2024-02-23 00:04:42', '2024-02-23 00:08:23', '0', NULL, NULL),
(13, 7, 1, '2024-02-23', '2024-02-23', 'Cscevve', NULL, 2, 1, '2024-02-23 00:48:58', '2024-02-23 01:19:01', '0', NULL, NULL),
(14, 7, 1, '2024-02-23', '2024-02-23', 'Eu7fufif', NULL, 3, NULL, '2024-02-23 01:18:45', '2024-02-23 07:00:02', '0', NULL, NULL),
(15, 5, 3, '2024-02-25', '2024-02-25', 'Test', NULL, 3, NULL, '2024-02-23 03:47:35', '2024-02-25 07:00:03', '0', NULL, NULL),
(16, 2, 1, '2024-02-27', '2024-02-29', 'Vdvdvdvdvdbd', NULL, 3, NULL, '2024-02-27 03:59:17', '2024-02-29 07:00:03', '1', NULL, NULL),
(17, 39, 1, '2024-03-01', '2024-03-02', 'Gtech', NULL, 1, 1, '2024-02-29 23:42:51', '2024-02-29 23:48:44', '0', '10:46:00', '17:46:00'),
(18, 39, 3, '2024-03-04', '2024-03-04', 'test', NULL, 1, 1, '2024-03-04 04:16:22', '2024-03-04 04:16:35', '0', NULL, NULL),
(19, 39, 1, '2024-03-04', '2024-03-04', 'test', NULL, 3, NULL, '2024-03-04 04:33:55', '2024-03-04 07:00:03', '0', NULL, NULL);

-- --------------------------------------------------------

--
-- Table structure for table `leave_types`
--

CREATE TABLE `leave_types` (
  `id` bigint(20) UNSIGNED NOT NULL,
  `title` varchar(255) COLLATE utf8mb4_unicode_ci NOT NULL,
  `description` varchar(255) COLLATE utf8mb4_unicode_ci NOT NULL,
  `created_at` timestamp NULL DEFAULT NULL,
  `updated_at` timestamp NULL DEFAULT NULL
) ENGINE=InnoDB DEFAULT CHARSET=utf8mb4 COLLATE=utf8mb4_unicode_ci;

--
-- Dumping data for table `leave_types`
--

INSERT INTO `leave_types` (`id`, `title`, `description`, `created_at`, `updated_at`) VALUES
(1, 'Leave Type 1', 'Leave Type', '2023-12-03 19:50:00', '2023-12-04 18:35:03'),
(2, 'type1', 'bank holiday', NULL, NULL);

-- --------------------------------------------------------

--
-- Table structure for table `meetings`
--

CREATE TABLE `meetings` (
  `id` bigint(20) UNSIGNED NOT NULL,
  `created_by` int(11) NOT NULL,
  `site_id` int(11) NOT NULL,
  `agenda` varchar(255) COLLATE utf8mb4_unicode_ci NOT NULL,
  `description` text COLLATE utf8mb4_unicode_ci NOT NULL,
  `status` varchar(255) COLLATE utf8mb4_unicode_ci NOT NULL,
  `start_date` date NOT NULL,
  `end_date` date NOT NULL,
  `start_time` time NOT NULL,
  `end_time` time NOT NULL,
  `is_recurring` int(11) NOT NULL,
  `allow_meeting_members` int(11) NOT NULL,
  `frequency` int(11) DEFAULT NULL,
  `days` varchar(255) COLLATE utf8mb4_unicode_ci DEFAULT NULL,
  `allow_guest` int(11) DEFAULT NULL,
  `is_deleted` int(11) NOT NULL DEFAULT '0',
  `created_at` timestamp NULL DEFAULT NULL,
  `updated_at` timestamp NULL DEFAULT NULL,
  `is_before_meeting` int(11) NOT NULL DEFAULT '0'
) ENGINE=InnoDB DEFAULT CHARSET=utf8mb4 COLLATE=utf8mb4_unicode_ci;

--
-- Dumping data for table `meetings`
--

INSERT INTO `meetings` (`id`, `created_by`, `site_id`, `agenda`, `description`, `status`, `start_date`, `end_date`, `start_time`, `end_time`, `is_recurring`, `allow_meeting_members`, `frequency`, `days`, `allow_guest`, `is_deleted`, `created_at`, `updated_at`, `is_before_meeting`) VALUES
(1, 1, 1, 'Meeting module review', 'desc', '0', '2024-02-21', '2024-02-21', '14:57:00', '15:57:00', 0, 0, NULL, NULL, 1, 0, '2024-02-21 03:57:49', '2024-02-21 03:57:49', 1),
(2, 1, 1, 'Pre joinMeeting  review', 'ighyhgii', '0', '2024-02-21', '2024-02-21', '15:31:00', '19:31:00', 0, 0, NULL, NULL, 1, 0, '2024-02-21 04:31:47', '2024-02-21 04:31:47', 1),
(3, 1, 1, 'joinMeeting  review', 'ighyhgii', '0', '2024-02-21', '2024-02-21', '15:31:00', '19:31:00', 0, 0, NULL, NULL, 1, 0, '2024-02-21 04:32:33', '2024-02-21 04:32:33', 0),
(4, 1, 1, 'Meeting join', 'ighyhgii', '0', '2024-02-21', '2024-02-21', '15:31:00', '19:31:00', 0, 0, NULL, NULL, 1, 0, '2024-02-21 04:33:08', '2024-02-21 04:33:08', 0),
(5, 1, 1, 'Meeting join Duel doc', 'ighyhgii', '0', '2024-02-21', '2024-02-21', '15:31:00', '19:31:00', 0, 0, NULL, NULL, 1, 0, '2024-02-21 04:34:59', '2024-02-21 04:34:59', 0),
(6, 1, 2, 'whs', 'test', '0', '2024-02-21', '2024-02-23', '09:00:00', '17:00:00', 1, 1, 1, NULL, 1, 0, '2024-02-21 04:51:35', '2024-02-22 22:52:56', 1),
(7, 1, 1, 'whs2', 'test', '0', '2024-02-21', '2024-02-24', '15:00:00', '16:00:00', 1, 1, NULL, NULL, 1, 0, '2024-02-21 04:52:46', '2024-02-21 04:52:46', 0),
(8, 1, 2, 'WHS test', 'test', '0', '2024-02-22', '2024-02-22', '12:17:00', '13:17:00', 0, 1, 2, '4,5', 1, 1, '2024-02-22 01:22:16', '2024-02-22 01:49:33', 1),
(9, 1, 2, 'WHS test', 'test', '0', '2024-02-22', '2024-02-22', '12:51:00', '12:53:00', 0, 1, NULL, NULL, 1, 1, '2024-02-22 01:52:19', '2024-02-22 01:52:29', 1),
(10, 1, 2, 'WHS test', 'test', '0', '2024-02-23', '2024-02-23', '12:51:00', '12:53:00', 0, 1, NULL, NULL, 1, 1, '2024-02-22 01:52:55', '2024-02-22 01:52:59', 1),
(11, 1, 2, 'WHS test', 'test', '0', '2024-02-23', '2024-02-23', '12:51:00', '12:53:00', 0, 1, NULL, NULL, 1, 1, '2024-02-22 01:56:11', '2024-02-22 01:56:17', 1),
(12, 1, 2, 'WHS', 'test meeting app', '0', '2024-02-22', '2024-02-22', '16:12:00', '17:13:00', 0, 1, NULL, NULL, 1, 0, '2024-02-22 05:13:13', '2024-02-22 05:13:13', 1),
(13, 1, 1, 'WHS vv', 'bgdgfzsd', '0', '2024-02-22', '2024-02-22', '16:24:00', '17:24:00', 0, 0, NULL, NULL, 1, 0, '2024-02-22 05:25:00', '2024-02-22 05:25:00', 0),
(14, 1, 1, 'WHS vv', 'bgdgfzsd', '0', '2024-02-22', '2024-02-22', '16:24:00', '17:24:00', 0, 0, NULL, NULL, 1, 0, '2024-02-22 05:25:00', '2024-02-22 05:25:00', 0),
(15, 1, 1, 'Nam voluptatum disti', 'erger', '0', '2024-02-22', '2024-02-23', '17:18:00', '19:18:00', 1, 0, 2, '4,5', 1, 0, '2024-02-22 06:25:41', '2024-02-22 06:25:41', 1),
(16, 1, 2, 'Main ERP', 'test', '0', '2024-02-23', '2024-02-23', '09:46:00', '14:46:00', 1, 1, NULL, NULL, 1, 0, '2024-02-22 22:46:47', '2024-02-22 22:50:01', 1),
(17, 1, 1, 'HOF', 'test', '0', '2024-02-23', '2024-02-23', '09:56:00', '12:00:00', 0, 1, NULL, NULL, 1, 0, '2024-02-22 22:57:53', '2024-02-22 23:08:49', 1),
(18, 1, 5, 'Tool Box Meeting', 'Test', '0', '2024-02-23', '2024-02-23', '11:05:00', '12:05:00', 0, 0, NULL, NULL, 1, 0, '2024-02-23 00:03:58', '2024-02-23 00:03:58', 1),
(19, 1, 8, 'Deicorp HQ Sign In', 'Induction', '0', '2024-02-28', '2024-02-28', '07:00:00', '15:19:00', 0, 0, NULL, NULL, NULL, 1, '2024-02-27 16:20:05', '2024-02-27 18:37:12', 1),
(20, 1, 9, 'ICTech Induction', 'ICTech Induction', '0', '2024-02-28', '2024-02-28', '07:34:00', '17:34:00', 0, 0, NULL, NULL, NULL, 1, '2024-02-27 16:35:19', '2024-02-27 16:38:23', 1),
(21, 1, 8, 'Deicorp', 'Deicorp', '0', '2024-02-28', '2024-02-28', '07:38:00', '23:38:00', 0, 0, NULL, NULL, NULL, 1, '2024-02-27 18:38:20', '2024-02-27 18:40:00', 1),
(22, 1, 8, 'Deicorp', 'Test', '0', '2024-02-28', '2024-02-28', '07:40:00', '23:40:00', 0, 0, NULL, NULL, NULL, 0, '2024-02-27 18:40:46', '2024-02-27 18:40:46', 1),
(23, 1, 3, 'LETS START', 'TEST', '0', '2024-02-29', '2024-02-29', '13:40:00', '14:41:00', 1, 1, 1, NULL, 1, 0, '2024-02-28 20:44:25', '2024-02-28 20:44:25', 0),
(24, 1, 1, 'Meeting module review', 'desc', '0', '2024-03-01', '2024-03-01', '10:50:00', '11:50:00', 0, 1, NULL, NULL, 1, 1, '2024-02-29 23:50:36', '2024-03-01 00:05:27', 1),
(25, 1, 1, 'Scrum', 'desc', '0', '2024-03-01', '2024-03-01', '10:51:00', '11:51:00', 0, 1, NULL, NULL, 1, 1, '2024-02-29 23:51:34', '2024-03-01 00:04:57', 1),
(26, 1, 1, 'Meeting module review AFTER JOIN', 'desc', '0', '2024-03-01', '2024-03-01', '11:05:00', '11:58:00', 0, 1, NULL, NULL, 1, 0, '2024-03-01 00:06:37', '2024-03-01 00:06:37', 0),
(27, 1, 1, 'Meeting module review no doc', 'desc', '0', '2024-03-01', '2024-03-01', '11:07:00', '11:57:00', 0, 1, NULL, NULL, NULL, 0, '2024-03-01 00:08:00', '2024-03-01 00:08:00', 0),
(28, 1, 1, 'Meeting module review', 'sec', '0', '2024-03-04', '2024-03-04', '10:11:00', '10:42:00', 0, 1, NULL, NULL, NULL, 1, '2024-03-03 23:11:49', '2024-03-03 23:13:12', 0),
(29, 1, 1, 'Medical Oragizer', 'test', '0', '2024-03-04', '2024-03-04', '15:05:00', '16:06:00', 0, 0, NULL, NULL, 1, 0, '2024-03-04 04:05:25', '2024-03-04 04:05:25', 0),
(30, 1, 1, 'Meeting module review', 'dec', '0', '2024-03-12', '2024-03-12', '13:03:00', '15:03:00', 0, 1, NULL, NULL, 1, 1, '2024-03-12 02:04:48', '2024-03-12 02:50:17', 1),
(31, 1, 1, 'Meeting module review', 'desc', '0', '2024-03-12', '2024-03-12', '13:50:00', '15:50:00', 0, 1, NULL, NULL, 1, 1, '2024-03-12 02:51:09', '2024-03-12 03:00:45', 1),
(32, 1, 1, 'Meeting module review', 'desc', '0', '2024-03-12', '2024-03-12', '14:01:00', '16:01:00', 0, 1, NULL, NULL, 1, 1, '2024-03-12 03:02:12', '2024-03-12 03:13:14', 1),
(33, 1, 1, 'Meeting module review', 'desc', '0', '2024-03-12', '2024-03-12', '14:13:00', '17:13:00', 0, 1, NULL, NULL, 1, 1, '2024-03-12 03:13:51', '2024-03-12 03:28:05', 1),
(34, 1, 1, 'Meeting module review', 'des', '0', '2024-03-12', '2024-03-12', '14:28:00', '17:28:00', 0, 0, NULL, NULL, 1, 1, '2024-03-12 03:28:31', '2024-03-12 03:34:15', 0),
(35, 1, 1, 'Meeting module review', 'jkjj', '0', '2024-03-12', '2024-03-12', '14:34:00', '17:34:00', 0, 0, NULL, NULL, 1, 1, '2024-03-12 03:34:51', '2024-03-12 03:48:38', 0),
(36, 1, 1, 'Pre joinMeeting  review', 'hjh', '0', '2024-03-12', '2024-03-12', '14:49:00', '19:49:00', 0, 0, NULL, NULL, 1, 0, '2024-03-12 03:49:19', '2024-03-12 03:49:19', 0),
(37, 1, 1, 'MOB PRE REVIEW', 'MOBIle team', '0', '2024-03-15', '2024-03-15', '09:32:00', '14:32:00', 0, 0, NULL, NULL, 1, 1, '2024-03-13 22:33:25', '2024-03-14 01:38:58', 1),
(38, 1, 1, 'Mob Team Doc', 'MOBILE TEST', '0', '2024-03-14', '2024-03-14', '09:34:00', '14:34:00', 0, 0, NULL, NULL, 1, 1, '2024-03-13 22:35:16', '2024-03-14 01:40:02', 1),
(39, 1, 1, 'Mob Team', 'test', '0', '2024-03-14', '2024-03-14', '09:41:00', '18:41:00', 0, 0, NULL, NULL, 1, 1, '2024-03-13 22:42:14', '2024-03-14 01:39:49', 1),
(40, 1, 1, 'After Shift Start', 'AFTER SHIFT START', '0', '2024-03-14', '2024-03-14', '10:17:00', '14:17:00', 0, 0, NULL, NULL, 1, 1, '2024-03-13 23:17:34', '2024-03-14 01:39:36', 1),
(41, 1, 1, 'After Shift', 'AFTER SHIFT START', '0', '2024-03-14', '2024-03-14', '10:17:00', '14:17:00', 0, 0, NULL, NULL, 1, 1, '2024-03-13 23:32:57', '2024-03-14 01:39:20', 1),
(42, 1, 1, 'Mob Team', 'test', '0', '2024-03-14', '2024-03-14', '11:40:00', '18:42:00', 0, 0, NULL, NULL, 1, 1, '2024-03-14 01:42:40', '2024-03-14 03:30:31', 1),
(43, 1, 1, 'Mob Team', 'details', '0', '2024-03-14', '2024-03-14', '14:24:00', '16:24:00', 0, 0, NULL, NULL, 1, 1, '2024-03-14 03:24:38', '2024-03-14 03:30:21', 1),
(44, 1, 1, 'Mob Team', 'MOB', '0', '2024-03-14', '2024-03-14', '14:27:00', '18:27:00', 0, 0, NULL, NULL, 1, 1, '2024-03-14 03:27:57', '2024-03-14 03:30:11', 1),
(45, 1, 1, 'Pre Join 2', 'mob', '0', '2024-03-14', '2024-03-14', '14:30:00', '18:30:00', 0, 0, NULL, NULL, 1, 1, '2024-03-14 03:31:04', '2024-03-14 03:32:12', 1),
(46, 1, 1, 'Pre Join 2', 'des', '0', '2024-03-14', '2024-03-14', '14:32:00', '19:32:00', 0, 0, NULL, NULL, 1, 1, '2024-03-14 03:32:52', '2024-03-14 03:39:37', 1),
(47, 1, 1, 'Meeting module review', 'desc', '0', '2024-03-14', '2024-03-14', '14:40:00', '17:43:00', 0, 0, NULL, NULL, NULL, 1, '2024-03-14 03:40:24', '2024-03-14 04:10:47', 0),
(48, 1, 1, 'Scrum', 'desc', '0', '2024-03-14', '2024-03-14', '14:40:00', '17:40:00', 0, 0, NULL, NULL, NULL, 1, '2024-03-14 03:41:03', '2024-03-14 04:10:55', 0),
(49, 1, 1, 'Mob Team', 'details', '0', '2024-03-14', '2024-03-14', '15:11:00', '20:11:00', 0, 0, NULL, NULL, 1, 1, '2024-03-14 04:11:32', '2024-03-14 04:23:03', 1),
(50, 1, 1, 'Mob Team', 'Detail', '0', '2024-03-14', '2024-03-14', '15:23:00', '19:23:00', 0, 0, NULL, NULL, 1, 1, '2024-03-14 04:24:07', '2024-03-14 04:30:56', 1),
(51, 1, 1, 'Pre Join 2', 'details', '0', '2024-03-14', '2024-03-14', '15:31:00', '20:31:00', 0, 0, NULL, NULL, 1, 0, '2024-03-14 04:31:42', '2024-03-14 04:31:42', 1),
(52, 1, 1, 'Mob Team', 'DETAILS', '0', '2024-03-15', '2024-03-15', '07:36:00', '12:36:00', 0, 0, NULL, NULL, 1, 1, '2024-03-14 20:36:44', '2024-03-14 20:54:38', 1),
(53, 1, 1, 'Mob Team', 'DETAILS', '0', '2024-03-15', '2024-03-15', '07:54:00', '13:54:00', 0, 0, NULL, NULL, 1, 1, '2024-03-14 20:55:08', '2024-03-14 21:12:54', 1),
(54, 1, 1, 'Mob Team', 'DETAILS', '0', '2024-03-15', '2024-03-15', '08:13:00', '13:13:00', 0, 0, NULL, NULL, 1, 1, '2024-03-14 21:13:25', '2024-03-14 21:16:04', 1),
(55, 1, 1, 'Mob Team', 'DETAILS', '0', '2024-03-15', '2024-03-15', '08:16:00', '13:16:00', 0, 0, NULL, NULL, 1, 1, '2024-03-14 21:16:37', '2024-03-14 21:17:55', 1),
(56, 1, 1, 'Mob Team', 'DETAILS', '0', '2024-03-15', '2024-03-15', '08:18:00', '13:18:00', 0, 1, NULL, NULL, NULL, 1, '2024-03-14 21:18:39', '2024-03-14 21:19:46', 1),
(57, 1, 1, 'Mob Team', 'DETAILS', '0', '2024-03-15', '2024-03-15', '08:20:00', '13:20:00', 0, 0, NULL, NULL, NULL, 1, '2024-03-14 21:20:28', '2024-03-14 21:27:26', 1),
(58, 1, 1, 'Mob Team', 'DETAILS', '0', '2024-03-15', '2024-03-15', '08:27:00', '13:27:00', 0, 0, NULL, NULL, NULL, 1, '2024-03-14 21:27:55', '2024-03-14 21:32:53', 1),
(59, 1, 1, 'Mob Team', 'DETAILS', '0', '2024-03-15', '2024-03-15', '08:33:00', '13:33:00', 0, 0, NULL, NULL, NULL, 1, '2024-03-14 21:33:19', '2024-03-14 21:39:32', 1),
(60, 1, 1, 'Mob Team', 'DETAILS', '0', '2024-03-15', '2024-03-15', '08:39:00', '13:39:00', 0, 0, NULL, NULL, NULL, 1, '2024-03-14 21:40:00', '2024-03-14 21:56:53', 1),
(61, 1, 1, 'Mob Team', 'DETAILS', '0', '2024-03-15', '2024-03-15', '08:57:00', '12:57:00', 0, 0, NULL, NULL, NULL, 1, '2024-03-14 21:57:15', '2024-03-14 22:35:05', 1),
(62, 1, 1, 'Mob Team', 'DEtails', '0', '2024-03-15', '2024-03-15', '09:09:00', '13:10:00', 0, 0, NULL, NULL, NULL, 1, '2024-03-14 22:10:15', '2024-03-14 22:34:55', 1),
(63, 1, 1, 'Mob Team', 'DETAILS', '0', '2024-03-15', '2024-03-15', '09:35:00', '13:35:00', 0, 0, NULL, NULL, NULL, 1, '2024-03-14 22:35:31', '2024-03-14 22:45:21', 1),
(64, 1, 1, 'Mob Team', 'DETAILS', '0', '2024-03-15', '2024-03-15', '09:46:00', '14:46:00', 0, 0, NULL, NULL, NULL, 1, '2024-03-14 22:46:32', '2024-03-14 22:58:51', 0),
(65, 1, 1, 'Mob Team', 'Details', '0', '2024-03-15', '2024-03-15', '09:59:00', '13:59:00', 0, 0, NULL, NULL, NULL, 1, '2024-03-14 22:59:30', '2024-03-14 23:58:02', 0),
(66, 1, 1, 'Mob Team', 'DETAILS', '0', '2024-03-15', '2024-03-15', '12:19:00', '17:25:00', 0, 0, NULL, NULL, NULL, 1, '2024-03-15 01:19:35', '2024-03-15 01:24:48', 0),
(67, 1, 1, 'Mob Team Doc', 'WORKING', '0', '2024-03-15', '2024-03-15', '12:19:00', '17:19:00', 0, 0, NULL, NULL, NULL, 1, '2024-03-15 01:20:04', '2024-03-15 01:24:33', 0),
(68, 1, 1, 'Mob Team', 'DETAILS', '0', '2024-03-15', '2024-03-15', '12:25:00', '17:25:00', 0, 0, NULL, NULL, NULL, 1, '2024-03-15 01:25:14', '2024-03-15 01:34:29', 0),
(69, 1, 1, 'Mob Team Doc', 'WORKING', '0', '2024-03-15', '2024-03-15', '12:25:00', '17:25:00', 0, 0, NULL, NULL, NULL, 1, '2024-03-15 01:25:43', '2024-03-15 01:34:23', 0),
(70, 1, 1, 'After Shift Start', 'TEST', '0', '2024-03-15', '2024-03-15', '12:35:00', '17:32:00', 0, 0, NULL, NULL, NULL, 1, '2024-03-15 01:33:01', '2024-03-15 01:34:15', 0),
(71, 1, 1, 'Mob Team', 'DETAILS', '0', '2024-03-15', '2024-03-15', '12:35:00', '17:35:00', 0, 0, NULL, NULL, NULL, 1, '2024-03-15 01:35:37', '2024-03-15 01:40:14', 0),
(72, 1, 1, 'After Shift Start', 'DETAILS', '0', '2024-03-15', '2024-03-15', '12:38:00', '16:38:00', 0, 0, NULL, NULL, NULL, 1, '2024-03-15 01:38:26', '2024-03-15 01:40:04', 0),
(73, 1, 1, 'After Shift Start', 'DETAILS', '0', '2024-03-15', '2024-03-15', '12:44:00', '16:38:00', 0, 0, NULL, NULL, NULL, 1, '2024-03-15 01:38:57', '2024-03-15 01:39:55', 0),
(74, 1, 1, 'Mob Team', 'DETAILS', '0', '2024-03-15', '2024-03-15', '12:40:00', '17:40:00', 0, 0, NULL, NULL, NULL, 1, '2024-03-15 01:40:44', '2024-03-15 01:47:03', 0),
(75, 1, 1, 'Mob Team Doc', 'DETAILS', '0', '2024-03-15', '2024-03-15', '12:41:00', '16:41:00', 0, 0, NULL, NULL, NULL, 1, '2024-03-15 01:41:22', '2024-03-15 01:46:55', 0),
(76, 1, 1, 'After Shift Start', 'DETAILS', '0', '2024-03-15', '2024-03-15', '12:41:00', '17:41:00', 0, 0, NULL, NULL, NULL, 1, '2024-03-15 01:41:56', '2024-03-15 01:47:13', 0),
(77, 1, 1, 'Mob Team Doc', 'DETAILS', '0', '2024-03-15', '2024-03-15', '12:47:00', '17:47:00', 0, 0, NULL, NULL, NULL, 1, '2024-03-15 01:47:40', '2024-03-15 03:01:02', 0),
(78, 1, 1, 'After Shift Start', 'DETAILS', '0', '2024-03-15', '2024-03-15', '12:47:00', '17:48:00', 0, 0, NULL, NULL, NULL, 1, '2024-03-15 01:48:10', '2024-03-15 03:00:54', 0),
(79, 1, 1, 'Meeting Joined timer', 'DETAILS', '0', '2024-03-15', '2024-03-15', '12:48:00', '17:48:00', 0, 0, NULL, NULL, NULL, 1, '2024-03-15 01:48:35', '2024-03-15 03:00:45', 0),
(80, 1, 1, 'After Shift Start', 'DETAILS', '0', '2024-03-15', '2024-03-15', '12:48:00', '17:48:00', 0, 0, NULL, NULL, NULL, 1, '2024-03-15 01:48:58', '2024-03-15 03:00:32', 0),
(81, 1, 1, 'Meeting Joined timer', 'DETAILS', '0', '2024-03-15', '2024-03-15', '12:52:00', '18:52:00', 0, 0, NULL, NULL, NULL, 1, '2024-03-15 01:52:51', '2024-03-15 03:00:21', 0),
(82, 1, 1, 'After Shift Start', 'Details', '0', '2024-03-15', '2024-03-15', '14:01:00', '19:01:00', 0, 0, NULL, NULL, NULL, 1, '2024-03-15 03:01:36', '2024-03-15 03:41:36', 0),
(83, 1, 1, 'After Shift Start', 'Details', '0', '2024-03-15', '2024-03-15', '14:01:00', '19:01:00', 0, 0, NULL, NULL, NULL, 1, '2024-03-15 03:02:05', '2024-03-15 03:41:31', 0),
(84, 1, 1, 'After Shift Start', 'DETAILS', '0', '2024-03-15', '2024-03-15', '14:02:00', '19:02:00', 0, 0, NULL, NULL, NULL, 1, '2024-03-15 03:02:35', '2024-03-15 03:41:25', 0),
(85, 1, 1, 'After Shift Start', 'DETAILS', '0', '2024-03-15', '2024-03-15', '14:02:00', '19:02:00', 0, 0, NULL, NULL, NULL, 1, '2024-03-15 03:03:00', '2024-03-15 03:41:20', 0),
(86, 1, 1, 'Meeting Joined timer', 'Details', '0', '2024-03-15', '2024-03-15', '14:08:00', '17:08:00', 0, 0, NULL, NULL, NULL, 1, '2024-03-15 03:09:05', '2024-03-15 03:41:10', 0),
(87, 1, 1, 'Meeting Joined timer', 'Details', '0', '2024-03-15', '2024-03-15', '14:09:00', '18:09:00', 0, 0, NULL, NULL, NULL, 1, '2024-03-15 03:09:31', '2024-03-15 03:41:04', 0),
(88, 1, 1, 'After Shift Start', 'Details', '0', '2024-03-15', '2024-03-15', '14:09:00', '18:09:00', 0, 0, NULL, NULL, NULL, 1, '2024-03-15 03:10:00', '2024-03-15 03:40:58', 0),
(89, 1, 1, 'After Shift Start', 'Details', '0', '2024-03-15', '2024-03-15', '14:10:00', '19:10:00', 0, 0, NULL, NULL, NULL, 1, '2024-03-15 03:10:24', '2024-03-15 03:40:49', 0),
(90, 1, 1, 'After Shift Start', 'Details', '0', '2024-03-15', '2024-03-15', '14:16:00', '18:16:00', 0, 0, NULL, NULL, NULL, 1, '2024-03-15 03:16:38', '2024-03-15 03:40:42', 0),
(91, 1, 1, 'After Shift Start', 'Details', '0', '2024-03-15', '2024-03-15', '14:16:00', '18:16:00', 0, 0, NULL, NULL, NULL, 1, '2024-03-15 03:17:02', '2024-03-15 03:40:36', 0),
(92, 1, 1, 'After Shift Start', 'Details', '0', '2024-03-15', '2024-03-15', '14:17:00', '18:17:00', 0, 0, NULL, NULL, NULL, 1, '2024-03-15 03:17:23', '2024-03-15 03:40:29', 0),
(93, 1, 1, 'After Shift Start', 'Details', '0', '2024-03-15', '2024-03-15', '14:17:00', '19:17:00', 0, 0, NULL, NULL, NULL, 1, '2024-03-15 03:17:46', '2024-03-15 03:40:22', 0),
(94, 1, 1, 'After Shift Start', 'Details', '0', '2024-03-15', '2024-03-15', '14:25:00', '17:25:00', 0, 0, NULL, NULL, NULL, 1, '2024-03-15 03:25:49', '2024-03-15 03:40:07', 0),
(95, 1, 1, 'After Shift Start', 'Details', '0', '2024-03-15', '2024-03-15', '14:26:00', '19:26:00', 0, 0, NULL, NULL, NULL, 1, '2024-03-15 03:26:10', '2024-03-15 03:40:02', 0),
(96, 1, 1, 'After Shift Start', 'Details', '0', '2024-03-15', '2024-03-15', '14:26:00', '18:26:00', 0, 0, NULL, NULL, NULL, 1, '2024-03-15 03:26:34', '2024-03-15 03:39:56', 0),
(97, 1, 1, 'After Shift Start', 'Details', '0', '2024-03-15', '2024-03-15', '14:26:00', '19:31:00', 0, 0, NULL, NULL, NULL, 1, '2024-03-15 03:27:02', '2024-03-15 03:39:49', 0),
(98, 1, 1, 'After Shift Start', 'Details', '0', '2024-03-15', '2024-03-15', '14:41:00', '17:41:00', 0, 0, NULL, NULL, NULL, 1, '2024-03-15 03:42:00', '2024-03-15 04:11:13', 0),
(99, 1, 1, 'After Shift Start', 'Details', '0', '2024-03-15', '2024-03-15', '14:42:00', '18:42:00', 0, 0, NULL, NULL, NULL, 1, '2024-03-15 03:42:22', '2024-03-15 04:11:07', 0),
(100, 1, 1, 'After Shift Start', 'Details', '0', '2024-03-15', '2024-03-15', '14:42:00', '17:42:00', 0, 0, NULL, NULL, NULL, 1, '2024-03-15 03:42:45', '2024-03-15 04:11:02', 0),
(101, 1, 1, 'After Shift Start', 'Details', '0', '2024-03-15', '2024-03-15', '14:43:00', '18:43:00', 0, 0, NULL, NULL, NULL, 1, '2024-03-15 03:43:12', '2024-03-15 04:10:57', 0),
(102, 1, 1, 'After Shift Start', 'Details', '0', '2024-03-15', '2024-03-15', '15:11:00', '18:11:00', 0, 0, NULL, NULL, NULL, 1, '2024-03-15 04:11:56', '2024-03-15 04:16:10', 0),
(103, 1, 1, 'After Shift Start', 'Details', '0', '2024-03-15', '2024-03-15', '15:12:00', '19:12:00', 0, 0, NULL, NULL, NULL, 1, '2024-03-15 04:12:20', '2024-03-15 04:16:02', 0),
(104, 1, 1, 'After Shift Start', 'Details', '0', '2024-03-15', '2024-03-15', '15:12:00', '20:12:00', 0, 0, NULL, NULL, NULL, 1, '2024-03-15 04:12:39', '2024-03-15 04:15:56', 0),
(105, 1, 1, 'After Shift Start', 'Details', '0', '2024-03-15', '2024-03-15', '15:12:00', '19:12:00', 0, 0, NULL, NULL, NULL, 1, '2024-03-15 04:13:01', '2024-03-15 04:15:50', 0),
(106, 1, 1, 'After Shift Start', 'Details', '0', '2024-03-15', '2024-03-15', '15:13:00', '18:13:00', 0, 0, NULL, NULL, NULL, 1, '2024-03-15 04:13:34', '2024-03-15 04:15:43', 0),
(107, 1, 1, 'After Shift Start', 'Details', '0', '2024-03-15', '2024-03-15', '15:22:00', '21:22:00', 0, 0, NULL, NULL, NULL, 1, '2024-03-15 04:22:46', '2024-03-15 04:32:56', 0),
(108, 1, 1, 'After Shift Start', 'Details', '0', '2024-03-15', '2024-03-15', '15:24:00', '18:24:00', 0, 0, NULL, NULL, NULL, 1, '2024-03-15 04:25:19', '2024-03-15 04:32:50', 0),
(109, 1, 1, 'After Shift Start', 'Details', '0', '2024-03-15', '2024-03-15', '15:25:00', '20:25:00', 0, 0, NULL, NULL, NULL, 1, '2024-03-15 04:25:42', '2024-03-15 04:32:44', 0),
(110, 1, 1, 'After Shift Start', 'Details', '0', '2024-03-15', '2024-03-15', '15:25:00', '21:25:00', 0, 0, NULL, NULL, NULL, 1, '2024-03-15 04:26:05', '2024-03-15 04:32:36', 0),
(111, 1, 1, 'After Shift Start', 'Details', '0', '2024-03-15', '2024-03-15', '15:33:00', '19:33:00', 0, 0, NULL, NULL, NULL, 1, '2024-03-15 04:33:20', '2024-03-15 04:40:37', 0),
(112, 1, 1, 'After Shift Start', 'Details', '0', '2024-03-15', '2024-03-15', '15:33:00', '19:33:00', 0, 0, NULL, NULL, NULL, 1, '2024-03-15 04:33:43', '2024-03-15 04:40:29', 0),
(113, 1, 1, 'After Shift Start', 'Details', '0', '2024-03-15', '2024-03-15', '15:34:00', '20:34:00', 0, 0, NULL, NULL, NULL, 1, '2024-03-15 04:34:14', '2024-03-15 04:40:24', 0),
(114, 1, 1, 'After Shift Start', 'Details', '0', '2024-03-15', '2024-03-15', '15:34:00', '19:34:00', 0, 0, NULL, NULL, NULL, 1, '2024-03-15 04:34:38', '2024-03-15 04:40:19', 0),
(115, 1, 1, 'After Shift Start', 'DETAILS', '0', '2024-03-18', '2024-03-18', '07:27:00', '13:27:00', 0, 0, NULL, NULL, NULL, 1, '2024-03-17 20:28:02', '2024-03-17 20:36:18', 0),
(116, 1, 1, 'After Shift Start', 'DETAILS', '0', '2024-03-18', '2024-03-18', '07:28:00', '12:28:00', 0, 0, NULL, NULL, NULL, 1, '2024-03-17 20:28:25', '2024-03-17 20:36:07', 0),
(117, 1, 1, 'After Shift Start', 'DETAILS', '0', '2024-03-18', '2024-03-18', '07:29:00', '11:29:00', 0, 0, NULL, NULL, NULL, 1, '2024-03-17 20:29:51', '2024-03-17 20:36:29', 0),
(118, 1, 1, 'After Shift Start', 'DETAILS', '0', '2024-03-18', '2024-03-18', '07:30:00', '12:30:00', 0, 0, NULL, NULL, NULL, 1, '2024-03-17 20:30:14', '2024-03-17 20:35:55', 0),
(119, 1, 1, 'After Shift Start', 'details', '0', '2024-03-18', '2024-03-18', '08:36:00', '13:37:00', 0, 0, NULL, NULL, NULL, 1, '2024-03-17 21:37:57', '2024-03-17 22:34:08', 0),
(120, 1, 1, 'After Shift Start', 'DETAILS', '0', '2024-03-18', '2024-03-18', '08:38:00', '11:38:00', 0, 0, NULL, NULL, NULL, 1, '2024-03-17 21:38:35', '2024-03-17 22:33:56', 0),
(121, 1, 1, 'After Shift Start', 'DETAILS', '0', '2024-03-18', '2024-03-18', '08:38:00', '13:38:00', 0, 0, NULL, NULL, NULL, 1, '2024-03-17 21:39:11', '2024-03-17 22:33:45', 0),
(122, 1, 1, 'After Shift Start', 'DETAILS', '0', '2024-03-18', '2024-03-18', '08:39:00', '23:39:00', 0, 0, NULL, NULL, NULL, 1, '2024-03-17 21:39:36', '2024-03-17 22:33:34', 0),
(123, 1, 1, 'After Shift Start', 'DETAILS', '0', '2024-03-18', '2024-03-18', '08:39:00', '12:39:00', 0, 0, NULL, NULL, NULL, 1, '2024-03-17 21:40:09', '2024-03-17 22:33:00', 1),
(124, 1, 1, 'Pre Join 2', 'DETAILS', '0', '2024-03-18', '2024-03-18', '08:41:00', '12:41:00', 0, 0, NULL, NULL, NULL, 1, '2024-03-17 21:41:42', '2024-03-17 22:32:52', 1),
(125, 1, 3, 'Safety 1', 'Trial', '0', '2024-04-03', '2024-04-03', '07:10:00', '07:20:00', 0, 1, NULL, NULL, NULL, 0, '2024-04-01 23:01:27', '2024-04-01 23:01:27', 0);

-- --------------------------------------------------------

--
-- Table structure for table `meeting_attendances`
--

CREATE TABLE `meeting_attendances` (
  `id` bigint(20) UNSIGNED NOT NULL,
  `meeting_id` int(11) NOT NULL,
  `employee_id` int(11) DEFAULT NULL,
  `guest_user_id` int(11) DEFAULT NULL,
  `date` date NOT NULL,
  `check_in` time NOT NULL,
  `check_out` time DEFAULT NULL,
  `document_signed` int(11) NOT NULL DEFAULT '0',
  `created_at` timestamp NULL DEFAULT NULL,
  `updated_at` timestamp NULL DEFAULT NULL
) ENGINE=InnoDB DEFAULT CHARSET=utf8mb4 COLLATE=utf8mb4_unicode_ci;

--
-- Dumping data for table `meeting_attendances`
--

INSERT INTO `meeting_attendances` (`id`, `meeting_id`, `employee_id`, `guest_user_id`, `date`, `check_in`, `check_out`, `document_signed`, `created_at`, `updated_at`) VALUES
(1, 1, 2, NULL, '2024-02-21', '14:57:59', '14:58:02', 0, '2024-02-21 03:57:59', '2024-02-21 03:58:02'),
(2, 2, 2, NULL, '2024-02-21', '15:33:32', '15:33:55', 0, '2024-02-21 04:33:32', '2024-02-21 04:33:55'),
(3, 2, 2, NULL, '2024-02-21', '15:33:32', NULL, 0, '2024-02-21 04:33:32', '2024-02-21 04:33:32'),
(4, 3, 2, NULL, '2024-02-21', '15:34:06', '15:34:43', 0, '2024-02-21 04:34:06', '2024-02-21 04:34:43'),
(5, 3, 2, NULL, '2024-02-21', '15:34:06', NULL, 0, '2024-02-21 04:34:06', '2024-02-21 04:34:06'),
(6, 5, 2, NULL, '2024-02-21', '15:36:16', '15:37:07', 0, '2024-02-21 04:36:16', '2024-02-21 04:37:07'),
(7, 6, 5, NULL, '2024-02-22', '15:58:25', '15:58:37', 0, '2024-02-22 04:58:25', '2024-02-22 04:58:37'),
(8, 7, 5, NULL, '2024-02-22', '16:17:04', '16:18:02', 0, '2024-02-22 05:17:04', '2024-02-22 05:18:02'),
(9, 7, 5, NULL, '2024-02-22', '16:17:04', NULL, 0, '2024-02-22 05:17:04', '2024-02-22 05:17:04'),
(10, 14, 5, NULL, '2024-02-22', '16:25:37', '16:25:45', 0, '2024-02-22 05:25:37', '2024-02-22 05:25:45'),
(11, 14, 5, NULL, '2024-02-22', '16:25:37', NULL, 0, '2024-02-22 05:25:37', '2024-02-22 05:25:37'),
(12, 13, 5, NULL, '2024-02-22', '16:25:50', '16:26:33', 0, '2024-02-22 05:25:50', '2024-02-22 05:26:33'),
(13, 15, 5, NULL, '2024-02-23', '09:35:37', '09:35:49', 0, '2024-02-22 22:35:37', '2024-02-22 22:35:49'),
(14, 7, 5, NULL, '2024-02-23', '09:49:29', '09:49:37', 0, '2024-02-22 22:49:29', '2024-02-22 22:49:37'),
(15, 17, 5, NULL, '2024-02-23', '10:09:13', '10:12:06', 0, '2024-02-22 23:09:13', '2024-02-22 23:12:06'),
(16, 18, 13, NULL, '2024-02-23', '11:05:16', '11:05:56', 0, '2024-02-23 00:05:16', '2024-02-23 00:05:56'),
(17, 20, 13, NULL, '2024-02-28', '03:36:20', '03:36:34', 0, '2024-02-27 16:36:20', '2024-02-27 16:36:34'),
(18, 19, 13, NULL, '2024-02-28', '05:36:47', '05:37:02', 0, '2024-02-27 18:36:47', '2024-02-27 18:37:02'),
(19, 19, 13, NULL, '2024-02-28', '05:36:47', NULL, 0, '2024-02-27 18:36:47', '2024-02-27 18:36:47'),
(20, 21, 13, NULL, '2024-02-28', '05:38:31', '05:38:42', 0, '2024-02-27 18:38:31', '2024-02-27 18:38:42'),
(21, 21, 13, NULL, '2024-02-28', '05:38:31', NULL, 0, '2024-02-27 18:38:31', '2024-02-27 18:38:31'),
(22, 22, 13, NULL, '2024-02-28', '05:41:49', '05:42:17', 0, '2024-02-27 18:41:49', '2024-02-27 18:42:17'),
(23, 24, 39, NULL, '2024-03-01', '10:51:47', '10:52:00', 0, '2024-02-29 23:51:47', '2024-02-29 23:52:00'),
(24, 25, 39, NULL, '2024-03-01', '10:52:03', '10:52:06', 0, '2024-02-29 23:52:03', '2024-02-29 23:52:06'),
(25, 26, 39, NULL, '2024-03-01', '11:08:25', '11:08:46', 0, '2024-03-01 00:08:25', '2024-03-01 00:08:46'),
(26, 27, 39, NULL, '2024-03-01', '11:08:55', '11:08:58', 0, '2024-03-01 00:08:55', '2024-03-01 00:08:58'),
(27, 27, 39, NULL, '2024-03-01', '11:08:55', NULL, 0, '2024-03-01 00:08:55', '2024-03-01 00:08:55'),
(28, 28, 39, NULL, '2024-03-04', '10:12:31', '10:12:53', 0, '2024-03-03 23:12:31', '2024-03-03 23:12:53'),
(29, 29, 39, NULL, '2024-03-04', '15:07:24', '15:09:04', 0, '2024-03-04 04:07:24', '2024-03-04 04:09:04'),
(30, 30, 39, NULL, '2024-03-12', '13:05:58', '13:49:36', 0, '2024-03-12 02:05:58', '2024-03-12 02:49:36'),
(31, 31, 39, NULL, '2024-03-12', '13:51:45', '14:00:28', 0, '2024-03-12 02:51:45', '2024-03-12 03:00:28'),
(32, 32, 39, NULL, '2024-03-12', '14:02:59', '14:12:55', 0, '2024-03-12 03:02:59', '2024-03-12 03:12:55'),
(33, 34, 39, NULL, '2024-03-12', '14:30:15', NULL, 0, '2024-03-12 03:30:15', '2024-03-12 03:30:15'),
(34, 36, 39, NULL, '2024-03-12', '15:19:40', '15:47:27', 0, '2024-03-12 04:19:40', '2024-03-12 04:47:27'),
(35, 38, 39, NULL, '2024-03-14', '09:37:20', '09:40:29', 0, '2024-03-13 22:37:20', '2024-03-13 22:40:29'),
(36, 39, 39, NULL, '2024-03-14', '09:42:30', NULL, 0, '2024-03-13 22:42:30', '2024-03-13 22:42:30'),
(37, 40, 39, NULL, '2024-03-14', '10:23:19', NULL, 0, '2024-03-13 23:23:19', '2024-03-13 23:23:19'),
(38, 40, 39, NULL, '2024-03-14', '10:23:19', NULL, 0, '2024-03-13 23:23:19', '2024-03-13 23:23:19'),
(39, 41, 39, NULL, '2024-03-14', '12:35:22', '12:35:28', 0, '2024-03-14 01:35:22', '2024-03-14 01:35:28'),
(40, 42, 39, NULL, '2024-03-14', '12:42:56', '14:23:58', 0, '2024-03-14 01:42:56', '2024-03-14 03:23:58'),
(41, 43, 39, NULL, '2024-03-14', '14:24:50', '14:27:07', 0, '2024-03-14 03:24:50', '2024-03-14 03:27:07'),
(42, 44, 39, NULL, '2024-03-14', '14:28:15', '14:30:00', 0, '2024-03-14 03:28:15', '2024-03-14 03:30:00'),
(43, 45, 39, NULL, '2024-03-14', '14:31:26', '14:32:04', 0, '2024-03-14 03:31:26', '2024-03-14 03:32:04'),
(44, 46, 39, NULL, '2024-03-14', '14:33:06', '14:37:40', 0, '2024-03-14 03:33:06', '2024-03-14 03:37:40'),
(45, 47, 39, NULL, '2024-03-14', '14:40:38', '14:46:22', 0, '2024-03-14 03:40:38', '2024-03-14 03:46:22'),
(46, 48, 39, NULL, '2024-03-14', '15:06:36', NULL, 0, '2024-03-14 04:06:36', '2024-03-14 04:06:36'),
(47, 48, 39, NULL, '2024-03-14', '15:06:36', NULL, 0, '2024-03-14 04:06:36', '2024-03-14 04:06:36'),
(48, 49, 39, NULL, '2024-03-14', '15:19:51', NULL, 0, '2024-03-14 04:19:51', '2024-03-14 04:19:51'),
(49, 50, 39, NULL, '2024-03-14', '15:24:49', NULL, 0, '2024-03-14 04:24:49', '2024-03-14 04:24:49'),
(50, 51, 39, NULL, '2024-03-14', '15:39:28', NULL, 0, '2024-03-14 04:39:28', '2024-03-14 04:39:28'),
(51, 51, 39, NULL, '2024-03-14', '15:39:28', NULL, 0, '2024-03-14 04:39:28', '2024-03-14 04:39:28'),
(52, 52, 39, NULL, '2024-03-15', '07:47:04', '07:54:29', 0, '2024-03-14 20:47:04', '2024-03-14 20:54:29'),
(53, 53, 39, NULL, '2024-03-15', '07:55:32', '08:04:39', 0, '2024-03-14 20:55:32', '2024-03-14 21:04:39'),
(54, 53, 39, NULL, '2024-03-15', '07:55:32', NULL, 0, '2024-03-14 20:55:32', '2024-03-14 20:55:32'),
(55, 54, 39, NULL, '2024-03-15', '08:13:35', '08:15:53', 0, '2024-03-14 21:13:35', '2024-03-14 21:15:53'),
(56, 55, 39, NULL, '2024-03-15', '08:16:49', '08:17:43', 0, '2024-03-14 21:16:49', '2024-03-14 21:17:43'),
(57, 55, 39, NULL, '2024-03-15', '08:16:49', NULL, 0, '2024-03-14 21:16:49', '2024-03-14 21:16:49'),
(58, 56, 39, NULL, '2024-03-15', '08:18:49', '08:19:34', 0, '2024-03-14 21:18:49', '2024-03-14 21:19:34'),
(59, 57, 39, NULL, '2024-03-15', '08:20:41', '08:27:14', 0, '2024-03-14 21:20:41', '2024-03-14 21:27:14'),
(60, 57, 39, NULL, '2024-03-15', '08:20:41', NULL, 0, '2024-03-14 21:20:41', '2024-03-14 21:20:41'),
(61, 58, 39, NULL, '2024-03-15', '08:28:08', '08:32:28', 0, '2024-03-14 21:28:08', '2024-03-14 21:32:28'),
(62, 59, 39, NULL, '2024-03-15', '08:33:28', NULL, 0, '2024-03-14 21:33:28', '2024-03-14 21:33:28'),
(63, 60, 39, NULL, '2024-03-15', '08:53:37', '08:54:09', 0, '2024-03-14 21:53:37', '2024-03-14 21:54:09'),
(64, 61, 39, NULL, '2024-03-15', '08:57:25', NULL, 0, '2024-03-14 21:57:25', '2024-03-14 21:57:25'),
(65, 63, 39, NULL, '2024-03-15', '09:35:43', NULL, 0, '2024-03-14 22:35:43', '2024-03-14 22:35:43'),
(66, 64, 39, NULL, '2024-03-15', '09:48:40', NULL, 0, '2024-03-14 22:48:40', '2024-03-14 22:48:40'),
(67, 65, 39, NULL, '2024-03-15', '10:00:03', '10:01:37', 0, '2024-03-14 23:00:03', '2024-03-14 23:01:37'),
(68, 66, 39, NULL, '2024-03-15', '12:20:24', '12:21:18', 0, '2024-03-15 01:20:24', '2024-03-15 01:21:18'),
(69, 66, 39, NULL, '2024-03-15', '12:20:24', NULL, 0, '2024-03-15 01:20:24', '2024-03-15 01:20:24'),
(70, 67, 39, NULL, '2024-03-15', '12:21:28', '12:24:06', 0, '2024-03-15 01:21:28', '2024-03-15 01:24:06'),
(71, 68, 39, NULL, '2024-03-15', '12:26:15', '12:29:31', 0, '2024-03-15 01:26:15', '2024-03-15 01:29:31'),
(72, 69, 39, NULL, '2024-03-15', '12:32:17', '12:33:06', 0, '2024-03-15 01:32:17', '2024-03-15 01:33:06'),
(73, 70, 39, NULL, '2024-03-15', '12:33:13', '12:33:22', 0, '2024-03-15 01:33:13', '2024-03-15 01:33:22'),
(74, 71, 39, NULL, '2024-03-15', '12:36:07', '12:36:49', 0, '2024-03-15 01:36:07', '2024-03-15 01:36:49'),
(75, 71, 39, NULL, '2024-03-15', '12:36:07', NULL, 0, '2024-03-15 01:36:07', '2024-03-15 01:36:07'),
(76, 72, 39, NULL, '2024-03-15', '12:39:10', '12:39:21', 0, '2024-03-15 01:39:10', '2024-03-15 01:39:21'),
(77, 73, 39, NULL, '2024-03-15', '12:39:32', '12:39:42', 0, '2024-03-15 01:39:32', '2024-03-15 01:39:42'),
(78, 74, 39, NULL, '2024-03-15', '12:42:18', '12:43:57', 0, '2024-03-15 01:42:18', '2024-03-15 01:43:57'),
(79, 75, 39, NULL, '2024-03-15', '12:44:16', '12:45:56', 0, '2024-03-15 01:44:16', '2024-03-15 01:45:56'),
(80, 76, 39, NULL, '2024-03-15', '12:46:12', '12:46:26', 0, '2024-03-15 01:46:12', '2024-03-15 01:46:26'),
(81, 76, 39, NULL, '2024-03-15', '12:46:12', NULL, 0, '2024-03-15 01:46:12', '2024-03-15 01:46:12'),
(82, 77, 39, NULL, '2024-03-15', '12:49:24', '12:50:09', 0, '2024-03-15 01:49:24', '2024-03-15 01:50:09'),
(83, 78, 39, NULL, '2024-03-15', '12:50:44', '12:51:13', 0, '2024-03-15 01:50:44', '2024-03-15 01:51:13'),
(84, 79, 39, NULL, '2024-03-15', '12:51:25', '12:51:58', 0, '2024-03-15 01:51:25', '2024-03-15 01:51:58'),
(85, 80, 39, NULL, '2024-03-15', '12:52:10', '12:53:06', 0, '2024-03-15 01:52:10', '2024-03-15 01:53:06'),
(86, 81, 39, NULL, '2024-03-15', '12:53:15', '14:00:09', 0, '2024-03-15 01:53:15', '2024-03-15 03:00:09'),
(87, 82, 39, NULL, '2024-03-15', '14:03:29', '14:04:39', 0, '2024-03-15 03:03:29', '2024-03-15 03:04:39'),
(88, 83, 39, NULL, '2024-03-15', '14:04:55', '14:06:15', 0, '2024-03-15 03:04:55', '2024-03-15 03:06:15'),
(89, 84, 39, NULL, '2024-03-15', '14:06:27', NULL, 0, '2024-03-15 03:06:27', '2024-03-15 03:06:27'),
(90, 85, 39, NULL, '2024-03-15', '14:08:00', '14:10:37', 0, '2024-03-15 03:08:00', '2024-03-15 03:10:37'),
(91, 85, 39, NULL, '2024-03-15', '14:08:00', NULL, 0, '2024-03-15 03:08:00', '2024-03-15 03:08:00'),
(92, 86, 39, NULL, '2024-03-15', '14:10:53', '14:11:20', 0, '2024-03-15 03:10:53', '2024-03-15 03:11:20'),
(93, 86, 39, NULL, '2024-03-15', '14:10:53', NULL, 0, '2024-03-15 03:10:53', '2024-03-15 03:10:53'),
(94, 87, 39, NULL, '2024-03-15', '14:11:36', '14:11:43', 0, '2024-03-15 03:11:36', '2024-03-15 03:11:43'),
(95, 87, 39, NULL, '2024-03-15', '14:11:36', NULL, 0, '2024-03-15 03:11:36', '2024-03-15 03:11:36'),
(96, 88, 39, NULL, '2024-03-15', '14:12:06', NULL, 0, '2024-03-15 03:12:06', '2024-03-15 03:12:06'),
(97, 89, 39, NULL, '2024-03-15', '14:13:08', NULL, 0, '2024-03-15 03:13:08', '2024-03-15 03:13:08'),
(98, 90, 39, NULL, '2024-03-15', '14:18:11', '14:19:29', 0, '2024-03-15 03:18:11', '2024-03-15 03:19:29'),
(99, 90, 39, NULL, '2024-03-15', '14:18:11', NULL, 0, '2024-03-15 03:18:11', '2024-03-15 03:18:11'),
(100, 91, 39, NULL, '2024-03-15', '14:19:55', '14:22:05', 0, '2024-03-15 03:19:55', '2024-03-15 03:22:05'),
(101, 92, 39, NULL, '2024-03-15', '14:22:44', '14:25:05', 0, '2024-03-15 03:22:44', '2024-03-15 03:25:05'),
(102, 93, 39, NULL, '2024-03-15', '14:27:42', '14:32:08', 0, '2024-03-15 03:27:42', '2024-03-15 03:32:08'),
(103, 94, 39, NULL, '2024-03-15', '14:32:46', '14:34:44', 0, '2024-03-15 03:32:46', '2024-03-15 03:34:44'),
(104, 95, 39, NULL, '2024-03-15', '14:35:26', '14:37:02', 0, '2024-03-15 03:35:26', '2024-03-15 03:37:02'),
(105, 96, 39, NULL, '2024-03-15', '14:37:41', '14:39:25', 0, '2024-03-15 03:37:41', '2024-03-15 03:39:25'),
(106, 98, 39, NULL, '2024-03-15', '14:51:53', NULL, 0, '2024-03-15 03:51:53', '2024-03-15 03:51:53'),
(107, 99, 39, NULL, '2024-03-15', '14:52:47', '14:54:02', 0, '2024-03-15 03:52:47', '2024-03-15 03:54:02'),
(108, 100, 39, NULL, '2024-03-15', '14:54:10', '14:54:54', 0, '2024-03-15 03:54:10', '2024-03-15 03:54:54'),
(109, 101, 39, NULL, '2024-03-15', '14:55:04', NULL, 0, '2024-03-15 03:55:04', '2024-03-15 03:55:04'),
(110, 101, 39, NULL, '2024-03-15', '14:55:04', NULL, 0, '2024-03-15 03:55:04', '2024-03-15 03:55:04'),
(111, 102, 39, NULL, '2024-03-15', '15:12:35', NULL, 0, '2024-03-15 04:12:35', '2024-03-15 04:12:35'),
(112, 103, 39, NULL, '2024-03-15', '15:13:33', NULL, 0, '2024-03-15 04:13:33', '2024-03-15 04:13:33'),
(113, 104, 39, NULL, '2024-03-15', '15:14:46', NULL, 0, '2024-03-15 04:14:46', '2024-03-15 04:14:46'),
(114, 105, 39, NULL, '2024-03-15', '15:15:06', '15:15:10', 0, '2024-03-15 04:15:06', '2024-03-15 04:15:10'),
(115, 106, 39, NULL, '2024-03-15', '15:15:14', '15:15:19', 0, '2024-03-15 04:15:14', '2024-03-15 04:15:19'),
(116, 107, 39, NULL, '2024-03-15', '15:26:54', '15:28:25', 0, '2024-03-15 04:26:54', '2024-03-15 04:28:25'),
(117, 108, 39, NULL, '2024-03-15', '15:28:33', '15:29:56', 0, '2024-03-15 04:28:33', '2024-03-15 04:29:56'),
(118, 109, 39, NULL, '2024-03-15', '15:30:08', '15:31:05', 0, '2024-03-15 04:30:08', '2024-03-15 04:31:05'),
(119, 109, 39, NULL, '2024-03-15', '15:30:08', NULL, 0, '2024-03-15 04:30:08', '2024-03-15 04:30:08'),
(120, 110, 39, NULL, '2024-03-15', '15:31:18', '15:32:14', 0, '2024-03-15 04:31:18', '2024-03-15 04:32:14'),
(121, 111, 39, NULL, '2024-03-15', '15:35:17', '15:36:05', 0, '2024-03-15 04:35:17', '2024-03-15 04:36:05'),
(122, 112, 39, NULL, '2024-03-15', '15:38:07', '15:38:37', 0, '2024-03-15 04:38:07', '2024-03-15 04:38:37'),
(123, 113, 39, NULL, '2024-03-15', '15:39:14', '15:39:45', 0, '2024-03-15 04:39:14', '2024-03-15 04:39:45'),
(124, 114, 39, NULL, '2024-03-15', '15:40:00', NULL, 0, '2024-03-15 04:40:00', '2024-03-15 04:40:00'),
(125, 115, 39, NULL, '2024-03-18', '07:28:38', '07:29:11', 0, '2024-03-17 20:28:38', '2024-03-17 20:29:11'),
(126, 116, 39, NULL, '2024-03-18', '07:29:21', '07:30:25', 0, '2024-03-17 20:29:21', '2024-03-17 20:30:25'),
(127, 117, 39, NULL, '2024-03-18', '07:30:31', '07:31:02', 0, '2024-03-17 20:30:31', '2024-03-17 20:31:02'),
(128, 118, 39, NULL, '2024-03-18', '07:31:19', '07:35:44', 0, '2024-03-17 20:31:19', '2024-03-17 20:35:44'),
(129, 123, 39, NULL, '2024-03-18', '08:42:15', NULL, 0, '2024-03-17 21:42:15', '2024-03-17 21:42:15'),
(130, 124, 39, NULL, '2024-03-18', '08:44:27', '08:46:59', 0, '2024-03-17 21:44:27', '2024-03-17 21:46:59'),
(131, 119, 39, NULL, '2024-03-18', '08:47:52', '08:49:15', 0, '2024-03-17 21:47:52', '2024-03-17 21:49:15'),
(132, 120, 39, NULL, '2024-03-18', '08:49:21', '08:49:28', 0, '2024-03-17 21:49:21', '2024-03-17 21:49:28'),
(133, 121, 39, NULL, '2024-03-18', '08:50:05', '08:51:20', 0, '2024-03-17 21:50:05', '2024-03-17 21:51:20'),
(134, 125, 21, NULL, '2024-04-03', '00:57:29', '00:57:34', 0, '2024-04-02 13:57:29', '2024-04-02 13:57:34'),
(135, 125, 21, NULL, '2024-04-03', '00:57:29', NULL, 0, '2024-04-02 13:57:29', '2024-04-02 13:57:29');

-- --------------------------------------------------------

--
-- Table structure for table `meeting_documents`
--

CREATE TABLE `meeting_documents` (
  `id` bigint(20) UNSIGNED NOT NULL,
  `meeting_id` int(11) NOT NULL,
  `document_path` varchar(255) COLLATE utf8mb4_unicode_ci NOT NULL,
  `title` text COLLATE utf8mb4_unicode_ci NOT NULL,
  `meeting_date` date DEFAULT NULL,
  `uploaded_by` int(11) NOT NULL,
  `is_signed` int(11) NOT NULL DEFAULT '0',
  `created_at` timestamp NULL DEFAULT NULL,
  `updated_at` timestamp NULL DEFAULT NULL
) ENGINE=InnoDB DEFAULT CHARSET=utf8mb4 COLLATE=utf8mb4_unicode_ci;

--
-- Dumping data for table `meeting_documents`
--

INSERT INTO `meeting_documents` (`id`, `meeting_id`, `document_path`, `title`, `meeting_date`, `uploaded_by`, `is_signed`, `created_at`, `updated_at`) VALUES
(1, 2, 'upload/documents/1708511523.png', 'jjhh', '2024-02-21', 1, 1, '2024-02-21 04:32:03', '2024-02-21 04:32:03'),
(2, 2, 'upload/documents/1708511535.png', 'huhuihiu', '2024-02-21', 1, 0, '2024-02-21 04:32:15', '2024-02-21 04:32:15'),
(3, 3, 'upload/documents/1708511566.png', 'kuhkhk', '2024-02-21', 1, 1, '2024-02-21 04:32:46', '2024-02-21 04:32:46'),
(4, 5, 'upload/documents/1708511743.png', 'sdljhak', '2024-02-21', 1, 1, '2024-02-21 04:35:43', '2024-02-21 04:35:43'),
(5, 5, 'upload/documents/1708511744.png', 'sdljhak', '2024-02-21', 1, 1, '2024-02-21 04:35:44', '2024-02-21 04:35:44'),
(6, 5, 'upload/documents/1708511744.png', 'sdljhak', '2024-02-21', 1, 1, '2024-02-21 04:35:44', '2024-02-21 04:35:44'),
(7, 5, 'upload/documents/1708511757.png', 'ldaijk', '2024-02-21', 1, 1, '2024-02-21 04:35:57', '2024-02-21 04:35:57'),
(9, 12, 'upload/documents/1708600444.png', 'test doc', '2024-02-22', 1, 1, '2024-02-22 05:14:04', '2024-02-22 05:14:04'),
(11, 6, 'upload/documents/1708601046.png', 'yrftyer', NULL, 1, 1, '2024-02-22 05:24:06', '2024-02-22 05:24:06'),
(12, 13, 'upload/documents/1708601119.png', 'jngfchcf', '2024-02-22', 1, 1, '2024-02-22 05:25:19', '2024-02-22 05:25:19'),
(13, 16, 'upload/documents/1708663627.png', 'test doc', '2024-02-23', 1, 1, '2024-02-22 22:47:07', '2024-02-22 22:47:07'),
(14, 17, 'upload/documents/1708664293.png', 'doc', '2024-02-23', 1, 1, '2024-02-22 22:58:13', '2024-02-22 22:58:13'),
(15, 18, 'upload/documents/1708668268.png', 'Test Document', '2024-02-23', 1, 1, '2024-02-23 00:04:28', '2024-02-23 00:04:28'),
(20, 22, 'upload/documents/1709080971.png', 'test', '2024-02-28', 1, 1, '2024-02-27 18:42:51', '2024-02-27 18:42:51'),
(22, 26, 'upload/documents/1709273222.jpg', 'task', '2024-03-01', 1, 1, '2024-03-01 00:07:02', '2024-03-01 00:07:02'),
(24, 29, 'upload/documents/1709546818.pdf', 'test1', '2024-03-04', 1, 1, '2024-03-04 04:06:58', '2024-03-04 04:06:58');

-- --------------------------------------------------------

--
-- Table structure for table `meeting_guest_users`
--

CREATE TABLE `meeting_guest_users` (
  `id` bigint(20) UNSIGNED NOT NULL,
  `meeting_id` int(11) NOT NULL,
  `name` varchar(255) COLLATE utf8mb4_unicode_ci NOT NULL,
  `email` varchar(255) COLLATE utf8mb4_unicode_ci NOT NULL,
  `phone_number` varchar(255) COLLATE utf8mb4_unicode_ci NOT NULL,
  `occupation` varchar(255) COLLATE utf8mb4_unicode_ci DEFAULT NULL,
  `details` varchar(255) COLLATE utf8mb4_unicode_ci DEFAULT NULL,
  `added_by` int(11) DEFAULT NULL,
  `meeting_date` date DEFAULT NULL,
  `created_at` timestamp NULL DEFAULT NULL,
  `updated_at` timestamp NULL DEFAULT NULL
) ENGINE=InnoDB DEFAULT CHARSET=utf8mb4 COLLATE=utf8mb4_unicode_ci;

--
-- Dumping data for table `meeting_guest_users`
--

INSERT INTO `meeting_guest_users` (`id`, `meeting_id`, `name`, `email`, `phone_number`, `occupation`, `details`, `added_by`, `meeting_date`, `created_at`, `updated_at`) VALUES
(1, 7, 'abdul rehman', 'ali@gmail.com', '03056546435', 'test', 'test', NULL, '2024-02-21', '2024-02-21 04:54:07', '2024-02-21 04:54:07'),
(2, 7, 'saad', 'Saad@g-techsolutions.com.au', '32342342', 'Manager', 'My details', NULL, '2024-02-23', '2024-02-21 06:27:42', '2024-02-21 06:27:42');

-- --------------------------------------------------------

--
-- Table structure for table `meeting_histories`
--

CREATE TABLE `meeting_histories` (
  `id` bigint(20) UNSIGNED NOT NULL,
  `meeting_id` int(11) NOT NULL,
  `updated_by` int(11) NOT NULL,
  `description` text COLLATE utf8mb4_unicode_ci NOT NULL,
  `created_at` timestamp NULL DEFAULT NULL,
  `updated_at` timestamp NULL DEFAULT NULL
) ENGINE=InnoDB DEFAULT CHARSET=utf8mb4 COLLATE=utf8mb4_unicode_ci;

--
-- Dumping data for table `meeting_histories`
--

INSERT INTO `meeting_histories` (`id`, `meeting_id`, `updated_by`, `description`, `created_at`, `updated_at`) VALUES
(1, 1, 1, '<a href=\'https://dev-fastform.gtechsol.au/user-profile/1\' style=\'text-transform: capitalize;\' role=\'button\' class=\'primary text-decoration-none\'>Main  Admin</a> created this meeting at 21/02/2024 14:57:49', '2024-02-21 03:57:49', '2024-02-21 03:57:49'),
(2, 2, 1, '<a href=\'https://dev-fastform.gtechsol.au/user-profile/1\' style=\'text-transform: capitalize;\' role=\'button\' class=\'primary text-decoration-none\'>Main  Admin</a> created this meeting at 21/02/2024 15:31:47', '2024-02-21 04:31:47', '2024-02-21 04:31:47'),
(3, 2, 1, '<a href=\'https://dev-fastform.gtechsol.au/user-profile/1\' style=\'text-transform: capitalize;\' role=\'button\' class=\'primary text-decoration-none\'>Main  Admin</a> added a document in this meeting at 21/02/2024 15:32:03', '2024-02-21 04:32:03', '2024-02-21 04:32:03'),
(4, 2, 1, '<a href=\'https://dev-fastform.gtechsol.au/user-profile/1\' style=\'text-transform: capitalize;\' role=\'button\' class=\'primary text-decoration-none\'>Main  Admin</a> added a document in this meeting at 21/02/2024 15:32:15', '2024-02-21 04:32:15', '2024-02-21 04:32:15'),
(5, 3, 1, '<a href=\'https://dev-fastform.gtechsol.au/user-profile/1\' style=\'text-transform: capitalize;\' role=\'button\' class=\'primary text-decoration-none\'>Main  Admin</a> created this meeting at 21/02/2024 15:32:33', '2024-02-21 04:32:33', '2024-02-21 04:32:33'),
(6, 3, 1, '<a href=\'https://dev-fastform.gtechsol.au/user-profile/1\' style=\'text-transform: capitalize;\' role=\'button\' class=\'primary text-decoration-none\'>Main  Admin</a> added a document in this meeting at 21/02/2024 15:32:46', '2024-02-21 04:32:46', '2024-02-21 04:32:46'),
(7, 4, 1, '<a href=\'https://dev-fastform.gtechsol.au/user-profile/1\' style=\'text-transform: capitalize;\' role=\'button\' class=\'primary text-decoration-none\'>Main  Admin</a> created this meeting at 21/02/2024 15:33:08', '2024-02-21 04:33:08', '2024-02-21 04:33:08'),
(8, 5, 1, '<a href=\'https://dev-fastform.gtechsol.au/user-profile/1\' style=\'text-transform: capitalize;\' role=\'button\' class=\'primary text-decoration-none\'>Main  Admin</a> created this meeting at 21/02/2024 15:34:59', '2024-02-21 04:34:59', '2024-02-21 04:34:59'),
(9, 5, 1, '<a href=\'https://dev-fastform.gtechsol.au/user-profile/1\' style=\'text-transform: capitalize;\' role=\'button\' class=\'primary text-decoration-none\'>Main  Admin</a> added a document in this meeting at 21/02/2024 15:35:43', '2024-02-21 04:35:43', '2024-02-21 04:35:43'),
(10, 5, 1, '<a href=\'https://dev-fastform.gtechsol.au/user-profile/1\' style=\'text-transform: capitalize;\' role=\'button\' class=\'primary text-decoration-none\'>Main  Admin</a> added a document in this meeting at 21/02/2024 15:35:44', '2024-02-21 04:35:44', '2024-02-21 04:35:44'),
(11, 5, 1, '<a href=\'https://dev-fastform.gtechsol.au/user-profile/1\' style=\'text-transform: capitalize;\' role=\'button\' class=\'primary text-decoration-none\'>Main  Admin</a> added a document in this meeting at 21/02/2024 15:35:44', '2024-02-21 04:35:44', '2024-02-21 04:35:44'),
(12, 5, 1, '<a href=\'https://dev-fastform.gtechsol.au/user-profile/1\' style=\'text-transform: capitalize;\' role=\'button\' class=\'primary text-decoration-none\'>Main  Admin</a> added a document in this meeting at 21/02/2024 15:35:57', '2024-02-21 04:35:57', '2024-02-21 04:35:57'),
(13, 6, 1, '<a href=\'https://dev-fastform.gtechsol.au/user-profile/1\' style=\'text-transform: capitalize;\' role=\'button\' class=\'primary text-decoration-none\'>Main  Admin</a> created this meeting at 21/02/2024 15:51:35', '2024-02-21 04:51:35', '2024-02-21 04:51:35'),
(14, 7, 1, '<a href=\'https://dev-fastform.gtechsol.au/user-profile/1\' style=\'text-transform: capitalize;\' role=\'button\' class=\'primary text-decoration-none\'>Main  Admin</a> created this meeting at 21/02/2024 15:52:46', '2024-02-21 04:52:46', '2024-02-21 04:52:46'),
(15, 7, 1, '<a href=\'https://dev-fastform.gtechsol.au/user-profile/1\' style=\'text-transform: capitalize;\' role=\'button\' class=\'primary text-decoration-none\'>Main  Admin</a> deleted a guest user <b>saad</b> from this meeting at 21/02/2024 17:28:22', '2024-02-21 06:28:22', '2024-02-21 06:28:22'),
(16, 8, 1, '<a href=\'http://dev-fastform.gtechsol.au/user-profile/1\' style=\'text-transform: capitalize;\' role=\'button\' class=\'primary text-decoration-none\'>Main  Admin</a> created this meeting at 22/02/2024 12:22:16', '2024-02-22 01:22:16', '2024-02-22 01:22:16'),
(17, 8, 1, '<a href=\'http://dev-fastform.gtechsol.au/user-profile/1\' style=\'text-transform: capitalize;\' role=\'button\' class=\'primary text-decoration-none\'>Main  Admin</a> added a guest user <b>abdul rehman</b> in meeting at 22/02/2024 12:30:55', '2024-02-22 01:30:55', '2024-02-22 01:30:55'),
(18, 8, 1, '<a href=\'http://dev-fastform.gtechsol.au/user-profile/1\' style=\'text-transform: capitalize;\' role=\'button\' class=\'primary text-decoration-none\'>Main  Admin</a> updated a guest user <b>abdul rehmann</b> in meeting at 22/02/2024 12:31:28', '2024-02-22 01:31:28', '2024-02-22 01:31:28'),
(19, 8, 1, '<a href=\'http://dev-fastform.gtechsol.au/user-profile/1\' style=\'text-transform: capitalize;\' role=\'button\' class=\'primary text-decoration-none\'>Main  Admin</a> deleted a guest user <b>abdul rehmann</b> from this meeting at 22/02/2024 12:31:41', '2024-02-22 01:31:41', '2024-02-22 01:31:41'),
(20, 8, 1, '<a href=\'http://dev-fastform.gtechsol.au/user-profile/1\' style=\'text-transform: capitalize;\' role=\'button\' class=\'primary text-decoration-none\'>Main  Admin</a> added a guest user <b>abdul rehmann</b> in meeting at 22/02/2024 12:32:14', '2024-02-22 01:32:14', '2024-02-22 01:32:14'),
(21, 8, 1, '<a href=\'http://dev-fastform.gtechsol.au/user-profile/1\' style=\'text-transform: capitalize;\' role=\'button\' class=\'primary text-decoration-none\'>Main  Admin</a> deleted a guest user <b>abdul rehmann</b> from this meeting at 22/02/2024 12:32:23', '2024-02-22 01:32:23', '2024-02-22 01:32:23'),
(22, 8, 1, '<a href=\'http://dev-fastform.gtechsol.au/user-profile/1\' style=\'text-transform: capitalize;\' role=\'button\' class=\'primary text-decoration-none\'>Main  Admin</a> added a document in this meeting at 22/02/2024 12:34:38', '2024-02-22 01:34:38', '2024-02-22 01:34:38'),
(23, 9, 1, '<a href=\'http://dev-fastform.gtechsol.au/user-profile/1\' style=\'text-transform: capitalize;\' role=\'button\' class=\'primary text-decoration-none\'>Main  Admin</a> created this meeting at 22/02/2024 12:52:19', '2024-02-22 01:52:19', '2024-02-22 01:52:19'),
(24, 10, 1, '<a href=\'http://dev-fastform.gtechsol.au/user-profile/1\' style=\'text-transform: capitalize;\' role=\'button\' class=\'primary text-decoration-none\'>Main  Admin</a> created this meeting at 22/02/2024 12:52:55', '2024-02-22 01:52:55', '2024-02-22 01:52:55'),
(25, 11, 1, '<a href=\'http://dev-fastform.gtechsol.au/user-profile/1\' style=\'text-transform: capitalize;\' role=\'button\' class=\'primary text-decoration-none\'>Main  Admin</a> created this meeting at 22/02/2024 12:56:11', '2024-02-22 01:56:11', '2024-02-22 01:56:11'),
(26, 12, 1, '<a href=\'http://dev-fastform.gtechsol.au/user-profile/1\' style=\'text-transform: capitalize;\' role=\'button\' class=\'primary text-decoration-none\'>Main  Admin</a> created this meeting at 22/02/2024 16:13:13', '2024-02-22 05:13:13', '2024-02-22 05:13:13'),
(27, 12, 1, '<a href=\'http://dev-fastform.gtechsol.au/user-profile/1\' style=\'text-transform: capitalize;\' role=\'button\' class=\'primary text-decoration-none\'>Main  Admin</a> added a document in this meeting at 22/02/2024 16:14:04', '2024-02-22 05:14:04', '2024-02-22 05:14:04'),
(28, 6, 1, '<a href=\'http://dev-fastform.gtechsol.au/user-profile/1\' style=\'text-transform: capitalize;\' role=\'button\' class=\'primary text-decoration-none\'>Main  Admin</a> updated this meeting at 22/02/2024 16:16:14', '2024-02-22 05:16:14', '2024-02-22 05:16:14'),
(29, 6, 1, '<a href=\'http://dev-fastform.gtechsol.au/user-profile/1\' style=\'text-transform: capitalize;\' role=\'button\' class=\'primary text-decoration-none\'>Main  Admin</a> added a document in this meeting at 22/02/2024 16:16:39', '2024-02-22 05:16:39', '2024-02-22 05:16:39'),
(30, 6, 1, '<a href=\'http://dev-fastform.gtechsol.au/user-profile/1\' style=\'text-transform: capitalize;\' role=\'button\' class=\'primary text-decoration-none\'>Main  Admin</a> updated this meeting at 22/02/2024 16:21:40', '2024-02-22 05:21:40', '2024-02-22 05:21:40'),
(31, 6, 1, '<a href=\'http://dev-fastform.gtechsol.au/user-profile/1\' style=\'text-transform: capitalize;\' role=\'button\' class=\'primary text-decoration-none\'>Main  Admin</a> deleted a document from this meeting at 22/02/2024 16:23:49', '2024-02-22 05:23:49', '2024-02-22 05:23:49'),
(32, 6, 1, '<a href=\'http://dev-fastform.gtechsol.au/user-profile/1\' style=\'text-transform: capitalize;\' role=\'button\' class=\'primary text-decoration-none\'>Main  Admin</a> added a document in this meeting at 22/02/2024 16:24:06', '2024-02-22 05:24:06', '2024-02-22 05:24:06'),
(33, 13, 1, '<a href=\'http://dev-fastform.gtechsol.au/user-profile/1\' style=\'text-transform: capitalize;\' role=\'button\' class=\'primary text-decoration-none\'>Main  Admin</a> created this meeting at 22/02/2024 16:25:00', '2024-02-22 05:25:00', '2024-02-22 05:25:00'),
(34, 14, 1, '<a href=\'http://dev-fastform.gtechsol.au/user-profile/1\' style=\'text-transform: capitalize;\' role=\'button\' class=\'primary text-decoration-none\'>Main  Admin</a> created this meeting at 22/02/2024 16:25:00', '2024-02-22 05:25:00', '2024-02-22 05:25:00'),
(35, 13, 1, '<a href=\'http://dev-fastform.gtechsol.au/user-profile/1\' style=\'text-transform: capitalize;\' role=\'button\' class=\'primary text-decoration-none\'>Main  Admin</a> added a document in this meeting at 22/02/2024 16:25:19', '2024-02-22 05:25:19', '2024-02-22 05:25:19'),
(36, 15, 1, '<a href=\'https://dev-fastform.gtechsol.au/user-profile/1\' style=\'text-transform: capitalize;\' role=\'button\' class=\'primary text-decoration-none\'>Main  Admin</a> created this meeting at 22/02/2024 17:25:41', '2024-02-22 06:25:41', '2024-02-22 06:25:41'),
(37, 16, 1, '<a href=\'http://dev-fastform.gtechsol.au/user-profile/1\' style=\'text-transform: capitalize;\' role=\'button\' class=\'primary text-decoration-none\'>Main  Admin</a> created this meeting at 23/02/2024 09:46:47', '2024-02-22 22:46:47', '2024-02-22 22:46:47'),
(38, 16, 1, '<a href=\'http://dev-fastform.gtechsol.au/user-profile/1\' style=\'text-transform: capitalize;\' role=\'button\' class=\'primary text-decoration-none\'>Main  Admin</a> added a document in this meeting at 23/02/2024 09:47:07', '2024-02-22 22:47:07', '2024-02-22 22:47:07'),
(39, 16, 1, '<a href=\'http://dev-fastform.gtechsol.au/user-profile/1\' style=\'text-transform: capitalize;\' role=\'button\' class=\'primary text-decoration-none\'>Main  Admin</a> updated this meeting at 23/02/2024 09:50:01', '2024-02-22 22:50:01', '2024-02-22 22:50:01'),
(40, 6, 1, '<a href=\'http://dev-fastform.gtechsol.au/user-profile/1\' style=\'text-transform: capitalize;\' role=\'button\' class=\'primary text-decoration-none\'>Main  Admin</a> updated this meeting at 23/02/2024 09:52:56', '2024-02-22 22:52:56', '2024-02-22 22:52:56'),
(41, 17, 1, '<a href=\'http://dev-fastform.gtechsol.au/user-profile/1\' style=\'text-transform: capitalize;\' role=\'button\' class=\'primary text-decoration-none\'>Main  Admin</a> created this meeting at 23/02/2024 09:57:53', '2024-02-22 22:57:53', '2024-02-22 22:57:53'),
(42, 17, 1, '<a href=\'http://dev-fastform.gtechsol.au/user-profile/1\' style=\'text-transform: capitalize;\' role=\'button\' class=\'primary text-decoration-none\'>Main  Admin</a> added a document in this meeting at 23/02/2024 09:58:13', '2024-02-22 22:58:13', '2024-02-22 22:58:13'),
(43, 17, 1, '<a href=\'https://dev-fastform.gtechsol.au/user-profile/1\' style=\'text-transform: capitalize;\' role=\'button\' class=\'primary text-decoration-none\'>Main  Admin</a> updated this meeting at 23/02/2024 10:08:49', '2024-02-22 23:08:49', '2024-02-22 23:08:49'),
(44, 18, 1, '<a href=\'https://dev-fastform.gtechsol.au/user-profile/1\' style=\'text-transform: capitalize;\' role=\'button\' class=\'primary text-decoration-none\'>Main  Admin</a> created this meeting at 23/02/2024 11:03:58', '2024-02-23 00:03:58', '2024-02-23 00:03:58'),
(45, 18, 1, '<a href=\'https://dev-fastform.gtechsol.au/user-profile/1\' style=\'text-transform: capitalize;\' role=\'button\' class=\'primary text-decoration-none\'>Main  Admin</a> added a document in this meeting at 23/02/2024 11:04:28', '2024-02-23 00:04:28', '2024-02-23 00:04:28'),
(46, 19, 1, '<a href=\'https://dev-fastform.gtechsol.au/user-profile/1\' style=\'text-transform: capitalize;\' role=\'button\' class=\'primary text-decoration-none\'>Main  Admin</a> created this meeting at 28/02/2024 03:20:05', '2024-02-27 16:20:05', '2024-02-27 16:20:05'),
(47, 20, 1, '<a href=\'https://dev-fastform.gtechsol.au/user-profile/1\' style=\'text-transform: capitalize;\' role=\'button\' class=\'primary text-decoration-none\'>Main  Admin</a> created this meeting at 28/02/2024 03:35:19', '2024-02-27 16:35:19', '2024-02-27 16:35:19'),
(48, 20, 1, '<a href=\'https://dev-fastform.gtechsol.au/user-profile/1\' style=\'text-transform: capitalize;\' role=\'button\' class=\'primary text-decoration-none\'>Main  Admin</a> added a document in this meeting at 28/02/2024 03:35:38', '2024-02-27 16:35:38', '2024-02-27 16:35:38'),
(49, 20, 1, '<a href=\'https://dev-fastform.gtechsol.au/user-profile/1\' style=\'text-transform: capitalize;\' role=\'button\' class=\'primary text-decoration-none\'>Main  Admin</a> deleted a document from this meeting at 28/02/2024 03:35:54', '2024-02-27 16:35:54', '2024-02-27 16:35:54'),
(50, 20, 1, '<a href=\'https://dev-fastform.gtechsol.au/user-profile/1\' style=\'text-transform: capitalize;\' role=\'button\' class=\'primary text-decoration-none\'>Main  Admin</a> added a document in this meeting at 28/02/2024 03:36:06', '2024-02-27 16:36:06', '2024-02-27 16:36:06'),
(51, 21, 1, '<a href=\'https://dev-fastform.gtechsol.au/user-profile/1\' style=\'text-transform: capitalize;\' role=\'button\' class=\'primary text-decoration-none\'>Main  Admin</a> created this meeting at 28/02/2024 05:38:20', '2024-02-27 18:38:20', '2024-02-27 18:38:20'),
(52, 21, 1, '<a href=\'https://dev-fastform.gtechsol.au/user-profile/1\' style=\'text-transform: capitalize;\' role=\'button\' class=\'primary text-decoration-none\'>Main  Admin</a> updated this meeting at 28/02/2024 05:39:03', '2024-02-27 18:39:03', '2024-02-27 18:39:03'),
(53, 21, 1, '<a href=\'https://dev-fastform.gtechsol.au/user-profile/1\' style=\'text-transform: capitalize;\' role=\'button\' class=\'primary text-decoration-none\'>Main  Admin</a> added a document in this meeting at 28/02/2024 05:39:38', '2024-02-27 18:39:38', '2024-02-27 18:39:38'),
(54, 22, 1, '<a href=\'https://dev-fastform.gtechsol.au/user-profile/1\' style=\'text-transform: capitalize;\' role=\'button\' class=\'primary text-decoration-none\'>Main  Admin</a> created this meeting at 28/02/2024 05:40:46', '2024-02-27 18:40:46', '2024-02-27 18:40:46'),
(55, 22, 1, '<a href=\'https://dev-fastform.gtechsol.au/user-profile/1\' style=\'text-transform: capitalize;\' role=\'button\' class=\'primary text-decoration-none\'>Main  Admin</a> added a document in this meeting at 28/02/2024 05:41:23', '2024-02-27 18:41:23', '2024-02-27 18:41:23'),
(56, 22, 1, '<a href=\'https://dev-fastform.gtechsol.au/user-profile/1\' style=\'text-transform: capitalize;\' role=\'button\' class=\'primary text-decoration-none\'>Main  Admin</a> deleted a document from this meeting at 28/02/2024 05:42:38', '2024-02-27 18:42:38', '2024-02-27 18:42:38'),
(57, 22, 1, '<a href=\'https://dev-fastform.gtechsol.au/user-profile/1\' style=\'text-transform: capitalize;\' role=\'button\' class=\'primary text-decoration-none\'>Main  Admin</a> added a document in this meeting at 28/02/2024 05:42:51', '2024-02-27 18:42:51', '2024-02-27 18:42:51'),
(58, 23, 1, '<a href=\'https://dev-fastform.gtechsol.au/user-profile/1\' style=\'text-transform: capitalize;\' role=\'button\' class=\'primary text-decoration-none\'>Main  Admin</a> created this meeting at 29/02/2024 07:44:25', '2024-02-28 20:44:25', '2024-02-28 20:44:25'),
(59, 24, 1, '<a href=\'https://dev-fastform.gtechsol.au/user-profile/1\' style=\'text-transform: capitalize;\' role=\'button\' class=\'primary text-decoration-none\'>Main  Admin</a> created this meeting at 01/03/2024 10:50:36', '2024-02-29 23:50:36', '2024-02-29 23:50:36'),
(60, 24, 1, '<a href=\'https://dev-fastform.gtechsol.au/user-profile/1\' style=\'text-transform: capitalize;\' role=\'button\' class=\'primary text-decoration-none\'>Main  Admin</a> added a document in this meeting at 01/03/2024 10:50:56', '2024-02-29 23:50:56', '2024-02-29 23:50:56'),
(61, 25, 1, '<a href=\'https://dev-fastform.gtechsol.au/user-profile/1\' style=\'text-transform: capitalize;\' role=\'button\' class=\'primary text-decoration-none\'>Main  Admin</a> created this meeting at 01/03/2024 10:51:34', '2024-02-29 23:51:34', '2024-02-29 23:51:34'),
(62, 26, 1, '<a href=\'https://dev-fastform.gtechsol.au/user-profile/1\' style=\'text-transform: capitalize;\' role=\'button\' class=\'primary text-decoration-none\'>Main  Admin</a> created this meeting at 01/03/2024 11:06:37', '2024-03-01 00:06:37', '2024-03-01 00:06:37'),
(63, 26, 1, '<a href=\'https://dev-fastform.gtechsol.au/user-profile/1\' style=\'text-transform: capitalize;\' role=\'button\' class=\'primary text-decoration-none\'>Main  Admin</a> added a document in this meeting at 01/03/2024 11:07:02', '2024-03-01 00:07:02', '2024-03-01 00:07:02'),
(64, 27, 1, '<a href=\'https://dev-fastform.gtechsol.au/user-profile/1\' style=\'text-transform: capitalize;\' role=\'button\' class=\'primary text-decoration-none\'>Main  Admin</a> created this meeting at 01/03/2024 11:08:00', '2024-03-01 00:08:00', '2024-03-01 00:08:00'),
(65, 28, 1, '<a href=\'https://dev-fastform.gtechsol.au/user-profile/1\' style=\'text-transform: capitalize;\' role=\'button\' class=\'primary text-decoration-none\'>Main  Admin</a> created this meeting at 04/03/2024 10:11:49', '2024-03-03 23:11:49', '2024-03-03 23:11:49'),
(66, 28, 1, '<a href=\'https://dev-fastform.gtechsol.au/user-profile/1\' style=\'text-transform: capitalize;\' role=\'button\' class=\'primary text-decoration-none\'>Main  Admin</a> added a document in this meeting at 04/03/2024 10:12:20', '2024-03-03 23:12:20', '2024-03-03 23:12:20'),
(67, 28, 1, '<a href=\'https://dev-fastform.gtechsol.au/user-profile/1\' style=\'text-transform: capitalize;\' role=\'button\' class=\'primary text-decoration-none\'>Main  Admin</a> updated this meeting at 04/03/2024 10:12:40', '2024-03-03 23:12:40', '2024-03-03 23:12:40'),
(68, 29, 1, '<a href=\'http://dev-fastform.gtechsol.au/user-profile/1\' style=\'text-transform: capitalize;\' role=\'button\' class=\'primary text-decoration-none\'>Main  Admin</a> created this meeting at 04/03/2024 15:05:25', '2024-03-04 04:05:25', '2024-03-04 04:05:25'),
(69, 29, 1, '<a href=\'http://dev-fastform.gtechsol.au/user-profile/1\' style=\'text-transform: capitalize;\' role=\'button\' class=\'primary text-decoration-none\'>Main  Admin</a> added a document in this meeting at 04/03/2024 15:06:58', '2024-03-04 04:06:58', '2024-03-04 04:06:58'),
(70, 30, 1, '<a href=\'https://dev-fastform.gtechsol.au/user-profile/1\' style=\'text-transform: capitalize;\' role=\'button\' class=\'primary text-decoration-none\'>Main  Admin</a> created this meeting at 12/03/2024 13:04:48', '2024-03-12 02:04:48', '2024-03-12 02:04:48'),
(71, 31, 1, '<a href=\'https://dev-fastform.gtechsol.au/user-profile/1\' style=\'text-transform: capitalize;\' role=\'button\' class=\'primary text-decoration-none\'>Main  Admin</a> created this meeting at 12/03/2024 13:51:09', '2024-03-12 02:51:09', '2024-03-12 02:51:09'),
(72, 32, 1, '<a href=\'https://dev-fastform.gtechsol.au/user-profile/1\' style=\'text-transform: capitalize;\' role=\'button\' class=\'primary text-decoration-none\'>Main  Admin</a> created this meeting at 12/03/2024 14:02:12', '2024-03-12 03:02:12', '2024-03-12 03:02:12'),
(73, 33, 1, '<a href=\'https://dev-fastform.gtechsol.au/user-profile/1\' style=\'text-transform: capitalize;\' role=\'button\' class=\'primary text-decoration-none\'>Main  Admin</a> created this meeting at 12/03/2024 14:13:51', '2024-03-12 03:13:51', '2024-03-12 03:13:51'),
(74, 34, 1, '<a href=\'https://dev-fastform.gtechsol.au/user-profile/1\' style=\'text-transform: capitalize;\' role=\'button\' class=\'primary text-decoration-none\'>Main  Admin</a> created this meeting at 12/03/2024 14:28:31', '2024-03-12 03:28:31', '2024-03-12 03:28:31'),
(75, 34, 1, '<a href=\'https://dev-fastform.gtechsol.au/user-profile/1\' style=\'text-transform: capitalize;\' role=\'button\' class=\'primary text-decoration-none\'>Main  Admin</a> updated this meeting at 12/03/2024 14:29:34', '2024-03-12 03:29:34', '2024-03-12 03:29:34'),
(76, 34, 1, '<a href=\'https://dev-fastform.gtechsol.au/user-profile/1\' style=\'text-transform: capitalize;\' role=\'button\' class=\'primary text-decoration-none\'>Main  Admin</a> updated this meeting at 12/03/2024 14:33:53', '2024-03-12 03:33:53', '2024-03-12 03:33:53'),
(77, 35, 1, '<a href=\'https://dev-fastform.gtechsol.au/user-profile/1\' style=\'text-transform: capitalize;\' role=\'button\' class=\'primary text-decoration-none\'>Main  Admin</a> created this meeting at 12/03/2024 14:34:51', '2024-03-12 03:34:51', '2024-03-12 03:34:51'),
(78, 36, 1, '<a href=\'https://dev-fastform.gtechsol.au/user-profile/1\' style=\'text-transform: capitalize;\' role=\'button\' class=\'primary text-decoration-none\'>Main  Admin</a> created this meeting at 12/03/2024 14:49:19', '2024-03-12 03:49:19', '2024-03-12 03:49:19'),
(79, 37, 1, '<a href=\'https://dev-fastform.gtechsol.au/user-profile/1\' style=\'text-transform: capitalize;\' role=\'button\' class=\'primary text-decoration-none\'>Main  Admin</a> created this meeting at 14/03/2024 09:33:25', '2024-03-13 22:33:25', '2024-03-13 22:33:25'),
(80, 37, 1, '<a href=\'https://dev-fastform.gtechsol.au/user-profile/1\' style=\'text-transform: capitalize;\' role=\'button\' class=\'primary text-decoration-none\'>Main  Admin</a> updated this meeting at 14/03/2024 09:33:55', '2024-03-13 22:33:55', '2024-03-13 22:33:55'),
(81, 38, 1, '<a href=\'https://dev-fastform.gtechsol.au/user-profile/1\' style=\'text-transform: capitalize;\' role=\'button\' class=\'primary text-decoration-none\'>Main  Admin</a> created this meeting at 14/03/2024 09:35:16', '2024-03-13 22:35:16', '2024-03-13 22:35:16'),
(82, 38, 1, '<a href=\'https://dev-fastform.gtechsol.au/user-profile/1\' style=\'text-transform: capitalize;\' role=\'button\' class=\'primary text-decoration-none\'>Main  Admin</a> updated this meeting at 14/03/2024 09:36:54', '2024-03-13 22:36:54', '2024-03-13 22:36:54'),
(83, 39, 1, '<a href=\'https://dev-fastform.gtechsol.au/user-profile/1\' style=\'text-transform: capitalize;\' role=\'button\' class=\'primary text-decoration-none\'>Main  Admin</a> created this meeting at 14/03/2024 09:42:14', '2024-03-13 22:42:14', '2024-03-13 22:42:14'),
(84, 40, 1, '<a href=\'https://dev-fastform.gtechsol.au/user-profile/1\' style=\'text-transform: capitalize;\' role=\'button\' class=\'primary text-decoration-none\'>Main  Admin</a> created this meeting at 14/03/2024 10:17:34', '2024-03-13 23:17:34', '2024-03-13 23:17:34'),
(85, 41, 1, '<a href=\'https://dev-fastform.gtechsol.au/user-profile/1\' style=\'text-transform: capitalize;\' role=\'button\' class=\'primary text-decoration-none\'>Main  Admin</a> created this meeting at 14/03/2024 10:32:57', '2024-03-13 23:32:57', '2024-03-13 23:32:57'),
(86, 42, 1, '<a href=\'https://dev-fastform.gtechsol.au/user-profile/1\' style=\'text-transform: capitalize;\' role=\'button\' class=\'primary text-decoration-none\'>Main  Admin</a> created this meeting at 14/03/2024 12:42:40', '2024-03-14 01:42:40', '2024-03-14 01:42:40'),
(87, 43, 1, '<a href=\'https://dev-fastform.gtechsol.au/user-profile/1\' style=\'text-transform: capitalize;\' role=\'button\' class=\'primary text-decoration-none\'>Main  Admin</a> created this meeting at 14/03/2024 14:24:38', '2024-03-14 03:24:38', '2024-03-14 03:24:38'),
(88, 44, 1, '<a href=\'https://dev-fastform.gtechsol.au/user-profile/1\' style=\'text-transform: capitalize;\' role=\'button\' class=\'primary text-decoration-none\'>Main  Admin</a> created this meeting at 14/03/2024 14:27:57', '2024-03-14 03:27:57', '2024-03-14 03:27:57'),
(89, 45, 1, '<a href=\'https://dev-fastform.gtechsol.au/user-profile/1\' style=\'text-transform: capitalize;\' role=\'button\' class=\'primary text-decoration-none\'>Main  Admin</a> created this meeting at 14/03/2024 14:31:04', '2024-03-14 03:31:04', '2024-03-14 03:31:04'),
(90, 46, 1, '<a href=\'https://dev-fastform.gtechsol.au/user-profile/1\' style=\'text-transform: capitalize;\' role=\'button\' class=\'primary text-decoration-none\'>Main  Admin</a> created this meeting at 14/03/2024 14:32:52', '2024-03-14 03:32:52', '2024-03-14 03:32:52'),
(91, 47, 1, '<a href=\'https://dev-fastform.gtechsol.au/user-profile/1\' style=\'text-transform: capitalize;\' role=\'button\' class=\'primary text-decoration-none\'>Main  Admin</a> created this meeting at 14/03/2024 14:40:24', '2024-03-14 03:40:24', '2024-03-14 03:40:24'),
(92, 48, 1, '<a href=\'https://dev-fastform.gtechsol.au/user-profile/1\' style=\'text-transform: capitalize;\' role=\'button\' class=\'primary text-decoration-none\'>Main  Admin</a> created this meeting at 14/03/2024 14:41:03', '2024-03-14 03:41:03', '2024-03-14 03:41:03'),
(93, 49, 1, '<a href=\'https://dev-fastform.gtechsol.au/user-profile/1\' style=\'text-transform: capitalize;\' role=\'button\' class=\'primary text-decoration-none\'>Main  Admin</a> created this meeting at 14/03/2024 15:11:32', '2024-03-14 04:11:32', '2024-03-14 04:11:32'),
(94, 50, 1, '<a href=\'https://dev-fastform.gtechsol.au/user-profile/1\' style=\'text-transform: capitalize;\' role=\'button\' class=\'primary text-decoration-none\'>Main  Admin</a> created this meeting at 14/03/2024 15:24:07', '2024-03-14 04:24:07', '2024-03-14 04:24:07'),
(95, 51, 1, '<a href=\'https://dev-fastform.gtechsol.au/user-profile/1\' style=\'text-transform: capitalize;\' role=\'button\' class=\'primary text-decoration-none\'>Main  Admin</a> created this meeting at 14/03/2024 15:31:42', '2024-03-14 04:31:42', '2024-03-14 04:31:42'),
(96, 52, 1, '<a href=\'https://dev-fastform.gtechsol.au/user-profile/1\' style=\'text-transform: capitalize;\' role=\'button\' class=\'primary text-decoration-none\'>Main  Admin</a> created this meeting at 15/03/2024 07:36:44', '2024-03-14 20:36:44', '2024-03-14 20:36:44'),
(97, 53, 1, '<a href=\'https://dev-fastform.gtechsol.au/user-profile/1\' style=\'text-transform: capitalize;\' role=\'button\' class=\'primary text-decoration-none\'>Main  Admin</a> created this meeting at 15/03/2024 07:55:08', '2024-03-14 20:55:08', '2024-03-14 20:55:08'),
(98, 54, 1, '<a href=\'https://dev-fastform.gtechsol.au/user-profile/1\' style=\'text-transform: capitalize;\' role=\'button\' class=\'primary text-decoration-none\'>Main  Admin</a> created this meeting at 15/03/2024 08:13:25', '2024-03-14 21:13:25', '2024-03-14 21:13:25'),
(99, 55, 1, '<a href=\'https://dev-fastform.gtechsol.au/user-profile/1\' style=\'text-transform: capitalize;\' role=\'button\' class=\'primary text-decoration-none\'>Main  Admin</a> created this meeting at 15/03/2024 08:16:37', '2024-03-14 21:16:37', '2024-03-14 21:16:37'),
(100, 56, 1, '<a href=\'https://dev-fastform.gtechsol.au/user-profile/1\' style=\'text-transform: capitalize;\' role=\'button\' class=\'primary text-decoration-none\'>Main  Admin</a> created this meeting at 15/03/2024 08:18:39', '2024-03-14 21:18:39', '2024-03-14 21:18:39'),
(101, 57, 1, '<a href=\'https://dev-fastform.gtechsol.au/user-profile/1\' style=\'text-transform: capitalize;\' role=\'button\' class=\'primary text-decoration-none\'>Main  Admin</a> created this meeting at 15/03/2024 08:20:28', '2024-03-14 21:20:28', '2024-03-14 21:20:28'),
(102, 58, 1, '<a href=\'https://dev-fastform.gtechsol.au/user-profile/1\' style=\'text-transform: capitalize;\' role=\'button\' class=\'primary text-decoration-none\'>Main  Admin</a> created this meeting at 15/03/2024 08:27:55', '2024-03-14 21:27:55', '2024-03-14 21:27:55'),
(103, 59, 1, '<a href=\'https://dev-fastform.gtechsol.au/user-profile/1\' style=\'text-transform: capitalize;\' role=\'button\' class=\'primary text-decoration-none\'>Main  Admin</a> created this meeting at 15/03/2024 08:33:19', '2024-03-14 21:33:19', '2024-03-14 21:33:19'),
(104, 60, 1, '<a href=\'https://dev-fastform.gtechsol.au/user-profile/1\' style=\'text-transform: capitalize;\' role=\'button\' class=\'primary text-decoration-none\'>Main  Admin</a> created this meeting at 15/03/2024 08:40:00', '2024-03-14 21:40:00', '2024-03-14 21:40:00'),
(105, 61, 1, '<a href=\'https://dev-fastform.gtechsol.au/user-profile/1\' style=\'text-transform: capitalize;\' role=\'button\' class=\'primary text-decoration-none\'>Main  Admin</a> created this meeting at 15/03/2024 08:57:15', '2024-03-14 21:57:15', '2024-03-14 21:57:15'),
(106, 62, 1, '<a href=\'https://dev-fastform.gtechsol.au/user-profile/1\' style=\'text-transform: capitalize;\' role=\'button\' class=\'primary text-decoration-none\'>Main  Admin</a> created this meeting at 15/03/2024 09:10:15', '2024-03-14 22:10:15', '2024-03-14 22:10:15'),
(107, 63, 1, '<a href=\'https://dev-fastform.gtechsol.au/user-profile/1\' style=\'text-transform: capitalize;\' role=\'button\' class=\'primary text-decoration-none\'>Main  Admin</a> created this meeting at 15/03/2024 09:35:31', '2024-03-14 22:35:31', '2024-03-14 22:35:31'),
(108, 64, 1, '<a href=\'https://dev-fastform.gtechsol.au/user-profile/1\' style=\'text-transform: capitalize;\' role=\'button\' class=\'primary text-decoration-none\'>Main  Admin</a> created this meeting at 15/03/2024 09:46:32', '2024-03-14 22:46:32', '2024-03-14 22:46:32'),
(109, 65, 1, '<a href=\'https://dev-fastform.gtechsol.au/user-profile/1\' style=\'text-transform: capitalize;\' role=\'button\' class=\'primary text-decoration-none\'>Main  Admin</a> created this meeting at 15/03/2024 09:59:30', '2024-03-14 22:59:30', '2024-03-14 22:59:30'),
(110, 66, 1, '<a href=\'https://dev-fastform.gtechsol.au/user-profile/1\' style=\'text-transform: capitalize;\' role=\'button\' class=\'primary text-decoration-none\'>Main  Admin</a> created this meeting at 15/03/2024 12:19:35', '2024-03-15 01:19:35', '2024-03-15 01:19:35'),
(111, 67, 1, '<a href=\'https://dev-fastform.gtechsol.au/user-profile/1\' style=\'text-transform: capitalize;\' role=\'button\' class=\'primary text-decoration-none\'>Main  Admin</a> created this meeting at 15/03/2024 12:20:04', '2024-03-15 01:20:04', '2024-03-15 01:20:04'),
(112, 68, 1, '<a href=\'https://dev-fastform.gtechsol.au/user-profile/1\' style=\'text-transform: capitalize;\' role=\'button\' class=\'primary text-decoration-none\'>Main  Admin</a> created this meeting at 15/03/2024 12:25:14', '2024-03-15 01:25:14', '2024-03-15 01:25:14'),
(113, 69, 1, '<a href=\'https://dev-fastform.gtechsol.au/user-profile/1\' style=\'text-transform: capitalize;\' role=\'button\' class=\'primary text-decoration-none\'>Main  Admin</a> created this meeting at 15/03/2024 12:25:43', '2024-03-15 01:25:43', '2024-03-15 01:25:43'),
(114, 70, 1, '<a href=\'https://dev-fastform.gtechsol.au/user-profile/1\' style=\'text-transform: capitalize;\' role=\'button\' class=\'primary text-decoration-none\'>Main  Admin</a> created this meeting at 15/03/2024 12:33:01', '2024-03-15 01:33:01', '2024-03-15 01:33:01'),
(115, 71, 1, '<a href=\'https://dev-fastform.gtechsol.au/user-profile/1\' style=\'text-transform: capitalize;\' role=\'button\' class=\'primary text-decoration-none\'>Main  Admin</a> created this meeting at 15/03/2024 12:35:37', '2024-03-15 01:35:37', '2024-03-15 01:35:37'),
(116, 72, 1, '<a href=\'https://dev-fastform.gtechsol.au/user-profile/1\' style=\'text-transform: capitalize;\' role=\'button\' class=\'primary text-decoration-none\'>Main  Admin</a> created this meeting at 15/03/2024 12:38:26', '2024-03-15 01:38:26', '2024-03-15 01:38:26'),
(117, 73, 1, '<a href=\'https://dev-fastform.gtechsol.au/user-profile/1\' style=\'text-transform: capitalize;\' role=\'button\' class=\'primary text-decoration-none\'>Main  Admin</a> created this meeting at 15/03/2024 12:38:57', '2024-03-15 01:38:57', '2024-03-15 01:38:57'),
(118, 74, 1, '<a href=\'https://dev-fastform.gtechsol.au/user-profile/1\' style=\'text-transform: capitalize;\' role=\'button\' class=\'primary text-decoration-none\'>Main  Admin</a> created this meeting at 15/03/2024 12:40:44', '2024-03-15 01:40:44', '2024-03-15 01:40:44'),
(119, 75, 1, '<a href=\'https://dev-fastform.gtechsol.au/user-profile/1\' style=\'text-transform: capitalize;\' role=\'button\' class=\'primary text-decoration-none\'>Main  Admin</a> created this meeting at 15/03/2024 12:41:22', '2024-03-15 01:41:22', '2024-03-15 01:41:22'),
(120, 76, 1, '<a href=\'https://dev-fastform.gtechsol.au/user-profile/1\' style=\'text-transform: capitalize;\' role=\'button\' class=\'primary text-decoration-none\'>Main  Admin</a> created this meeting at 15/03/2024 12:41:56', '2024-03-15 01:41:56', '2024-03-15 01:41:56'),
(121, 77, 1, '<a href=\'https://dev-fastform.gtechsol.au/user-profile/1\' style=\'text-transform: capitalize;\' role=\'button\' class=\'primary text-decoration-none\'>Main  Admin</a> created this meeting at 15/03/2024 12:47:40', '2024-03-15 01:47:40', '2024-03-15 01:47:40'),
(122, 78, 1, '<a href=\'https://dev-fastform.gtechsol.au/user-profile/1\' style=\'text-transform: capitalize;\' role=\'button\' class=\'primary text-decoration-none\'>Main  Admin</a> created this meeting at 15/03/2024 12:48:10', '2024-03-15 01:48:10', '2024-03-15 01:48:10'),
(123, 79, 1, '<a href=\'https://dev-fastform.gtechsol.au/user-profile/1\' style=\'text-transform: capitalize;\' role=\'button\' class=\'primary text-decoration-none\'>Main  Admin</a> created this meeting at 15/03/2024 12:48:35', '2024-03-15 01:48:35', '2024-03-15 01:48:35'),
(124, 80, 1, '<a href=\'https://dev-fastform.gtechsol.au/user-profile/1\' style=\'text-transform: capitalize;\' role=\'button\' class=\'primary text-decoration-none\'>Main  Admin</a> created this meeting at 15/03/2024 12:48:58', '2024-03-15 01:48:58', '2024-03-15 01:48:58'),
(125, 81, 1, '<a href=\'https://dev-fastform.gtechsol.au/user-profile/1\' style=\'text-transform: capitalize;\' role=\'button\' class=\'primary text-decoration-none\'>Main  Admin</a> created this meeting at 15/03/2024 12:52:51', '2024-03-15 01:52:51', '2024-03-15 01:52:51'),
(126, 82, 1, '<a href=\'https://dev-fastform.gtechsol.au/user-profile/1\' style=\'text-transform: capitalize;\' role=\'button\' class=\'primary text-decoration-none\'>Main  Admin</a> created this meeting at 15/03/2024 14:01:37', '2024-03-15 03:01:37', '2024-03-15 03:01:37'),
(127, 83, 1, '<a href=\'https://dev-fastform.gtechsol.au/user-profile/1\' style=\'text-transform: capitalize;\' role=\'button\' class=\'primary text-decoration-none\'>Main  Admin</a> created this meeting at 15/03/2024 14:02:05', '2024-03-15 03:02:05', '2024-03-15 03:02:05'),
(128, 84, 1, '<a href=\'https://dev-fastform.gtechsol.au/user-profile/1\' style=\'text-transform: capitalize;\' role=\'button\' class=\'primary text-decoration-none\'>Main  Admin</a> created this meeting at 15/03/2024 14:02:35', '2024-03-15 03:02:35', '2024-03-15 03:02:35'),
(129, 85, 1, '<a href=\'https://dev-fastform.gtechsol.au/user-profile/1\' style=\'text-transform: capitalize;\' role=\'button\' class=\'primary text-decoration-none\'>Main  Admin</a> created this meeting at 15/03/2024 14:03:00', '2024-03-15 03:03:00', '2024-03-15 03:03:00'),
(130, 86, 1, '<a href=\'https://dev-fastform.gtechsol.au/user-profile/1\' style=\'text-transform: capitalize;\' role=\'button\' class=\'primary text-decoration-none\'>Main  Admin</a> created this meeting at 15/03/2024 14:09:05', '2024-03-15 03:09:05', '2024-03-15 03:09:05'),
(131, 87, 1, '<a href=\'https://dev-fastform.gtechsol.au/user-profile/1\' style=\'text-transform: capitalize;\' role=\'button\' class=\'primary text-decoration-none\'>Main  Admin</a> created this meeting at 15/03/2024 14:09:31', '2024-03-15 03:09:31', '2024-03-15 03:09:31'),
(132, 88, 1, '<a href=\'https://dev-fastform.gtechsol.au/user-profile/1\' style=\'text-transform: capitalize;\' role=\'button\' class=\'primary text-decoration-none\'>Main  Admin</a> created this meeting at 15/03/2024 14:10:00', '2024-03-15 03:10:00', '2024-03-15 03:10:00'),
(133, 89, 1, '<a href=\'https://dev-fastform.gtechsol.au/user-profile/1\' style=\'text-transform: capitalize;\' role=\'button\' class=\'primary text-decoration-none\'>Main  Admin</a> created this meeting at 15/03/2024 14:10:24', '2024-03-15 03:10:24', '2024-03-15 03:10:24'),
(134, 90, 1, '<a href=\'https://dev-fastform.gtechsol.au/user-profile/1\' style=\'text-transform: capitalize;\' role=\'button\' class=\'primary text-decoration-none\'>Main  Admin</a> created this meeting at 15/03/2024 14:16:38', '2024-03-15 03:16:38', '2024-03-15 03:16:38'),
(135, 91, 1, '<a href=\'https://dev-fastform.gtechsol.au/user-profile/1\' style=\'text-transform: capitalize;\' role=\'button\' class=\'primary text-decoration-none\'>Main  Admin</a> created this meeting at 15/03/2024 14:17:02', '2024-03-15 03:17:02', '2024-03-15 03:17:02'),
(136, 92, 1, '<a href=\'https://dev-fastform.gtechsol.au/user-profile/1\' style=\'text-transform: capitalize;\' role=\'button\' class=\'primary text-decoration-none\'>Main  Admin</a> created this meeting at 15/03/2024 14:17:23', '2024-03-15 03:17:23', '2024-03-15 03:17:23'),
(137, 93, 1, '<a href=\'https://dev-fastform.gtechsol.au/user-profile/1\' style=\'text-transform: capitalize;\' role=\'button\' class=\'primary text-decoration-none\'>Main  Admin</a> created this meeting at 15/03/2024 14:17:46', '2024-03-15 03:17:46', '2024-03-15 03:17:46'),
(138, 94, 1, '<a href=\'https://dev-fastform.gtechsol.au/user-profile/1\' style=\'text-transform: capitalize;\' role=\'button\' class=\'primary text-decoration-none\'>Main  Admin</a> created this meeting at 15/03/2024 14:25:49', '2024-03-15 03:25:49', '2024-03-15 03:25:49'),
(139, 95, 1, '<a href=\'https://dev-fastform.gtechsol.au/user-profile/1\' style=\'text-transform: capitalize;\' role=\'button\' class=\'primary text-decoration-none\'>Main  Admin</a> created this meeting at 15/03/2024 14:26:10', '2024-03-15 03:26:10', '2024-03-15 03:26:10'),
(140, 96, 1, '<a href=\'https://dev-fastform.gtechsol.au/user-profile/1\' style=\'text-transform: capitalize;\' role=\'button\' class=\'primary text-decoration-none\'>Main  Admin</a> created this meeting at 15/03/2024 14:26:34', '2024-03-15 03:26:34', '2024-03-15 03:26:34'),
(141, 97, 1, '<a href=\'https://dev-fastform.gtechsol.au/user-profile/1\' style=\'text-transform: capitalize;\' role=\'button\' class=\'primary text-decoration-none\'>Main  Admin</a> created this meeting at 15/03/2024 14:27:02', '2024-03-15 03:27:02', '2024-03-15 03:27:02'),
(142, 98, 1, '<a href=\'https://dev-fastform.gtechsol.au/user-profile/1\' style=\'text-transform: capitalize;\' role=\'button\' class=\'primary text-decoration-none\'>Main  Admin</a> created this meeting at 15/03/2024 14:42:00', '2024-03-15 03:42:00', '2024-03-15 03:42:00'),
(143, 99, 1, '<a href=\'https://dev-fastform.gtechsol.au/user-profile/1\' style=\'text-transform: capitalize;\' role=\'button\' class=\'primary text-decoration-none\'>Main  Admin</a> created this meeting at 15/03/2024 14:42:22', '2024-03-15 03:42:22', '2024-03-15 03:42:22'),
(144, 100, 1, '<a href=\'https://dev-fastform.gtechsol.au/user-profile/1\' style=\'text-transform: capitalize;\' role=\'button\' class=\'primary text-decoration-none\'>Main  Admin</a> created this meeting at 15/03/2024 14:42:45', '2024-03-15 03:42:45', '2024-03-15 03:42:45'),
(145, 101, 1, '<a href=\'https://dev-fastform.gtechsol.au/user-profile/1\' style=\'text-transform: capitalize;\' role=\'button\' class=\'primary text-decoration-none\'>Main  Admin</a> created this meeting at 15/03/2024 14:43:12', '2024-03-15 03:43:12', '2024-03-15 03:43:12'),
(146, 102, 1, '<a href=\'https://dev-fastform.gtechsol.au/user-profile/1\' style=\'text-transform: capitalize;\' role=\'button\' class=\'primary text-decoration-none\'>Main  Admin</a> created this meeting at 15/03/2024 15:11:56', '2024-03-15 04:11:56', '2024-03-15 04:11:56'),
(147, 103, 1, '<a href=\'https://dev-fastform.gtechsol.au/user-profile/1\' style=\'text-transform: capitalize;\' role=\'button\' class=\'primary text-decoration-none\'>Main  Admin</a> created this meeting at 15/03/2024 15:12:20', '2024-03-15 04:12:20', '2024-03-15 04:12:20'),
(148, 104, 1, '<a href=\'https://dev-fastform.gtechsol.au/user-profile/1\' style=\'text-transform: capitalize;\' role=\'button\' class=\'primary text-decoration-none\'>Main  Admin</a> created this meeting at 15/03/2024 15:12:39', '2024-03-15 04:12:39', '2024-03-15 04:12:39'),
(149, 105, 1, '<a href=\'https://dev-fastform.gtechsol.au/user-profile/1\' style=\'text-transform: capitalize;\' role=\'button\' class=\'primary text-decoration-none\'>Main  Admin</a> created this meeting at 15/03/2024 15:13:01', '2024-03-15 04:13:01', '2024-03-15 04:13:01'),
(150, 106, 1, '<a href=\'https://dev-fastform.gtechsol.au/user-profile/1\' style=\'text-transform: capitalize;\' role=\'button\' class=\'primary text-decoration-none\'>Main  Admin</a> created this meeting at 15/03/2024 15:13:34', '2024-03-15 04:13:34', '2024-03-15 04:13:34'),
(151, 107, 1, '<a href=\'https://dev-fastform.gtechsol.au/user-profile/1\' style=\'text-transform: capitalize;\' role=\'button\' class=\'primary text-decoration-none\'>Main  Admin</a> created this meeting at 15/03/2024 15:22:46', '2024-03-15 04:22:46', '2024-03-15 04:22:46'),
(152, 108, 1, '<a href=\'https://dev-fastform.gtechsol.au/user-profile/1\' style=\'text-transform: capitalize;\' role=\'button\' class=\'primary text-decoration-none\'>Main  Admin</a> created this meeting at 15/03/2024 15:25:19', '2024-03-15 04:25:19', '2024-03-15 04:25:19'),
(153, 109, 1, '<a href=\'https://dev-fastform.gtechsol.au/user-profile/1\' style=\'text-transform: capitalize;\' role=\'button\' class=\'primary text-decoration-none\'>Main  Admin</a> created this meeting at 15/03/2024 15:25:42', '2024-03-15 04:25:42', '2024-03-15 04:25:42'),
(154, 110, 1, '<a href=\'https://dev-fastform.gtechsol.au/user-profile/1\' style=\'text-transform: capitalize;\' role=\'button\' class=\'primary text-decoration-none\'>Main  Admin</a> created this meeting at 15/03/2024 15:26:05', '2024-03-15 04:26:05', '2024-03-15 04:26:05'),
(155, 111, 1, '<a href=\'https://dev-fastform.gtechsol.au/user-profile/1\' style=\'text-transform: capitalize;\' role=\'button\' class=\'primary text-decoration-none\'>Main  Admin</a> created this meeting at 15/03/2024 15:33:20', '2024-03-15 04:33:20', '2024-03-15 04:33:20'),
(156, 112, 1, '<a href=\'https://dev-fastform.gtechsol.au/user-profile/1\' style=\'text-transform: capitalize;\' role=\'button\' class=\'primary text-decoration-none\'>Main  Admin</a> created this meeting at 15/03/2024 15:33:43', '2024-03-15 04:33:43', '2024-03-15 04:33:43'),
(157, 113, 1, '<a href=\'https://dev-fastform.gtechsol.au/user-profile/1\' style=\'text-transform: capitalize;\' role=\'button\' class=\'primary text-decoration-none\'>Main  Admin</a> created this meeting at 15/03/2024 15:34:14', '2024-03-15 04:34:14', '2024-03-15 04:34:14'),
(158, 114, 1, '<a href=\'https://dev-fastform.gtechsol.au/user-profile/1\' style=\'text-transform: capitalize;\' role=\'button\' class=\'primary text-decoration-none\'>Main  Admin</a> created this meeting at 15/03/2024 15:34:38', '2024-03-15 04:34:38', '2024-03-15 04:34:38'),
(159, 115, 1, '<a href=\'https://dev-fastform.gtechsol.au/user-profile/1\' style=\'text-transform: capitalize;\' role=\'button\' class=\'primary text-decoration-none\'>Main  Admin</a> created this meeting at 18/03/2024 07:28:02', '2024-03-17 20:28:02', '2024-03-17 20:28:02'),
(160, 116, 1, '<a href=\'https://dev-fastform.gtechsol.au/user-profile/1\' style=\'text-transform: capitalize;\' role=\'button\' class=\'primary text-decoration-none\'>Main  Admin</a> created this meeting at 18/03/2024 07:28:25', '2024-03-17 20:28:25', '2024-03-17 20:28:25'),
(161, 117, 1, '<a href=\'https://dev-fastform.gtechsol.au/user-profile/1\' style=\'text-transform: capitalize;\' role=\'button\' class=\'primary text-decoration-none\'>Main  Admin</a> created this meeting at 18/03/2024 07:29:51', '2024-03-17 20:29:51', '2024-03-17 20:29:51'),
(162, 118, 1, '<a href=\'https://dev-fastform.gtechsol.au/user-profile/1\' style=\'text-transform: capitalize;\' role=\'button\' class=\'primary text-decoration-none\'>Main  Admin</a> created this meeting at 18/03/2024 07:30:14', '2024-03-17 20:30:14', '2024-03-17 20:30:14'),
(163, 119, 1, '<a href=\'https://dev-fastform.gtechsol.au/user-profile/1\' style=\'text-transform: capitalize;\' role=\'button\' class=\'primary text-decoration-none\'>Main  Admin</a> created this meeting at 18/03/2024 08:37:57', '2024-03-17 21:37:57', '2024-03-17 21:37:57'),
(164, 120, 1, '<a href=\'https://dev-fastform.gtechsol.au/user-profile/1\' style=\'text-transform: capitalize;\' role=\'button\' class=\'primary text-decoration-none\'>Main  Admin</a> created this meeting at 18/03/2024 08:38:35', '2024-03-17 21:38:35', '2024-03-17 21:38:35'),
(165, 121, 1, '<a href=\'https://dev-fastform.gtechsol.au/user-profile/1\' style=\'text-transform: capitalize;\' role=\'button\' class=\'primary text-decoration-none\'>Main  Admin</a> created this meeting at 18/03/2024 08:39:11', '2024-03-17 21:39:11', '2024-03-17 21:39:11'),
(166, 122, 1, '<a href=\'https://dev-fastform.gtechsol.au/user-profile/1\' style=\'text-transform: capitalize;\' role=\'button\' class=\'primary text-decoration-none\'>Main  Admin</a> created this meeting at 18/03/2024 08:39:36', '2024-03-17 21:39:36', '2024-03-17 21:39:36'),
(167, 123, 1, '<a href=\'https://dev-fastform.gtechsol.au/user-profile/1\' style=\'text-transform: capitalize;\' role=\'button\' class=\'primary text-decoration-none\'>Main  Admin</a> created this meeting at 18/03/2024 08:40:09', '2024-03-17 21:40:09', '2024-03-17 21:40:09'),
(168, 123, 1, '<a href=\'https://dev-fastform.gtechsol.au/user-profile/1\' style=\'text-transform: capitalize;\' role=\'button\' class=\'primary text-decoration-none\'>Main  Admin</a> added a document in this meeting at 18/03/2024 08:41:01', '2024-03-17 21:41:01', '2024-03-17 21:41:01'),
(169, 124, 1, '<a href=\'https://dev-fastform.gtechsol.au/user-profile/1\' style=\'text-transform: capitalize;\' role=\'button\' class=\'primary text-decoration-none\'>Main  Admin</a> created this meeting at 18/03/2024 08:41:42', '2024-03-17 21:41:42', '2024-03-17 21:41:42'),
(170, 124, 1, '<a href=\'https://dev-fastform.gtechsol.au/user-profile/1\' style=\'text-transform: capitalize;\' role=\'button\' class=\'primary text-decoration-none\'>Main  Admin</a> added a document in this meeting at 18/03/2024 08:41:57', '2024-03-17 21:41:57', '2024-03-17 21:41:57'),
(171, 125, 1, '<a href=\'https://dev-fastform.gtechsol.au/user-profile/1\' style=\'text-transform: capitalize;\' role=\'button\' class=\'primary text-decoration-none\'>Main  Admin</a> created this meeting at 02/04/2024 10:01:27', '2024-04-01 23:01:27', '2024-04-01 23:01:27');

-- --------------------------------------------------------

--
-- Table structure for table `meeting_organisers`
--

CREATE TABLE `meeting_organisers` (
  `id` bigint(20) UNSIGNED NOT NULL,
  `meeting_id` int(11) NOT NULL,
  `site_id` int(11) NOT NULL,
  `organiser_id` int(11) NOT NULL,
  `created_at` timestamp NULL DEFAULT NULL,
  `updated_at` timestamp NULL DEFAULT NULL
) ENGINE=InnoDB DEFAULT CHARSET=utf8mb4 COLLATE=utf8mb4_unicode_ci;

--
-- Dumping data for table `meeting_organisers`
--

INSERT INTO `meeting_organisers` (`id`, `meeting_id`, `site_id`, `organiser_id`, `created_at`, `updated_at`) VALUES
(1, 1, 1, 2, '2024-02-21 03:57:49', '2024-02-21 03:57:49'),
(2, 2, 1, 2, '2024-02-21 04:31:47', '2024-02-21 04:31:47'),
(3, 3, 1, 2, '2024-02-21 04:32:33', '2024-02-21 04:32:33'),
(4, 4, 1, 2, '2024-02-21 04:33:08', '2024-02-21 04:33:08'),
(5, 5, 1, 2, '2024-02-21 04:34:59', '2024-02-21 04:34:59'),
(7, 7, 1, 3, '2024-02-21 04:52:46', '2024-02-21 04:52:46'),
(12, 12, 2, 5, '2024-02-22 05:13:13', '2024-02-22 05:13:13'),
(15, 13, 1, 2, '2024-02-22 05:25:00', '2024-02-22 05:25:00'),
(16, 14, 1, 2, '2024-02-22 05:25:00', '2024-02-22 05:25:00'),
(17, 15, 1, 1, '2024-02-22 06:25:41', '2024-02-22 06:25:41'),
(19, 16, 2, 3, '2024-02-22 22:50:01', '2024-02-22 22:50:01'),
(20, 6, 2, 3, '2024-02-22 22:52:56', '2024-02-22 22:52:56'),
(22, 17, 1, 3, '2024-02-22 23:08:49', '2024-02-22 23:08:49'),
(23, 18, 5, 2, '2024-02-23 00:03:58', '2024-02-23 00:03:58'),
(28, 22, 8, 4, '2024-02-27 18:40:46', '2024-02-27 18:40:46'),
(29, 23, 3, 8, '2024-02-28 20:44:25', '2024-02-28 20:44:25'),
(32, 26, 1, 2, '2024-03-01 00:06:37', '2024-03-01 00:06:37'),
(33, 27, 1, 2, '2024-03-01 00:08:00', '2024-03-01 00:08:00'),
(36, 29, 1, 32, '2024-03-04 04:05:25', '2024-03-04 04:05:25'),
(45, 36, 1, 2, '2024-03-12 03:49:19', '2024-03-12 03:49:19'),
(62, 51, 1, 2, '2024-03-14 04:31:42', '2024-03-14 04:31:42'),
(136, 125, 3, 8, '2024-04-01 23:01:27', '2024-04-01 23:01:27');

-- --------------------------------------------------------

--
-- Table structure for table `meeting_users`
--

CREATE TABLE `meeting_users` (
  `id` bigint(20) UNSIGNED NOT NULL,
  `meeting_id` int(11) NOT NULL,
  `site_id` int(11) NOT NULL,
  `employee_id` int(11) NOT NULL,
  `created_at` timestamp NULL DEFAULT NULL,
  `updated_at` timestamp NULL DEFAULT NULL
) ENGINE=InnoDB DEFAULT CHARSET=utf8mb4 COLLATE=utf8mb4_unicode_ci;

--
-- Dumping data for table `meeting_users`
--

INSERT INTO `meeting_users` (`id`, `meeting_id`, `site_id`, `employee_id`, `created_at`, `updated_at`) VALUES
(1, 7, 1, 2, '2024-02-21 04:52:46', '2024-02-21 04:52:46'),
(2, 7, 1, 3, '2024-02-21 04:52:46', '2024-02-21 04:52:46'),
(7, 12, 2, 2, '2024-02-22 05:13:13', '2024-02-22 05:13:13'),
(12, 16, 2, 3, '2024-02-22 22:50:01', '2024-02-22 22:50:01'),
(13, 16, 2, 6, '2024-02-22 22:50:01', '2024-02-22 22:50:01'),
(14, 6, 2, 5, '2024-02-22 22:52:56', '2024-02-22 22:52:56'),
(17, 17, 1, 3, '2024-02-22 23:08:49', '2024-02-22 23:08:49'),
(18, 17, 1, 5, '2024-02-22 23:08:49', '2024-02-22 23:08:49'),
(19, 23, 3, 9, '2024-02-28 20:44:25', '2024-02-28 20:44:25'),
(20, 23, 3, 11, '2024-02-28 20:44:25', '2024-02-28 20:44:25'),
(23, 26, 1, 32, '2024-03-01 00:06:37', '2024-03-01 00:06:37'),
(24, 27, 1, 32, '2024-03-01 00:08:00', '2024-03-01 00:08:00'),
(32, 125, 3, 8, '2024-04-01 23:01:27', '2024-04-01 23:01:27'),
(33, 125, 3, 9, '2024-04-01 23:01:27', '2024-04-01 23:01:27'),
(34, 125, 3, 11, '2024-04-01 23:01:27', '2024-04-01 23:01:27');

-- --------------------------------------------------------

--
-- Table structure for table `migrations`
--

CREATE TABLE `migrations` (
  `id` int(10) UNSIGNED NOT NULL,
  `migration` varchar(255) COLLATE utf8mb4_unicode_ci NOT NULL,
  `batch` int(11) NOT NULL
) ENGINE=InnoDB DEFAULT CHARSET=utf8mb4 COLLATE=utf8mb4_unicode_ci;

--
-- Dumping data for table `migrations`
--

INSERT INTO `migrations` (`id`, `migration`, `batch`) VALUES
(2, '2014_10_12_000002_create_role_permissions_table', 1),
(34, '2023_12_14_035846_create_notifications_table', 1),
(116, '2014_10_12_000001_create_roles_table', 2),
(117, '2014_10_12_000002_create_tier_permissions_table', 2),
(118, '2014_10_12_000003_create_settings_table', 2),
(119, '2014_10_12_000004_create_password_resets_table', 2),
(120, '2019_08_19_000005_create_failed_jobs_table', 2),
(121, '2019_12_14_000001_create_personal_access_tokens_table', 2),
(122, '2019_12_14_000007_create_role_history_table', 2),
(123, '2019_12_14_000008_create_roles_history_table', 2),
(124, '2019_12_14_000009_create_permissions_modules_table', 2),
(125, '2019_12_14_000010_create_permissions_sub_modules_table', 2),
(126, '2019_12_14_000012_create_emp_permits_table', 2),
(127, '2019_12_14_000013_create_emp_types_table', 2),
(128, '2019_12_14_000014_create_emp_company_details_table', 2),
(129, '2019_12_14_000015_create_user_meta_table', 2),
(130, '2019_12_14_000016_create_emp_personal_details_table', 2),
(131, '2019_12_14_000018_create_emp_emergency_contacts_table', 2),
(132, '2019_12_14_000019_create_emp_access_table', 2),
(133, '2019_12_14_000020_create_porfile_submitted_logs_table', 2),
(134, '2019_12_14_000022_create_emp_teams_table', 2),
(135, '2019_12_14_000023_create_emp_teams_members_table', 2),
(136, '2019_12_14_000024_create_team_history_table', 2),
(137, '2019_12_14_000025_create_company_table', 2),
(138, '2019_12_14_000026_create_sites_table', 2),
(139, '2019_12_14_000027_create_projects_table', 2),
(140, '2023_12_12_050200_create_roster_templates_table', 2),
(141, '2023_12_12_071033_create_roster_histories_table', 2),
(142, '2023_12_12_071423_create_roster_assigns_table', 2),
(143, '2023_12_14_035400_create_meetings_table', 2),
(144, '2023_12_14_035625_create_meeting_documents_table', 2),
(145, '2023_12_14_035652_create_meeting_users_table', 2),
(146, '2023_12_14_035713_create_meeting_organisers_table', 2),
(147, '2023_12_14_035732_create_meeting_guest_users_table', 2),
(148, '2023_12_14_035755_create_meeting_attendances_table', 2),
(149, '2023_12_14_063209_add_applied_to_emp_teams_members_table', 2),
(150, '2023_12_14_063559_rename_active_in_emp_company_details_table', 2),
(151, '2023_12_14_070813_add_two_factor_to_emp_company_details_table', 2),
(152, '2023_12_14_094110_create_leave_types_table', 2),
(153, '2023_12_14_094129_create_leave_packages_table', 2),
(154, '2023_12_14_094157_create_public_holidays_table', 2),
(155, '2023_12_14_094240_create_leave_requests_table', 2),
(156, '2023_12_21_044311_add_repeat_every_to_roster_templates_table', 2),
(157, '2023_12_21_057689_create_all_notifications_table', 2),
(158, '2023_12_25_114154_create_site_hisotry_table', 2),
(159, '2023_12_26_043827_create_tiers_table', 2),
(160, '2023_12_26_1100339_add_columns_to_leave_requests_table', 2),
(161, '2023_12_26_110338_create_jobs_table', 2),
(162, '2024_01_10_035704_create_funds_table', 2),
(163, '2024_01_11_072520_create_funds_meta_table', 2),
(164, '2024_01_12_054309_create_company_documents_table', 2),
(165, '2024_01_12_072520_create_required_documents_table', 2),
(166, '2024_01_15_051520_create_emp_documents_table', 2),
(167, '2024_01_17_055937_create_employee_attendances_table', 2),
(168, '2024_01_17_060004_create_employee_breaks_table', 2),
(169, '2024_01_19_071753_add_working_hours_to_roster_templates', 2),
(170, '2024_01_23_072915_create_meeting_histories_table', 2),
(171, '2024_02_17_083057_create_employee_signed_documents_table', 2),
(172, '2024_02_17_115415_add_column_is_before_meeting_in_meetings', 2),
(173, '2024_02_21_111648_add_force_rest_column_to_emp_company_details_table', 3);

-- --------------------------------------------------------

--
-- Table structure for table `notifications`
--

CREATE TABLE `notifications` (
  `id` bigint(20) UNSIGNED NOT NULL,
  `message` varchar(255) COLLATE utf8mb4_unicode_ci NOT NULL,
  `category` varchar(255) COLLATE utf8mb4_unicode_ci NOT NULL,
  `user_id` int(11) NOT NULL,
  `status` int(11) NOT NULL,
  `created_at` timestamp NULL DEFAULT NULL,
  `updated_at` timestamp NULL DEFAULT NULL
) ENGINE=InnoDB DEFAULT CHARSET=utf8mb4 COLLATE=utf8mb4_unicode_ci;

-- --------------------------------------------------------

--
-- Table structure for table `permissions_modules`
--

CREATE TABLE `permissions_modules` (
  `id` bigint(20) UNSIGNED NOT NULL,
  `title` varchar(255) COLLATE utf8mb4_unicode_ci NOT NULL,
  `del` varchar(255) COLLATE utf8mb4_unicode_ci NOT NULL DEFAULT '0',
  `created_at` timestamp NULL DEFAULT NULL,
  `updated_at` timestamp NULL DEFAULT NULL
) ENGINE=InnoDB DEFAULT CHARSET=utf8mb4 COLLATE=utf8mb4_unicode_ci;

--
-- Dumping data for table `permissions_modules`
--

INSERT INTO `permissions_modules` (`id`, `title`, `del`, `created_at`, `updated_at`) VALUES
(1, 'Dashboard', '0', NULL, NULL),
(2, 'Employees', '0', NULL, NULL),
(3, 'Clients', '0', NULL, NULL),
(4, 'Sites', '0', NULL, NULL),
(5, 'Projects', '0', NULL, NULL),
(6, 'Leave Management', '0', NULL, NULL),
(7, 'Tier Management', '0', NULL, NULL),
(8, 'Attendance', '0', NULL, NULL),
(9, 'Roster', '0', NULL, NULL),
(10, 'Meetings Manager', '0', NULL, NULL),
(11, 'Super Funds', '0', NULL, NULL),
(12, 'General Settings', '0', NULL, NULL),
(13, 'Permission', '0', NULL, NULL);

-- --------------------------------------------------------

--
